May 09 18:27:58.982069 dv-cinder-835881-8-smb devstack@c-api.service[110091]: DEBUG cinder.api.openstack.wsgi [None req-ba2dc581-4953-4b21-ae2a-4a63430d3bd6 tempest-VolumeTypesAccessTest-1189565293 tempest-VolumeTypesAccessTest-1189565293-project-admin] Action body: b'{"addProjectAccess": {"project": "523faf844f354e388688d32c059b0014"}}' {{(pid=110091) get_method /opt/stack/cinder/cinder/api/openstack/wsgi.py:983}}
May 09 18:27:58.982420 dv-cinder-835881-8-smb devstack@c-api.service[110091]: DEBUG cinder.api.openstack.wsgi [None req-ba2dc581-4953-4b21-ae2a-4a63430d3bd6 tempest-VolumeTypesAccessTest-1189565293 tempest-VolumeTypesAccessTest-1189565293-project-admin] Action: 'action', calling method: _addProjectAccess, body: {"addProjectAccess": {"project": "523faf844f354e388688d32c059b0014"}} {{(pid=110091) _process_stack /opt/stack/cinder/cinder/api/openstack/wsgi.py:866}}
May 09 18:27:59.005655 dv-cinder-835881-8-smb devstack@c-api.service[110091]: INFO cinder.api.openstack.wsgi [None req-ba2dc581-4953-4b21-ae2a-4a63430d3bd6 tempest-VolumeTypesAccessTest-1189565293 tempest-VolumeTypesAccessTest-1189565293-project-admin] http://10.222.0.52/volume/v3/668b484dc5b044b29e46e8d11e72b5b8/types/4595f2b7-8e55-4637-a229-decd089197f7/action returned with HTTP 202
May 09 18:27:59.006489 dv-cinder-835881-8-smb devstack@c-api.service[110091]: [pid: 110091|app: 0|req: 110/235] 10.222.0.52 () {60 vars in 1360 bytes} [Mon May 9 18:27:58 2022] POST /volume/v3/668b484dc5b044b29e46e8d11e72b5b8/types/4595f2b7-8e55-4637-a229-decd089197f7/action => generated 0 bytes in 30 msecs (HTTP/1.1 202) 6 headers in 233 bytes (1 switches on core 0)
May 09 18:27:59.011625 dv-cinder-835881-8-smb devstack@c-api.service[110092]: DEBUG cinder.api.middleware.request_id [None req-b679711f-8794-4139-8793-cada34192f35 None None] RequestId filter calling following filter/app {{(pid=110092) _context_setter /opt/stack/cinder/cinder/api/middleware/request_id.py:62}}
May 09 18:27:59.017541 dv-cinder-835881-8-smb devstack@c-api.service[110092]: INFO cinder.api.openstack.wsgi [None req-b679711f-8794-4139-8793-cada34192f35 tempest-VolumeTypesAccessTest-1189565293 tempest-VolumeTypesAccessTest-1189565293-project-admin] GET http://10.222.0.52/volume/v3/668b484dc5b044b29e46e8d11e72b5b8/types/4595f2b7-8e55-4637-a229-decd089197f7/os-volume-type-access
May 09 18:27:59.017982 dv-cinder-835881-8-smb devstack@c-api.service[110092]: DEBUG cinder.api.openstack.wsgi [None req-b679711f-8794-4139-8793-cada34192f35 tempest-VolumeTypesAccessTest-1189565293 tempest-VolumeTypesAccessTest-1189565293-project-admin] Empty body provided in request {{(pid=110092) get_body /opt/stack/cinder/cinder/api/openstack/wsgi.py:715}}
May 09 18:27:59.018425 dv-cinder-835881-8-smb devstack@c-api.service[110092]: DEBUG cinder.api.openstack.wsgi [None req-b679711f-8794-4139-8793-cada34192f35 tempest-VolumeTypesAccessTest-1189565293 tempest-VolumeTypesAccessTest-1189565293-project-admin] Calling method 'index' {{(pid=110092) _process_stack /opt/stack/cinder/cinder/api/openstack/wsgi.py:868}}
May 09 18:27:59.036203 dv-cinder-835881-8-smb devstack@c-api.service[110092]: INFO cinder.api.openstack.wsgi [None req-b679711f-8794-4139-8793-cada34192f35 tempest-VolumeTypesAccessTest-1189565293 tempest-VolumeTypesAccessTest-1189565293-project-admin] http://10.222.0.52/volume/v3/668b484dc5b044b29e46e8d11e72b5b8/types/4595f2b7-8e55-4637-a229-decd089197f7/os-volume-type-access returned with HTTP 200
May 09 18:27:59.037866 dv-cinder-835881-8-smb devstack@c-api.service[110092]: [pid: 110092|app: 0|req: 126/236] 10.222.0.52 () {58 vars in 1384 bytes} [Mon May 9 18:27:59 2022] GET /volume/v3/668b484dc5b044b29e46e8d11e72b5b8/types/4595f2b7-8e55-4637-a229-decd089197f7/os-volume-type-access => generated 244 bytes in 27 msecs (HTTP/1.1 200) 7 headers in 285 bytes (2 switches on core 0)
May 09 18:27:59.045836 dv-cinder-835881-8-smb devstack@c-api.service[110091]: DEBUG cinder.api.middleware.request_id [None req-705247cc-57bd-4123-b25b-9602ef1ff017 None None] RequestId filter calling following filter/app {{(pid=110091) _context_setter /opt/stack/cinder/cinder/api/middleware/request_id.py:62}}
May 09 18:27:59.050926 dv-cinder-835881-8-smb devstack@c-api.service[110091]: INFO cinder.api.openstack.wsgi [None req-705247cc-57bd-4123-b25b-9602ef1ff017 tempest-VolumeTypesAccessTest-1189565293 tempest-VolumeTypesAccessTest-1189565293-project-admin] POST http://10.222.0.52/volume/v3/668b484dc5b044b29e46e8d11e72b5b8/types/4595f2b7-8e55-4637-a229-decd089197f7/action
May 09 18:27:59.051791 dv-cinder-835881-8-smb devstack@c-api.service[110091]: DEBUG cinder.api.openstack.wsgi [None req-705247cc-57bd-4123-b25b-9602ef1ff017 tempest-VolumeTypesAccessTest-1189565293 tempest-VolumeTypesAccessTest-1189565293-project-admin] Action body: b'{"removeProjectAccess": {"project": "523faf844f354e388688d32c059b0014"}}' {{(pid=110091) get_method /opt/stack/cinder/cinder/api/openstack/wsgi.py:983}}
May 09 18:27:59.052594 dv-cinder-835881-8-smb devstack@c-api.service[110091]: DEBUG cinder.api.openstack.wsgi [None req-705247cc-57bd-4123-b25b-9602ef1ff017 tempest-VolumeTypesAccessTest-1189565293 tempest-VolumeTypesAccessTest-1189565293-project-admin] Action: 'action', calling method: _removeProjectAccess, body: {"removeProjectAccess": {"project": "523faf844f354e388688d32c059b0014"}} {{(pid=110091) _process_stack /opt/stack/cinder/cinder/api/openstack/wsgi.py:866}}
May 09 18:27:59.078967 dv-cinder-835881-8-smb devstack@c-api.service[110091]: INFO cinder.api.openstack.wsgi [None req-705247cc-57bd-4123-b25b-9602ef1ff017 tempest-VolumeTypesAccessTest-1189565293 tempest-VolumeTypesAccessTest-1189565293-project-admin] http://10.222.0.52/volume/v3/668b484dc5b044b29e46e8d11e72b5b8/types/4595f2b7-8e55-4637-a229-decd089197f7/action returned with HTTP 202
May 09 18:27:59.082839 dv-cinder-835881-8-smb devstack@c-api.service[110091]: [pid: 110091|app: 0|req: 111/237] 10.222.0.52 () {60 vars in 1360 bytes} [Mon May 9 18:27:59 2022] POST /volume/v3/668b484dc5b044b29e46e8d11e72b5b8/types/4595f2b7-8e55-4637-a229-decd089197f7/action => generated 0 bytes in 35 msecs (HTTP/1.1 202) 6 headers in 233 bytes (1 switches on core 0)
May 09 18:27:59.084644 dv-cinder-835881-8-smb devstack@c-api.service[110092]: DEBUG cinder.api.middleware.request_id [None req-b82a7125-d613-4225-a3b6-fb13eeff01bb None None] RequestId filter calling following filter/app {{(pid=110092) _context_setter /opt/stack/cinder/cinder/api/middleware/request_id.py:62}}
May 09 18:27:59.088853 dv-cinder-835881-8-smb devstack@c-api.service[110092]: INFO cinder.api.openstack.wsgi [None req-b82a7125-d613-4225-a3b6-fb13eeff01bb tempest-VolumeTypesAccessTest-1189565293 tempest-VolumeTypesAccessTest-1189565293-project-admin] POST http://10.222.0.52/volume/v3/668b484dc5b044b29e46e8d11e72b5b8/types/4595f2b7-8e55-4637-a229-decd089197f7/action
May 09 18:27:59.089342 dv-cinder-835881-8-smb devstack@c-api.service[110092]: DEBUG cinder.api.openstack.wsgi [None req-b82a7125-d613-4225-a3b6-fb13eeff01bb tempest-VolumeTypesAccessTest-1189565293 tempest-VolumeTypesAccessTest-1189565293-project-admin] Action body: b'{"removeProjectAccess": {"project": "4cd04811498f403589db446478cc6002"}}' {{(pid=110092) get_method /opt/stack/cinder/cinder/api/openstack/wsgi.py:983}}
May 09 18:27:59.089602 dv-cinder-835881-8-smb devstack@c-api.service[110092]: DEBUG cinder.api.openstack.wsgi [None req-b82a7125-d613-4225-a3b6-fb13eeff01bb tempest-VolumeTypesAccessTest-1189565293 tempest-VolumeTypesAccessTest-1189565293-project-admin] Action: 'action', calling method: _removeProjectAccess, body: {"removeProjectAccess": {"project": "4cd04811498f403589db446478cc6002"}} {{(pid=110092) _process_stack /opt/stack/cinder/cinder/api/openstack/wsgi.py:866}}
May 09 18:27:59.109182 dv-cinder-835881-8-smb devstack@c-api.service[110092]: INFO cinder.api.openstack.wsgi [None req-b82a7125-d613-4225-a3b6-fb13eeff01bb tempest-VolumeTypesAccessTest-1189565293 tempest-VolumeTypesAccessTest-1189565293-project-admin] http://10.222.0.52/volume/v3/668b484dc5b044b29e46e8d11e72b5b8/types/4595f2b7-8e55-4637-a229-decd089197f7/action returned with HTTP 202
May 09 18:27:59.109971 dv-cinder-835881-8-smb devstack@c-api.service[110092]: [pid: 110092|app: 0|req: 127/238] 10.222.0.52 () {60 vars in 1360 bytes} [Mon May 9 18:27:59 2022] POST /volume/v3/668b484dc5b044b29e46e8d11e72b5b8/types/4595f2b7-8e55-4637-a229-decd089197f7/action => generated 0 bytes in 26 msecs (HTTP/1.1 202) 6 headers in 233 bytes (2 switches on core 0)
May 09 18:27:59.115609 dv-cinder-835881-8-smb devstack@c-api.service[110091]: DEBUG cinder.api.middleware.request_id [None req-a787368f-5114-4b2d-841c-4e0177482996 None None] RequestId filter calling following filter/app {{(pid=110091) _context_setter /opt/stack/cinder/cinder/api/middleware/request_id.py:62}}
May 09 18:27:59.119458 dv-cinder-835881-8-smb devstack@c-api.service[110091]: INFO cinder.api.openstack.wsgi [None req-a787368f-5114-4b2d-841c-4e0177482996 tempest-VolumeTypesAccessTest-1189565293 tempest-VolumeTypesAccessTest-1189565293-project-admin] DELETE http://10.222.0.52/volume/v3/668b484dc5b044b29e46e8d11e72b5b8/types/4595f2b7-8e55-4637-a229-decd089197f7
May 09 18:27:59.119902 dv-cinder-835881-8-smb devstack@c-api.service[110091]: DEBUG cinder.api.openstack.wsgi [None req-a787368f-5114-4b2d-841c-4e0177482996 tempest-VolumeTypesAccessTest-1189565293 tempest-VolumeTypesAccessTest-1189565293-project-admin] Empty body provided in request {{(pid=110091) get_body /opt/stack/cinder/cinder/api/openstack/wsgi.py:715}}
May 09 18:27:59.120370 dv-cinder-835881-8-smb devstack@c-api.service[110091]: DEBUG cinder.api.openstack.wsgi [None req-a787368f-5114-4b2d-841c-4e0177482996 tempest-VolumeTypesAccessTest-1189565293 tempest-VolumeTypesAccessTest-1189565293-project-admin] Calling method '_delete' {{(pid=110091) _process_stack /opt/stack/cinder/cinder/api/openstack/wsgi.py:868}}
May 09 18:27:59.126016 dv-cinder-835881-8-smb devstack@c-api.service[110092]: DEBUG cinder.api.middleware.request_id [None req-79c20bd3-66c6-496d-8c0c-8df4a6174675 None None] RequestId filter calling following filter/app {{(pid=110092) _context_setter /opt/stack/cinder/cinder/api/middleware/request_id.py:62}}
May 09 18:27:59.129790 dv-cinder-835881-8-smb devstack@c-api.service[110092]: INFO cinder.api.openstack.wsgi [None req-79c20bd3-66c6-496d-8c0c-8df4a6174675 tempest-DeleteServersTestJSON-1627006057 tempest-DeleteServersTestJSON-1627006057-project] GET http://10.222.0.52/volume/v3/a5707436d34341679b17e58d70065131/volumes/39a6c60b-175c-4940-ae4a-0e265196ef2b
May 09 18:27:59.130309 dv-cinder-835881-8-smb devstack@c-api.service[110092]: DEBUG cinder.api.openstack.wsgi [None req-79c20bd3-66c6-496d-8c0c-8df4a6174675 tempest-DeleteServersTestJSON-1627006057 tempest-DeleteServersTestJSON-1627006057-project] Empty body provided in request {{(pid=110092) get_body /opt/stack/cinder/cinder/api/openstack/wsgi.py:715}}
May 09 18:27:59.130977 dv-cinder-835881-8-smb devstack@c-api.service[110092]: DEBUG cinder.api.openstack.wsgi [None req-79c20bd3-66c6-496d-8c0c-8df4a6174675 tempest-DeleteServersTestJSON-1627006057 tempest-DeleteServersTestJSON-1627006057-project] Calling method 'show' {{(pid=110092) _process_stack /opt/stack/cinder/cinder/api/openstack/wsgi.py:868}}
May 09 18:27:59.157029 dv-cinder-835881-8-smb devstack@c-api.service[110092]: /usr/local/lib/python3.8/dist-packages/oslo_context/context.py:100: DeprecationWarning: Policy enforcement is depending on the value of is_admin. This key is deprecated. Please update your policy file to use the standard policy values.
May 09 18:27:59.157029 dv-cinder-835881-8-smb devstack@c-api.service[110092]: warnings.warn('Policy enforcement is depending on the value of '
May 09 18:27:59.167599 dv-cinder-835881-8-smb devstack@c-api.service[110092]: INFO cinder.volume.api [None req-79c20bd3-66c6-496d-8c0c-8df4a6174675 tempest-DeleteServersTestJSON-1627006057 tempest-DeleteServersTestJSON-1627006057-project] Volume info retrieved successfully.
May 09 18:27:59.184869 dv-cinder-835881-8-smb devstack@c-api.service[110092]: INFO cinder.api.openstack.wsgi [None req-79c20bd3-66c6-496d-8c0c-8df4a6174675 tempest-DeleteServersTestJSON-1627006057 tempest-DeleteServersTestJSON-1627006057-project] http://10.222.0.52/volume/v3/a5707436d34341679b17e58d70065131/volumes/39a6c60b-175c-4940-ae4a-0e265196ef2b returned with HTTP 200
May 09 18:27:59.189996 dv-cinder-835881-8-smb devstack@c-api.service[110092]: [pid: 110092|app: 0|req: 128/239] 10.222.0.52 () {58 vars in 1324 bytes} [Mon May 9 18:27:59 2022] GET /volume/v3/a5707436d34341679b17e58d70065131/volumes/39a6c60b-175c-4940-ae4a-0e265196ef2b => generated 913 bytes in 65 msecs (HTTP/1.1 200) 7 headers in 285 bytes (2 switches on core 0)
May 09 18:27:59.202636 dv-cinder-835881-8-smb devstack@c-api.service[110091]: INFO cinder.api.openstack.wsgi [None req-a787368f-5114-4b2d-841c-4e0177482996 tempest-VolumeTypesAccessTest-1189565293 tempest-VolumeTypesAccessTest-1189565293-project-admin] http://10.222.0.52/volume/v3/668b484dc5b044b29e46e8d11e72b5b8/types/4595f2b7-8e55-4637-a229-decd089197f7 returned with HTTP 202
May 09 18:27:59.205183 dv-cinder-835881-8-smb devstack@c-api.service[110091]: [pid: 110091|app: 0|req: 112/240] 10.222.0.52 () {58 vars in 1321 bytes} [Mon May 9 18:27:59 2022] DELETE /volume/v3/668b484dc5b044b29e46e8d11e72b5b8/types/4595f2b7-8e55-4637-a229-decd089197f7 => generated 0 bytes in 91 msecs (HTTP/1.1 202) 6 headers in 233 bytes (1 switches on core 0)
May 09 18:27:59.209930 dv-cinder-835881-8-smb devstack@c-api.service[110092]: DEBUG cinder.api.middleware.request_id [None req-daf7604f-e6c5-4854-a87f-bcefcf4bc5b8 None None] RequestId filter calling following filter/app {{(pid=110092) _context_setter /opt/stack/cinder/cinder/api/middleware/request_id.py:62}}
May 09 18:27:59.216123 dv-cinder-835881-8-smb devstack@c-api.service[110092]: INFO cinder.api.openstack.wsgi [None req-daf7604f-e6c5-4854-a87f-bcefcf4bc5b8 tempest-VolumeTypesAccessTest-1189565293 tempest-VolumeTypesAccessTest-1189565293-project-admin] GET http://10.222.0.52/volume/v3/668b484dc5b044b29e46e8d11e72b5b8/types/4595f2b7-8e55-4637-a229-decd089197f7
May 09 18:27:59.216916 dv-cinder-835881-8-smb devstack@c-api.service[110092]: DEBUG cinder.api.openstack.wsgi [None req-daf7604f-e6c5-4854-a87f-bcefcf4bc5b8 tempest-VolumeTypesAccessTest-1189565293 tempest-VolumeTypesAccessTest-1189565293-project-admin] Empty body provided in request {{(pid=110092) get_body /opt/stack/cinder/cinder/api/openstack/wsgi.py:715}}
May 09 18:27:59.217381 dv-cinder-835881-8-smb devstack@c-api.service[110092]: DEBUG cinder.api.openstack.wsgi [None req-daf7604f-e6c5-4854-a87f-bcefcf4bc5b8 tempest-VolumeTypesAccessTest-1189565293 tempest-VolumeTypesAccessTest-1189565293-project-admin] Calling method 'show' {{(pid=110092) _process_stack /opt/stack/cinder/cinder/api/openstack/wsgi.py:868}}
May 09 18:27:59.224682 dv-cinder-835881-8-smb devstack@c-api.service[110092]: INFO cinder.api.openstack.wsgi [None req-daf7604f-e6c5-4854-a87f-bcefcf4bc5b8 tempest-VolumeTypesAccessTest-1189565293 tempest-VolumeTypesAccessTest-1189565293-project-admin] http://10.222.0.52/volume/v3/668b484dc5b044b29e46e8d11e72b5b8/types/4595f2b7-8e55-4637-a229-decd089197f7 returned with HTTP 404
May 09 18:27:59.225811 dv-cinder-835881-8-smb devstack@c-api.service[110092]: [pid: 110092|app: 0|req: 129/241] 10.222.0.52 () {58 vars in 1318 bytes} [Mon May 9 18:27:59 2022] GET /volume/v3/668b484dc5b044b29e46e8d11e72b5b8/types/4595f2b7-8e55-4637-a229-decd089197f7 => generated 114 bytes in 17 msecs (HTTP/1.1 404) 7 headers in 292 bytes (1 switches on core 0)
May 09 18:27:59.232459 dv-cinder-835881-8-smb devstack@c-api.service[110091]: DEBUG cinder.api.middleware.request_id [None req-7a32c2e9-7d99-493d-9b6d-7f1a7c97c231 None None] RequestId filter calling following filter/app {{(pid=110091) _context_setter /opt/stack/cinder/cinder/api/middleware/request_id.py:62}}
May 09 18:27:59.236319 dv-cinder-835881-8-smb devstack@c-api.service[110091]: INFO cinder.api.openstack.wsgi [None req-7a32c2e9-7d99-493d-9b6d-7f1a7c97c231 tempest-VolumeTypesAccessTest-379181171 tempest-VolumeTypesAccessTest-379181171-project] DELETE http://10.222.0.52/volume/v3/4cd04811498f403589db446478cc6002/volumes/7637424b-2215-4c81-9959-6d3113e4d046
May 09 18:27:59.236889 dv-cinder-835881-8-smb devstack@c-api.service[110091]: DEBUG cinder.api.openstack.wsgi [None req-7a32c2e9-7d99-493d-9b6d-7f1a7c97c231 tempest-VolumeTypesAccessTest-379181171 tempest-VolumeTypesAccessTest-379181171-project] Empty body provided in request {{(pid=110091) get_body /opt/stack/cinder/cinder/api/openstack/wsgi.py:715}}
May 09 18:27:59.237445 dv-cinder-835881-8-smb devstack@c-api.service[110091]: DEBUG cinder.api.openstack.wsgi [None req-7a32c2e9-7d99-493d-9b6d-7f1a7c97c231 tempest-VolumeTypesAccessTest-379181171 tempest-VolumeTypesAccessTest-379181171-project] Calling method 'delete' {{(pid=110091) _process_stack /opt/stack/cinder/cinder/api/openstack/wsgi.py:868}}
May 09 18:27:59.237950 dv-cinder-835881-8-smb devstack@c-api.service[110091]: INFO cinder.api.v3.volumes [None req-7a32c2e9-7d99-493d-9b6d-7f1a7c97c231 tempest-VolumeTypesAccessTest-379181171 tempest-VolumeTypesAccessTest-379181171-project] Delete volume with id: 7637424b-2215-4c81-9959-6d3113e4d046
May 09 18:27:59.245722 dv-cinder-835881-8-smb devstack@c-api.service[110092]: DEBUG cinder.api.middleware.request_id [None req-ede6ab53-2fa0-4c84-874b-b4f5a8362858 None None] RequestId filter calling following filter/app {{(pid=110092) _context_setter /opt/stack/cinder/cinder/api/middleware/request_id.py:62}}
May 09 18:27:59.259632 dv-cinder-835881-8-smb devstack@c-api.service[110091]: /usr/local/lib/python3.8/dist-packages/oslo_context/context.py:100: DeprecationWarning: Policy enforcement is depending on the value of is_admin. This key is deprecated. Please update your policy file to use the standard policy values.
May 09 18:27:59.259632 dv-cinder-835881-8-smb devstack@c-api.service[110091]: warnings.warn('Policy enforcement is depending on the value of '
May 09 18:27:59.263183 dv-cinder-835881-8-smb devstack@c-api.service[110091]: INFO cinder.volume.api [None req-7a32c2e9-7d99-493d-9b6d-7f1a7c97c231 tempest-VolumeTypesAccessTest-379181171 tempest-VolumeTypesAccessTest-379181171-project] Volume info retrieved successfully.
May 09 18:27:59.326734 dv-cinder-835881-8-smb devstack@c-api.service[110091]: INFO cinder.volume.api [None req-7a32c2e9-7d99-493d-9b6d-7f1a7c97c231 tempest-VolumeTypesAccessTest-379181171 tempest-VolumeTypesAccessTest-379181171-project] Delete volume request issued successfully.
May 09 18:27:59.327482 dv-cinder-835881-8-smb devstack@c-api.service[110091]: INFO cinder.api.openstack.wsgi [None req-7a32c2e9-7d99-493d-9b6d-7f1a7c97c231 tempest-VolumeTypesAccessTest-379181171 tempest-VolumeTypesAccessTest-379181171-project] http://10.222.0.52/volume/v3/4cd04811498f403589db446478cc6002/volumes/7637424b-2215-4c81-9959-6d3113e4d046 returned with HTTP 202
May 09 18:27:59.331633 dv-cinder-835881-8-smb devstack@c-api.service[110091]: [pid: 110091|app: 0|req: 113/242] 10.222.0.52 () {58 vars in 1327 bytes} [Mon May 9 18:27:59 2022] DELETE /volume/v3/4cd04811498f403589db446478cc6002/volumes/7637424b-2215-4c81-9959-6d3113e4d046 => generated 0 bytes in 100 msecs (HTTP/1.1 202) 6 headers in 233 bytes (1 switches on core 0)
May 09 18:27:59.333220 dv-cinder-835881-8-smb devstack@c-api.service[110091]: DEBUG cinder.api.middleware.request_id [None req-a5afc04f-83fb-4080-a1c9-895402672fa3 None None] RequestId filter calling following filter/app {{(pid=110091) _context_setter /opt/stack/cinder/cinder/api/middleware/request_id.py:62}}
May 09 18:27:59.342310 dv-cinder-835881-8-smb devstack@c-api.service[110091]: INFO cinder.api.openstack.wsgi [None req-a5afc04f-83fb-4080-a1c9-895402672fa3 tempest-VolumeTypesAccessTest-379181171 tempest-VolumeTypesAccessTest-379181171-project] GET http://10.222.0.52/volume/v3/4cd04811498f403589db446478cc6002/volumes/7637424b-2215-4c81-9959-6d3113e4d046
May 09 18:27:59.344148 dv-cinder-835881-8-smb devstack@c-api.service[110091]: DEBUG cinder.api.openstack.wsgi [None req-a5afc04f-83fb-4080-a1c9-895402672fa3 tempest-VolumeTypesAccessTest-379181171 tempest-VolumeTypesAccessTest-379181171-project] Empty body provided in request {{(pid=110091) get_body /opt/stack/cinder/cinder/api/openstack/wsgi.py:715}}
May 09 18:27:59.344820 dv-cinder-835881-8-smb devstack@c-api.service[110091]: DEBUG cinder.api.openstack.wsgi [None req-a5afc04f-83fb-4080-a1c9-895402672fa3 tempest-VolumeTypesAccessTest-379181171 tempest-VolumeTypesAccessTest-379181171-project] Calling method 'show' {{(pid=110091) _process_stack /opt/stack/cinder/cinder/api/openstack/wsgi.py:868}}
May 09 18:27:59.359401 dv-cinder-835881-8-smb devstack@c-api.service[110091]: /usr/local/lib/python3.8/dist-packages/oslo_context/context.py:100: DeprecationWarning: Policy enforcement is depending on the value of is_admin. This key is deprecated. Please update your policy file to use the standard policy values.
May 09 18:27:59.359401 dv-cinder-835881-8-smb devstack@c-api.service[110091]: warnings.warn('Policy enforcement is depending on the value of '
May 09 18:27:59.371408 dv-cinder-835881-8-smb devstack@c-api.service[110091]: INFO cinder.volume.api [None req-a5afc04f-83fb-4080-a1c9-895402672fa3 tempest-VolumeTypesAccessTest-379181171 tempest-VolumeTypesAccessTest-379181171-project] Volume info retrieved successfully.
May 09 18:27:59.384742 dv-cinder-835881-8-smb devstack@c-api.service[110091]: INFO cinder.api.openstack.wsgi [None req-a5afc04f-83fb-4080-a1c9-895402672fa3 tempest-VolumeTypesAccessTest-379181171 tempest-VolumeTypesAccessTest-379181171-project] http://10.222.0.52/volume/v3/4cd04811498f403589db446478cc6002/volumes/7637424b-2215-4c81-9959-6d3113e4d046 returned with HTTP 200
May 09 18:27:59.386052 dv-cinder-835881-8-smb devstack@c-api.service[110091]: [pid: 110091|app: 0|req: 114/243] 10.222.0.52 () {58 vars in 1324 bytes} [Mon May 9 18:27:59 2022] GET /volume/v3/4cd04811498f403589db446478cc6002/volumes/7637424b-2215-4c81-9959-6d3113e4d046 => generated 953 bytes in 54 msecs (HTTP/1.1 200) 7 headers in 285 bytes (1 switches on core 0)
May 09 18:27:59.544435 dv-cinder-835881-8-smb devstack@c-api.service[110092]: INFO cinder.api.openstack.wsgi [None req-ede6ab53-2fa0-4c84-874b-b4f5a8362858 tempest-GroupTypeSpecsTest-1530731144 tempest-GroupTypeSpecsTest-1530731144-project-admin] POST http://10.222.0.52/volume/v3/8a2e75f4a1fe422bb1bb2cc1c8b0ed96/group_types
May 09 18:27:59.545187 dv-cinder-835881-8-smb devstack@c-api.service[110092]: DEBUG cinder.api.openstack.wsgi [None req-ede6ab53-2fa0-4c84-874b-b4f5a8362858 tempest-GroupTypeSpecsTest-1530731144 tempest-GroupTypeSpecsTest-1530731144-project-admin] Action: 'create', calling method: version_select, body: {"group_type": {"name": "tempest-GroupTypeSpecsTest-group-type-1591476558"}} {{(pid=110092) _process_stack /opt/stack/cinder/cinder/api/openstack/wsgi.py:866}}
May 09 18:27:59.549007 dv-cinder-835881-8-smb devstack@c-api.service[110091]: DEBUG cinder.api.middleware.request_id [None req-d5b4ae91-fcc4-4d85-84c9-848f48de9541 None None] RequestId filter calling following filter/app {{(pid=110091) _context_setter /opt/stack/cinder/cinder/api/middleware/request_id.py:62}}
May 09 18:27:59.571670 dv-cinder-835881-8-smb devstack@c-api.service[110092]: INFO cinder.api.openstack.wsgi [None req-ede6ab53-2fa0-4c84-874b-b4f5a8362858 tempest-GroupTypeSpecsTest-1530731144 tempest-GroupTypeSpecsTest-1530731144-project-admin] http://10.222.0.52/volume/v3/8a2e75f4a1fe422bb1bb2cc1c8b0ed96/group_types returned with HTTP 202
May 09 18:27:59.573657 dv-cinder-835881-8-smb devstack@c-api.service[110092]: [pid: 110092|app: 0|req: 130/244] 10.222.0.52 () {62 vars in 1287 bytes} [Mon May 9 18:27:59 2022] POST /volume/v3/8a2e75f4a1fe422bb1bb2cc1c8b0ed96/group_types => generated 181 bytes in 328 msecs (HTTP/1.1 202) 7 headers in 292 bytes (1 switches on core 0)
May 09 18:27:59.580355 dv-cinder-835881-8-smb devstack@c-api.service[110092]: DEBUG cinder.api.middleware.request_id [None req-d50b5892-ce62-41d2-8dde-01c12dba8f48 None None] RequestId filter calling following filter/app {{(pid=110092) _context_setter /opt/stack/cinder/cinder/api/middleware/request_id.py:62}}
May 09 18:27:59.585357 dv-cinder-835881-8-smb devstack@c-api.service[110092]: INFO cinder.api.openstack.wsgi [None req-d50b5892-ce62-41d2-8dde-01c12dba8f48 tempest-GroupTypeSpecsTest-1530731144 tempest-GroupTypeSpecsTest-1530731144-project-admin] POST http://10.222.0.52/volume/v3/8a2e75f4a1fe422bb1bb2cc1c8b0ed96/group_types/85296a3e-4b77-44f2-b966-0e7cf22ab558/group_specs
May 09 18:27:59.586293 dv-cinder-835881-8-smb devstack@c-api.service[110092]: DEBUG cinder.api.openstack.wsgi [None req-d50b5892-ce62-41d2-8dde-01c12dba8f48 tempest-GroupTypeSpecsTest-1530731144 tempest-GroupTypeSpecsTest-1530731144-project-admin] Action: 'create', calling method: version_select, body: {"group_specs": {"key1": "value1", "key2": "value2"}} {{(pid=110092) _process_stack /opt/stack/cinder/cinder/api/openstack/wsgi.py:866}}
May 09 18:27:59.618738 dv-cinder-835881-8-smb devstack@c-api.service[110091]: INFO cinder.api.openstack.wsgi [None req-d5b4ae91-fcc4-4d85-84c9-848f48de9541 tempest-VolumeTypesTest-635524557 tempest-VolumeTypesTest-635524557-project-admin] POST http://10.222.0.52/volume/v3/1650f56ef2674201b52b54598fea3a11/types
May 09 18:27:59.619537 dv-cinder-835881-8-smb devstack@c-api.service[110091]: DEBUG cinder.api.openstack.wsgi [None req-d5b4ae91-fcc4-4d85-84c9-848f48de9541 tempest-VolumeTypesTest-635524557 tempest-VolumeTypesTest-635524557-project-admin] Action: 'create', calling method: _create, body: {"volume_type": {"name": "tempest-VolumeTypesTest-volume-type-620375189", "extra_specs": {"storage_protocol": "smbfs", "vendor_name": "Open Source"}}} {{(pid=110091) _process_stack /opt/stack/cinder/cinder/api/openstack/wsgi.py:866}}
May 09 18:27:59.626610 dv-cinder-835881-8-smb devstack@c-api.service[110092]: INFO cinder.api.openstack.wsgi [None req-d50b5892-ce62-41d2-8dde-01c12dba8f48 tempest-GroupTypeSpecsTest-1530731144 tempest-GroupTypeSpecsTest-1530731144-project-admin] http://10.222.0.52/volume/v3/8a2e75f4a1fe422bb1bb2cc1c8b0ed96/group_types/85296a3e-4b77-44f2-b966-0e7cf22ab558/group_specs returned with HTTP 202
May 09 18:27:59.627731 dv-cinder-835881-8-smb devstack@c-api.service[110092]: [pid: 110092|app: 0|req: 131/245] 10.222.0.52 () {62 vars in 1434 bytes} [Mon May 9 18:27:59 2022] POST /volume/v3/8a2e75f4a1fe422bb1bb2cc1c8b0ed96/group_types/85296a3e-4b77-44f2-b966-0e7cf22ab558/group_specs => generated 53 bytes in 49 msecs (HTTP/1.1 202) 7 headers in 291 bytes (1 switches on core 0)
May 09 18:27:59.635507 dv-cinder-835881-8-smb devstack@c-api.service[110092]: DEBUG cinder.api.middleware.request_id [None req-94d42754-1216-4625-ac23-814a2dfa604d None None] RequestId filter calling following filter/app {{(pid=110092) _context_setter /opt/stack/cinder/cinder/api/middleware/request_id.py:62}}
May 09 18:27:59.639869 dv-cinder-835881-8-smb devstack@c-api.service[110092]: INFO cinder.api.openstack.wsgi [None req-94d42754-1216-4625-ac23-814a2dfa604d tempest-GroupTypeSpecsTest-1530731144 tempest-GroupTypeSpecsTest-1530731144-project-admin] POST http://10.222.0.52/volume/v3/8a2e75f4a1fe422bb1bb2cc1c8b0ed96/group_types/85296a3e-4b77-44f2-b966-0e7cf22ab558/group_specs
May 09 18:27:59.640581 dv-cinder-835881-8-smb devstack@c-api.service[110092]: DEBUG cinder.api.openstack.wsgi [None req-94d42754-1216-4625-ac23-814a2dfa604d tempest-GroupTypeSpecsTest-1530731144 tempest-GroupTypeSpecsTest-1530731144-project-admin] Action: 'create', calling method: version_select, body: {"group_specs": {"key2": "value2-updated", "key3": "value3"}} {{(pid=110092) _process_stack /opt/stack/cinder/cinder/api/openstack/wsgi.py:866}}
May 09 18:27:59.659339 dv-cinder-835881-8-smb devstack@c-api.service[110091]: INFO cinder.api.openstack.wsgi [None req-d5b4ae91-fcc4-4d85-84c9-848f48de9541 tempest-VolumeTypesTest-635524557 tempest-VolumeTypesTest-635524557-project-admin] http://10.222.0.52/volume/v3/1650f56ef2674201b52b54598fea3a11/types returned with HTTP 200
May 09 18:27:59.660332 dv-cinder-835881-8-smb devstack@c-api.service[110091]: [pid: 110091|app: 0|req: 115/246] 10.222.0.52 () {60 vars in 1229 bytes} [Mon May 9 18:27:59 2022] POST /volume/v3/1650f56ef2674201b52b54598fea3a11/types => generated 277 bytes in 113 msecs (HTTP/1.1 200) 7 headers in 285 bytes (1 switches on core 0)
May 09 18:27:59.667301 dv-cinder-835881-8-smb devstack@c-api.service[110091]: DEBUG cinder.api.middleware.request_id [None req-a328eba0-d17a-418f-94b0-61855c8f7a4e None None] RequestId filter calling following filter/app {{(pid=110091) _context_setter /opt/stack/cinder/cinder/api/middleware/request_id.py:62}}
May 09 18:27:59.667612 dv-cinder-835881-8-smb devstack@c-api.service[110092]: INFO cinder.api.openstack.wsgi [None req-94d42754-1216-4625-ac23-814a2dfa604d tempest-GroupTypeSpecsTest-1530731144 tempest-GroupTypeSpecsTest-1530731144-project-admin] http://10.222.0.52/volume/v3/8a2e75f4a1fe422bb1bb2cc1c8b0ed96/group_types/85296a3e-4b77-44f2-b966-0e7cf22ab558/group_specs returned with HTTP 202
May 09 18:27:59.669101 dv-cinder-835881-8-smb devstack@c-api.service[110092]: [pid: 110092|app: 0|req: 132/247] 10.222.0.52 () {62 vars in 1434 bytes} [Mon May 9 18:27:59 2022] POST /volume/v3/8a2e75f4a1fe422bb1bb2cc1c8b0ed96/group_types/85296a3e-4b77-44f2-b966-0e7cf22ab558/group_specs => generated 61 bytes in 35 msecs (HTTP/1.1 202) 7 headers in 291 bytes (1 switches on core 0)
May 09 18:27:59.671138 dv-cinder-835881-8-smb devstack@c-api.service[110091]: INFO cinder.api.openstack.wsgi [None req-a328eba0-d17a-418f-94b0-61855c8f7a4e tempest-VolumeTypesTest-635524557 tempest-VolumeTypesTest-635524557-project-admin] POST http://10.222.0.52/volume/v3/1650f56ef2674201b52b54598fea3a11/types
May 09 18:27:59.671904 dv-cinder-835881-8-smb devstack@c-api.service[110091]: DEBUG cinder.api.openstack.wsgi [None req-a328eba0-d17a-418f-94b0-61855c8f7a4e tempest-VolumeTypesTest-635524557 tempest-VolumeTypesTest-635524557-project-admin] Action: 'create', calling method: _create, body: {"volume_type": {"name": "tempest-VolumeTypesTest-volume-type-3030762", "extra_specs": {"storage_protocol": "smbfs", "vendor_name": "Open Source"}}} {{(pid=110091) _process_stack /opt/stack/cinder/cinder/api/openstack/wsgi.py:866}}
May 09 18:27:59.676170 dv-cinder-835881-8-smb devstack@c-api.service[110092]: DEBUG cinder.api.middleware.request_id [None req-ded4e3a2-390b-44a5-b06f-f00789513ffe None None] RequestId filter calling following filter/app {{(pid=110092) _context_setter /opt/stack/cinder/cinder/api/middleware/request_id.py:62}}
May 09 18:27:59.681504 dv-cinder-835881-8-smb devstack@c-api.service[110092]: INFO cinder.api.openstack.wsgi [None req-ded4e3a2-390b-44a5-b06f-f00789513ffe tempest-GroupTypeSpecsTest-1530731144 tempest-GroupTypeSpecsTest-1530731144-project-admin] GET http://10.222.0.52/volume/v3/8a2e75f4a1fe422bb1bb2cc1c8b0ed96/group_types/85296a3e-4b77-44f2-b966-0e7cf22ab558/group_specs/key2
May 09 18:27:59.682075 dv-cinder-835881-8-smb devstack@c-api.service[110092]: DEBUG cinder.api.openstack.wsgi [None req-ded4e3a2-390b-44a5-b06f-f00789513ffe tempest-GroupTypeSpecsTest-1530731144 tempest-GroupTypeSpecsTest-1530731144-project-admin] Empty body provided in request {{(pid=110092) get_body /opt/stack/cinder/cinder/api/openstack/wsgi.py:715}}
May 09 18:27:59.682537 dv-cinder-835881-8-smb devstack@c-api.service[110092]: DEBUG cinder.api.openstack.wsgi [None req-ded4e3a2-390b-44a5-b06f-f00789513ffe tempest-GroupTypeSpecsTest-1530731144 tempest-GroupTypeSpecsTest-1530731144-project-admin] Calling method 'version_select' {{(pid=110092) _process_stack /opt/stack/cinder/cinder/api/openstack/wsgi.py:868}}
May 09 18:27:59.696114 dv-cinder-835881-8-smb devstack@c-api.service[110092]: INFO cinder.api.openstack.wsgi [None req-ded4e3a2-390b-44a5-b06f-f00789513ffe tempest-GroupTypeSpecsTest-1530731144 tempest-GroupTypeSpecsTest-1530731144-project-admin] http://10.222.0.52/volume/v3/8a2e75f4a1fe422bb1bb2cc1c8b0ed96/group_types/85296a3e-4b77-44f2-b966-0e7cf22ab558/group_specs/key2 returned with HTTP 200
May 09 18:27:59.697262 dv-cinder-835881-8-smb devstack@c-api.service[110092]: [pid: 110092|app: 0|req: 133/248] 10.222.0.52 () {60 vars in 1428 bytes} [Mon May 9 18:27:59 2022] GET /volume/v3/8a2e75f4a1fe422bb1bb2cc1c8b0ed96/group_types/85296a3e-4b77-44f2-b966-0e7cf22ab558/group_specs/key2 => generated 26 bytes in 23 msecs (HTTP/1.1 200) 7 headers in 285 bytes (1 switches on core 0)
May 09 18:27:59.703412 dv-cinder-835881-8-smb devstack@c-api.service[110092]: DEBUG cinder.api.middleware.request_id [None req-c0f3956e-1c8f-4508-8be4-f7ab0dedf1d2 None None] RequestId filter calling following filter/app {{(pid=110092) _context_setter /opt/stack/cinder/cinder/api/middleware/request_id.py:62}}
May 09 18:27:59.705725 dv-cinder-835881-8-smb devstack@c-api.service[110091]: INFO cinder.api.openstack.wsgi [None req-a328eba0-d17a-418f-94b0-61855c8f7a4e tempest-VolumeTypesTest-635524557 tempest-VolumeTypesTest-635524557-project-admin] http://10.222.0.52/volume/v3/1650f56ef2674201b52b54598fea3a11/types returned with HTTP 200
May 09 18:27:59.707661 dv-cinder-835881-8-smb devstack@c-api.service[110092]: INFO cinder.api.openstack.wsgi [None req-c0f3956e-1c8f-4508-8be4-f7ab0dedf1d2 tempest-GroupTypeSpecsTest-1530731144 tempest-GroupTypeSpecsTest-1530731144-project-admin] GET http://10.222.0.52/volume/v3/8a2e75f4a1fe422bb1bb2cc1c8b0ed96/group_types/85296a3e-4b77-44f2-b966-0e7cf22ab558/group_specs/key3
May 09 18:27:59.708262 dv-cinder-835881-8-smb devstack@c-api.service[110092]: DEBUG cinder.api.openstack.wsgi [None req-c0f3956e-1c8f-4508-8be4-f7ab0dedf1d2 tempest-GroupTypeSpecsTest-1530731144 tempest-GroupTypeSpecsTest-1530731144-project-admin] Empty body provided in request {{(pid=110092) get_body /opt/stack/cinder/cinder/api/openstack/wsgi.py:715}}
May 09 18:27:59.708860 dv-cinder-835881-8-smb devstack@c-api.service[110092]: DEBUG cinder.api.openstack.wsgi [None req-c0f3956e-1c8f-4508-8be4-f7ab0dedf1d2 tempest-GroupTypeSpecsTest-1530731144 tempest-GroupTypeSpecsTest-1530731144-project-admin] Calling method 'version_select' {{(pid=110092) _process_stack /opt/stack/cinder/cinder/api/openstack/wsgi.py:868}}
May 09 18:27:59.712398 dv-cinder-835881-8-smb devstack@c-api.service[110091]: [pid: 110091|app: 0|req: 116/249] 10.222.0.52 () {60 vars in 1229 bytes} [Mon May 9 18:27:59 2022] POST /volume/v3/1650f56ef2674201b52b54598fea3a11/types => generated 275 bytes in 46 msecs (HTTP/1.1 200) 7 headers in 285 bytes (2 switches on core 0)
May 09 18:27:59.713840 dv-cinder-835881-8-smb devstack@c-api.service[110091]: DEBUG cinder.api.middleware.request_id [None req-23ee8309-7727-4465-9919-cdaa3c705753 None None] RequestId filter calling following filter/app {{(pid=110091) _context_setter /opt/stack/cinder/cinder/api/middleware/request_id.py:62}}
May 09 18:27:59.720255 dv-cinder-835881-8-smb devstack@c-api.service[110092]: INFO cinder.api.openstack.wsgi [None req-c0f3956e-1c8f-4508-8be4-f7ab0dedf1d2 tempest-GroupTypeSpecsTest-1530731144 tempest-GroupTypeSpecsTest-1530731144-project-admin] http://10.222.0.52/volume/v3/8a2e75f4a1fe422bb1bb2cc1c8b0ed96/group_types/85296a3e-4b77-44f2-b966-0e7cf22ab558/group_specs/key3 returned with HTTP 200
May 09 18:27:59.721608 dv-cinder-835881-8-smb devstack@c-api.service[110092]: [pid: 110092|app: 0|req: 134/250] 10.222.0.52 () {60 vars in 1428 bytes} [Mon May 9 18:27:59 2022] GET /volume/v3/8a2e75f4a1fe422bb1bb2cc1c8b0ed96/group_types/85296a3e-4b77-44f2-b966-0e7cf22ab558/group_specs/key3 => generated 18 bytes in 19 msecs (HTTP/1.1 200) 7 headers in 285 bytes (1 switches on core 0)
May 09 18:27:59.728490 dv-cinder-835881-8-smb devstack@c-api.service[110092]: DEBUG cinder.api.middleware.request_id [None req-c3a11eee-524a-4d84-8b30-52d0eb080331 None None] RequestId filter calling following filter/app {{(pid=110092) _context_setter /opt/stack/cinder/cinder/api/middleware/request_id.py:62}}
May 09 18:27:59.733597 dv-cinder-835881-8-smb devstack@c-api.service[110092]: INFO cinder.api.openstack.wsgi [None req-c3a11eee-524a-4d84-8b30-52d0eb080331 tempest-GroupTypeSpecsTest-1530731144 tempest-GroupTypeSpecsTest-1530731144-project-admin] PUT http://10.222.0.52/volume/v3/8a2e75f4a1fe422bb1bb2cc1c8b0ed96/group_types/85296a3e-4b77-44f2-b966-0e7cf22ab558/group_specs/key3
May 09 18:27:59.736231 dv-cinder-835881-8-smb devstack@c-api.service[110092]: DEBUG cinder.api.openstack.wsgi [None req-c3a11eee-524a-4d84-8b30-52d0eb080331 tempest-GroupTypeSpecsTest-1530731144 tempest-GroupTypeSpecsTest-1530731144-project-admin] Action: 'update', calling method: version_select, body: {"key3": "value3-updated"} {{(pid=110092) _process_stack /opt/stack/cinder/cinder/api/openstack/wsgi.py:866}}
May 09 18:27:59.755824 dv-cinder-835881-8-smb devstack@c-api.service[110092]: INFO cinder.api.openstack.wsgi [None req-c3a11eee-524a-4d84-8b30-52d0eb080331 tempest-GroupTypeSpecsTest-1530731144 tempest-GroupTypeSpecsTest-1530731144-project-admin] http://10.222.0.52/volume/v3/8a2e75f4a1fe422bb1bb2cc1c8b0ed96/group_types/85296a3e-4b77-44f2-b966-0e7cf22ab558/group_specs/key3 returned with HTTP 200
May 09 18:27:59.757087 dv-cinder-835881-8-smb devstack@c-api.service[110092]: [pid: 110092|app: 0|req: 135/251] 10.222.0.52 () {62 vars in 1448 bytes} [Mon May 9 18:27:59 2022] PUT /volume/v3/8a2e75f4a1fe422bb1bb2cc1c8b0ed96/group_types/85296a3e-4b77-44f2-b966-0e7cf22ab558/group_specs/key3 => generated 26 bytes in 30 msecs (HTTP/1.1 200) 7 headers in 285 bytes (1 switches on core 0)
May 09 18:27:59.764559 dv-cinder-835881-8-smb devstack@c-api.service[110092]: DEBUG cinder.api.middleware.request_id [None req-4c143786-9f32-4903-91aa-a8f6eb765fc6 None None] RequestId filter calling following filter/app {{(pid=110092) _context_setter /opt/stack/cinder/cinder/api/middleware/request_id.py:62}}
May 09 18:27:59.771094 dv-cinder-835881-8-smb devstack@c-api.service[110092]: INFO cinder.api.openstack.wsgi [None req-4c143786-9f32-4903-91aa-a8f6eb765fc6 tempest-GroupTypeSpecsTest-1530731144 tempest-GroupTypeSpecsTest-1530731144-project-admin] GET http://10.222.0.52/volume/v3/8a2e75f4a1fe422bb1bb2cc1c8b0ed96/group_types/85296a3e-4b77-44f2-b966-0e7cf22ab558/group_specs
May 09 18:27:59.771589 dv-cinder-835881-8-smb devstack@c-api.service[110092]: DEBUG cinder.api.openstack.wsgi [None req-4c143786-9f32-4903-91aa-a8f6eb765fc6 tempest-GroupTypeSpecsTest-1530731144 tempest-GroupTypeSpecsTest-1530731144-project-admin] Empty body provided in request {{(pid=110092) get_body /opt/stack/cinder/cinder/api/openstack/wsgi.py:715}}
May 09 18:27:59.772045 dv-cinder-835881-8-smb devstack@c-api.service[110092]: DEBUG cinder.api.openstack.wsgi [None req-4c143786-9f32-4903-91aa-a8f6eb765fc6 tempest-GroupTypeSpecsTest-1530731144 tempest-GroupTypeSpecsTest-1530731144-project-admin] Calling method 'version_select' {{(pid=110092) _process_stack /opt/stack/cinder/cinder/api/openstack/wsgi.py:868}}
May 09 18:27:59.788958 dv-cinder-835881-8-smb devstack@c-api.service[110092]: INFO cinder.api.openstack.wsgi [None req-4c143786-9f32-4903-91aa-a8f6eb765fc6 tempest-GroupTypeSpecsTest-1530731144 tempest-GroupTypeSpecsTest-1530731144-project-admin] http://10.222.0.52/volume/v3/8a2e75f4a1fe422bb1bb2cc1c8b0ed96/group_types/85296a3e-4b77-44f2-b966-0e7cf22ab558/group_specs returned with HTTP 200
May 09 18:27:59.795470 dv-cinder-835881-8-smb devstack@c-api.service[110092]: [pid: 110092|app: 0|req: 136/252] 10.222.0.52 () {60 vars in 1413 bytes} [Mon May 9 18:27:59 2022] GET /volume/v3/8a2e75f4a1fe422bb1bb2cc1c8b0ed96/group_types/85296a3e-4b77-44f2-b966-0e7cf22ab558/group_specs => generated 87 bytes in 28 msecs (HTTP/1.1 200) 7 headers in 285 bytes (1 switches on core 0)
May 09 18:27:59.815465 dv-cinder-835881-8-smb devstack@c-api.service[110092]: DEBUG cinder.api.middleware.request_id [None req-12c5e792-7652-4e85-a84f-f017750ea90f None None] RequestId filter calling following filter/app {{(pid=110092) _context_setter /opt/stack/cinder/cinder/api/middleware/request_id.py:62}}
May 09 18:27:59.835665 dv-cinder-835881-8-smb devstack@c-api.service[110092]: INFO cinder.api.openstack.wsgi [None req-12c5e792-7652-4e85-a84f-f017750ea90f tempest-GroupTypeSpecsTest-1530731144 tempest-GroupTypeSpecsTest-1530731144-project-admin] DELETE http://10.222.0.52/volume/v3/8a2e75f4a1fe422bb1bb2cc1c8b0ed96/group_types/85296a3e-4b77-44f2-b966-0e7cf22ab558/group_specs/key1
May 09 18:27:59.835665 dv-cinder-835881-8-smb devstack@c-api.service[110092]: DEBUG cinder.api.openstack.wsgi [None req-12c5e792-7652-4e85-a84f-f017750ea90f tempest-GroupTypeSpecsTest-1530731144 tempest-GroupTypeSpecsTest-1530731144-project-admin] Empty body provided in request {{(pid=110092) get_body /opt/stack/cinder/cinder/api/openstack/wsgi.py:715}}
May 09 18:27:59.835665 dv-cinder-835881-8-smb devstack@c-api.service[110092]: DEBUG cinder.api.openstack.wsgi [None req-12c5e792-7652-4e85-a84f-f017750ea90f tempest-GroupTypeSpecsTest-1530731144 tempest-GroupTypeSpecsTest-1530731144-project-admin] Calling method 'version_select' {{(pid=110092) _process_stack /opt/stack/cinder/cinder/api/openstack/wsgi.py:868}}
May 09 18:27:59.871832 dv-cinder-835881-8-smb devstack@c-api.service[110092]: INFO cinder.api.openstack.wsgi [None req-12c5e792-7652-4e85-a84f-f017750ea90f tempest-GroupTypeSpecsTest-1530731144 tempest-GroupTypeSpecsTest-1530731144-project-admin] http://10.222.0.52/volume/v3/8a2e75f4a1fe422bb1bb2cc1c8b0ed96/group_types/85296a3e-4b77-44f2-b966-0e7cf22ab558/group_specs/key1 returned with HTTP 202
May 09 18:27:59.872725 dv-cinder-835881-8-smb devstack@c-api.service[110092]: [pid: 110092|app: 0|req: 137/253] 10.222.0.52 () {60 vars in 1431 bytes} [Mon May 9 18:27:59 2022] DELETE /volume/v3/8a2e75f4a1fe422bb1bb2cc1c8b0ed96/group_types/85296a3e-4b77-44f2-b966-0e7cf22ab558/group_specs/key1 => generated 0 bytes in 61 msecs (HTTP/1.1 202) 6 headers in 234 bytes (1 switches on core 0)
May 09 18:27:59.877979 dv-cinder-835881-8-smb devstack@c-api.service[110092]: DEBUG cinder.api.middleware.request_id [None req-43540f54-4d98-4799-b541-81b192aded9f None None] RequestId filter calling following filter/app {{(pid=110092) _context_setter /opt/stack/cinder/cinder/api/middleware/request_id.py:62}}
May 09 18:27:59.889280 dv-cinder-835881-8-smb devstack@c-api.service[110092]: INFO cinder.api.openstack.wsgi [None req-43540f54-4d98-4799-b541-81b192aded9f tempest-GroupTypeSpecsTest-1530731144 tempest-GroupTypeSpecsTest-1530731144-project-admin] GET http://10.222.0.52/volume/v3/8a2e75f4a1fe422bb1bb2cc1c8b0ed96/group_types/85296a3e-4b77-44f2-b966-0e7cf22ab558/group_specs/key1
May 09 18:27:59.889915 dv-cinder-835881-8-smb devstack@c-api.service[110092]: DEBUG cinder.api.openstack.wsgi [None req-43540f54-4d98-4799-b541-81b192aded9f tempest-GroupTypeSpecsTest-1530731144 tempest-GroupTypeSpecsTest-1530731144-project-admin] Empty body provided in request {{(pid=110092) get_body /opt/stack/cinder/cinder/api/openstack/wsgi.py:715}}
May 09 18:27:59.890385 dv-cinder-835881-8-smb devstack@c-api.service[110092]: DEBUG cinder.api.openstack.wsgi [None req-43540f54-4d98-4799-b541-81b192aded9f tempest-GroupTypeSpecsTest-1530731144 tempest-GroupTypeSpecsTest-1530731144-project-admin] Calling method 'version_select' {{(pid=110092) _process_stack /opt/stack/cinder/cinder/api/openstack/wsgi.py:868}}
May 09 18:27:59.906202 dv-cinder-835881-8-smb devstack@c-api.service[110092]: INFO cinder.api.openstack.wsgi [None req-43540f54-4d98-4799-b541-81b192aded9f tempest-GroupTypeSpecsTest-1530731144 tempest-GroupTypeSpecsTest-1530731144-project-admin] HTTP exception thrown: Group Type 85296a3e-4b77-44f2-b966-0e7cf22ab558 has no extra spec with key key1.
May 09 18:27:59.906885 dv-cinder-835881-8-smb devstack@c-api.service[110092]: INFO cinder.api.openstack.wsgi [None req-43540f54-4d98-4799-b541-81b192aded9f tempest-GroupTypeSpecsTest-1530731144 tempest-GroupTypeSpecsTest-1530731144-project-admin] http://10.222.0.52/volume/v3/8a2e75f4a1fe422bb1bb2cc1c8b0ed96/group_types/85296a3e-4b77-44f2-b966-0e7cf22ab558/group_specs/key1 returned with HTTP 404
May 09 18:27:59.910726 dv-cinder-835881-8-smb devstack@c-api.service[110092]: [pid: 110092|app: 0|req: 138/254] 10.222.0.52 () {60 vars in 1428 bytes} [Mon May 9 18:27:59 2022] GET /volume/v3/8a2e75f4a1fe422bb1bb2cc1c8b0ed96/group_types/85296a3e-4b77-44f2-b966-0e7cf22ab558/group_specs/key1 => generated 126 bytes in 34 msecs (HTTP/1.1 404) 7 headers in 293 bytes (1 switches on core 0)
May 09 18:27:59.913099 dv-cinder-835881-8-smb devstack@c-api.service[110092]: DEBUG cinder.api.middleware.request_id [None req-4d268335-330a-4caa-93fd-a635417349ae None None] RequestId filter calling following filter/app {{(pid=110092) _context_setter /opt/stack/cinder/cinder/api/middleware/request_id.py:62}}
May 09 18:27:59.916423 dv-cinder-835881-8-smb devstack@c-api.service[110091]: INFO cinder.api.openstack.wsgi [None req-23ee8309-7727-4465-9919-cdaa3c705753 tempest-VolumeTypesTest-1073634366 tempest-VolumeTypesTest-1073634366-project] POST http://10.222.0.52/volume/v3/9f1ae86b6673444f9540b4fb5c54a9ed/volumes
May 09 18:27:59.917143 dv-cinder-835881-8-smb devstack@c-api.service[110091]: DEBUG cinder.api.openstack.wsgi [None req-23ee8309-7727-4465-9919-cdaa3c705753 tempest-VolumeTypesTest-1073634366 tempest-VolumeTypesTest-1073634366-project] Action: 'create', calling method: create, body: {"volume": {"name": "tempest-VolumeTypesTest-volume-1120135686", "volume_type": "52f6e14c-12f6-4ab1-af16-a094766f9c5e", "size": 1}} {{(pid=110091) _process_stack /opt/stack/cinder/cinder/api/openstack/wsgi.py:866}}
May 09 18:27:59.917584 dv-cinder-835881-8-smb devstack@c-api.service[110092]: INFO cinder.api.openstack.wsgi [None req-4d268335-330a-4caa-93fd-a635417349ae tempest-GroupTypeSpecsTest-1530731144 tempest-GroupTypeSpecsTest-1530731144-project-admin] DELETE http://10.222.0.52/volume/v3/8a2e75f4a1fe422bb1bb2cc1c8b0ed96/group_types/85296a3e-4b77-44f2-b966-0e7cf22ab558/group_specs/key2
May 09 18:27:59.918704 dv-cinder-835881-8-smb devstack@c-api.service[110092]: DEBUG cinder.api.openstack.wsgi [None req-4d268335-330a-4caa-93fd-a635417349ae tempest-GroupTypeSpecsTest-1530731144 tempest-GroupTypeSpecsTest-1530731144-project-admin] Empty body provided in request {{(pid=110092) get_body /opt/stack/cinder/cinder/api/openstack/wsgi.py:715}}
May 09 18:27:59.918822 dv-cinder-835881-8-smb devstack@c-api.service[110091]: DEBUG cinder.api.v3.volumes [None req-23ee8309-7727-4465-9919-cdaa3c705753 tempest-VolumeTypesTest-1073634366 tempest-VolumeTypesTest-1073634366-project] Create volume request body: {'volume': {'name': 'tempest-VolumeTypesTest-volume-1120135686', 'volume_type': '52f6e14c-12f6-4ab1-af16-a094766f9c5e', 'size': 1}} {{(pid=110091) create /opt/stack/cinder/cinder/api/v3/volumes.py:298}}
May 09 18:27:59.919325 dv-cinder-835881-8-smb devstack@c-api.service[110092]: DEBUG cinder.api.openstack.wsgi [None req-4d268335-330a-4caa-93fd-a635417349ae tempest-GroupTypeSpecsTest-1530731144 tempest-GroupTypeSpecsTest-1530731144-project-admin] Calling method 'version_select' {{(pid=110092) _process_stack /opt/stack/cinder/cinder/api/openstack/wsgi.py:868}}
May 09 18:27:59.925950 dv-cinder-835881-8-smb devstack@c-api.service[110091]: INFO cinder.api.v3.volumes [None req-23ee8309-7727-4465-9919-cdaa3c705753 tempest-VolumeTypesTest-1073634366 tempest-VolumeTypesTest-1073634366-project] Create volume of 1 GB
May 09 18:27:59.926630 dv-cinder-835881-8-smb devstack@c-api.service[110091]: /usr/local/lib/python3.8/dist-packages/oslo_context/context.py:100: DeprecationWarning: Policy enforcement is depending on the value of is_admin. This key is deprecated. Please update your policy file to use the standard policy values.
May 09 18:27:59.926630 dv-cinder-835881-8-smb devstack@c-api.service[110091]: warnings.warn('Policy enforcement is depending on the value of '
May 09 18:27:59.927693 dv-cinder-835881-8-smb devstack@c-api.service[110091]: INFO cinder.volume.api [None req-23ee8309-7727-4465-9919-cdaa3c705753 tempest-VolumeTypesTest-1073634366 tempest-VolumeTypesTest-1073634366-project] Availability Zones retrieved successfully.
May 09 18:27:59.943853 dv-cinder-835881-8-smb devstack@c-api.service[110091]: DEBUG cinder.volume.api [None req-23ee8309-7727-4465-9919-cdaa3c705753 tempest-VolumeTypesTest-1073634366 tempest-VolumeTypesTest-1073634366-project] Flow 'volume_create_api' (be205d19-a9b5-4402-bdfc-4fa5695cd4b6) transitioned into state 'RUNNING' from state 'PENDING' {{(pid=110091) _flow_receiver /usr/local/lib/python3.8/dist-packages/taskflow/listeners/logging.py:141}}
May 09 18:27:59.944187 dv-cinder-835881-8-smb devstack@c-api.service[110092]: INFO cinder.api.openstack.wsgi [None req-4d268335-330a-4caa-93fd-a635417349ae tempest-GroupTypeSpecsTest-1530731144 tempest-GroupTypeSpecsTest-1530731144-project-admin] http://10.222.0.52/volume/v3/8a2e75f4a1fe422bb1bb2cc1c8b0ed96/group_types/85296a3e-4b77-44f2-b966-0e7cf22ab558/group_specs/key2 returned with HTTP 202
May 09 18:27:59.946318 dv-cinder-835881-8-smb devstack@c-api.service[110092]: [pid: 110092|app: 0|req: 139/255] 10.222.0.52 () {60 vars in 1431 bytes} [Mon May 9 18:27:59 2022] DELETE /volume/v3/8a2e75f4a1fe422bb1bb2cc1c8b0ed96/group_types/85296a3e-4b77-44f2-b966-0e7cf22ab558/group_specs/key2 => generated 0 bytes in 34 msecs (HTTP/1.1 202) 6 headers in 234 bytes (2 switches on core 0)
