May 05 15:31:51.414441 dv-cinder-835881-6-iscsi devstack@c-api.service[110518]: INFO cinder.api.openstack.wsgi [None req-f198fddf-b3d6-4d5b-bc99-65fcf124415e tempest-VolumesActionsTest-874140584 tempest-VolumesActionsTest-874140584-project] GET http://10.222.0.55/volume/v3/94f2dce393564009b2689b67cc2f34ce/volumes/4bc30275-43ab-4b8e-b239-48e4898eebdb
May 05 15:31:51.414979 dv-cinder-835881-6-iscsi devstack@c-api.service[110518]: DEBUG cinder.api.openstack.wsgi [None req-f198fddf-b3d6-4d5b-bc99-65fcf124415e tempest-VolumesActionsTest-874140584 tempest-VolumesActionsTest-874140584-project] Empty body provided in request {{(pid=110518) get_body /opt/stack/cinder/cinder/api/openstack/wsgi.py:715}}
May 05 15:31:51.415558 dv-cinder-835881-6-iscsi devstack@c-api.service[110518]: DEBUG cinder.api.openstack.wsgi [None req-f198fddf-b3d6-4d5b-bc99-65fcf124415e tempest-VolumesActionsTest-874140584 tempest-VolumesActionsTest-874140584-project] Calling method 'show' {{(pid=110518) _process_stack /opt/stack/cinder/cinder/api/openstack/wsgi.py:868}}
May 05 15:31:51.431312 dv-cinder-835881-6-iscsi devstack@c-api.service[110518]: INFO cinder.api.openstack.wsgi [None req-f198fddf-b3d6-4d5b-bc99-65fcf124415e tempest-VolumesActionsTest-874140584 tempest-VolumesActionsTest-874140584-project] http://10.222.0.55/volume/v3/94f2dce393564009b2689b67cc2f34ce/volumes/4bc30275-43ab-4b8e-b239-48e4898eebdb returned with HTTP 404
May 05 15:31:51.432484 dv-cinder-835881-6-iscsi devstack@c-api.service[110518]: [pid: 110518|app: 0|req: 237/412] 10.222.0.55 () {58 vars in 1324 bytes} [Thu May 5 15:31:51 2022] GET /volume/v3/94f2dce393564009b2689b67cc2f34ce/volumes/4bc30275-43ab-4b8e-b239-48e4898eebdb => generated 109 bytes in 23 msecs (HTTP/1.1 404) 7 headers in 292 bytes (1 switches on core 0)
May 05 15:31:51.434133 dv-cinder-835881-6-iscsi devstack@c-api.service[110518]: DEBUG cinder.api.middleware.request_id [None req-cba37663-e3b3-447e-ad3e-2d39453eee90 None None] RequestId filter calling following filter/app {{(pid=110518) _context_setter /opt/stack/cinder/cinder/api/middleware/request_id.py:62}}
May 05 15:31:51.442385 dv-cinder-835881-6-iscsi devstack@c-api.service[110518]: INFO cinder.api.openstack.wsgi [None req-cba37663-e3b3-447e-ad3e-2d39453eee90 tempest-VolumeQuotaClassesTest-1402512873 tempest-VolumeQuotaClassesTest-1402512873-project-admin] GET http://10.222.0.55/volume/v3/cac0b413d04f4121aa4b0a9cefcb7ed8/os-quota-class-sets/default
May 05 15:31:51.442839 dv-cinder-835881-6-iscsi devstack@c-api.service[110518]: DEBUG cinder.api.openstack.wsgi [None req-cba37663-e3b3-447e-ad3e-2d39453eee90 tempest-VolumeQuotaClassesTest-1402512873 tempest-VolumeQuotaClassesTest-1402512873-project-admin] Empty body provided in request {{(pid=110518) get_body /opt/stack/cinder/cinder/api/openstack/wsgi.py:715}}
May 05 15:31:51.443303 dv-cinder-835881-6-iscsi devstack@c-api.service[110518]: DEBUG cinder.api.openstack.wsgi [None req-cba37663-e3b3-447e-ad3e-2d39453eee90 tempest-VolumeQuotaClassesTest-1402512873 tempest-VolumeQuotaClassesTest-1402512873-project-admin] Calling method 'show' {{(pid=110518) _process_stack /opt/stack/cinder/cinder/api/openstack/wsgi.py:868}}
May 05 15:31:51.458118 dv-cinder-835881-6-iscsi devstack@c-api.service[110517]: INFO cinder.volume.api [None req-a7a76d8c-6977-4d32-a24e-fe319296c586 tempest-SnapshotMetadataTestJSON-951960330 tempest-SnapshotMetadataTestJSON-951960330-project] Snapshot create request issued successfully.
May 05 15:31:51.458834 dv-cinder-835881-6-iscsi devstack@c-api.service[110517]: INFO cinder.api.openstack.wsgi [None req-a7a76d8c-6977-4d32-a24e-fe319296c586 tempest-SnapshotMetadataTestJSON-951960330 tempest-SnapshotMetadataTestJSON-951960330-project] http://10.222.0.55/volume/v3/3113894e75dd4ac3ac156ccd21817a48/snapshots returned with HTTP 202
May 05 15:31:51.460813 dv-cinder-835881-6-iscsi devstack@c-api.service[110517]: [pid: 110517|app: 0|req: 176/413] 10.222.0.55 () {60 vars in 1241 bytes} [Thu May 5 15:31:50 2022] POST /volume/v3/3113894e75dd4ac3ac156ccd21817a48/snapshots => generated 310 bytes in 506 msecs (HTTP/1.1 202) 7 headers in 291 bytes (1 switches on core 0)
May 05 15:31:51.467042 dv-cinder-835881-6-iscsi devstack@c-api.service[110517]: DEBUG cinder.api.middleware.request_id [None req-b367b54b-b1e4-4093-95d7-3df2b847e491 None None] RequestId filter calling following filter/app {{(pid=110517) _context_setter /opt/stack/cinder/cinder/api/middleware/request_id.py:62}}
May 05 15:31:51.470926 dv-cinder-835881-6-iscsi devstack@c-api.service[110517]: INFO cinder.api.openstack.wsgi [None req-b367b54b-b1e4-4093-95d7-3df2b847e491 tempest-VolumesActionsTest-874140584 tempest-VolumesActionsTest-874140584-project] POST http://10.222.0.55/volume/v3/94f2dce393564009b2689b67cc2f34ce/volumes
May 05 15:31:51.472912 dv-cinder-835881-6-iscsi devstack@c-api.service[110517]: DEBUG cinder.api.openstack.wsgi [None req-b367b54b-b1e4-4093-95d7-3df2b847e491 tempest-VolumesActionsTest-874140584 tempest-VolumesActionsTest-874140584-project] Action: 'create', calling method: create, body: {"volume": {"size": 1, "name": "tempest-VolumesActionsTest-Volume-351484597"}} {{(pid=110517) _process_stack /opt/stack/cinder/cinder/api/openstack/wsgi.py:866}}
May 05 15:31:51.473910 dv-cinder-835881-6-iscsi devstack@c-api.service[110517]: DEBUG cinder.api.v3.volumes [None req-b367b54b-b1e4-4093-95d7-3df2b847e491 tempest-VolumesActionsTest-874140584 tempest-VolumesActionsTest-874140584-project] Create volume request body: {'volume': {'size': 1, 'name': 'tempest-VolumesActionsTest-Volume-351484597'}} {{(pid=110517) create /opt/stack/cinder/cinder/api/v3/volumes.py:298}}
May 05 15:31:51.475011 dv-cinder-835881-6-iscsi devstack@c-api.service[110517]: INFO cinder.api.v3.volumes [None req-b367b54b-b1e4-4093-95d7-3df2b847e491 tempest-VolumesActionsTest-874140584 tempest-VolumesActionsTest-874140584-project] Create volume of 1 GB
May 05 15:31:51.475462 dv-cinder-835881-6-iscsi devstack@c-api.service[110518]: INFO cinder.api.openstack.wsgi [None req-cba37663-e3b3-447e-ad3e-2d39453eee90 tempest-VolumeQuotaClassesTest-1402512873 tempest-VolumeQuotaClassesTest-1402512873-project-admin] http://10.222.0.55/volume/v3/cac0b413d04f4121aa4b0a9cefcb7ed8/os-quota-class-sets/default returned with HTTP 200
May 05 15:31:51.475736 dv-cinder-835881-6-iscsi devstack@c-api.service[110517]: /usr/local/lib/python3.8/dist-packages/oslo_context/context.py:100: DeprecationWarning: Policy enforcement is depending on the value of is_admin. This key is deprecated. Please update your policy file to use the standard policy values.
May 05 15:31:51.475736 dv-cinder-835881-6-iscsi devstack@c-api.service[110517]: warnings.warn('Policy enforcement is depending on the value of '
May 05 15:31:51.476587 dv-cinder-835881-6-iscsi devstack@c-api.service[110518]: [pid: 110518|app: 0|req: 238/414] 10.222.0.55 () {58 vars in 1273 bytes} [Thu May 5 15:31:51 2022] GET /volume/v3/cac0b413d04f4121aa4b0a9cefcb7ed8/os-quota-class-sets/default => generated 342 bytes in 43 msecs (HTTP/1.1 200) 7 headers in 285 bytes (1 switches on core 0)
May 05 15:31:51.478743 dv-cinder-835881-6-iscsi devstack@c-api.service[110518]: DEBUG cinder.api.middleware.request_id [None req-78906206-dc43-4dc6-ac69-0ad5d3e24974 None None] RequestId filter calling following filter/app {{(pid=110518) _context_setter /opt/stack/cinder/cinder/api/middleware/request_id.py:62}}
May 05 15:31:51.482670 dv-cinder-835881-6-iscsi devstack@c-api.service[110517]: INFO cinder.volume.api [None req-b367b54b-b1e4-4093-95d7-3df2b847e491 tempest-VolumesActionsTest-874140584 tempest-VolumesActionsTest-874140584-project] Availability Zones retrieved successfully.
May 05 15:31:51.485148 dv-cinder-835881-6-iscsi devstack@c-api.service[110518]: INFO cinder.api.openstack.wsgi [None req-78906206-dc43-4dc6-ac69-0ad5d3e24974 tempest-SnapshotMetadataTestJSON-951960330 tempest-SnapshotMetadataTestJSON-951960330-project] GET http://10.222.0.55/volume/v3/3113894e75dd4ac3ac156ccd21817a48/snapshots/5655793e-6b27-47e4-9a76-3905f9d903cb
May 05 15:31:51.485597 dv-cinder-835881-6-iscsi devstack@c-api.service[110518]: DEBUG cinder.api.openstack.wsgi [None req-78906206-dc43-4dc6-ac69-0ad5d3e24974 tempest-SnapshotMetadataTestJSON-951960330 tempest-SnapshotMetadataTestJSON-951960330-project] Empty body provided in request {{(pid=110518) get_body /opt/stack/cinder/cinder/api/openstack/wsgi.py:715}}
May 05 15:31:51.489137 dv-cinder-835881-6-iscsi devstack@c-api.service[110518]: DEBUG cinder.api.openstack.wsgi [None req-78906206-dc43-4dc6-ac69-0ad5d3e24974 tempest-SnapshotMetadataTestJSON-951960330 tempest-SnapshotMetadataTestJSON-951960330-project] Calling method 'show' {{(pid=110518) _process_stack /opt/stack/cinder/cinder/api/openstack/wsgi.py:868}}
May 05 15:31:51.498437 dv-cinder-835881-6-iscsi devstack@c-api.service[110518]: /usr/local/lib/python3.8/dist-packages/oslo_context/context.py:100: DeprecationWarning: Policy enforcement is depending on the value of is_admin. This key is deprecated. Please update your policy file to use the standard policy values.
May 05 15:31:51.498437 dv-cinder-835881-6-iscsi devstack@c-api.service[110518]: warnings.warn('Policy enforcement is depending on the value of '
May 05 15:31:51.499420 dv-cinder-835881-6-iscsi devstack@c-api.service[110518]: INFO cinder.volume.api [None req-78906206-dc43-4dc6-ac69-0ad5d3e24974 tempest-SnapshotMetadataTestJSON-951960330 tempest-SnapshotMetadataTestJSON-951960330-project] Snapshot retrieved successfully.
May 05 15:31:51.500227 dv-cinder-835881-6-iscsi devstack@c-api.service[110517]: DEBUG cinder.volume.api [None req-b367b54b-b1e4-4093-95d7-3df2b847e491 tempest-VolumesActionsTest-874140584 tempest-VolumesActionsTest-874140584-project] Flow 'volume_create_api' (7a6e9295-7ba3-47f6-a365-879d3d47c9ab) transitioned into state 'RUNNING' from state 'PENDING' {{(pid=110517) _flow_receiver /usr/local/lib/python3.8/dist-packages/taskflow/listeners/logging.py:141}}
May 05 15:31:51.501257 dv-cinder-835881-6-iscsi devstack@c-api.service[110518]: INFO cinder.api.openstack.wsgi [None req-78906206-dc43-4dc6-ac69-0ad5d3e24974 tempest-SnapshotMetadataTestJSON-951960330 tempest-SnapshotMetadataTestJSON-951960330-project] http://10.222.0.55/volume/v3/3113894e75dd4ac3ac156ccd21817a48/snapshots/5655793e-6b27-47e4-9a76-3905f9d903cb returned with HTTP 200
May 05 15:31:51.501959 dv-cinder-835881-6-iscsi devstack@c-api.service[110518]: [pid: 110518|app: 0|req: 239/415] 10.222.0.55 () {58 vars in 1330 bytes} [Thu May 5 15:31:51 2022] GET /volume/v3/3113894e75dd4ac3ac156ccd21817a48/snapshots/5655793e-6b27-47e4-9a76-3905f9d903cb => generated 442 bytes in 25 msecs (HTTP/1.1 200) 7 headers in 285 bytes (1 switches on core 0)
May 05 15:31:51.502724 dv-cinder-835881-6-iscsi devstack@c-api.service[110517]: DEBUG cinder.volume.api [None req-b367b54b-b1e4-4093-95d7-3df2b847e491 tempest-VolumesActionsTest-874140584 tempest-VolumesActionsTest-874140584-project] Task 'cinder.volume.flows.api.create_volume.ExtractVolumeRequestTask;volume:create' (a4abd568-1a12-44df-b818-f7b090cd81b0) transitioned into state 'RUNNING' from state 'PENDING' {{(pid=110517) _task_receiver /usr/local/lib/python3.8/dist-packages/taskflow/listeners/logging.py:190}}
May 05 15:31:51.503341 dv-cinder-835881-6-iscsi devstack@c-api.service[110518]: DEBUG cinder.api.middleware.request_id [None req-487c3318-ff17-4947-8146-738b8dbaf6f5 None None] RequestId filter calling following filter/app {{(pid=110518) _context_setter /opt/stack/cinder/cinder/api/middleware/request_id.py:62}}
May 05 15:31:51.505174 dv-cinder-835881-6-iscsi devstack@c-api.service[110517]: DEBUG cinder.volume.flows.api.create_volume [None req-b367b54b-b1e4-4093-95d7-3df2b847e491 tempest-VolumesActionsTest-874140584 tempest-VolumesActionsTest-874140584-project] Validating volume size '1' using validate_int {{(pid=110517) _extract_size /opt/stack/cinder/cinder/volume/flows/api/create_volume.py:225}}
May 05 15:31:51.506780 dv-cinder-835881-6-iscsi devstack@c-api.service[110518]: INFO cinder.api.openstack.wsgi [None req-487c3318-ff17-4947-8146-738b8dbaf6f5 tempest-VolumeQuotaClassesTest-1402512873 tempest-VolumeQuotaClassesTest-1402512873-project-admin] POST http://10.222.0.55/volume/v3/cac0b413d04f4121aa4b0a9cefcb7ed8/types
May 05 15:31:51.507525 dv-cinder-835881-6-iscsi devstack@c-api.service[110518]: DEBUG cinder.api.openstack.wsgi [None req-487c3318-ff17-4947-8146-738b8dbaf6f5 tempest-VolumeQuotaClassesTest-1402512873 tempest-VolumeQuotaClassesTest-1402512873-project-admin] Action: 'create', calling method: _create, body: {"volume_type": {"name": "tempest-VolumeQuotaClassesTest-volume-type-251336198"}} {{(pid=110518) _process_stack /opt/stack/cinder/cinder/api/openstack/wsgi.py:866}}
May 05 15:31:51.541244 dv-cinder-835881-6-iscsi devstack@c-api.service[110517]: DEBUG cinder.volume.api [None req-b367b54b-b1e4-4093-95d7-3df2b847e491 tempest-VolumesActionsTest-874140584 tempest-VolumesActionsTest-874140584-project] Task 'cinder.volume.flows.api.create_volume.ExtractVolumeRequestTask;volume:create' (a4abd568-1a12-44df-b818-f7b090cd81b0) transitioned into state 'SUCCESS' from state 'RUNNING' with result '{'size': 1, 'snapshot_id': None, 'source_volid': None, 'volume_type': VolumeType(created_at=2022-05-05T15:14:12Z,deleted=False,deleted_at=None,description='Default Volume Type',extra_specs={},id=efc1ed18-3a09-4736-b3aa-f0546cd36b1a,is_public=True,name='__DEFAULT__',projects=[],qos_specs=,qos_specs_id=None,updated_at=2022-05-05T15:14:12Z), 'volume_type_id': 'efc1ed18-3a09-4736-b3aa-f0546cd36b1a', 'encryption_key_id': None, 'qos_specs': None, 'consistencygroup_id': None, 'cgsnapshot_id': None, 'group_id': None, 'replication_status': 'disabled', 'refresh_az': False, 'backup_id': None, 'multiattach': False, 'availability_zones': ['nova']}' {{(pid=110517) _task_receiver /usr/local/lib/python3.8/dist-packages/taskflow/listeners/logging.py:178}}
May 05 15:31:51.543561 dv-cinder-835881-6-iscsi devstack@c-api.service[110517]: DEBUG cinder.volume.api [None req-b367b54b-b1e4-4093-95d7-3df2b847e491 tempest-VolumesActionsTest-874140584 tempest-VolumesActionsTest-874140584-project] Task 'cinder.volume.flows.api.create_volume.QuotaReserveTask;volume:create' (a48120aa-0eca-4810-8775-a210ad5d7d45) transitioned into state 'RUNNING' from state 'PENDING' {{(pid=110517) _task_receiver /usr/local/lib/python3.8/dist-packages/taskflow/listeners/logging.py:190}}
May 05 15:31:51.627598 dv-cinder-835881-6-iscsi devstack@c-api.service[110518]: INFO cinder.api.openstack.wsgi [None req-487c3318-ff17-4947-8146-738b8dbaf6f5 tempest-VolumeQuotaClassesTest-1402512873 tempest-VolumeQuotaClassesTest-1402512873-project-admin] http://10.222.0.55/volume/v3/cac0b413d04f4121aa4b0a9cefcb7ed8/types returned with HTTP 200
May 05 15:31:51.628446 dv-cinder-835881-6-iscsi devstack@c-api.service[110518]: [pid: 110518|app: 0|req: 240/416] 10.222.0.55 () {60 vars in 1228 bytes} [Thu May 5 15:31:51 2022] POST /volume/v3/cac0b413d04f4121aa4b0a9cefcb7ed8/types => generated 227 bytes in 126 msecs (HTTP/1.1 200) 7 headers in 285 bytes (1 switches on core 0)
May 05 15:31:51.637507 dv-cinder-835881-6-iscsi devstack@c-api.service[110518]: DEBUG cinder.api.middleware.request_id [None req-021705cc-f43d-4faa-8090-9351b3907e87 None None] RequestId filter calling following filter/app {{(pid=110518) _context_setter /opt/stack/cinder/cinder/api/middleware/request_id.py:62}}
May 05 15:31:51.642422 dv-cinder-835881-6-iscsi devstack@c-api.service[110518]: INFO cinder.api.openstack.wsgi [None req-021705cc-f43d-4faa-8090-9351b3907e87 tempest-VolumeQuotaClassesTest-1402512873 tempest-VolumeQuotaClassesTest-1402512873-project-admin] PUT http://10.222.0.55/volume/v3/cac0b413d04f4121aa4b0a9cefcb7ed8/os-quota-class-sets/default
May 05 15:31:51.643150 dv-cinder-835881-6-iscsi devstack@c-api.service[110518]: DEBUG cinder.api.openstack.wsgi [None req-021705cc-f43d-4faa-8090-9351b3907e87 tempest-VolumeQuotaClassesTest-1402512873 tempest-VolumeQuotaClassesTest-1402512873-project-admin] Action: 'update', calling method: update, body: {"quota_class_set": {"volumes": 11, "per_volume_gigabytes": -1, "snapshots": 11, "gigabytes": 1001, "backups": 11, "backup_gigabytes": 1001, "volumes_tempest-VolumeQuotaClassesTest-volume-type-251336198": 6, "snapshots_tempest-VolumeQuotaClassesTest-volume-type-251336198": 6, "gigabytes_tempest-VolumeQuotaClassesTest-volume-type-251336198": 8}} {{(pid=110518) _process_stack /opt/stack/cinder/cinder/api/openstack/wsgi.py:866}}
May 05 15:31:51.710331 dv-cinder-835881-6-iscsi devstack@c-api.service[110517]: DEBUG cinder.quota [None req-b367b54b-b1e4-4093-95d7-3df2b847e491 tempest-VolumesActionsTest-874140584 tempest-VolumesActionsTest-874140584-project] Created reservations ['72ff3b02-9ad2-4727-9bd9-7bb42ed3ed92', '51900001-c15b-436a-9887-bec38a212196', 'cd27ab6b-a895-4bb3-9f53-8cf494b96278', '3d09a4a8-57e9-46e6-acf9-9882ffe1367e'] {{(pid=110517) reserve /opt/stack/cinder/cinder/quota.py:755}}
May 05 15:31:51.714336 dv-cinder-835881-6-iscsi devstack@c-api.service[110517]: DEBUG cinder.volume.api [None req-b367b54b-b1e4-4093-95d7-3df2b847e491 tempest-VolumesActionsTest-874140584 tempest-VolumesActionsTest-874140584-project] Task 'cinder.volume.flows.api.create_volume.QuotaReserveTask;volume:create' (a48120aa-0eca-4810-8775-a210ad5d7d45) transitioned into state 'SUCCESS' from state 'RUNNING' with result '{'reservations': ['72ff3b02-9ad2-4727-9bd9-7bb42ed3ed92', '51900001-c15b-436a-9887-bec38a212196', 'cd27ab6b-a895-4bb3-9f53-8cf494b96278', '3d09a4a8-57e9-46e6-acf9-9882ffe1367e']}' {{(pid=110517) _task_receiver /usr/local/lib/python3.8/dist-packages/taskflow/listeners/logging.py:178}}
May 05 15:31:51.714336 dv-cinder-835881-6-iscsi devstack@c-api.service[110517]: DEBUG cinder.volume.api [None req-b367b54b-b1e4-4093-95d7-3df2b847e491 tempest-VolumesActionsTest-874140584 tempest-VolumesActionsTest-874140584-project] Task 'cinder.volume.flows.api.create_volume.EntryCreateTask;volume:create' (c3989d53-6d72-4fd5-b017-a4f9ed11cea9) transitioned into state 'RUNNING' from state 'PENDING' {{(pid=110517) _task_receiver /usr/local/lib/python3.8/dist-packages/taskflow/listeners/logging.py:190}}
May 05 15:31:51.805252 dv-cinder-835881-6-iscsi devstack@c-api.service[110517]: DEBUG cinder.volume.api [None req-b367b54b-b1e4-4093-95d7-3df2b847e491 tempest-VolumesActionsTest-874140584 tempest-VolumesActionsTest-874140584-project] Task 'cinder.volume.flows.api.create_volume.EntryCreateTask;volume:create' (c3989d53-6d72-4fd5-b017-a4f9ed11cea9) transitioned into state 'SUCCESS' from state 'RUNNING' with result '{'volume_id': '06209815-3b64-4f37-9633-876cfe84ca80', 'volume_properties': VolumeProperties(attach_status='detached',availability_zone='nova',cgsnapshot_id=None,consistencygroup_id=None,display_description=None,display_name='tempest-VolumesActionsTest-Volume-351484597',encryption_key_id=None,group_id=None,group_type_id=,metadata={},multiattach=False,project_id='94f2dce393564009b2689b67cc2f34ce',qos_specs=None,replication_status=,reservations=['72ff3b02-9ad2-4727-9bd9-7bb42ed3ed92','51900001-c15b-436a-9887-bec38a212196','cd27ab6b-a895-4bb3-9f53-8cf494b96278','3d09a4a8-57e9-46e6-acf9-9882ffe1367e'],size=1,snapshot_id=None,source_replicaid=,source_volid=None,status='creating',user_id='c24559a2a560455e9f6e213cb75a02f8',volume_type_id=efc1ed18-3a09-4736-b3aa-f0546cd36b1a), 'volume': Volume(_name_id=None,admin_metadata=,attach_status='detached',availability_zone='nova',bootable=False,cluster=,cluster_name=None,consistencygroup=,consistencygroup_id=None,created_at=2022-05-05T15:31:51Z,deleted=False,deleted_at=None,display_description=None,display_name='tempest-VolumesActionsTest-Volume-351484597',ec2_id=None,encryption_key_id=None,glance_metadata=,group=,group_id=None,host=None,id=06209815-3b64-4f37-9633-876cfe84ca80,launched_at=None,metadata={},migration_status=None,multiattach=False,previous_status=None,project_id='94f2dce393564009b2689b67cc2f34ce',provider_auth=None,provider_geometry=None,provider_id=None,provider_location=None,replication_driver_data=None,replication_extended_status=None,replication_status=None,scheduled_at=None,service_uuid=None,shared_targets=True,size=1,snapshot_id=None,snapshots=,source_volid=None,status='creating',terminated_at=None,updated_at=None,use_quota=True,user_id='c24559a2a560455e9f6e213cb75a02f8',volume_attachment=VolumeAttachmentList,volume_type=VolumeType(efc1ed18-3a09-4736-b3aa-f0546cd36b1a),volume_type_id=efc1ed18-3a09-4736-b3aa-f0546cd36b1a)}' {{(pid=110517) _task_receiver /usr/local/lib/python3.8/dist-packages/taskflow/listeners/logging.py:178}}
May 05 15:31:51.807849 dv-cinder-835881-6-iscsi devstack@c-api.service[110517]: DEBUG cinder.volume.api [None req-b367b54b-b1e4-4093-95d7-3df2b847e491 tempest-VolumesActionsTest-874140584 tempest-VolumesActionsTest-874140584-project] Task 'cinder.volume.flows.api.create_volume.QuotaCommitTask;volume:create' (b0057552-1b17-4e4b-870a-9b7624103eab) transitioned into state 'RUNNING' from state 'PENDING' {{(pid=110517) _task_receiver /usr/local/lib/python3.8/dist-packages/taskflow/listeners/logging.py:190}}
May 05 15:31:51.915248 dv-cinder-835881-6-iscsi devstack@c-api.service[110517]: DEBUG cinder.volume.api [None req-b367b54b-b1e4-4093-95d7-3df2b847e491 tempest-VolumesActionsTest-874140584 tempest-VolumesActionsTest-874140584-project] Task 'cinder.volume.flows.api.create_volume.QuotaCommitTask;volume:create' (b0057552-1b17-4e4b-870a-9b7624103eab) transitioned into state 'SUCCESS' from state 'RUNNING' with result '{'volume_properties': VolumeProperties(attach_status='detached',availability_zone='nova',cgsnapshot_id=None,consistencygroup_id=None,display_description=None,display_name='tempest-VolumesActionsTest-Volume-351484597',encryption_key_id=None,group_id=None,group_type_id=,metadata={},multiattach=False,project_id='94f2dce393564009b2689b67cc2f34ce',qos_specs=None,replication_status=,reservations=['72ff3b02-9ad2-4727-9bd9-7bb42ed3ed92','51900001-c15b-436a-9887-bec38a212196','cd27ab6b-a895-4bb3-9f53-8cf494b96278','3d09a4a8-57e9-46e6-acf9-9882ffe1367e'],size=1,snapshot_id=None,source_replicaid=,source_volid=None,status='creating',user_id='c24559a2a560455e9f6e213cb75a02f8',volume_type_id=efc1ed18-3a09-4736-b3aa-f0546cd36b1a)}' {{(pid=110517) _task_receiver /usr/local/lib/python3.8/dist-packages/taskflow/listeners/logging.py:178}}
May 05 15:31:51.917188 dv-cinder-835881-6-iscsi devstack@c-api.service[110517]: DEBUG cinder.volume.api [None req-b367b54b-b1e4-4093-95d7-3df2b847e491 tempest-VolumesActionsTest-874140584 tempest-VolumesActionsTest-874140584-project] Task 'cinder.volume.flows.api.create_volume.VolumeCastTask;volume:create' (ea6500e9-396b-4319-b53a-2bf00de0cee5) transitioned into state 'RUNNING' from state 'PENDING' {{(pid=110517) _task_receiver /usr/local/lib/python3.8/dist-packages/taskflow/listeners/logging.py:190}}
May 05 15:31:52.023525 dv-cinder-835881-6-iscsi devstack@c-api.service[110517]: DEBUG cinder.volume.api [None req-b367b54b-b1e4-4093-95d7-3df2b847e491 tempest-VolumesActionsTest-874140584 tempest-VolumesActionsTest-874140584-project] Task 'cinder.volume.flows.api.create_volume.VolumeCastTask;volume:create' (ea6500e9-396b-4319-b53a-2bf00de0cee5) transitioned into state 'SUCCESS' from state 'RUNNING' with result 'None' {{(pid=110517) _task_receiver /usr/local/lib/python3.8/dist-packages/taskflow/listeners/logging.py:178}}
May 05 15:31:52.026028 dv-cinder-835881-6-iscsi devstack@c-api.service[110517]: DEBUG cinder.volume.api [None req-b367b54b-b1e4-4093-95d7-3df2b847e491 tempest-VolumesActionsTest-874140584 tempest-VolumesActionsTest-874140584-project] Flow 'volume_create_api' (7a6e9295-7ba3-47f6-a365-879d3d47c9ab) transitioned into state 'SUCCESS' from state 'RUNNING' {{(pid=110517) _flow_receiver /usr/local/lib/python3.8/dist-packages/taskflow/listeners/logging.py:141}}
May 05 15:31:52.026698 dv-cinder-835881-6-iscsi devstack@c-api.service[110517]: INFO cinder.volume.api [None req-b367b54b-b1e4-4093-95d7-3df2b847e491 tempest-VolumesActionsTest-874140584 tempest-VolumesActionsTest-874140584-project] Create volume request issued successfully.
May 05 15:31:52.028285 dv-cinder-835881-6-iscsi devstack@c-api.service[110517]: INFO cinder.api.openstack.wsgi [None req-b367b54b-b1e4-4093-95d7-3df2b847e491 tempest-VolumesActionsTest-874140584 tempest-VolumesActionsTest-874140584-project] http://10.222.0.55/volume/v3/94f2dce393564009b2689b67cc2f34ce/volumes returned with HTTP 202
May 05 15:31:52.029070 dv-cinder-835881-6-iscsi devstack@c-api.service[110517]: [pid: 110517|app: 0|req: 177/417] 10.222.0.55 () {60 vars in 1234 bytes} [Thu May 5 15:31:51 2022] POST /volume/v3/94f2dce393564009b2689b67cc2f34ce/volumes => generated 817 bytes in 569 msecs (HTTP/1.1 202) 7 headers in 291 bytes (1 switches on core 0)
May 05 15:31:52.030524 dv-cinder-835881-6-iscsi devstack@c-api.service[110517]: DEBUG cinder.api.middleware.request_id [None req-94621d62-b622-4dc2-aa40-ecf1355c6527 None None] RequestId filter calling following filter/app {{(pid=110517) _context_setter /opt/stack/cinder/cinder/api/middleware/request_id.py:62}}
May 05 15:31:52.134051 dv-cinder-835881-6-iscsi devstack@c-api.service[110517]: INFO cinder.api.openstack.wsgi [None req-94621d62-b622-4dc2-aa40-ecf1355c6527 tempest-VolumesSnapshotListTestJSON-1508858816 tempest-VolumesSnapshotListTestJSON-1508858816-project] POST http://10.222.0.55/volume/v3/6a54aedaf3e54f678df5bff5faf44b12/volumes
May 05 15:31:52.134792 dv-cinder-835881-6-iscsi devstack@c-api.service[110517]: DEBUG cinder.api.openstack.wsgi [None req-94621d62-b622-4dc2-aa40-ecf1355c6527 tempest-VolumesSnapshotListTestJSON-1508858816 tempest-VolumesSnapshotListTestJSON-1508858816-project] Action: 'create', calling method: create, body: {"volume": {"size": 1, "name": "tempest-VolumesSnapshotListTestJSON-Volume-368021434"}} {{(pid=110517) _process_stack /opt/stack/cinder/cinder/api/openstack/wsgi.py:866}}
May 05 15:31:52.135785 dv-cinder-835881-6-iscsi devstack@c-api.service[110517]: DEBUG cinder.api.v3.volumes [None req-94621d62-b622-4dc2-aa40-ecf1355c6527 tempest-VolumesSnapshotListTestJSON-1508858816 tempest-VolumesSnapshotListTestJSON-1508858816-project] Create volume request body: {'volume': {'size': 1, 'name': 'tempest-VolumesSnapshotListTestJSON-Volume-368021434'}} {{(pid=110517) create /opt/stack/cinder/cinder/api/v3/volumes.py:298}}
May 05 15:31:52.136091 dv-cinder-835881-6-iscsi devstack@c-api.service[110517]: INFO cinder.api.v3.volumes [None req-94621d62-b622-4dc2-aa40-ecf1355c6527 tempest-VolumesSnapshotListTestJSON-1508858816 tempest-VolumesSnapshotListTestJSON-1508858816-project] Create volume of 1 GB
May 05 15:31:52.136711 dv-cinder-835881-6-iscsi devstack@c-api.service[110517]: /usr/local/lib/python3.8/dist-packages/oslo_context/context.py:100: DeprecationWarning: Policy enforcement is depending on the value of is_admin. This key is deprecated. Please update your policy file to use the standard policy values.
May 05 15:31:52.136711 dv-cinder-835881-6-iscsi devstack@c-api.service[110517]: warnings.warn('Policy enforcement is depending on the value of '
May 05 15:31:52.143003 dv-cinder-835881-6-iscsi devstack@c-api.service[110517]: INFO cinder.volume.api [None req-94621d62-b622-4dc2-aa40-ecf1355c6527 tempest-VolumesSnapshotListTestJSON-1508858816 tempest-VolumesSnapshotListTestJSON-1508858816-project] Availability Zones retrieved successfully.
May 05 15:31:52.158235 dv-cinder-835881-6-iscsi devstack@c-api.service[110517]: DEBUG cinder.volume.api [None req-94621d62-b622-4dc2-aa40-ecf1355c6527 tempest-VolumesSnapshotListTestJSON-1508858816 tempest-VolumesSnapshotListTestJSON-1508858816-project] Flow 'volume_create_api' (8bf1f355-b016-4e29-af90-518839072c45) transitioned into state 'RUNNING' from state 'PENDING' {{(pid=110517) _flow_receiver /usr/local/lib/python3.8/dist-packages/taskflow/listeners/logging.py:141}}
May 05 15:31:52.160719 dv-cinder-835881-6-iscsi devstack@c-api.service[110517]: DEBUG cinder.volume.api [None req-94621d62-b622-4dc2-aa40-ecf1355c6527 tempest-VolumesSnapshotListTestJSON-1508858816 tempest-VolumesSnapshotListTestJSON-1508858816-project] Task 'cinder.volume.flows.api.create_volume.ExtractVolumeRequestTask;volume:create' (cf69e8f0-b68e-4e9f-957b-ba6750f87f32) transitioned into state 'RUNNING' from state 'PENDING' {{(pid=110517) _task_receiver /usr/local/lib/python3.8/dist-packages/taskflow/listeners/logging.py:190}}
May 05 15:31:52.163147 dv-cinder-835881-6-iscsi devstack@c-api.service[110517]: DEBUG cinder.volume.flows.api.create_volume [None req-94621d62-b622-4dc2-aa40-ecf1355c6527 tempest-VolumesSnapshotListTestJSON-1508858816 tempest-VolumesSnapshotListTestJSON-1508858816-project] Validating volume size '1' using validate_int {{(pid=110517) _extract_size /opt/stack/cinder/cinder/volume/flows/api/create_volume.py:225}}
May 05 15:31:52.197452 dv-cinder-835881-6-iscsi devstack@c-api.service[110517]: DEBUG cinder.volume.api [None req-94621d62-b622-4dc2-aa40-ecf1355c6527 tempest-VolumesSnapshotListTestJSON-1508858816 tempest-VolumesSnapshotListTestJSON-1508858816-project] Task 'cinder.volume.flows.api.create_volume.ExtractVolumeRequestTask;volume:create' (cf69e8f0-b68e-4e9f-957b-ba6750f87f32) transitioned into state 'SUCCESS' from state 'RUNNING' with result '{'size': 1, 'snapshot_id': None, 'source_volid': None, 'volume_type': VolumeType(created_at=2022-05-05T15:14:12Z,deleted=False,deleted_at=None,description='Default Volume Type',extra_specs={},id=efc1ed18-3a09-4736-b3aa-f0546cd36b1a,is_public=True,name='__DEFAULT__',projects=[],qos_specs=,qos_specs_id=None,updated_at=2022-05-05T15:14:12Z), 'volume_type_id': 'efc1ed18-3a09-4736-b3aa-f0546cd36b1a', 'encryption_key_id': None, 'qos_specs': None, 'consistencygroup_id': None, 'cgsnapshot_id': None, 'group_id': None, 'replication_status': 'disabled', 'refresh_az': False, 'backup_id': None, 'multiattach': False, 'availability_zones': ['nova']}' {{(pid=110517) _task_receiver /usr/local/lib/python3.8/dist-packages/taskflow/listeners/logging.py:178}}
May 05 15:31:52.200137 dv-cinder-835881-6-iscsi devstack@c-api.service[110517]: DEBUG cinder.volume.api [None req-94621d62-b622-4dc2-aa40-ecf1355c6527 tempest-VolumesSnapshotListTestJSON-1508858816 tempest-VolumesSnapshotListTestJSON-1508858816-project] Task 'cinder.volume.flows.api.create_volume.QuotaReserveTask;volume:create' (f982cd2b-9488-4ea7-bd7b-2d6fb58929d4) transitioned into state 'RUNNING' from state 'PENDING' {{(pid=110517) _task_receiver /usr/local/lib/python3.8/dist-packages/taskflow/listeners/logging.py:190}}
May 05 15:31:52.334905 dv-cinder-835881-6-iscsi devstack@c-api.service[110518]: INFO cinder.api.openstack.wsgi [None req-021705cc-f43d-4faa-8090-9351b3907e87 tempest-VolumeQuotaClassesTest-1402512873 tempest-VolumeQuotaClassesTest-1402512873-project-admin] http://10.222.0.55/volume/v3/cac0b413d04f4121aa4b0a9cefcb7ed8/os-quota-class-sets/default returned with HTTP 200
May 05 15:31:52.335739 dv-cinder-835881-6-iscsi devstack@c-api.service[110518]: [pid: 110518|app: 0|req: 241/418] 10.222.0.55 () {60 vars in 1294 bytes} [Thu May 5 15:31:51 2022] PUT /volume/v3/cac0b413d04f4121aa4b0a9cefcb7ed8/os-quota-class-sets/default => generated 530 bytes in 699 msecs (HTTP/1.1 200) 7 headers in 285 bytes (1 switches on core 0)
May 05 15:31:52.337449 dv-cinder-835881-6-iscsi devstack@c-api.service[110518]: DEBUG cinder.api.middleware.request_id [None req-5c3addf6-54dd-435e-96df-4e97090bd5ae None None] RequestId filter calling following filter/app {{(pid=110518) _context_setter /opt/stack/cinder/cinder/api/middleware/request_id.py:62}}
May 05 15:31:52.342477 dv-cinder-835881-6-iscsi devstack@c-api.service[110518]: INFO cinder.api.openstack.wsgi [None req-5c3addf6-54dd-435e-96df-4e97090bd5ae tempest-VolumesActionsTest-874140584 tempest-VolumesActionsTest-874140584-project] GET http://10.222.0.55/volume/v3/94f2dce393564009b2689b67cc2f34ce/volumes/06209815-3b64-4f37-9633-876cfe84ca80
May 05 15:31:52.342477 dv-cinder-835881-6-iscsi devstack@c-api.service[110518]: DEBUG cinder.api.openstack.wsgi [None req-5c3addf6-54dd-435e-96df-4e97090bd5ae tempest-VolumesActionsTest-874140584 tempest-VolumesActionsTest-874140584-project] Empty body provided in request {{(pid=110518) get_body /opt/stack/cinder/cinder/api/openstack/wsgi.py:715}}
May 05 15:31:52.342477 dv-cinder-835881-6-iscsi devstack@c-api.service[110518]: DEBUG cinder.api.openstack.wsgi [None req-5c3addf6-54dd-435e-96df-4e97090bd5ae tempest-VolumesActionsTest-874140584 tempest-VolumesActionsTest-874140584-project] Calling method 'show' {{(pid=110518) _process_stack /opt/stack/cinder/cinder/api/openstack/wsgi.py:868}}
May 05 15:31:52.355955 dv-cinder-835881-6-iscsi devstack@c-api.service[110518]: /usr/local/lib/python3.8/dist-packages/oslo_context/context.py:100: DeprecationWarning: Policy enforcement is depending on the value of is_admin. This key is deprecated. Please update your policy file to use the standard policy values.
May 05 15:31:52.355955 dv-cinder-835881-6-iscsi devstack@c-api.service[110518]: warnings.warn('Policy enforcement is depending on the value of '
May 05 15:31:52.363873 dv-cinder-835881-6-iscsi devstack@c-api.service[110518]: INFO cinder.volume.api [None req-5c3addf6-54dd-435e-96df-4e97090bd5ae tempest-VolumesActionsTest-874140584 tempest-VolumesActionsTest-874140584-project] Volume info retrieved successfully.
May 05 15:31:52.373225 dv-cinder-835881-6-iscsi devstack@c-api.service[110518]: INFO cinder.api.openstack.wsgi [None req-5c3addf6-54dd-435e-96df-4e97090bd5ae tempest-VolumesActionsTest-874140584 tempest-VolumesActionsTest-874140584-project] http://10.222.0.55/volume/v3/94f2dce393564009b2689b67cc2f34ce/volumes/06209815-3b64-4f37-9633-876cfe84ca80 returned with HTTP 200
May 05 15:31:52.373953 dv-cinder-835881-6-iscsi devstack@c-api.service[110518]: [pid: 110518|app: 0|req: 242/419] 10.222.0.55 () {58 vars in 1324 bytes} [Thu May 5 15:31:52 2022] GET /volume/v3/94f2dce393564009b2689b67cc2f34ce/volumes/06209815-3b64-4f37-9633-876cfe84ca80 => generated 909 bytes in 38 msecs (HTTP/1.1 200) 7 headers in 285 bytes (1 switches on core 0)
May 05 15:31:52.375127 dv-cinder-835881-6-iscsi devstack@c-api.service[110518]: DEBUG cinder.api.middleware.request_id [None req-6e6aaf79-eea7-465b-88d1-9af003af3b09 None None] RequestId filter calling following filter/app {{(pid=110518) _context_setter /opt/stack/cinder/cinder/api/middleware/request_id.py:62}}
May 05 15:31:52.380181 dv-cinder-835881-6-iscsi devstack@c-api.service[110518]: INFO cinder.api.openstack.wsgi [None req-6e6aaf79-eea7-465b-88d1-9af003af3b09 tempest-VolumeQuotaClassesTest-1402512873 tempest-VolumeQuotaClassesTest-1402512873-project-admin] GET http://10.222.0.55/volume/v3/cac0b413d04f4121aa4b0a9cefcb7ed8/os-quota-sets/cac0b413d04f4121aa4b0a9cefcb7ed8/defaults
May 05 15:31:52.380629 dv-cinder-835881-6-iscsi devstack@c-api.service[110518]: DEBUG cinder.api.openstack.wsgi [None req-6e6aaf79-eea7-465b-88d1-9af003af3b09 tempest-VolumeQuotaClassesTest-1402512873 tempest-VolumeQuotaClassesTest-1402512873-project-admin] Empty body provided in request {{(pid=110518) get_body /opt/stack/cinder/cinder/api/openstack/wsgi.py:715}}
May 05 15:31:52.381084 dv-cinder-835881-6-iscsi devstack@c-api.service[110518]: DEBUG cinder.api.openstack.wsgi [None req-6e6aaf79-eea7-465b-88d1-9af003af3b09 tempest-VolumeQuotaClassesTest-1402512873 tempest-VolumeQuotaClassesTest-1402512873-project-admin] Calling method 'defaults' {{(pid=110518) _process_stack /opt/stack/cinder/cinder/api/openstack/wsgi.py:868}}
May 05 15:31:52.401511 dv-cinder-835881-6-iscsi devstack@c-api.service[110518]: INFO cinder.api.openstack.wsgi [None req-6e6aaf79-eea7-465b-88d1-9af003af3b09 tempest-VolumeQuotaClassesTest-1402512873 tempest-VolumeQuotaClassesTest-1402512873-project-admin] http://10.222.0.55/volume/v3/cac0b413d04f4121aa4b0a9cefcb7ed8/os-quota-sets/cac0b413d04f4121aa4b0a9cefcb7ed8/defaults returned with HTTP 200
May 05 15:31:52.402557 dv-cinder-835881-6-iscsi devstack@c-api.service[110518]: [pid: 110518|app: 0|req: 243/420] 10.222.0.55 () {58 vars in 1357 bytes} [Thu May 5 15:31:52 2022] GET /volume/v3/cac0b413d04f4121aa4b0a9cefcb7ed8/os-quota-sets/cac0b413d04f4121aa4b0a9cefcb7ed8/defaults => generated 566 bytes in 28 msecs (HTTP/1.1 200) 7 headers in 285 bytes (1 switches on core 0)
May 05 15:31:52.504932 dv-cinder-835881-6-iscsi devstack@c-api.service[110517]: DEBUG cinder.quota [None req-94621d62-b622-4dc2-aa40-ecf1355c6527 tempest-VolumesSnapshotListTestJSON-1508858816 tempest-VolumesSnapshotListTestJSON-1508858816-project] Created reservations ['3d45a2d5-41be-4176-954c-eae08794bee5', 'd43edc3e-235c-42ef-86b1-cfcb360bdda8', '7ab6b85d-ac00-43a9-9644-a76866ba2d33', '1729873d-2625-4478-bfb6-110a3bd13e23'] {{(pid=110517) reserve /opt/stack/cinder/cinder/quota.py:755}}
May 05 15:31:52.506690 dv-cinder-835881-6-iscsi devstack@c-api.service[110517]: DEBUG cinder.volume.api [None req-94621d62-b622-4dc2-aa40-ecf1355c6527 tempest-VolumesSnapshotListTestJSON-1508858816 tempest-VolumesSnapshotListTestJSON-1508858816-project] Task 'cinder.volume.flows.api.create_volume.QuotaReserveTask;volume:create' (f982cd2b-9488-4ea7-bd7b-2d6fb58929d4) transitioned into state 'SUCCESS' from state 'RUNNING' with result '{'reservations': ['3d45a2d5-41be-4176-954c-eae08794bee5', 'd43edc3e-235c-42ef-86b1-cfcb360bdda8', '7ab6b85d-ac00-43a9-9644-a76866ba2d33', '1729873d-2625-4478-bfb6-110a3bd13e23']}' {{(pid=110517) _task_receiver /usr/local/lib/python3.8/dist-packages/taskflow/listeners/logging.py:178}}
May 05 15:31:52.508951 dv-cinder-835881-6-iscsi devstack@c-api.service[110517]: DEBUG cinder.volume.api [None req-94621d62-b622-4dc2-aa40-ecf1355c6527 tempest-VolumesSnapshotListTestJSON-1508858816 tempest-VolumesSnapshotListTestJSON-1508858816-project] Task 'cinder.volume.flows.api.create_volume.EntryCreateTask;volume:create' (99d900da-6ade-412a-bb90-aff76be67bd6) transitioned into state 'RUNNING' from state 'PENDING' {{(pid=110517) _task_receiver /usr/local/lib/python3.8/dist-packages/taskflow/listeners/logging.py:190}}
May 05 15:31:52.511339 dv-cinder-835881-6-iscsi devstack@c-api.service[110518]: DEBUG cinder.api.middleware.request_id [None req-c1fad7c5-d804-43a3-a266-502e2bb4af03 None None] RequestId filter calling following filter/app {{(pid=110518) _context_setter /opt/stack/cinder/cinder/api/middleware/request_id.py:62}}
May 05 15:31:52.516205 dv-cinder-835881-6-iscsi devstack@c-api.service[110518]: INFO cinder.api.openstack.wsgi [None req-c1fad7c5-d804-43a3-a266-502e2bb4af03 tempest-SnapshotMetadataTestJSON-951960330 tempest-SnapshotMetadataTestJSON-951960330-project] GET http://10.222.0.55/volume/v3/3113894e75dd4ac3ac156ccd21817a48/snapshots/5655793e-6b27-47e4-9a76-3905f9d903cb
May 05 15:31:52.521794 dv-cinder-835881-6-iscsi devstack@c-api.service[110518]: DEBUG cinder.api.openstack.wsgi [None req-c1fad7c5-d804-43a3-a266-502e2bb4af03 tempest-SnapshotMetadataTestJSON-951960330 tempest-SnapshotMetadataTestJSON-951960330-project] Empty body provided in request {{(pid=110518) get_body /opt/stack/cinder/cinder/api/openstack/wsgi.py:715}}
May 05 15:31:52.521794 dv-cinder-835881-6-iscsi devstack@c-api.service[110518]: DEBUG cinder.api.openstack.wsgi [None req-c1fad7c5-d804-43a3-a266-502e2bb4af03 tempest-SnapshotMetadataTestJSON-951960330 tempest-SnapshotMetadataTestJSON-951960330-project] Calling method 'show' {{(pid=110518) _process_stack /opt/stack/cinder/cinder/api/openstack/wsgi.py:868}}
May 05 15:31:52.527680 dv-cinder-835881-6-iscsi devstack@c-api.service[110518]: /usr/local/lib/python3.8/dist-packages/oslo_context/context.py:100: DeprecationWarning: Policy enforcement is depending on the value of is_admin. This key is deprecated. Please update your policy file to use the standard policy values.
May 05 15:31:52.527680 dv-cinder-835881-6-iscsi devstack@c-api.service[110518]: warnings.warn('Policy enforcement is depending on the value of '
May 05 15:31:52.528800 dv-cinder-835881-6-iscsi devstack@c-api.service[110518]: INFO cinder.volume.api [None req-c1fad7c5-d804-43a3-a266-502e2bb4af03 tempest-SnapshotMetadataTestJSON-951960330 tempest-SnapshotMetadataTestJSON-951960330-project] Snapshot retrieved successfully.
May 05 15:31:52.530532 dv-cinder-835881-6-iscsi devstack@c-api.service[110518]: INFO cinder.api.openstack.wsgi [None req-c1fad7c5-d804-43a3-a266-502e2bb4af03 tempest-SnapshotMetadataTestJSON-951960330 tempest-SnapshotMetadataTestJSON-951960330-project] http://10.222.0.55/volume/v3/3113894e75dd4ac3ac156ccd21817a48/snapshots/5655793e-6b27-47e4-9a76-3905f9d903cb returned with HTTP 200
May 05 15:31:52.531411 dv-cinder-835881-6-iscsi devstack@c-api.service[110518]: [pid: 110518|app: 0|req: 244/421] 10.222.0.55 () {58 vars in 1330 bytes} [Thu May 5 15:31:52 2022] GET /volume/v3/3113894e75dd4ac3ac156ccd21817a48/snapshots/5655793e-6b27-47e4-9a76-3905f9d903cb => generated 442 bytes in 22 msecs (HTTP/1.1 200) 7 headers in 285 bytes (1 switches on core 0)
May 05 15:31:52.641956 dv-cinder-835881-6-iscsi devstack@c-api.service[110517]: DEBUG cinder.volume.api [None req-94621d62-b622-4dc2-aa40-ecf1355c6527 tempest-VolumesSnapshotListTestJSON-1508858816 tempest-VolumesSnapshotListTestJSON-1508858816-project] Task 'cinder.volume.flows.api.create_volume.EntryCreateTask;volume:create' (99d900da-6ade-412a-bb90-aff76be67bd6) transitioned into state 'SUCCESS' from state 'RUNNING' with result '{'volume_id': '902a5370-637c-4976-8851-509491f4177a', 'volume_properties': VolumeProperties(attach_status='detached',availability_zone='nova',cgsnapshot_id=None,consistencygroup_id=None,display_description=None,display_name='tempest-VolumesSnapshotListTestJSON-Volume-368021434',encryption_key_id=None,group_id=None,group_type_id=,metadata={},multiattach=False,project_id='6a54aedaf3e54f678df5bff5faf44b12',qos_specs=None,replication_status=,reservations=['3d45a2d5-41be-4176-954c-eae08794bee5','d43edc3e-235c-42ef-86b1-cfcb360bdda8','7ab6b85d-ac00-43a9-9644-a76866ba2d33','1729873d-2625-4478-bfb6-110a3bd13e23'],size=1,snapshot_id=None,source_replicaid=,source_volid=None,status='creating',user_id='7b5c9dfd8c66444b9394dc086728a159',volume_type_id=efc1ed18-3a09-4736-b3aa-f0546cd36b1a), 'volume': Volume(_name_id=None,admin_metadata=,attach_status='detached',availability_zone='nova',bootable=False,cluster=,cluster_name=None,consistencygroup=,consistencygroup_id=None,created_at=2022-05-05T15:31:52Z,deleted=False,deleted_at=None,display_description=None,display_name='tempest-VolumesSnapshotListTestJSON-Volume-368021434',ec2_id=None,encryption_key_id=None,glance_metadata=,group=,group_id=None,host=None,id=902a5370-637c-4976-8851-509491f4177a,launched_at=None,metadata={},migration_status=None,multiattach=False,previous_status=None,project_id='6a54aedaf3e54f678df5bff5faf44b12',provider_auth=None,provider_geometry=None,provider_id=None,provider_location=None,replication_driver_data=None,replication_extended_status=None,replication_status=None,scheduled_at=None,service_uuid=None,shared_targets=True,size=1,snapshot_id=None,snapshots=,source_volid=None,status='creating',terminated_at=None,updated_at=None,use_quota=True,user_id='7b5c9dfd8c66444b9394dc086728a159',volume_attachment=VolumeAttachmentList,volume_type=VolumeType(efc1ed18-3a09-4736-b3aa-f0546cd36b1a),volume_type_id=efc1ed18-3a09-4736-b3aa-f0546cd36b1a)}' {{(pid=110517) _task_receiver /usr/local/lib/python3.8/dist-packages/taskflow/listeners/logging.py:178}}
May 05 15:31:52.643881 dv-cinder-835881-6-iscsi devstack@c-api.service[110517]: DEBUG cinder.volume.api [None req-94621d62-b622-4dc2-aa40-ecf1355c6527 tempest-VolumesSnapshotListTestJSON-1508858816 tempest-VolumesSnapshotListTestJSON-1508858816-project] Task 'cinder.volume.flows.api.create_volume.QuotaCommitTask;volume:create' (5e1125b4-84cf-41a0-b707-a660d87c5cad) transitioned into state 'RUNNING' from state 'PENDING' {{(pid=110517) _task_receiver /usr/local/lib/python3.8/dist-packages/taskflow/listeners/logging.py:190}}
May 05 15:31:52.760626 dv-cinder-835881-6-iscsi devstack@c-api.service[110518]: DEBUG cinder.api.middleware.request_id [None req-6440155b-a52c-42ed-815e-83747fde6e70 None None] RequestId filter calling following filter/app {{(pid=110518) _context_setter /opt/stack/cinder/cinder/api/middleware/request_id.py:62}}
May 05 15:31:52.766373 dv-cinder-835881-6-iscsi devstack@c-api.service[110518]: INFO cinder.api.openstack.wsgi [None req-6440155b-a52c-42ed-815e-83747fde6e70 tempest-VolumeQuotaClassesTest-1402512873 tempest-VolumeQuotaClassesTest-1402512873-project-admin] GET http://10.222.0.55/volume/v3/cac0b413d04f4121aa4b0a9cefcb7ed8/os-quota-sets/26eca4a2ef1040b7a6e77698a262a24d/defaults
May 05 15:31:52.766818 dv-cinder-835881-6-iscsi devstack@c-api.service[110518]: DEBUG cinder.api.openstack.wsgi [None req-6440155b-a52c-42ed-815e-83747fde6e70 tempest-VolumeQuotaClassesTest-1402512873 tempest-VolumeQuotaClassesTest-1402512873-project-admin] Empty body provided in request {{(pid=110518) get_body /opt/stack/cinder/cinder/api/openstack/wsgi.py:715}}
May 05 15:31:52.767269 dv-cinder-835881-6-iscsi devstack@c-api.service[110518]: DEBUG cinder.api.openstack.wsgi [None req-6440155b-a52c-42ed-815e-83747fde6e70 tempest-VolumeQuotaClassesTest-1402512873 tempest-VolumeQuotaClassesTest-1402512873-project-admin] Calling method 'defaults' {{(pid=110518) _process_stack /opt/stack/cinder/cinder/api/openstack/wsgi.py:868}}
May 05 15:31:52.786064 dv-cinder-835881-6-iscsi devstack@c-api.service[110518]: INFO cinder.api.openstack.wsgi [None req-6440155b-a52c-42ed-815e-83747fde6e70 tempest-VolumeQuotaClassesTest-1402512873 tempest-VolumeQuotaClassesTest-1402512873-project-admin] http://10.222.0.55/volume/v3/cac0b413d04f4121aa4b0a9cefcb7ed8/os-quota-sets/26eca4a2ef1040b7a6e77698a262a24d/defaults returned with HTTP 200
May 05 15:31:52.787010 dv-cinder-835881-6-iscsi devstack@c-api.service[110518]: [pid: 110518|app: 0|req: 245/422] 10.222.0.55 () {58 vars in 1357 bytes} [Thu May 5 15:31:52 2022] GET /volume/v3/cac0b413d04f4121aa4b0a9cefcb7ed8/os-quota-sets/26eca4a2ef1040b7a6e77698a262a24d/defaults => generated 566 bytes in 27 msecs (HTTP/1.1 200) 7 headers in 285 bytes (2 switches on core 0)
May 05 15:31:52.800629 dv-cinder-835881-6-iscsi devstack@c-api.service[110517]: DEBUG cinder.volume.api [None req-94621d62-b622-4dc2-aa40-ecf1355c6527 tempest-VolumesSnapshotListTestJSON-1508858816 tempest-VolumesSnapshotListTestJSON-1508858816-project] Task 'cinder.volume.flows.api.create_volume.QuotaCommitTask;volume:create' (5e1125b4-84cf-41a0-b707-a660d87c5cad) transitioned into state 'SUCCESS' from state 'RUNNING' with result '{'volume_properties': VolumeProperties(attach_status='detached',availability_zone='nova',cgsnapshot_id=None,consistencygroup_id=None,display_description=None,display_name='tempest-VolumesSnapshotListTestJSON-Volume-368021434',encryption_key_id=None,group_id=None,group_type_id=,metadata={},multiattach=False,project_id='6a54aedaf3e54f678df5bff5faf44b12',qos_specs=None,replication_status=,reservations=['3d45a2d5-41be-4176-954c-eae08794bee5','d43edc3e-235c-42ef-86b1-cfcb360bdda8','7ab6b85d-ac00-43a9-9644-a76866ba2d33','1729873d-2625-4478-bfb6-110a3bd13e23'],size=1,snapshot_id=None,source_replicaid=,source_volid=None,status='creating',user_id='7b5c9dfd8c66444b9394dc086728a159',volume_type_id=efc1ed18-3a09-4736-b3aa-f0546cd36b1a)}' {{(pid=110517) _task_receiver /usr/local/lib/python3.8/dist-packages/taskflow/listeners/logging.py:178}}
May 05 15:31:52.802722 dv-cinder-835881-6-iscsi devstack@c-api.service[110517]: DEBUG cinder.volume.api [None req-94621d62-b622-4dc2-aa40-ecf1355c6527 tempest-VolumesSnapshotListTestJSON-1508858816 tempest-VolumesSnapshotListTestJSON-1508858816-project] Task 'cinder.volume.flows.api.create_volume.VolumeCastTask;volume:create' (ba567d74-6508-4bfa-a8d7-a965fe1470e8) transitioned into state 'RUNNING' from state 'PENDING' {{(pid=110517) _task_receiver /usr/local/lib/python3.8/dist-packages/taskflow/listeners/logging.py:190}}
May 05 15:31:52.943565 dv-cinder-835881-6-iscsi devstack@c-api.service[110517]: DEBUG cinder.volume.api [None req-94621d62-b622-4dc2-aa40-ecf1355c6527 tempest-VolumesSnapshotListTestJSON-1508858816 tempest-VolumesSnapshotListTestJSON-1508858816-project] Task 'cinder.volume.flows.api.create_volume.VolumeCastTask;volume:create' (ba567d74-6508-4bfa-a8d7-a965fe1470e8) transitioned into state 'SUCCESS' from state 'RUNNING' with result 'None' {{(pid=110517) _task_receiver /usr/local/lib/python3.8/dist-packages/taskflow/listeners/logging.py:178}}
May 05 15:31:52.946028 dv-cinder-835881-6-iscsi devstack@c-api.service[110517]: DEBUG cinder.volume.api [None req-94621d62-b622-4dc2-aa40-ecf1355c6527 tempest-VolumesSnapshotListTestJSON-1508858816 tempest-VolumesSnapshotListTestJSON-1508858816-project] Flow 'volume_create_api' (8bf1f355-b016-4e29-af90-518839072c45) transitioned into state 'SUCCESS' from state 'RUNNING' {{(pid=110517) _flow_receiver /usr/local/lib/python3.8/dist-packages/taskflow/listeners/logging.py:141}}
May 05 15:31:52.946799 dv-cinder-835881-6-iscsi devstack@c-api.service[110517]: INFO cinder.volume.api [None req-94621d62-b622-4dc2-aa40-ecf1355c6527 tempest-VolumesSnapshotListTestJSON-1508858816 tempest-VolumesSnapshotListTestJSON-1508858816-project] Create volume request issued successfully.
May 05 15:31:52.947953 dv-cinder-835881-6-iscsi devstack@c-api.service[110517]: INFO cinder.api.openstack.wsgi [None req-94621d62-b622-4dc2-aa40-ecf1355c6527 tempest-VolumesSnapshotListTestJSON-1508858816 tempest-VolumesSnapshotListTestJSON-1508858816-project] http://10.222.0.55/volume/v3/6a54aedaf3e54f678df5bff5faf44b12/volumes returned with HTTP 202
May 05 15:31:52.948745 dv-cinder-835881-6-iscsi devstack@c-api.service[110517]: [pid: 110517|app: 0|req: 178/423] 10.222.0.55 () {60 vars in 1234 bytes} [Thu May 5 15:31:52 2022] POST /volume/v3/6a54aedaf3e54f678df5bff5faf44b12/volumes => generated 826 bytes in 919 msecs (HTTP/1.1 202) 7 headers in 291 bytes (1 switches on core 0)
