Apr 05 22:34:10.522699 dv-cinder-835881-4-smb neutron-server[103231]: DEBUG neutron.plugins.ml2.rpc [None req-2c3a0a46-b449-4929-a50e-42ade311ba96 None None] Device 962dafa6-67eb-4626-814b-6fe4600ccb36 up at agent hyperv_hv-cinder-83588 {{(pid=103231) update_device_up /opt/stack/neutron/neutron/plugins/ml2/rpc.py:296}}
Apr 05 22:34:10.588271 dv-cinder-835881-4-smb neutron-server[103230]: DEBUG neutron_lib.callbacks.manager [None req-b4fcc343-5809-44f4-b4cb-99f7ec8fdf62 admin admin] Publish callbacks [] for security_group (6255a1a9-b5c1-4b81-9926-c8e1fd24fecf), before_delete {{(pid=103230) _notify_loop /usr/local/lib/python3.8/dist-packages/neutron_lib/callbacks/manager.py:176}}
Apr 05 22:34:10.593068 dv-cinder-835881-4-smb neutron-server[103231]: DEBUG neutron.db.provisioning_blocks [None req-2c3a0a46-b449-4929-a50e-42ade311ba96 None None] Provisioning for port 962dafa6-67eb-4626-814b-6fe4600ccb36 completed by entity L2. {{(pid=103231) provisioning_complete /opt/stack/neutron/neutron/db/provisioning_blocks.py:134}}
Apr 05 22:34:10.598604 dv-cinder-835881-4-smb neutron-server[103231]: DEBUG neutron.db.provisioning_blocks [None req-2c3a0a46-b449-4929-a50e-42ade311ba96 None None] Provisioning complete for port 962dafa6-67eb-4626-814b-6fe4600ccb36 triggered by entity L2. {{(pid=103231) provisioning_complete /opt/stack/neutron/neutron/db/provisioning_blocks.py:140}}
Apr 05 22:34:10.599163 dv-cinder-835881-4-smb neutron-server[103231]: DEBUG neutron_lib.callbacks.manager [None req-2c3a0a46-b449-4929-a50e-42ade311ba96 None None] Publish callbacks ['neutron.plugins.ml2.plugin.Ml2Plugin._port_provisioned-1204859'] for port (962dafa6-67eb-4626-814b-6fe4600ccb36), provisioning_complete {{(pid=103231) _notify_loop /usr/local/lib/python3.8/dist-packages/neutron_lib/callbacks/manager.py:176}}
Apr 05 22:34:10.610284 dv-cinder-835881-4-smb neutron-server[103230]: DEBUG neutron.pecan_wsgi.hooks.policy_enforcement [req-b2db9df8-f76e-4fc8-a5dc-80ffd84d4684 req-a94ad236-0ba9-4cf5-bb41-1fc0ac747d7d service neutron] Attributes excluded by policy engine: ['standard_attr_id'] {{(pid=103230) _exclude_attributes_by_policy /opt/stack/neutron/neutron/pecan_wsgi/hooks/policy_enforcement.py:255}}
Apr 05 22:34:10.611809 dv-cinder-835881-4-smb neutron-server[103230]: INFO neutron.wsgi [req-b2db9df8-f76e-4fc8-a5dc-80ffd84d4684 req-a94ad236-0ba9-4cf5-bb41-1fc0ac747d7d service neutron] 10.222.0.44 "GET /v2.0/ports?tenant_id=7885523ebf5c4b1b8dc32aff77a3d098&device_id=d13bb387-668e-46a5-a602-d148e0125257 HTTP/1.1" status: 200 len: 1129 time: 0.1153364
Apr 05 22:34:10.627250 dv-cinder-835881-4-smb neutron-server[103230]: DEBUG neutron.pecan_wsgi.hooks.policy_enforcement [req-e070cd9f-0afd-4510-bad1-40342fc8c115 req-73bb264b-1134-4cd7-92fd-4e6daae0cb45 tempest-AttachVolumeShelveTestJSON-1807346836 tempest-AttachVolumeShelveTestJSON-1807346836-project] Attributes excluded by policy engine: ['standard_attr_id', 'binding:profile', 'binding:host_id', 'binding:vif_type', 'binding:vif_details'] {{(pid=103230) _exclude_attributes_by_policy /opt/stack/neutron/neutron/pecan_wsgi/hooks/policy_enforcement.py:255}}
Apr 05 22:34:10.628769 dv-cinder-835881-4-smb neutron-server[103230]: INFO neutron.wsgi [req-e070cd9f-0afd-4510-bad1-40342fc8c115 req-73bb264b-1134-4cd7-92fd-4e6daae0cb45 tempest-AttachVolumeShelveTestJSON-1807346836 tempest-AttachVolumeShelveTestJSON-1807346836-project] 10.222.0.43 "GET /v2.0/ports?device_id=7d54e9ce-5d9f-4ad7-a696-ac6b73103f25 HTTP/1.1" status: 200 len: 943 time: 0.1150734
Apr 05 22:34:10.630943 dv-cinder-835881-4-smb neutron-server[103230]: DEBUG neutron_lib.callbacks.manager [None req-b4fcc343-5809-44f4-b4cb-99f7ec8fdf62 admin admin] Publish callbacks [] for security_group (6255a1a9-b5c1-4b81-9926-c8e1fd24fecf), precommit_delete {{(pid=103230) _notify_loop /usr/local/lib/python3.8/dist-packages/neutron_lib/callbacks/manager.py:176}}
Apr 05 22:34:10.686945 dv-cinder-835881-4-smb neutron-server[103231]: DEBUG neutron.plugins.ml2.plugin [None req-2c3a0a46-b449-4929-a50e-42ade311ba96 None None] Current status of the port 962dafa6-67eb-4626-814b-6fe4600ccb36 is: BUILD; New status is: ACTIVE {{(pid=103231) _update_individual_port_db_status /opt/stack/neutron/neutron/plugins/ml2/plugin.py:2256}}
Apr 05 22:34:10.687419 dv-cinder-835881-4-smb neutron-server[103231]: DEBUG neutron_lib.callbacks.manager [None req-2c3a0a46-b449-4929-a50e-42ade311ba96 None None] Publish callbacks ['neutron.plugins.ml2.plugin.SecurityGroupDbMixin._ensure_default_security_group_handler-1284154'] for port (962dafa6-67eb-4626-814b-6fe4600ccb36), before_update {{(pid=103231) _notify_loop /usr/local/lib/python3.8/dist-packages/neutron_lib/callbacks/manager.py:176}}
Apr 05 22:34:10.711523 dv-cinder-835881-4-smb neutron-server[103231]: DEBUG neutron.notifiers.nova [-] Sending events: [{'server_uuid': '465b206f-3f52-483c-a770-447ff50f963b', 'name': 'network-vif-plugged', 'status': 'completed', 'tag': '962dafa6-67eb-4626-814b-6fe4600ccb36'}] {{(pid=103231) send_events /opt/stack/neutron/neutron/notifiers/nova.py:271}}
Apr 05 22:34:10.713873 dv-cinder-835881-4-smb neutron-server[103231]: DEBUG novaclient.v2.client [-] REQ: curl -g -i --cacert "/opt/stack/data/ca-bundle.pem" -X POST http://10.222.0.43/compute/v2.1/os-server-external-events -H "Accept: application/json" -H "Content-Type: application/json" -H "User-Agent: python-novaclient" -H "X-Auth-Token: {SHA256}2b75f628ed65140826f31d4b17d817bf3d5daff4d4b00e2a1a679a20544f241f" -H "X-OpenStack-Nova-API-Version: 2.1" -H "X-OpenStack-Request-ID: req-ba9f21ff-64a7-4ebb-8e76-9fc706940b22" -d '{"events": [{"server_uuid": "465b206f-3f52-483c-a770-447ff50f963b", "name": "network-vif-plugged", "status": "completed", "tag": "962dafa6-67eb-4626-814b-6fe4600ccb36"}]}' {{(pid=103231) _http_log_request /usr/local/lib/python3.8/dist-packages/keystoneauth1/session.py:519}}
Apr 05 22:34:10.727000 dv-cinder-835881-4-smb neutron-server[103231]: DEBUG neutron.plugins.ml2.db [None req-2c3a0a46-b449-4929-a50e-42ade311ba96 None None] For port 962dafa6-67eb-4626-814b-6fe4600ccb36, host hv-cinder-83588, got binding levels [PortBindingLevel(driver='hyperv',host='hv-cinder-83588',level=0,port_id=962dafa6-67eb-4626-814b-6fe4600ccb36,segment=NetworkSegment(74ba9062-97ca-405d-af7f-589e394d504f),segment_id=74ba9062-97ca-405d-af7f-589e394d504f)] {{(pid=103231) get_binding_level_objs /opt/stack/neutron/neutron/plugins/ml2/db.py:74}}
Apr 05 22:34:10.731876 dv-cinder-835881-4-smb neutron-server[103231]: DEBUG neutron_lib.callbacks.manager [None req-2c3a0a46-b449-4929-a50e-42ade311ba96 None None] Publish callbacks ['neutron.plugins.ml2.plugin.SecurityGroupServerNotifierRpcMixin._notify_sg_on_port_change-1284345', 'neutron.plugins.ml2.ovo_rpc._ObjectChangeHandler.handle_event-402936', 'neutron.api.rpc.agentnotifiers.dhcp_rpc_agent_api.DhcpAgentNotifyAPI._native_event_send_dhcp_notification-3796382', 'neutron.db.l3_db.L3RpcNotifierMixin._notify_gateway_port_ip_changed-8794853926422', 'neutron.db.l3_dvrscheduler_db._notify_l3_agent_port_update-8794853383958', 'neutron.db.l3_hascheduler_db._notify_l3_agent_ha_port_update-8794853383976'] for port (962dafa6-67eb-4626-814b-6fe4600ccb36), after_update {{(pid=103231) _notify_loop /usr/local/lib/python3.8/dist-packages/neutron_lib/callbacks/manager.py:176}}
Apr 05 22:34:10.741932 dv-cinder-835881-4-smb neutron-server[103229]: INFO neutron.wsgi [None req-1b47b30b-3f0f-4f63-a9bd-c9614b057e56 admin admin] 10.222.0.43 "GET /v2.0/security-groups?tenant_id=16a496ab4dde4cffb463b993c64f53ae&name=default HTTP/1.1" status: 200 len: 2996 time: 0.9876356
Apr 05 22:34:10.745281 dv-cinder-835881-4-smb neutron-server[103230]: DEBUG neutron.wsgi [-] (103230) accepted ('10.222.0.43', 47062) {{(pid=103230) server /usr/local/lib/python3.8/dist-packages/eventlet/wsgi.py:1004}}
Apr 05 22:34:10.763500 dv-cinder-835881-4-smb neutron-server[103229]: DEBUG neutron.pecan_wsgi.hooks.policy_enforcement [req-f69c305b-ffce-48b9-b499-412acfde26cf req-c2271e10-4f30-436f-b47e-8c8624306d57 service neutron] Attributes excluded by policy engine: ['standard_attr_id'] {{(pid=103229) _exclude_attributes_by_policy /opt/stack/neutron/neutron/pecan_wsgi/hooks/policy_enforcement.py:255}}
Apr 05 22:34:10.765026 dv-cinder-835881-4-smb neutron-server[103229]: INFO neutron.wsgi [req-f69c305b-ffce-48b9-b499-412acfde26cf req-c2271e10-4f30-436f-b47e-8c8624306d57 service neutron] 10.222.0.44 "GET /v2.0/ports?tenant_id=6869f250fa5f4729bf1a0a1cb79c77e7&device_id=fb79322b-471f-43c5-acd4-d36480b55844 HTTP/1.1" status: 200 len: 1127 time: 0.5056403
Apr 05 22:34:10.765702 dv-cinder-835881-4-smb neutron-server[103229]: DEBUG neutron.api.rpc.handlers.resources_rpc [None req-1b47b30b-3f0f-4f63-a9bd-c9614b057e56 admin admin] Pushing event updated for resources: {'SecurityGroup': ['ID=d9501421-9232-41c5-853a-ab1220c6f216,revision_number=1']} {{(pid=103229) push /opt/stack/neutron/neutron/api/rpc/handlers/resources_rpc.py:237}}
Apr 05 22:34:10.794419 dv-cinder-835881-4-smb neutron-server[103231]: DEBUG neutron.api.rpc.handlers.resources_rpc [None req-2c3a0a46-b449-4929-a50e-42ade311ba96 None None] Pushing event updated for resources: {'Port': ['ID=962dafa6-67eb-4626-814b-6fe4600ccb36,revision_number=5']} {{(pid=103231) push /opt/stack/neutron/neutron/api/rpc/handlers/resources_rpc.py:237}}
Apr 05 22:34:10.814691 dv-cinder-835881-4-smb neutron-server[103230]: INFO neutron.wsgi [req-e070cd9f-0afd-4510-bad1-40342fc8c115 req-c6c14dfa-a326-4e61-bad6-db7e397eef15 tempest-AttachVolumeShelveTestJSON-1807346836 tempest-AttachVolumeShelveTestJSON-1807346836-project] 10.222.0.43 "GET /v2.0/security-groups?id=d3522f94-3626-42b8-8085-5f37ab828dce&fields=id&fields=name HTTP/1.1" status: 200 len: 313 time: 0.1657207
Apr 05 22:34:10.820011 dv-cinder-835881-4-smb neutron-server[103230]: DEBUG neutron.pecan_wsgi.hooks.policy_enforcement [req-b2db9df8-f76e-4fc8-a5dc-80ffd84d4684 req-244150ac-4ae2-4fec-ba8f-71bb1042ed72 service neutron] Attributes excluded by policy engine: ['standard_attr_id', 'vlan_transparent'] {{(pid=103230) _exclude_attributes_by_policy /opt/stack/neutron/neutron/pecan_wsgi/hooks/policy_enforcement.py:255}}
Apr 05 22:34:10.821587 dv-cinder-835881-4-smb neutron-server[103230]: INFO neutron.wsgi [req-b2db9df8-f76e-4fc8-a5dc-80ffd84d4684 req-244150ac-4ae2-4fec-ba8f-71bb1042ed72 service neutron] 10.222.0.44 "GET /v2.0/networks?id=b477f809-ad93-4dd7-b680-cb0ad94d0275 HTTP/1.1" status: 200 len: 919 time: 0.2018638
Apr 05 22:34:10.835782 dv-cinder-835881-4-smb neutron-server[103229]: INFO neutron.wsgi [req-f69c305b-ffce-48b9-b499-412acfde26cf req-b00e8816-e1c3-404b-a0d1-14dcf98f9ce3 service neutron] 10.222.0.44 "GET /v2.0/floatingips?fixed_ip_address=172.20.0.6&port_id=9419488b-637f-4ded-8cb7-40c89757206b HTTP/1.1" status: 200 len: 217 time: 0.0456264
Apr 05 22:34:10.884689 dv-cinder-835881-4-smb neutron-server[103230]: DEBUG neutron_lib.callbacks.manager [None req-b4fcc343-5809-44f4-b4cb-99f7ec8fdf62 admin admin] Publish callbacks ['neutron.plugins.ml2.ovo_rpc._ObjectChangeHandler.handle_event-3690982'] for security_group (6255a1a9-b5c1-4b81-9926-c8e1fd24fecf), after_delete {{(pid=103230) _notify_loop /usr/local/lib/python3.8/dist-packages/neutron_lib/callbacks/manager.py:176}}
Apr 05 22:34:10.887427 dv-cinder-835881-4-smb neutron-server[103230]: DEBUG neutron_lib.callbacks.manager [None req-b4fcc343-5809-44f4-b4cb-99f7ec8fdf62 admin admin] Publish callbacks [] for security_group (None), before_response {{(pid=103230) _notify_loop /usr/local/lib/python3.8/dist-packages/neutron_lib/callbacks/manager.py:176}}
Apr 05 22:34:10.892033 dv-cinder-835881-4-smb neutron-server[103230]: INFO neutron.wsgi [None req-b4fcc343-5809-44f4-b4cb-99f7ec8fdf62 admin admin] 10.222.0.43 "DELETE /v2.0/security-groups/6255a1a9-b5c1-4b81-9926-c8e1fd24fecf HTTP/1.1" status: 204 len: 168 time: 0.4311457
Apr 05 22:34:10.893579 dv-cinder-835881-4-smb neutron-server[103230]: INFO neutron.wsgi [req-b2db9df8-f76e-4fc8-a5dc-80ffd84d4684 req-7cb6e66b-87cf-4711-80ce-36970683336a service neutron] 10.222.0.44 "GET /v2.0/floatingips?fixed_ip_address=172.20.0.5&port_id=fd818499-249e-4925-8d86-2c3b98c6d001 HTTP/1.1" status: 200 len: 217 time: 0.0522261
Apr 05 22:34:10.897546 dv-cinder-835881-4-smb neutron-server[103229]: INFO neutron.wsgi [req-714a6080-8689-481b-a220-819baeece48a req-b1c7f6f9-cc74-45a3-9b56-7254b650d8d5 service neutron] 10.222.0.44 "GET /v2.0/networks/69f3666c-d270-41ea-a8aa-729dc02e1cda?fields=segments HTTP/1.1" status: 200 len: 212 time: 0.5331171
Apr 05 22:34:10.935077 dv-cinder-835881-4-smb neutron-server[103229]: DEBUG neutron.plugins.ml2.db [req-2d0a3517-ad15-4e30-a024-44642a97ad81 req-1621c751-c4d4-4326-b3bf-f5c32c44622c tempest-DeleteServersTestJSON-446844319 tempest-DeleteServersTestJSON-446844319-project] For port 41430268-620a-4c92-b8e2-ba2f26bc3b9c, host hv-cinder-83588, got binding levels [PortBindingLevel(driver='hyperv',host='hv-cinder-83588',level=0,port_id=41430268-620a-4c92-b8e2-ba2f26bc3b9c,segment=NetworkSegment(9649a7b9-3c00-4746-a8fd-4db700a45462),segment_id=9649a7b9-3c00-4746-a8fd-4db700a45462)] {{(pid=103229) get_binding_level_objs /opt/stack/neutron/neutron/plugins/ml2/db.py:74}}
Apr 05 22:34:10.935508 dv-cinder-835881-4-smb neutron-server[103229]: DEBUG neutron_lib.callbacks.manager [req-2d0a3517-ad15-4e30-a024-44642a97ad81 req-1621c751-c4d4-4326-b3bf-f5c32c44622c tempest-DeleteServersTestJSON-446844319 tempest-DeleteServersTestJSON-446844319-project] Publish callbacks ['neutron.services.l3_router.l3_router_plugin.L3_NAT_dbonly_mixin._precommit_delete_port_callback-3676777'] for port (41430268-620a-4c92-b8e2-ba2f26bc3b9c), precommit_delete {{(pid=103229) _notify_loop /usr/local/lib/python3.8/dist-packages/neutron_lib/callbacks/manager.py:176}}
Apr 05 22:34:10.940557 dv-cinder-835881-4-smb neutron-server[103230]: DEBUG neutron.api.rpc.handlers.resources_rpc [None req-b4fcc343-5809-44f4-b4cb-99f7ec8fdf62 admin admin] Pushing event deleted for resources: {'SecurityGroup': ['ID=6255a1a9-b5c1-4b81-9926-c8e1fd24fecf,revision_number=None']} {{(pid=103230) push /opt/stack/neutron/neutron/api/rpc/handlers/resources_rpc.py:237}}
Apr 05 22:34:10.958721 dv-cinder-835881-4-smb neutron-server[103230]: DEBUG neutron_lib.callbacks.manager [None req-e0a04af5-089f-4f2d-b2d9-f217847202ce admin admin] Publish callbacks [] for security_group (d9501421-9232-41c5-853a-ab1220c6f216), before_delete {{(pid=103230) _notify_loop /usr/local/lib/python3.8/dist-packages/neutron_lib/callbacks/manager.py:176}}
Apr 05 22:34:10.984556 dv-cinder-835881-4-smb neutron-server[103229]: DEBUG neutron.pecan_wsgi.hooks.policy_enforcement [req-d2a8a908-1a36-4956-97ff-119f74d8cc22 req-eb88bafa-cc5c-464e-8d39-36515e14b8c4 tempest-ServerRescueNegativeTestJSON-1379053563 tempest-ServerRescueNegativeTestJSON-1379053563-project] Attributes excluded by policy engine: ['standard_attr_id', 'binding:profile', 'binding:host_id', 'binding:vif_type', 'binding:vif_details'] {{(pid=103229) _exclude_attributes_by_policy /opt/stack/neutron/neutron/pecan_wsgi/hooks/policy_enforcement.py:255}}
Apr 05 22:34:10.986159 dv-cinder-835881-4-smb neutron-server[103229]: INFO neutron.wsgi [req-d2a8a908-1a36-4956-97ff-119f74d8cc22 req-eb88bafa-cc5c-464e-8d39-36515e14b8c4 tempest-ServerRescueNegativeTestJSON-1379053563 tempest-ServerRescueNegativeTestJSON-1379053563-project] 10.222.0.43 "GET /v2.0/ports?device_id=d13bb387-668e-46a5-a602-d148e0125257 HTTP/1.1" status: 200 len: 945 time: 0.2413552
Apr 05 22:34:11.002747 dv-cinder-835881-4-smb neutron-server[103230]: DEBUG neutron_lib.callbacks.manager [None req-e0a04af5-089f-4f2d-b2d9-f217847202ce admin admin] Publish callbacks [] for security_group (d9501421-9232-41c5-853a-ab1220c6f216), precommit_delete {{(pid=103230) _notify_loop /usr/local/lib/python3.8/dist-packages/neutron_lib/callbacks/manager.py:176}}
Apr 05 22:34:11.018070 dv-cinder-835881-4-smb neutron-server[103229]: DEBUG neutron.plugins.ml2.plugin [req-2d0a3517-ad15-4e30-a024-44642a97ad81 req-1621c751-c4d4-4326-b3bf-f5c32c44622c tempest-DeleteServersTestJSON-446844319 tempest-DeleteServersTestJSON-446844319-project] Calling delete_port for 41430268-620a-4c92-b8e2-ba2f26bc3b9c owned by compute:nova {{(pid=103229) delete_port /opt/stack/neutron/neutron/plugins/ml2/plugin.py:2080}}
Apr 05 22:34:11.019743 dv-cinder-835881-4-smb neutron-server[103230]: DEBUG neutron.pecan_wsgi.hooks.policy_enforcement [req-b2db9df8-f76e-4fc8-a5dc-80ffd84d4684 req-b4926931-af67-4e94-ab68-a60ca3f394aa service neutron] Attributes excluded by policy engine: ['standard_attr_id', 'shared', 'segment_id'] {{(pid=103230) _exclude_attributes_by_policy /opt/stack/neutron/neutron/pecan_wsgi/hooks/policy_enforcement.py:255}}
Apr 05 22:34:11.021332 dv-cinder-835881-4-smb neutron-server[103230]: INFO neutron.wsgi [req-b2db9df8-f76e-4fc8-a5dc-80ffd84d4684 req-b4926931-af67-4e94-ab68-a60ca3f394aa service neutron] 10.222.0.44 "GET /v2.0/subnets?id=05e38a47-8a2e-4d46-81be-81b385e2fe0c HTTP/1.1" status: 200 len: 857 time: 0.1103895
Apr 05 22:34:11.022448 dv-cinder-835881-4-smb neutron-server[103229]: DEBUG neutron.pecan_wsgi.hooks.policy_enforcement [req-f69c305b-ffce-48b9-b499-412acfde26cf req-be9172a4-04a7-4a91-b9be-23e2a5d43878 service neutron] Attributes excluded by policy engine: ['standard_attr_id', 'shared', 'segment_id'] {{(pid=103229) _exclude_attributes_by_policy /opt/stack/neutron/neutron/pecan_wsgi/hooks/policy_enforcement.py:255}}
Apr 05 22:34:11.023972 dv-cinder-835881-4-smb neutron-server[103229]: INFO neutron.wsgi [req-f69c305b-ffce-48b9-b499-412acfde26cf req-be9172a4-04a7-4a91-b9be-23e2a5d43878 service neutron] 10.222.0.44 "GET /v2.0/subnets?id=95feccaa-a5da-4cb7-9abd-52112f8ef21a HTTP/1.1" status: 200 len: 849 time: 0.1702669
Apr 05 22:34:11.080047 dv-cinder-835881-4-smb neutron-server[103230]: DEBUG neutron.pecan_wsgi.hooks.policy_enforcement [req-663ca289-2d77-4368-8738-1a000143ae7f req-b265a47c-d1a6-42b8-8096-cec8f5fee0e9 tempest-AttachVolumeTestJSON-1189580096 tempest-AttachVolumeTestJSON-1189580096-project] Attributes excluded by policy engine: ['standard_attr_id', 'binding:profile', 'binding:host_id', 'binding:vif_type', 'binding:vif_details'] {{(pid=103230) _exclude_attributes_by_policy /opt/stack/neutron/neutron/pecan_wsgi/hooks/policy_enforcement.py:255}}
Apr 05 22:34:11.081820 dv-cinder-835881-4-smb neutron-server[103230]: INFO neutron.wsgi [req-663ca289-2d77-4368-8738-1a000143ae7f req-b265a47c-d1a6-42b8-8096-cec8f5fee0e9 tempest-AttachVolumeTestJSON-1189580096 tempest-AttachVolumeTestJSON-1189580096-project] 10.222.0.43 "GET /v2.0/ports?device_id=fb79322b-471f-43c5-acd4-d36480b55844 HTTP/1.1" status: 200 len: 943 time: 0.1815608
Apr 05 22:34:11.143792 dv-cinder-835881-4-smb neutron-server[103230]: DEBUG neutron_lib.callbacks.manager [None req-e0a04af5-089f-4f2d-b2d9-f217847202ce admin admin] Publish callbacks ['neutron.plugins.ml2.ovo_rpc._ObjectChangeHandler.handle_event-3690982'] for security_group (d9501421-9232-41c5-853a-ab1220c6f216), after_delete {{(pid=103230) _notify_loop /usr/local/lib/python3.8/dist-packages/neutron_lib/callbacks/manager.py:176}}
Apr 05 22:34:11.146868 dv-cinder-835881-4-smb neutron-server[103230]: DEBUG neutron_lib.callbacks.manager [None req-e0a04af5-089f-4f2d-b2d9-f217847202ce admin admin] Publish callbacks [] for security_group (None), before_response {{(pid=103230) _notify_loop /usr/local/lib/python3.8/dist-packages/neutron_lib/callbacks/manager.py:176}}
Apr 05 22:34:11.147996 dv-cinder-835881-4-smb neutron-server[103230]: INFO neutron.wsgi [None req-e0a04af5-089f-4f2d-b2d9-f217847202ce admin admin] 10.222.0.43 "DELETE /v2.0/security-groups/d9501421-9232-41c5-853a-ab1220c6f216 HTTP/1.1" status: 204 len: 168 time: 0.3984089
Apr 05 22:34:11.182278 dv-cinder-835881-4-smb neutron-server[103230]: DEBUG neutron.api.rpc.handlers.resources_rpc [None req-e0a04af5-089f-4f2d-b2d9-f217847202ce admin admin] Pushing event deleted for resources: {'SecurityGroup': ['ID=d9501421-9232-41c5-853a-ab1220c6f216,revision_number=None']} {{(pid=103230) push /opt/stack/neutron/neutron/api/rpc/handlers/resources_rpc.py:237}}
Apr 05 22:34:11.190066 dv-cinder-835881-4-smb neutron-server[103230]: DEBUG neutron.pecan_wsgi.hooks.policy_enforcement [req-b2db9df8-f76e-4fc8-a5dc-80ffd84d4684 req-cc238a93-5873-4ae1-aff2-07c5abe42403 service neutron] Attributes excluded by policy engine: ['standard_attr_id'] {{(pid=103230) _exclude_attributes_by_policy /opt/stack/neutron/neutron/pecan_wsgi/hooks/policy_enforcement.py:255}}
Apr 05 22:34:11.191693 dv-cinder-835881-4-smb neutron-server[103230]: INFO neutron.wsgi [req-b2db9df8-f76e-4fc8-a5dc-80ffd84d4684 req-cc238a93-5873-4ae1-aff2-07c5abe42403 service neutron] 10.222.0.44 "GET /v2.0/ports?network_id=b477f809-ad93-4dd7-b680-cb0ad94d0275&device_owner=network%3Adhcp HTTP/1.1" status: 200 len: 1210 time: 0.1579556
Apr 05 22:34:11.212130 dv-cinder-835881-4-smb neutron-server[103230]: INFO neutron.wsgi [req-663ca289-2d77-4368-8738-1a000143ae7f req-4e6efb7c-7b57-4c99-b354-0127719b13e2 tempest-AttachVolumeTestJSON-1189580096 tempest-AttachVolumeTestJSON-1189580096-project] 10.222.0.43 "GET /v2.0/security-groups?id=0142f7c4-2127-4a87-8e48-d552d23d10cf&fields=id&fields=name HTTP/1.1" status: 200 len: 313 time: 0.1123188
Apr 05 22:34:11.256621 dv-cinder-835881-4-smb neutron-server[103229]: INFO neutron.wsgi [req-d2a8a908-1a36-4956-97ff-119f74d8cc22 req-96b74ef8-724c-4ab6-bfa7-7d504bc802a1 tempest-ServerRescueNegativeTestJSON-1379053563 tempest-ServerRescueNegativeTestJSON-1379053563-project] 10.222.0.43 "GET /v2.0/security-groups?id=109d60bd-1ffc-49eb-8015-af7f0cf959b3&fields=id&fields=name HTTP/1.1" status: 200 len: 286 time: 0.2313743
Apr 05 22:34:11.316792 dv-cinder-835881-4-smb neutron-server[103231]: DEBUG novaclient.v2.client [-] RESP: [200] Connection: close Content-Length: 183 Content-Type: application/json Date: Tue, 05 Apr 2022 22:34:10 GMT OpenStack-API-Version: compute 2.1 Server: Apache/2.4.41 (Ubuntu) Vary: OpenStack-API-Version,X-OpenStack-Nova-API-Version X-OpenStack-Nova-API-Version: 2.1 x-compute-request-id: req-b977e8bb-8a14-431a-8f2b-1e04da317859 x-openstack-request-id: req-b977e8bb-8a14-431a-8f2b-1e04da317859 {{(pid=103231) _http_log_response /usr/local/lib/python3.8/dist-packages/keystoneauth1/session.py:550}}
Apr 05 22:34:11.317294 dv-cinder-835881-4-smb neutron-server[103231]: DEBUG novaclient.v2.client [-] RESP BODY: {"events": [{"server_uuid": "465b206f-3f52-483c-a770-447ff50f963b", "name": "network-vif-plugged", "status": "completed", "tag": "962dafa6-67eb-4626-814b-6fe4600ccb36", "code": 200}]} {{(pid=103231) _http_log_response /usr/local/lib/python3.8/dist-packages/keystoneauth1/session.py:582}}
Apr 05 22:34:11.317922 dv-cinder-835881-4-smb neutron-server[103231]: DEBUG novaclient.v2.client [-] POST call to compute for http://10.222.0.43/compute/v2.1/os-server-external-events used request id req-b977e8bb-8a14-431a-8f2b-1e04da317859 {{(pid=103231) request /usr/local/lib/python3.8/dist-packages/keystoneauth1/session.py:954}}
Apr 05 22:34:11.318547 dv-cinder-835881-4-smb neutron-server[103231]: INFO neutron.notifiers.nova [-] Nova event matching ['req-b977e8bb-8a14-431a-8f2b-1e04da317859'] response: {'server_uuid': '465b206f-3f52-483c-a770-447ff50f963b', 'name': 'network-vif-plugged', 'status': 'completed', 'tag': '962dafa6-67eb-4626-814b-6fe4600ccb36', 'code': 200}
Apr 05 22:34:11.360450 dv-cinder-835881-4-smb neutron-server[103229]: INFO neutron.wsgi [req-714a6080-8689-481b-a220-819baeece48a req-c472e624-bd0a-4b31-b199-9a03bd42993d service neutron] 10.222.0.44 "GET /v2.0/networks/69f3666c-d270-41ea-a8aa-729dc02e1cda?fields=provider%3Aphysical_network&fields=provider%3Anetwork_type HTTP/1.1" status: 200 len: 281 time: 0.4476118
Apr 05 22:34:11.363577 dv-cinder-835881-4-smb neutron-server[103229]: DEBUG neutron.pecan_wsgi.hooks.policy_enforcement [req-f69c305b-ffce-48b9-b499-412acfde26cf req-d552fa89-ab76-4b99-a7f2-e042a9f98943 service neutron] Attributes excluded by policy engine: ['standard_attr_id'] {{(pid=103229) _exclude_attributes_by_policy /opt/stack/neutron/neutron/pecan_wsgi/hooks/policy_enforcement.py:255}}
Apr 05 22:34:11.369779 dv-cinder-835881-4-smb neutron-server[103229]: INFO neutron.wsgi [req-f69c305b-ffce-48b9-b499-412acfde26cf req-d552fa89-ab76-4b99-a7f2-e042a9f98943 service neutron] 10.222.0.44 "GET /v2.0/ports?network_id=16c5f87e-a006-47ae-947e-1cc8f902a2e8&device_owner=network%3Adhcp HTTP/1.1" status: 200 len: 1210 time: 0.3312163
Apr 05 22:34:11.413503 dv-cinder-835881-4-smb neutron-server[103229]: DEBUG neutron.wsgi [-] (103229) accepted ('10.222.0.43', 47086) {{(pid=103229) server /usr/local/lib/python3.8/dist-packages/eventlet/wsgi.py:1004}}
Apr 05 22:34:11.453562 dv-cinder-835881-4-smb neutron-server[103230]: INFO neutron.wsgi [req-b2db9df8-f76e-4fc8-a5dc-80ffd84d4684 req-e1e1dc91-c9b8-4eb7-9c18-617ba05b0a93 service neutron] 10.222.0.44 "GET /v2.0/networks/b477f809-ad93-4dd7-b680-cb0ad94d0275?fields=segments HTTP/1.1" status: 200 len: 212 time: 0.2366652
Apr 05 22:34:11.498869 dv-cinder-835881-4-smb neutron-server[103229]: DEBUG neutron_lib.callbacks.manager [None req-29b798b1-fcd4-48f8-8d85-a2ed786355a5 admin admin] Publish callbacks [] for security_group (None), before_create {{(pid=103229) _notify_loop /usr/local/lib/python3.8/dist-packages/neutron_lib/callbacks/manager.py:176}}
Apr 05 22:34:11.611866 dv-cinder-835881-4-smb neutron-server[103230]: DEBUG neutron.pecan_wsgi.hooks.policy_enforcement [req-7412980e-20da-4fce-8c07-0128509753b2 req-a78ac2db-d7e3-4c6f-9e92-e81e9b6a9184 tempest-AttachVolumeNegativeTest-551460019 tempest-AttachVolumeNegativeTest-551460019-project] Attributes excluded by policy engine: ['standard_attr_id', 'binding:profile', 'binding:host_id', 'binding:vif_type', 'binding:vif_details'] {{(pid=103230) _exclude_attributes_by_policy /opt/stack/neutron/neutron/pecan_wsgi/hooks/policy_enforcement.py:255}}
Apr 05 22:34:11.613339 dv-cinder-835881-4-smb neutron-server[103230]: INFO neutron.wsgi [req-7412980e-20da-4fce-8c07-0128509753b2 req-a78ac2db-d7e3-4c6f-9e92-e81e9b6a9184 tempest-AttachVolumeNegativeTest-551460019 tempest-AttachVolumeNegativeTest-551460019-project] 10.222.0.43 "GET /v2.0/ports?device_id=465b206f-3f52-483c-a770-447ff50f963b HTTP/1.1" status: 200 len: 945 time: 0.0581350
Apr 05 22:34:11.632508 dv-cinder-835881-4-smb neutron-server[103229]: DEBUG neutron.pecan_wsgi.hooks.policy_enforcement [req-8dbe990b-a49d-47cc-a2d8-32e135405383 req-6a2ff85d-0add-48a8-a2dc-06bce10e519c tempest-DeleteServersTestJSON-446844319 tempest-DeleteServersTestJSON-446844319-project] Attributes excluded by policy engine: ['standard_attr_id', 'binding:profile', 'binding:host_id', 'binding:vif_type', 'binding:vif_details'] {{(pid=103229) _exclude_attributes_by_policy /opt/stack/neutron/neutron/pecan_wsgi/hooks/policy_enforcement.py:255}}
Apr 05 22:34:11.634026 dv-cinder-835881-4-smb neutron-server[103229]: INFO neutron.wsgi [req-8dbe990b-a49d-47cc-a2d8-32e135405383 req-6a2ff85d-0add-48a8-a2dc-06bce10e519c tempest-DeleteServersTestJSON-446844319 tempest-DeleteServersTestJSON-446844319-project] 10.222.0.43 "GET /v2.0/ports?device_id=13fdb76d-2bd1-4255-b99f-b5de3164d22e HTTP/1.1" status: 200 len: 945 time: 0.2415144
Apr 05 22:34:11.641515 dv-cinder-835881-4-smb neutron-server[103229]: INFO neutron.wsgi [req-f69c305b-ffce-48b9-b499-412acfde26cf req-72827f7e-221d-4271-9789-b088528a2e4b service neutron] 10.222.0.44 "GET /v2.0/networks/16c5f87e-a006-47ae-947e-1cc8f902a2e8?fields=segments HTTP/1.1" status: 200 len: 212 time: 0.2647796
Apr 05 22:34:11.677624 dv-cinder-835881-4-smb neutron-server[103229]: DEBUG neutron_lib.callbacks.manager [req-2d0a3517-ad15-4e30-a024-44642a97ad81 req-1621c751-c4d4-4326-b3bf-f5c32c44622c tempest-DeleteServersTestJSON-446844319 tempest-DeleteServersTestJSON-446844319-project] Publish callbacks ['neutron.plugins.ml2.plugin.SecurityGroupServerNotifierRpcMixin._notify_sg_on_port_change-1284345', 'neutron.plugins.ml2.ovo_rpc._ObjectChangeHandler.handle_event-402936', 'neutron.api.rpc.agentnotifiers.dhcp_rpc_agent_api.DhcpAgentNotifyAPI._native_event_send_dhcp_notification-3796382', 'neutron.db.l3_db.L3RpcNotifierMixin._notify_routers_callback-8794853926404', 'neutron.db.l3_dvrscheduler_db._notify_port_delete-8794853383949', 'neutron.services.segments.plugin.NovaSegmentNotifier._notify_port_created_or_deleted-60645550'] for port (41430268-620a-4c92-b8e2-ba2f26bc3b9c), after_delete {{(pid=103229) _notify_loop /usr/local/lib/python3.8/dist-packages/neutron_lib/callbacks/manager.py:176}}
Apr 05 22:34:11.678295 dv-cinder-835881-4-smb neutron-server[103230]: INFO neutron.wsgi [req-7412980e-20da-4fce-8c07-0128509753b2 req-7d624a3e-fbd7-43ae-8946-e577f807bdbb tempest-AttachVolumeNegativeTest-551460019 tempest-AttachVolumeNegativeTest-551460019-project] 10.222.0.43 "GET /v2.0/security-groups?id=9e18f8bb-d0fa-475c-9134-924a9e6df215&fields=id&fields=name HTTP/1.1" status: 200 len: 313 time: 0.0589147
Apr 05 22:34:11.699785 dv-cinder-835881-4-smb neutron-server[103231]: DEBUG neutron.plugins.ml2.db [None req-2c3a0a46-b449-4929-a50e-42ade311ba96 None None] get_ports_and_sgs() called for port_ids ['41430268-620a-4c92-b8e2-ba2f26bc3b9c'] {{(pid=103231) get_ports_and_sgs /opt/stack/neutron/neutron/plugins/ml2/db.py:156}}
Apr 05 22:34:11.736807 dv-cinder-835881-4-smb neutron-server[103229]: DEBUG neutron.api.rpc.handlers.resources_rpc [None req-1621c751-c4d4-4326-b3bf-f5c32c44622c tempest-DeleteServersTestJSON-446844319 tempest-DeleteServersTestJSON-446844319-project] Pushing event deleted for resources: {'Port': ['ID=41430268-620a-4c92-b8e2-ba2f26bc3b9c,revision_number=None']} {{(pid=103229) push /opt/stack/neutron/neutron/api/rpc/handlers/resources_rpc.py:237}}
Apr 05 22:34:11.752606 dv-cinder-835881-4-smb neutron-server[103230]: DEBUG neutron.wsgi [-] (103230) accepted ('10.222.0.43', 47092) {{(pid=103230) server /usr/local/lib/python3.8/dist-packages/eventlet/wsgi.py:1004}}
Apr 05 22:34:11.766414 dv-cinder-835881-4-smb neutron-server[103230]: DEBUG neutron_lib.callbacks.manager [None req-d068cf1c-d482-455d-9a3c-4b2a7e1374a2 admin admin] Publish callbacks [] for security_group (None), before_create {{(pid=103230) _notify_loop /usr/local/lib/python3.8/dist-packages/neutron_lib/callbacks/manager.py:176}}
Apr 05 22:34:11.786867 dv-cinder-835881-4-smb neutron-server[103229]: INFO neutron.wsgi [req-8dbe990b-a49d-47cc-a2d8-32e135405383 req-c28dc9ea-d0ae-4ec6-82c6-1b7c190cd434 tempest-DeleteServersTestJSON-446844319 tempest-DeleteServersTestJSON-446844319-project] 10.222.0.43 "GET /v2.0/security-groups?id=f17e6979-4b0f-4d03-af65-9586b23d4a91&fields=id&fields=name HTTP/1.1" status: 200 len: 286 time: 0.1398644
Apr 05 22:34:11.812842 dv-cinder-835881-4-smb neutron-server[103229]: DEBUG neutron.db.l3_dvrscheduler_db [req-2d0a3517-ad15-4e30-a024-44642a97ad81 req-1621c751-c4d4-4326-b3bf-f5c32c44622c tempest-DeleteServersTestJSON-446844319 tempest-DeleteServersTestJSON-446844319-project] No DVR routers for this DVR port 41430268-620a-4c92-b8e2-ba2f26bc3b9c on host hv-cinder-83588 {{(pid=103229) get_dvr_routers_to_remove /opt/stack/neutron/neutron/db/l3_dvrscheduler_db.py:214}}
Apr 05 22:34:11.821894 dv-cinder-835881-4-smb neutron-server[103229]: DEBUG neutron_lib.callbacks.manager [req-2d0a3517-ad15-4e30-a024-44642a97ad81 req-1621c751-c4d4-4326-b3bf-f5c32c44622c tempest-DeleteServersTestJSON-446844319 tempest-DeleteServersTestJSON-446844319-project] Publish callbacks ['neutron.notifiers.nova.Notifier._send_nova_notification-221576'] for port (None), before_response {{(pid=103229) _notify_loop /usr/local/lib/python3.8/dist-packages/neutron_lib/callbacks/manager.py:176}}
Apr 05 22:34:11.825175 dv-cinder-835881-4-smb neutron-server[103229]: INFO neutron.wsgi [req-2d0a3517-ad15-4e30-a024-44642a97ad81 req-1621c751-c4d4-4326-b3bf-f5c32c44622c tempest-DeleteServersTestJSON-446844319 tempest-DeleteServersTestJSON-446844319-project] 10.222.0.44 "DELETE /v2.0/ports/41430268-620a-4c92-b8e2-ba2f26bc3b9c HTTP/1.1" status: 204 len: 173 time: 2.0250263
Apr 05 22:34:11.825613 dv-cinder-835881-4-smb neutron-server[103229]: DEBUG neutron.notifiers.nova [-] Sending events: [{'server_uuid': '13fdb76d-2bd1-4255-b99f-b5de3164d22e', 'name': 'network-vif-deleted', 'tag': '41430268-620a-4c92-b8e2-ba2f26bc3b9c'}] {{(pid=103229) send_events /opt/stack/neutron/neutron/notifiers/nova.py:271}}
Apr 05 22:34:11.827920 dv-cinder-835881-4-smb neutron-server[103229]: DEBUG novaclient.v2.client [-] REQ: curl -g -i --cacert "/opt/stack/data/ca-bundle.pem" -X POST http://10.222.0.43/compute/v2.1/os-server-external-events -H "Accept: application/json" -H "Content-Type: application/json" -H "User-Agent: python-novaclient" -H "X-Auth-Token: {SHA256}b85a8f4293b62b435e093cbfbc76463a0421dcf23dece6ad58e8b79182acbd32" -H "X-OpenStack-Nova-API-Version: 2.1" -H "X-OpenStack-Request-ID: req-1055c0e1-4e9e-413a-b57b-1d807b4b8d0e" -d '{"events": [{"server_uuid": "13fdb76d-2bd1-4255-b99f-b5de3164d22e", "name": "network-vif-deleted", "tag": "41430268-620a-4c92-b8e2-ba2f26bc3b9c"}]}' {{(pid=103229) _http_log_request /usr/local/lib/python3.8/dist-packages/keystoneauth1/session.py:519}}
Apr 05 22:34:11.832429 dv-cinder-835881-4-smb neutron-server[103229]: DEBUG neutron_lib.callbacks.manager [None req-29b798b1-fcd4-48f8-8d85-a2ed786355a5 admin admin] Publish callbacks [] for security_group (3727161c-041d-41c1-9618-8233bc4ad402), precommit_create {{(pid=103229) _notify_loop /usr/local/lib/python3.8/dist-packages/neutron_lib/callbacks/manager.py:176}}
Apr 05 22:34:11.838065 dv-cinder-835881-4-smb neutron-server[103229]: DEBUG neutron_lib.callbacks.manager [None req-29b798b1-fcd4-48f8-8d85-a2ed786355a5 admin admin] Publish callbacks ['neutron.plugins.ml2.ovo_rpc._ObjectChangeHandler.handle_event-3690982'] for security_group (3727161c-041d-41c1-9618-8233bc4ad402), after_create {{(pid=103229) _notify_loop /usr/local/lib/python3.8/dist-packages/neutron_lib/callbacks/manager.py:176}}
Apr 05 22:34:11.871102 dv-cinder-835881-4-smb neutron-server[103230]: DEBUG neutron_lib.callbacks.manager [None req-d068cf1c-d482-455d-9a3c-4b2a7e1374a2 admin admin] Publish callbacks [] for security_group (d26027f2-c242-4c27-ab42-9cad461838b6), precommit_create {{(pid=103230) _notify_loop /usr/local/lib/python3.8/dist-packages/neutron_lib/callbacks/manager.py:176}}
Apr 05 22:34:11.877318 dv-cinder-835881-4-smb neutron-server[103229]: INFO neutron.wsgi [None req-29b798b1-fcd4-48f8-8d85-a2ed786355a5 admin admin] 10.222.0.43 "GET /v2.0/security-groups?tenant_id=04effac6d53b40c3bf0c87c120abb9fc&name=default HTTP/1.1" status: 200 len: 2996 time: 0.4453385
Apr 05 22:34:11.878990 dv-cinder-835881-4-smb neutron-server[103229]: DEBUG neutron.api.rpc.handlers.resources_rpc [None req-29b798b1-fcd4-48f8-8d85-a2ed786355a5 admin admin] Pushing event updated for resources: {'SecurityGroup': ['ID=3727161c-041d-41c1-9618-8233bc4ad402,revision_number=1']} {{(pid=103229) push /opt/stack/neutron/neutron/api/rpc/handlers/resources_rpc.py:237}}
Apr 05 22:34:11.882457 dv-cinder-835881-4-smb neutron-server[103230]: DEBUG neutron_lib.callbacks.manager [None req-d068cf1c-d482-455d-9a3c-4b2a7e1374a2 admin admin] Publish callbacks ['neutron.plugins.ml2.ovo_rpc._ObjectChangeHandler.handle_event-3690982'] for security_group (d26027f2-c242-4c27-ab42-9cad461838b6), after_create {{(pid=103230) _notify_loop /usr/local/lib/python3.8/dist-packages/neutron_lib/callbacks/manager.py:176}}
Apr 05 22:34:11.882982 dv-cinder-835881-4-smb neutron-server[103229]: DEBUG neutron.wsgi [-] (103229) accepted ('10.222.0.43', 47098) {{(pid=103229) server /usr/local/lib/python3.8/dist-packages/eventlet/wsgi.py:1004}}
Apr 05 22:34:11.901136 dv-cinder-835881-4-smb neutron-server[103229]: DEBUG novaclient.v2.client [-] RESP: [200] Connection: close Content-Length: 183 Content-Type: application/json Date: Tue, 05 Apr 2022 22:34:11 GMT OpenStack-API-Version: compute 2.1 Server: Apache/2.4.41 (Ubuntu) Vary: OpenStack-API-Version,X-OpenStack-Nova-API-Version X-OpenStack-Nova-API-Version: 2.1 x-compute-request-id: req-1675c723-d1d3-44bd-80e4-671069391bc6 x-openstack-request-id: req-1675c723-d1d3-44bd-80e4-671069391bc6 {{(pid=103229) _http_log_response /usr/local/lib/python3.8/dist-packages/keystoneauth1/session.py:550}}
Apr 05 22:34:11.901519 dv-cinder-835881-4-smb neutron-server[103229]: DEBUG novaclient.v2.client [-] RESP BODY: {"events": [{"server_uuid": "13fdb76d-2bd1-4255-b99f-b5de3164d22e", "name": "network-vif-deleted", "tag": "41430268-620a-4c92-b8e2-ba2f26bc3b9c", "status": "completed", "code": 200}]} {{(pid=103229) _http_log_response /usr/local/lib/python3.8/dist-packages/keystoneauth1/session.py:582}}
Apr 05 22:34:11.901755 dv-cinder-835881-4-smb neutron-server[103229]: DEBUG novaclient.v2.client [-] POST call to compute for http://10.222.0.43/compute/v2.1/os-server-external-events used request id req-1675c723-d1d3-44bd-80e4-671069391bc6 {{(pid=103229) request /usr/local/lib/python3.8/dist-packages/keystoneauth1/session.py:954}}
Apr 05 22:34:11.902268 dv-cinder-835881-4-smb neutron-server[103229]: INFO neutron.notifiers.nova [-] Nova event matching ['req-1675c723-d1d3-44bd-80e4-671069391bc6'] response: {'server_uuid': '13fdb76d-2bd1-4255-b99f-b5de3164d22e', 'name': 'network-vif-deleted', 'tag': '41430268-620a-4c92-b8e2-ba2f26bc3b9c', 'status': 'completed', 'code': 200}
Apr 05 22:34:11.908068 dv-cinder-835881-4-smb neutron-server[103230]: DEBUG neutron.api.rpc.handlers.resources_rpc [None req-d068cf1c-d482-455d-9a3c-4b2a7e1374a2 admin admin] Pushing event updated for resources: {'SecurityGroup': ['ID=d26027f2-c242-4c27-ab42-9cad461838b6,revision_number=1']} {{(pid=103230) push /opt/stack/neutron/neutron/api/rpc/handlers/resources_rpc.py:237}}
Apr 05 22:34:11.931259 dv-cinder-835881-4-smb neutron-server[103230]: INFO neutron.wsgi [None req-d068cf1c-d482-455d-9a3c-4b2a7e1374a2 admin admin] 10.222.0.43 "GET /v2.0/security-groups?tenant_id=98ef9ffc7c3e4fcca0b7ad4fde6e4276&name=default HTTP/1.1" status: 200 len: 2996 time: 0.1774931
Apr 05 22:34:11.933571 dv-cinder-835881-4-smb neutron-server[103230]: DEBUG neutron.wsgi [-] (103230) accepted ('10.222.0.43', 47100) {{(pid=103230) server /usr/local/lib/python3.8/dist-packages/eventlet/wsgi.py:1004}}
Apr 05 22:34:11.968365 dv-cinder-835881-4-smb neutron-server[103229]: DEBUG neutron_lib.callbacks.manager [None req-50d21ef2-b280-4e35-b470-e63abd525e0c admin admin] Publish callbacks [] for security_group (3727161c-041d-41c1-9618-8233bc4ad402), before_delete {{(pid=103229) _notify_loop /usr/local/lib/python3.8/dist-packages/neutron_lib/callbacks/manager.py:176}}
Apr 05 22:34:11.979524 dv-cinder-835881-4-smb neutron-server[103230]: DEBUG neutron_lib.callbacks.manager [None req-50e1ae51-ffea-4e55-b0c9-1f052ac88757 admin admin] Publish callbacks [] for security_group (d26027f2-c242-4c27-ab42-9cad461838b6), before_delete {{(pid=103230) _notify_loop /usr/local/lib/python3.8/dist-packages/neutron_lib/callbacks/manager.py:176}}
Apr 05 22:34:12.000825 dv-cinder-835881-4-smb neutron-server[103230]: DEBUG neutron_lib.callbacks.manager [None req-50e1ae51-ffea-4e55-b0c9-1f052ac88757 admin admin] Publish callbacks [] for security_group (d26027f2-c242-4c27-ab42-9cad461838b6), precommit_delete {{(pid=103230) _notify_loop /usr/local/lib/python3.8/dist-packages/neutron_lib/callbacks/manager.py:176}}
Apr 05 22:34:12.002552 dv-cinder-835881-4-smb neutron-server[103229]: DEBUG neutron.pecan_wsgi.hooks.policy_enforcement [req-8ee163eb-5cb9-4bf5-be5f-9ebe242f7cd2 req-e8aee9f9-6921-48fc-9519-c8dac99f73b5 tempest-AttachVolumeShelveTestJSON-1807346836 tempest-AttachVolumeShelveTestJSON-1807346836-project] Attributes excluded by policy engine: ['standard_attr_id', 'binding:profile', 'binding:host_id', 'binding:vif_type', 'binding:vif_details'] {{(pid=103229) _exclude_attributes_by_policy /opt/stack/neutron/neutron/pecan_wsgi/hooks/policy_enforcement.py:255}}
Apr 05 22:34:12.004070 dv-cinder-835881-4-smb neutron-server[103229]: INFO neutron.wsgi [req-8ee163eb-5cb9-4bf5-be5f-9ebe242f7cd2 req-e8aee9f9-6921-48fc-9519-c8dac99f73b5 tempest-AttachVolumeShelveTestJSON-1807346836 tempest-AttachVolumeShelveTestJSON-1807346836-project] 10.222.0.43 "GET /v2.0/ports?device_id=7d54e9ce-5d9f-4ad7-a696-ac6b73103f25 HTTP/1.1" status: 200 len: 943 time: 0.0835352
Apr 05 22:34:12.005937 dv-cinder-835881-4-smb neutron-server[103229]: DEBUG neutron_lib.callbacks.manager [None req-50d21ef2-b280-4e35-b470-e63abd525e0c admin admin] Publish callbacks [] for security_group (3727161c-041d-41c1-9618-8233bc4ad402), precommit_delete {{(pid=103229) _notify_loop /usr/local/lib/python3.8/dist-packages/neutron_lib/callbacks/manager.py:176}}
Apr 05 22:34:12.054238 dv-cinder-835881-4-smb neutron-server[103230]: DEBUG neutron_lib.callbacks.manager [None req-50e1ae51-ffea-4e55-b0c9-1f052ac88757 admin admin] Publish callbacks ['neutron.plugins.ml2.ovo_rpc._ObjectChangeHandler.handle_event-3690982'] for security_group (d26027f2-c242-4c27-ab42-9cad461838b6), after_delete {{(pid=103230) _notify_loop /usr/local/lib/python3.8/dist-packages/neutron_lib/callbacks/manager.py:176}}
Apr 05 22:34:12.056393 dv-cinder-835881-4-smb neutron-server[103230]: DEBUG neutron_lib.callbacks.manager [None req-50e1ae51-ffea-4e55-b0c9-1f052ac88757 admin admin] Publish callbacks [] for security_group (None), before_response {{(pid=103230) _notify_loop /usr/local/lib/python3.8/dist-packages/neutron_lib/callbacks/manager.py:176}}
Apr 05 22:34:12.057541 dv-cinder-835881-4-smb neutron-server[103230]: INFO neutron.wsgi [None req-50e1ae51-ffea-4e55-b0c9-1f052ac88757 admin admin] 10.222.0.43 "DELETE /v2.0/security-groups/d26027f2-c242-4c27-ab42-9cad461838b6 HTTP/1.1" status: 204 len: 168 time: 0.1230536
Apr 05 22:34:12.070171 dv-cinder-835881-4-smb neutron-server[103230]: DEBUG neutron.api.rpc.handlers.resources_rpc [None req-50e1ae51-ffea-4e55-b0c9-1f052ac88757 admin admin] Pushing event deleted for resources: {'SecurityGroup': ['ID=d26027f2-c242-4c27-ab42-9cad461838b6,revision_number=None']} {{(pid=103230) push /opt/stack/neutron/neutron/api/rpc/handlers/resources_rpc.py:237}}
Apr 05 22:34:12.075238 dv-cinder-835881-4-smb neutron-server[103229]: INFO neutron.wsgi [req-8ee163eb-5cb9-4bf5-be5f-9ebe242f7cd2 req-e551ddd2-da02-474b-8c19-54dbb3b27c1d tempest-AttachVolumeShelveTestJSON-1807346836 tempest-AttachVolumeShelveTestJSON-1807346836-project] 10.222.0.43 "GET /v2.0/security-groups?id=d3522f94-3626-42b8-8085-5f37ab828dce&fields=id&fields=name HTTP/1.1" status: 200 len: 313 time: 0.0627379
Apr 05 22:34:12.094922 dv-cinder-835881-4-smb neutron-server[103229]: DEBUG neutron_lib.callbacks.manager [None req-50d21ef2-b280-4e35-b470-e63abd525e0c admin admin] Publish callbacks ['neutron.plugins.ml2.ovo_rpc._ObjectChangeHandler.handle_event-3690982'] for security_group (3727161c-041d-41c1-9618-8233bc4ad402), after_delete {{(pid=103229) _notify_loop /usr/local/lib/python3.8/dist-packages/neutron_lib/callbacks/manager.py:176}}
Apr 05 22:34:12.098417 dv-cinder-835881-4-smb neutron-server[103229]: DEBUG neutron_lib.callbacks.manager [None req-50d21ef2-b280-4e35-b470-e63abd525e0c admin admin] Publish callbacks [] for security_group (None), before_response {{(pid=103229) _notify_loop /usr/local/lib/python3.8/dist-packages/neutron_lib/callbacks/manager.py:176}}
Apr 05 22:34:12.099834 dv-cinder-835881-4-smb neutron-server[103229]: INFO neutron.wsgi [None req-50d21ef2-b280-4e35-b470-e63abd525e0c admin admin] 10.222.0.43 "DELETE /v2.0/security-groups/3727161c-041d-41c1-9618-8233bc4ad402 HTTP/1.1" status: 204 len: 168 time: 0.2164428
Apr 05 22:34:12.109205 dv-cinder-835881-4-smb neutron-server[103229]: DEBUG neutron.api.rpc.handlers.resources_rpc [None req-50d21ef2-b280-4e35-b470-e63abd525e0c admin admin] Pushing event deleted for resources: {'SecurityGroup': ['ID=3727161c-041d-41c1-9618-8233bc4ad402,revision_number=None']} {{(pid=103229) push /opt/stack/neutron/neutron/api/rpc/handlers/resources_rpc.py:237}}
Apr 05 22:34:12.296318 dv-cinder-835881-4-smb neutron-server[103230]: INFO neutron.wsgi [req-b2db9df8-f76e-4fc8-a5dc-80ffd84d4684 req-f24f6b3f-e03f-44e7-a62a-d9b31a6a343c service neutron] 10.222.0.44 "GET /v2.0/networks/b477f809-ad93-4dd7-b680-cb0ad94d0275?fields=provider%3Aphysical_network&fields=provider%3Anetwork_type HTTP/1.1" status: 200 len: 281 time: 0.1097503
Apr 05 22:34:12.388261 dv-cinder-835881-4-smb neutron-server[103229]: DEBUG neutron.pecan_wsgi.hooks.policy_enforcement [req-89eeb177-6264-4f61-bd01-438f82d9483e req-5f97499c-8dba-4c6e-bd09-3b5641f110c5 service neutron] Attributes excluded by policy engine: ['standard_attr_id'] {{(pid=103229) _exclude_attributes_by_policy /opt/stack/neutron/neutron/pecan_wsgi/hooks/policy_enforcement.py:255}}
Apr 05 22:34:12.389829 dv-cinder-835881-4-smb neutron-server[103229]: INFO neutron.wsgi [req-89eeb177-6264-4f61-bd01-438f82d9483e req-5f97499c-8dba-4c6e-bd09-3b5641f110c5 service neutron] 10.222.0.44 "GET /v2.0/ports?device_id=465b206f-3f52-483c-a770-447ff50f963b HTTP/1.1" status: 200 len: 1129 time: 0.1687927
Apr 05 22:34:12.398000 dv-cinder-835881-4-smb neutron-server[103229]: DEBUG neutron.pecan_wsgi.hooks.policy_enforcement [req-589abe08-c91d-4792-bc23-aacfe9c8c68d req-52a67c0a-844f-4497-b46c-2c4dc23e9ec9 service neutron] Attributes excluded by policy engine: ['standard_attr_id'] {{(pid=103229) _exclude_attributes_by_policy /opt/stack/neutron/neutron/pecan_wsgi/hooks/policy_enforcement.py:255}}
Apr 05 22:34:12.399717 dv-cinder-835881-4-smb neutron-server[103229]: INFO neutron.wsgi [req-589abe08-c91d-4792-bc23-aacfe9c8c68d req-52a67c0a-844f-4497-b46c-2c4dc23e9ec9 service neutron] 10.222.0.44 "GET /v2.0/ports?tenant_id=43f09bda1b5e41a8aa735af9fd0cc1c9&device_id=7d54e9ce-5d9f-4ad7-a696-ac6b73103f25 HTTP/1.1" status: 200 len: 1127 time: 0.1773791
Apr 05 22:34:12.429502 dv-cinder-835881-4-smb neutron-server[103230]: DEBUG neutron.pecan_wsgi.hooks.policy_enforcement [req-36112833-19e8-4c5b-a87c-a138d07a97d5 req-c1d132b8-6f42-48f3-8279-897a5a731d02 tempest-AttachVolumeTestJSON-1189580096 tempest-AttachVolumeTestJSON-1189580096-project] Attributes excluded by policy engine: ['standard_attr_id', 'binding:profile', 'binding:host_id', 'binding:vif_type', 'binding:vif_details'] {{(pid=103230) _exclude_attributes_by_policy /opt/stack/neutron/neutron/pecan_wsgi/hooks/policy_enforcement.py:255}}
Apr 05 22:34:12.431757 dv-cinder-835881-4-smb neutron-server[103230]: INFO neutron.wsgi [req-36112833-19e8-4c5b-a87c-a138d07a97d5 req-c1d132b8-6f42-48f3-8279-897a5a731d02 tempest-AttachVolumeTestJSON-1189580096 tempest-AttachVolumeTestJSON-1189580096-project] 10.222.0.43 "GET /v2.0/ports?device_id=fb79322b-471f-43c5-acd4-d36480b55844 HTTP/1.1" status: 200 len: 943 time: 0.0889556
Apr 05 22:34:12.439260 dv-cinder-835881-4-smb neutron-server[103229]: INFO neutron.wsgi [req-f69c305b-ffce-48b9-b499-412acfde26cf req-06ef6afc-6327-4e57-aaf0-d538969d15fa service neutron] 10.222.0.44 "GET /v2.0/networks/16c5f87e-a006-47ae-947e-1cc8f902a2e8?fields=provider%3Aphysical_network&fields=provider%3Anetwork_type HTTP/1.1" status: 200 len: 281 time: 0.2524939
Apr 05 22:34:12.530589 dv-cinder-835881-4-smb neutron-server[103229]: INFO neutron.wsgi [req-89eeb177-6264-4f61-bd01-438f82d9483e req-009ce61b-3c18-4882-bd82-3ae496a393c5 service neutron] 10.222.0.44 "GET /v2.0/security-groups?id=9e18f8bb-d0fa-475c-9134-924a9e6df215&fields=id&fields=name HTTP/1.1" status: 200 len: 313 time: 0.1298668
Apr 05 22:34:12.568643 dv-cinder-835881-4-smb neutron-server[103230]: INFO neutron.wsgi [req-36112833-19e8-4c5b-a87c-a138d07a97d5 req-9b2e4d94-2ea5-47e7-9dc5-00c7b22ffd7a tempest-AttachVolumeTestJSON-1189580096 tempest-AttachVolumeTestJSON-1189580096-project] 10.222.0.43 "GET /v2.0/security-groups?id=0142f7c4-2127-4a87-8e48-d552d23d10cf&fields=id&fields=name HTTP/1.1" status: 200 len: 313 time: 0.1297429
Apr 05 22:34:12.574690 dv-cinder-835881-4-smb neutron-server[103229]: DEBUG neutron.pecan_wsgi.hooks.policy_enforcement [req-c0e68431-d35a-4881-98dd-f377deded29f req-46d58bf6-e7a7-4394-8ed2-72e89ee78238 tempest-ServerRescueNegativeTestJSON-1379053563 tempest-ServerRescueNegativeTestJSON-1379053563-project] Attributes excluded by policy engine: ['standard_attr_id', 'binding:profile', 'binding:host_id', 'binding:vif_type', 'binding:vif_details'] {{(pid=103229) _exclude_attributes_by_policy /opt/stack/neutron/neutron/pecan_wsgi/hooks/policy_enforcement.py:255}}
Apr 05 22:34:12.576363 dv-cinder-835881-4-smb neutron-server[103229]: INFO neutron.wsgi [req-c0e68431-d35a-4881-98dd-f377deded29f req-46d58bf6-e7a7-4394-8ed2-72e89ee78238 tempest-ServerRescueNegativeTestJSON-1379053563 tempest-ServerRescueNegativeTestJSON-1379053563-project] 10.222.0.43 "GET /v2.0/ports?device_id=d13bb387-668e-46a5-a602-d148e0125257 HTTP/1.1" status: 200 len: 945 time: 0.1592274
Apr 05 22:34:12.668614 dv-cinder-835881-4-smb neutron-server[103229]: DEBUG neutron.pecan_wsgi.hooks.policy_enforcement [req-589abe08-c91d-4792-bc23-aacfe9c8c68d req-eabdafce-5d8f-456f-ad49-6f81afb3b9e3 service neutron] Attributes excluded by policy engine: ['standard_attr_id', 'vlan_transparent'] {{(pid=103229) _exclude_attributes_by_policy /opt/stack/neutron/neutron/pecan_wsgi/hooks/policy_enforcement.py:255}}
Apr 05 22:34:12.670087 dv-cinder-835881-4-smb neutron-server[103229]: INFO neutron.wsgi [req-589abe08-c91d-4792-bc23-aacfe9c8c68d req-eabdafce-5d8f-456f-ad49-6f81afb3b9e3 service neutron] 10.222.0.44 "GET /v2.0/networks?id=69f3666c-d270-41ea-a8aa-729dc02e1cda HTTP/1.1" status: 200 len: 918 time: 0.1944637
Apr 05 22:34:12.679890 dv-cinder-835881-4-smb neutron-server[103229]: INFO neutron.wsgi [req-c0e68431-d35a-4881-98dd-f377deded29f req-f119040d-d51d-4627-be89-29b0b4cd763f tempest-ServerRescueNegativeTestJSON-1379053563 tempest-ServerRescueNegativeTestJSON-1379053563-project] 10.222.0.43 "GET /v2.0/security-groups?id=109d60bd-1ffc-49eb-8015-af7f0cf959b3&fields=id&fields=name HTTP/1.1" status: 200 len: 286 time: 0.0881042
