Apr 05 22:37:21.018914 dv-cinder-835881-4-iscsi neutron-server[103469]: DEBUG neutron.plugins.ml2.drivers.mech_agent [req-c226e358-0fed-40b2-bf81-312fec5c8b85 req-d982b558-ccf2-4fcb-b6fb-5cd778a6a031 service neutron] Attempting to bind port 907261c3-a522-4e82-b795-3ad09c92eb14 on network 2745cec7-a148-4762-a4f4-09b14f6d3b74 {{(pid=103469) bind_port /opt/stack/neutron/neutron/plugins/ml2/drivers/mech_agent.py:91}}
Apr 05 22:37:21.027137 dv-cinder-835881-4-iscsi neutron-server[103469]: DEBUG neutron.plugins.ml2.drivers.mech_agent [req-c226e358-0fed-40b2-bf81-312fec5c8b85 req-d982b558-ccf2-4fcb-b6fb-5cd778a6a031 service neutron] Port 907261c3-a522-4e82-b795-3ad09c92eb14 on network 2745cec7-a148-4762-a4f4-09b14f6d3b74 not bound, no agent of type Open vSwitch agent registered on host hv-cinder-83588 {{(pid=103469) bind_port /opt/stack/neutron/neutron/plugins/ml2/drivers/mech_agent.py:103}}
Apr 05 22:37:21.027471 dv-cinder-835881-4-iscsi neutron-server[103469]: DEBUG neutron.plugins.ml2.drivers.mech_agent [req-c226e358-0fed-40b2-bf81-312fec5c8b85 req-d982b558-ccf2-4fcb-b6fb-5cd778a6a031 service neutron] Attempting to bind port 907261c3-a522-4e82-b795-3ad09c92eb14 on network 2745cec7-a148-4762-a4f4-09b14f6d3b74 {{(pid=103469) bind_port /opt/stack/neutron/neutron/plugins/ml2/drivers/mech_agent.py:91}}
Apr 05 22:37:21.036099 dv-cinder-835881-4-iscsi neutron-server[103469]: DEBUG neutron.plugins.ml2.drivers.mech_agent [req-c226e358-0fed-40b2-bf81-312fec5c8b85 req-d982b558-ccf2-4fcb-b6fb-5cd778a6a031 service neutron] Checking agent: {'id': '021dfe4d-8109-4136-9367-dac606dce553', 'agent_type': 'HyperV agent', 'binary': 'neutron-hyperv-agent', 'topic': 'N/A', 'host': 'hv-cinder-83588', 'admin_state_up': True, 'created_at': datetime.datetime(2022, 4, 5, 22, 34, 28), 'started_at': datetime.datetime(2022, 4, 5, 22, 34, 28), 'heartbeat_timestamp': datetime.datetime(2022, 4, 5, 22, 36, 58), 'description': None, 'resources_synced': None, 'availability_zone': None, 'alive': True, 'configurations': {'vswitch_mappings': {'physnet1$': 'br-data'}}, 'resource_versions': {}} {{(pid=103469) bind_port /opt/stack/neutron/neutron/plugins/ml2/drivers/mech_agent.py:110}}
Apr 05 22:37:21.036442 dv-cinder-835881-4-iscsi neutron-server[103469]: DEBUG neutron.plugins.ml2.drivers.mech_agent [req-c226e358-0fed-40b2-bf81-312fec5c8b85 req-d982b558-ccf2-4fcb-b6fb-5cd778a6a031 service neutron] Checking segment: {'id': '7d65933d-36de-4f1d-ae48-24ad40f63257', 'network_type': 'vlan', 'physical_network': 'physnet1', 'segmentation_id': 547, 'network_id': '2745cec7-a148-4762-a4f4-09b14f6d3b74'} for mappings: {'physnet1$': 'br-data'} with network types: ['local', 'flat', 'vlan'] {{(pid=103469) check_segment_for_agent /opt/stack/neutron/neutron/plugins/ml2/drivers/mech_agent.py:373}}
Apr 05 22:37:21.036825 dv-cinder-835881-4-iscsi neutron-server[103469]: DEBUG neutron.plugins.ml2.drivers.mech_agent [req-c226e358-0fed-40b2-bf81-312fec5c8b85 req-d982b558-ccf2-4fcb-b6fb-5cd778a6a031 service neutron] Bound using segment: {'id': '7d65933d-36de-4f1d-ae48-24ad40f63257', 'network_type': 'vlan', 'physical_network': 'physnet1', 'segmentation_id': 547, 'network_id': '2745cec7-a148-4762-a4f4-09b14f6d3b74'} {{(pid=103469) bind_port /opt/stack/neutron/neutron/plugins/ml2/drivers/mech_agent.py:120}}
Apr 05 22:37:21.041788 dv-cinder-835881-4-iscsi neutron-server[103469]: DEBUG neutron.plugins.ml2.managers [req-c226e358-0fed-40b2-bf81-312fec5c8b85 req-d982b558-ccf2-4fcb-b6fb-5cd778a6a031 service neutron] Bound port: 907261c3-a522-4e82-b795-3ad09c92eb14, host: hv-cinder-83588, vif_type: hyperv, vif_details: {"connectivity": "legacy", "port_filter": false}, binding_levels: [{'bound_driver': 'hyperv', 'bound_segment': {'id': '7d65933d-36de-4f1d-ae48-24ad40f63257', 'network_type': 'vlan', 'physical_network': 'physnet1', 'segmentation_id': 547, 'network_id': '2745cec7-a148-4762-a4f4-09b14f6d3b74'}}] {{(pid=103469) _bind_port_level /opt/stack/neutron/neutron/plugins/ml2/managers.py:932}}
Apr 05 22:37:21.041788 dv-cinder-835881-4-iscsi neutron-server[103469]: DEBUG neutron_lib.callbacks.manager [req-c226e358-0fed-40b2-bf81-312fec5c8b85 req-d982b558-ccf2-4fcb-b6fb-5cd778a6a031 service neutron] Publish callbacks ['neutron.plugins.ml2.plugin.SecurityGroupDbMixin._ensure_default_security_group_handler-3521706'] for port (907261c3-a522-4e82-b795-3ad09c92eb14), before_update {{(pid=103469) _notify_loop /usr/local/lib/python3.8/dist-packages/neutron_lib/callbacks/manager.py:176}}
Apr 05 22:37:21.070820 dv-cinder-835881-4-iscsi neutron-server[103469]: DEBUG neutron_lib.callbacks.manager [None req-8368416b-5f31-4a11-8089-f3c8d26129b5 admin admin] Publish callbacks [] for security_group (2d92d8ea-c8b2-4f12-81bc-1c3b3fb0922a), before_delete {{(pid=103469) _notify_loop /usr/local/lib/python3.8/dist-packages/neutron_lib/callbacks/manager.py:176}}
Apr 05 22:37:21.159253 dv-cinder-835881-4-iscsi neutron-server[103469]: DEBUG neutron_lib.callbacks.manager [None req-8368416b-5f31-4a11-8089-f3c8d26129b5 admin admin] Publish callbacks [] for security_group (2d92d8ea-c8b2-4f12-81bc-1c3b3fb0922a), precommit_delete {{(pid=103469) _notify_loop /usr/local/lib/python3.8/dist-packages/neutron_lib/callbacks/manager.py:176}}
Apr 05 22:37:21.234148 dv-cinder-835881-4-iscsi neutron-server[103469]: DEBUG neutron.pecan_wsgi.hooks.policy_enforcement [req-b92b5b8d-9306-40ec-b50a-29d6ebabdd5f req-65d07a2c-2015-47e5-ae71-5d68d51276a9 tempest-AttachVolumeShelveTestJSON-1578121992 tempest-AttachVolumeShelveTestJSON-1578121992-project] Attributes excluded by policy engine: ['standard_attr_id', 'binding:profile', 'binding:host_id', 'binding:vif_type', 'binding:vif_details'] {{(pid=103469) _exclude_attributes_by_policy /opt/stack/neutron/neutron/pecan_wsgi/hooks/policy_enforcement.py:255}}
Apr 05 22:37:21.235757 dv-cinder-835881-4-iscsi neutron-server[103469]: INFO neutron.wsgi [req-b92b5b8d-9306-40ec-b50a-29d6ebabdd5f req-65d07a2c-2015-47e5-ae71-5d68d51276a9 tempest-AttachVolumeShelveTestJSON-1578121992 tempest-AttachVolumeShelveTestJSON-1578121992-project] 10.222.0.45 "GET /v2.0/ports?device_id=6820dc5a-0cc6-456b-baca-3e881565a705 HTTP/1.1" status: 200 len: 943 time: 0.1821918
Apr 05 22:37:21.236974 dv-cinder-835881-4-iscsi neutron-server[103469]: DEBUG neutron.plugins.ml2.db [req-c226e358-0fed-40b2-bf81-312fec5c8b85 req-d982b558-ccf2-4fcb-b6fb-5cd778a6a031 service neutron] For port 907261c3-a522-4e82-b795-3ad09c92eb14, host hv-cinder-83588, cleared binding levels {{(pid=103469) clear_binding_levels /opt/stack/neutron/neutron/plugins/ml2/db.py:87}}
Apr 05 22:37:21.261899 dv-cinder-835881-4-iscsi neutron-server[103469]: DEBUG neutron.plugins.ml2.db [req-c226e358-0fed-40b2-bf81-312fec5c8b85 req-d982b558-ccf2-4fcb-b6fb-5cd778a6a031 service neutron] For port 907261c3-a522-4e82-b795-3ad09c92eb14, host hv-cinder-83588, set binding levels [PortBindingLevel(driver='hyperv',host='hv-cinder-83588',level=0,port_id=907261c3-a522-4e82-b795-3ad09c92eb14,segment=NetworkSegment(7d65933d-36de-4f1d-ae48-24ad40f63257),segment_id=7d65933d-36de-4f1d-ae48-24ad40f63257)] {{(pid=103469) set_binding_levels /opt/stack/neutron/neutron/plugins/ml2/db.py:59}}
Apr 05 22:37:21.282398 dv-cinder-835881-4-iscsi neutron-server[103469]: DEBUG neutron_lib.callbacks.manager [req-c226e358-0fed-40b2-bf81-312fec5c8b85 req-d982b558-ccf2-4fcb-b6fb-5cd778a6a031 service neutron] Publish callbacks ['neutron.plugins.ml2.plugin.SecurityGroupServerNotifierRpcMixin._notify_sg_on_port_change-3521641', 'neutron.plugins.ml2.ovo_rpc._ObjectChangeHandler.handle_event-191736', 'neutron.api.rpc.agentnotifiers.dhcp_rpc_agent_api.DhcpAgentNotifyAPI._native_event_send_dhcp_notification-3645321', 'neutron.db.l3_db.L3RpcNotifierMixin._notify_gateway_port_ip_changed-8757100670998', 'neutron.db.l3_dvrscheduler_db._notify_l3_agent_port_update-8757100095766', 'neutron.db.l3_hascheduler_db._notify_l3_agent_ha_port_update-8757100095784'] for port (907261c3-a522-4e82-b795-3ad09c92eb14), after_update {{(pid=103469) _notify_loop /usr/local/lib/python3.8/dist-packages/neutron_lib/callbacks/manager.py:176}}
Apr 05 22:37:21.303981 dv-cinder-835881-4-iscsi neutron-server[103470]: DEBUG neutron.plugins.ml2.rpc [None req-b69426c5-7399-4545-9666-fa0306fd58eb None None] Device 8f2e24f9-cd41-4e0f-b54f-daaf60034ee2 up at agent hyperv_hv-cinder-83588 {{(pid=103470) update_device_up /opt/stack/neutron/neutron/plugins/ml2/rpc.py:296}}
Apr 05 22:37:21.367158 dv-cinder-835881-4-iscsi neutron-server[103470]: DEBUG neutron.db.provisioning_blocks [None req-b69426c5-7399-4545-9666-fa0306fd58eb None None] Provisioning for port 8f2e24f9-cd41-4e0f-b54f-daaf60034ee2 completed by entity L2. {{(pid=103470) provisioning_complete /opt/stack/neutron/neutron/db/provisioning_blocks.py:134}}
Apr 05 22:37:21.372255 dv-cinder-835881-4-iscsi neutron-server[103469]: DEBUG neutron.pecan_wsgi.hooks.policy_enforcement [req-c226e358-0fed-40b2-bf81-312fec5c8b85 req-d982b558-ccf2-4fcb-b6fb-5cd778a6a031 service neutron] Attributes excluded by policy engine: ['standard_attr_id'] {{(pid=103469) _exclude_attributes_by_policy /opt/stack/neutron/neutron/pecan_wsgi/hooks/policy_enforcement.py:255}}
Apr 05 22:37:21.372890 dv-cinder-835881-4-iscsi neutron-server[103469]: DEBUG neutron_lib.callbacks.manager [req-c226e358-0fed-40b2-bf81-312fec5c8b85 req-d982b558-ccf2-4fcb-b6fb-5cd778a6a031 service neutron] Publish callbacks ['neutron.notifiers.nova.Notifier._send_nova_notification-241551', 'neutron.api.rpc.agentnotifiers.dhcp_rpc_agent_api.DhcpAgentNotifyAPI._send_dhcp_notification-3644259'] for port (None), before_response {{(pid=103469) _notify_loop /usr/local/lib/python3.8/dist-packages/neutron_lib/callbacks/manager.py:176}}
Apr 05 22:37:21.373794 dv-cinder-835881-4-iscsi neutron-server[103470]: DEBUG neutron.db.provisioning_blocks [None req-b69426c5-7399-4545-9666-fa0306fd58eb None None] Provisioning complete for port 8f2e24f9-cd41-4e0f-b54f-daaf60034ee2 triggered by entity L2. {{(pid=103470) provisioning_complete /opt/stack/neutron/neutron/db/provisioning_blocks.py:140}}
Apr 05 22:37:21.374316 dv-cinder-835881-4-iscsi neutron-server[103469]: INFO neutron.wsgi [req-c226e358-0fed-40b2-bf81-312fec5c8b85 req-d982b558-ccf2-4fcb-b6fb-5cd778a6a031 service neutron] 10.222.0.13 "PUT /v2.0/ports/907261c3-a522-4e82-b795-3ad09c92eb14 HTTP/1.1" status: 200 len: 1093 time: 1.0771697
Apr 05 22:37:21.374991 dv-cinder-835881-4-iscsi neutron-server[103470]: DEBUG neutron_lib.callbacks.manager [None req-b69426c5-7399-4545-9666-fa0306fd58eb None None] Publish callbacks ['neutron.plugins.ml2.plugin.Ml2Plugin._port_provisioned-3445995'] for port (8f2e24f9-cd41-4e0f-b54f-daaf60034ee2), provisioning_complete {{(pid=103470) _notify_loop /usr/local/lib/python3.8/dist-packages/neutron_lib/callbacks/manager.py:176}}
Apr 05 22:37:21.375702 dv-cinder-835881-4-iscsi neutron-server[103469]: DEBUG neutron.notifiers.nova [-] Sending events: [{'name': 'network-changed', 'server_uuid': '2b131113-42a0-4ca4-b479-32a584e4d546', 'tag': '907261c3-a522-4e82-b795-3ad09c92eb14'}] {{(pid=103469) send_events /opt/stack/neutron/neutron/notifiers/nova.py:271}}
Apr 05 22:37:21.378503 dv-cinder-835881-4-iscsi neutron-server[103469]: DEBUG novaclient.v2.client [-] REQ: curl -g -i --cacert "/opt/stack/data/ca-bundle.pem" -X POST http://10.222.0.45/compute/v2.1/os-server-external-events -H "Accept: application/json" -H "Content-Type: application/json" -H "User-Agent: python-novaclient" -H "X-Auth-Token: {SHA256}1f386ba26b1031f5495d5bdef0d2c98b5b567df56bfe60a1d1e0dd7c3f719aed" -H "X-OpenStack-Nova-API-Version: 2.1" -H "X-OpenStack-Request-ID: req-8e25244e-5705-4791-b310-1ee42394570f" -d '{"events": [{"name": "network-changed", "server_uuid": "2b131113-42a0-4ca4-b479-32a584e4d546", "tag": "907261c3-a522-4e82-b795-3ad09c92eb14"}]}' {{(pid=103469) _http_log_request /usr/local/lib/python3.8/dist-packages/keystoneauth1/session.py:519}}
Apr 05 22:37:21.385696 dv-cinder-835881-4-iscsi neutron-server[103469]: DEBUG neutron_lib.callbacks.manager [None req-8368416b-5f31-4a11-8089-f3c8d26129b5 admin admin] Publish callbacks ['neutron.plugins.ml2.ovo_rpc._ObjectChangeHandler.handle_event-586231'] for security_group (2d92d8ea-c8b2-4f12-81bc-1c3b3fb0922a), after_delete {{(pid=103469) _notify_loop /usr/local/lib/python3.8/dist-packages/neutron_lib/callbacks/manager.py:176}}
Apr 05 22:37:21.388274 dv-cinder-835881-4-iscsi neutron-server[103469]: DEBUG neutron_lib.callbacks.manager [None req-8368416b-5f31-4a11-8089-f3c8d26129b5 admin admin] Publish callbacks [] for security_group (None), before_response {{(pid=103469) _notify_loop /usr/local/lib/python3.8/dist-packages/neutron_lib/callbacks/manager.py:176}}
Apr 05 22:37:21.391885 dv-cinder-835881-4-iscsi neutron-server[103469]: INFO neutron.wsgi [None req-8368416b-5f31-4a11-8089-f3c8d26129b5 admin admin] 10.222.0.45 "DELETE /v2.0/security-groups/2d92d8ea-c8b2-4f12-81bc-1c3b3fb0922a HTTP/1.1" status: 204 len: 168 time: 0.4762290
Apr 05 22:37:21.407161 dv-cinder-835881-4-iscsi neutron-server[103469]: INFO neutron.wsgi [req-b92b5b8d-9306-40ec-b50a-29d6ebabdd5f req-395253b9-db91-474f-8b73-554c2e92e1ed tempest-AttachVolumeShelveTestJSON-1578121992 tempest-AttachVolumeShelveTestJSON-1578121992-project] 10.222.0.45 "GET /v2.0/security-groups?id=e1aa5cb5-c86c-402b-ac89-6187ad731a78&fields=id&fields=name HTTP/1.1" status: 200 len: 312 time: 0.1577971
Apr 05 22:37:21.431256 dv-cinder-835881-4-iscsi neutron-server[103469]: DEBUG neutron.api.rpc.handlers.resources_rpc [None req-8368416b-5f31-4a11-8089-f3c8d26129b5 admin admin] Pushing event deleted for resources: {'SecurityGroup': ['ID=2d92d8ea-c8b2-4f12-81bc-1c3b3fb0922a,revision_number=None']} {{(pid=103469) push /opt/stack/neutron/neutron/api/rpc/handlers/resources_rpc.py:237}}
Apr 05 22:37:21.441051 dv-cinder-835881-4-iscsi neutron-server[103469]: DEBUG neutron.api.rpc.handlers.resources_rpc [None req-d982b558-ccf2-4fcb-b6fb-5cd778a6a031 service neutron] Pushing event updated for resources: {'Port': ['ID=907261c3-a522-4e82-b795-3ad09c92eb14,revision_number=3']} {{(pid=103469) push /opt/stack/neutron/neutron/api/rpc/handlers/resources_rpc.py:237}}
Apr 05 22:37:21.458165 dv-cinder-835881-4-iscsi neutron-server[103469]: DEBUG neutron.pecan_wsgi.hooks.policy_enforcement [req-41acb215-65d9-48ae-9b5a-5978fe72b4c3 req-8561216a-5a42-4ce7-85ff-a88818414825 tempest-DeleteServersTestJSON-118619630 tempest-DeleteServersTestJSON-118619630-project] Attributes excluded by policy engine: ['standard_attr_id', 'binding:profile', 'binding:host_id', 'binding:vif_type', 'binding:vif_details'] {{(pid=103469) _exclude_attributes_by_policy /opt/stack/neutron/neutron/pecan_wsgi/hooks/policy_enforcement.py:255}}
Apr 05 22:37:21.459806 dv-cinder-835881-4-iscsi neutron-server[103469]: INFO neutron.wsgi [req-41acb215-65d9-48ae-9b5a-5978fe72b4c3 req-8561216a-5a42-4ce7-85ff-a88818414825 tempest-DeleteServersTestJSON-118619630 tempest-DeleteServersTestJSON-118619630-project] 10.222.0.45 "GET /v2.0/ports?device_id=17db4106-ccc6-406b-8b93-aae11beb2e78 HTTP/1.1" status: 200 len: 946 time: 0.1818056
Apr 05 22:37:21.545401 dv-cinder-835881-4-iscsi neutron-server[103469]: INFO neutron.wsgi [req-41acb215-65d9-48ae-9b5a-5978fe72b4c3 req-758b7b19-6cb9-435e-be23-dc656e27dc79 tempest-DeleteServersTestJSON-118619630 tempest-DeleteServersTestJSON-118619630-project] 10.222.0.45 "GET /v2.0/security-groups?id=e84a0f4d-0a07-40b0-a81d-4381c766cfe4&fields=id&fields=name HTTP/1.1" status: 200 len: 286 time: 0.0721917
Apr 05 22:37:21.643208 dv-cinder-835881-4-iscsi neutron-server[103470]: DEBUG neutron.plugins.ml2.plugin [None req-b69426c5-7399-4545-9666-fa0306fd58eb None None] Current status of the port 8f2e24f9-cd41-4e0f-b54f-daaf60034ee2 is: BUILD; New status is: ACTIVE {{(pid=103470) _update_individual_port_db_status /opt/stack/neutron/neutron/plugins/ml2/plugin.py:2256}}
Apr 05 22:37:21.643883 dv-cinder-835881-4-iscsi neutron-server[103470]: DEBUG neutron_lib.callbacks.manager [None req-b69426c5-7399-4545-9666-fa0306fd58eb None None] Publish callbacks ['neutron.plugins.ml2.plugin.SecurityGroupDbMixin._ensure_default_security_group_handler-3521706'] for port (8f2e24f9-cd41-4e0f-b54f-daaf60034ee2), before_update {{(pid=103470) _notify_loop /usr/local/lib/python3.8/dist-packages/neutron_lib/callbacks/manager.py:176}}
Apr 05 22:37:21.669052 dv-cinder-835881-4-iscsi neutron-server[103469]: DEBUG novaclient.v2.client [-] RESP: [200] Connection: close Content-Length: 179 Content-Type: application/json Date: Tue, 05 Apr 2022 22:37:21 GMT OpenStack-API-Version: compute 2.1 Server: Apache/2.4.41 (Ubuntu) Vary: OpenStack-API-Version,X-OpenStack-Nova-API-Version X-OpenStack-Nova-API-Version: 2.1 x-compute-request-id: req-50255949-85be-4570-b637-7cd4007760ad x-openstack-request-id: req-50255949-85be-4570-b637-7cd4007760ad {{(pid=103469) _http_log_response /usr/local/lib/python3.8/dist-packages/keystoneauth1/session.py:550}}
Apr 05 22:37:21.669346 dv-cinder-835881-4-iscsi neutron-server[103469]: DEBUG novaclient.v2.client [-] RESP BODY: {"events": [{"name": "network-changed", "server_uuid": "2b131113-42a0-4ca4-b479-32a584e4d546", "tag": "907261c3-a522-4e82-b795-3ad09c92eb14", "status": "completed", "code": 200}]} {{(pid=103469) _http_log_response /usr/local/lib/python3.8/dist-packages/keystoneauth1/session.py:582}}
Apr 05 22:37:21.669636 dv-cinder-835881-4-iscsi neutron-server[103469]: DEBUG novaclient.v2.client [-] POST call to compute for http://10.222.0.45/compute/v2.1/os-server-external-events used request id req-50255949-85be-4570-b637-7cd4007760ad {{(pid=103469) request /usr/local/lib/python3.8/dist-packages/keystoneauth1/session.py:954}}
Apr 05 22:37:21.670041 dv-cinder-835881-4-iscsi neutron-server[103469]: INFO neutron.notifiers.nova [-] Nova event matching ['req-50255949-85be-4570-b637-7cd4007760ad'] response: {'name': 'network-changed', 'server_uuid': '2b131113-42a0-4ca4-b479-32a584e4d546', 'tag': '907261c3-a522-4e82-b795-3ad09c92eb14', 'status': 'completed', 'code': 200}
Apr 05 22:37:21.694466 dv-cinder-835881-4-iscsi neutron-server[103470]: DEBUG neutron.plugins.ml2.db [None req-b69426c5-7399-4545-9666-fa0306fd58eb None None] For port 8f2e24f9-cd41-4e0f-b54f-daaf60034ee2, host hv-cinder-83588, got binding levels [PortBindingLevel(driver='hyperv',host='hv-cinder-83588',level=0,port_id=8f2e24f9-cd41-4e0f-b54f-daaf60034ee2,segment=NetworkSegment(2ad51623-cf08-45c6-9c7b-ddd46cc31ce5),segment_id=2ad51623-cf08-45c6-9c7b-ddd46cc31ce5)] {{(pid=103470) get_binding_level_objs /opt/stack/neutron/neutron/plugins/ml2/db.py:74}}
Apr 05 22:37:21.695403 dv-cinder-835881-4-iscsi neutron-server[103470]: DEBUG neutron.notifiers.nova [-] Sending events: [{'server_uuid': '7ad9422c-6b70-44fc-aecd-53b2ef3f7c03', 'name': 'network-vif-plugged', 'status': 'completed', 'tag': '8f2e24f9-cd41-4e0f-b54f-daaf60034ee2'}] {{(pid=103470) send_events /opt/stack/neutron/neutron/notifiers/nova.py:271}}
Apr 05 22:37:21.714446 dv-cinder-835881-4-iscsi neutron-server[103470]: DEBUG novaclient.v2.client [-] REQ: curl -g -i --cacert "/opt/stack/data/ca-bundle.pem" -X POST http://10.222.0.45/compute/v2.1/os-server-external-events -H "Accept: application/json" -H "Content-Type: application/json" -H "User-Agent: python-novaclient" -H "X-Auth-Token: {SHA256}5eeae28b1739aff28e9ac2b05a29cddcf15b93cc3fe96f2ce32a289e1b5713d3" -H "X-OpenStack-Nova-API-Version: 2.1" -H "X-OpenStack-Request-ID: req-73beed5c-a0d2-4dbb-b9cf-10dc880e9ad9" -d '{"events": [{"server_uuid": "7ad9422c-6b70-44fc-aecd-53b2ef3f7c03", "name": "network-vif-plugged", "status": "completed", "tag": "8f2e24f9-cd41-4e0f-b54f-daaf60034ee2"}]}' {{(pid=103470) _http_log_request /usr/local/lib/python3.8/dist-packages/keystoneauth1/session.py:519}}
Apr 05 22:37:21.724079 dv-cinder-835881-4-iscsi neutron-server[103470]: DEBUG neutron_lib.callbacks.manager [None req-b69426c5-7399-4545-9666-fa0306fd58eb None None] Publish callbacks ['neutron.plugins.ml2.plugin.SecurityGroupServerNotifierRpcMixin._notify_sg_on_port_change-3521641', 'neutron.plugins.ml2.ovo_rpc._ObjectChangeHandler.handle_event-191736', 'neutron.api.rpc.agentnotifiers.dhcp_rpc_agent_api.DhcpAgentNotifyAPI._native_event_send_dhcp_notification-3645321', 'neutron.db.l3_db.L3RpcNotifierMixin._notify_gateway_port_ip_changed-8757100670998', 'neutron.db.l3_dvrscheduler_db._notify_l3_agent_port_update-8757100095766', 'neutron.db.l3_hascheduler_db._notify_l3_agent_ha_port_update-8757100095784'] for port (8f2e24f9-cd41-4e0f-b54f-daaf60034ee2), after_update {{(pid=103470) _notify_loop /usr/local/lib/python3.8/dist-packages/neutron_lib/callbacks/manager.py:176}}
Apr 05 22:37:21.783530 dv-cinder-835881-4-iscsi neutron-server[103470]: DEBUG novaclient.v2.client [-] RESP: [200] Connection: close Content-Length: 183 Content-Type: application/json Date: Tue, 05 Apr 2022 22:37:21 GMT OpenStack-API-Version: compute 2.1 Server: Apache/2.4.41 (Ubuntu) Vary: OpenStack-API-Version,X-OpenStack-Nova-API-Version X-OpenStack-Nova-API-Version: 2.1 x-compute-request-id: req-fdbacf12-6f07-49ab-a5e1-c3105b4f83fe x-openstack-request-id: req-fdbacf12-6f07-49ab-a5e1-c3105b4f83fe {{(pid=103470) _http_log_response /usr/local/lib/python3.8/dist-packages/keystoneauth1/session.py:550}}
Apr 05 22:37:21.784110 dv-cinder-835881-4-iscsi neutron-server[103470]: DEBUG novaclient.v2.client [-] RESP BODY: {"events": [{"server_uuid": "7ad9422c-6b70-44fc-aecd-53b2ef3f7c03", "name": "network-vif-plugged", "status": "completed", "tag": "8f2e24f9-cd41-4e0f-b54f-daaf60034ee2", "code": 200}]} {{(pid=103470) _http_log_response /usr/local/lib/python3.8/dist-packages/keystoneauth1/session.py:582}}
Apr 05 22:37:21.784584 dv-cinder-835881-4-iscsi neutron-server[103470]: DEBUG novaclient.v2.client [-] POST call to compute for http://10.222.0.45/compute/v2.1/os-server-external-events used request id req-fdbacf12-6f07-49ab-a5e1-c3105b4f83fe {{(pid=103470) request /usr/local/lib/python3.8/dist-packages/keystoneauth1/session.py:954}}
Apr 05 22:37:21.785182 dv-cinder-835881-4-iscsi neutron-server[103470]: INFO neutron.notifiers.nova [-] Nova event matching ['req-fdbacf12-6f07-49ab-a5e1-c3105b4f83fe'] response: {'server_uuid': '7ad9422c-6b70-44fc-aecd-53b2ef3f7c03', 'name': 'network-vif-plugged', 'status': 'completed', 'tag': '8f2e24f9-cd41-4e0f-b54f-daaf60034ee2', 'code': 200}
Apr 05 22:37:21.786923 dv-cinder-835881-4-iscsi neutron-server[103469]: DEBUG neutron.pecan_wsgi.hooks.policy_enforcement [req-ab647996-7d4e-480a-9574-9649e9395a0a req-f71af38d-cdc8-485b-afb1-6a9b05d0ce95 tempest-ServerRescueNegativeTestJSON-1103755978 tempest-ServerRescueNegativeTestJSON-1103755978-project] Attributes excluded by policy engine: ['standard_attr_id', 'binding:profile', 'binding:host_id', 'binding:vif_type', 'binding:vif_details'] {{(pid=103469) _exclude_attributes_by_policy /opt/stack/neutron/neutron/pecan_wsgi/hooks/policy_enforcement.py:255}}
Apr 05 22:37:21.794752 dv-cinder-835881-4-iscsi neutron-server[103469]: INFO neutron.wsgi [req-ab647996-7d4e-480a-9574-9649e9395a0a req-f71af38d-cdc8-485b-afb1-6a9b05d0ce95 tempest-ServerRescueNegativeTestJSON-1103755978 tempest-ServerRescueNegativeTestJSON-1103755978-project] 10.222.0.45 "GET /v2.0/ports?device_id=7ad9422c-6b70-44fc-aecd-53b2ef3f7c03 HTTP/1.1" status: 200 len: 944 time: 0.1417720
Apr 05 22:37:21.827958 dv-cinder-835881-4-iscsi neutron-server[103470]: DEBUG neutron.api.rpc.handlers.resources_rpc [None req-b69426c5-7399-4545-9666-fa0306fd58eb None None] Pushing event updated for resources: {'Port': ['ID=8f2e24f9-cd41-4e0f-b54f-daaf60034ee2,revision_number=5']} {{(pid=103470) push /opt/stack/neutron/neutron/api/rpc/handlers/resources_rpc.py:237}}
Apr 05 22:37:21.875117 dv-cinder-835881-4-iscsi neutron-server[103469]: INFO neutron.wsgi [req-ab647996-7d4e-480a-9574-9649e9395a0a req-716c51bf-ed76-4365-912e-0dd0140da33a tempest-ServerRescueNegativeTestJSON-1103755978 tempest-ServerRescueNegativeTestJSON-1103755978-project] 10.222.0.45 "GET /v2.0/security-groups?id=1090c8a0-dded-4251-9319-be49edf8a402&fields=id&fields=name HTTP/1.1" status: 200 len: 286 time: 0.0697651
Apr 05 22:37:21.993028 dv-cinder-835881-4-iscsi neutron-server[103469]: DEBUG neutron.pecan_wsgi.hooks.policy_enforcement [req-e3b273b8-7915-4933-b0c7-4b4a2ccfda1a req-df5f151f-f50e-4b91-8cc8-2aa2b0bff08a tempest-AttachVolumeNegativeTest-608981041 tempest-AttachVolumeNegativeTest-608981041-project] Attributes excluded by policy engine: ['standard_attr_id', 'binding:profile', 'binding:host_id', 'binding:vif_type', 'binding:vif_details'] {{(pid=103469) _exclude_attributes_by_policy /opt/stack/neutron/neutron/pecan_wsgi/hooks/policy_enforcement.py:255}}
Apr 05 22:37:21.995097 dv-cinder-835881-4-iscsi neutron-server[103469]: INFO neutron.wsgi [req-e3b273b8-7915-4933-b0c7-4b4a2ccfda1a req-df5f151f-f50e-4b91-8cc8-2aa2b0bff08a tempest-AttachVolumeNegativeTest-608981041 tempest-AttachVolumeNegativeTest-608981041-project] 10.222.0.45 "GET /v2.0/ports?device_id=2b131113-42a0-4ca4-b479-32a584e4d546 HTTP/1.1" status: 200 len: 943 time: 0.0603554
Apr 05 22:37:22.012020 dv-cinder-835881-4-iscsi neutron-server[103468]: DEBUG neutron.wsgi [-] (103468) accepted ('10.222.0.45', 37674) {{(pid=103468) server /usr/local/lib/python3.8/dist-packages/eventlet/wsgi.py:1004}}
Apr 05 22:37:22.026838 dv-cinder-835881-4-iscsi neutron-server[103468]: DEBUG neutron_lib.callbacks.manager [None req-9b174d34-6332-4472-990b-a2547bb80094 admin admin] Publish callbacks [] for security_group (None), before_create {{(pid=103468) _notify_loop /usr/local/lib/python3.8/dist-packages/neutron_lib/callbacks/manager.py:176}}
Apr 05 22:37:22.063255 dv-cinder-835881-4-iscsi neutron-server[103469]: INFO neutron.wsgi [req-e3b273b8-7915-4933-b0c7-4b4a2ccfda1a req-f767e285-4477-4714-a2bd-55e6fc945f0d tempest-AttachVolumeNegativeTest-608981041 tempest-AttachVolumeNegativeTest-608981041-project] 10.222.0.45 "GET /v2.0/security-groups?id=43367de8-51cb-4b15-9f75-fdf4a25935b7&fields=id&fields=name HTTP/1.1" status: 200 len: 312 time: 0.0616436
Apr 05 22:37:22.127789 dv-cinder-835881-4-iscsi neutron-server[103468]: DEBUG neutron_lib.callbacks.manager [None req-9b174d34-6332-4472-990b-a2547bb80094 admin admin] Publish callbacks [] for security_group (6b637384-0f1c-4277-8ce4-511cfb0ac385), precommit_create {{(pid=103468) _notify_loop /usr/local/lib/python3.8/dist-packages/neutron_lib/callbacks/manager.py:176}}
Apr 05 22:37:22.131155 dv-cinder-835881-4-iscsi neutron-server[103468]: DEBUG neutron_lib.callbacks.manager [None req-9b174d34-6332-4472-990b-a2547bb80094 admin admin] Publish callbacks ['neutron.plugins.ml2.ovo_rpc._ObjectChangeHandler.handle_event-586231'] for security_group (6b637384-0f1c-4277-8ce4-511cfb0ac385), after_create {{(pid=103468) _notify_loop /usr/local/lib/python3.8/dist-packages/neutron_lib/callbacks/manager.py:176}}
Apr 05 22:37:22.176382 dv-cinder-835881-4-iscsi neutron-server[103468]: INFO neutron.wsgi [None req-9b174d34-6332-4472-990b-a2547bb80094 admin admin] 10.222.0.45 "GET /v2.0/security-groups?tenant_id=199e5e663fb3409eb50b53babe716e47&name=default HTTP/1.1" status: 200 len: 2996 time: 0.1599798
Apr 05 22:37:22.176865 dv-cinder-835881-4-iscsi neutron-server[103469]: DEBUG neutron.wsgi [-] (103469) accepted ('10.222.0.45', 37680) {{(pid=103469) server /usr/local/lib/python3.8/dist-packages/eventlet/wsgi.py:1004}}
Apr 05 22:37:22.177657 dv-cinder-835881-4-iscsi neutron-server[103468]: DEBUG neutron.api.rpc.handlers.resources_rpc [None req-9b174d34-6332-4472-990b-a2547bb80094 admin admin] Pushing event updated for resources: {'SecurityGroup': ['ID=6b637384-0f1c-4277-8ce4-511cfb0ac385,revision_number=1']} {{(pid=103468) push /opt/stack/neutron/neutron/api/rpc/handlers/resources_rpc.py:237}}
Apr 05 22:37:22.226651 dv-cinder-835881-4-iscsi neutron-server[103469]: DEBUG neutron_lib.callbacks.manager [None req-958718f5-018b-4257-b29e-7be55b338866 admin admin] Publish callbacks [] for security_group (6b637384-0f1c-4277-8ce4-511cfb0ac385), before_delete {{(pid=103469) _notify_loop /usr/local/lib/python3.8/dist-packages/neutron_lib/callbacks/manager.py:176}}
Apr 05 22:37:22.248559 dv-cinder-835881-4-iscsi neutron-server[103469]: DEBUG neutron_lib.callbacks.manager [None req-958718f5-018b-4257-b29e-7be55b338866 admin admin] Publish callbacks [] for security_group (6b637384-0f1c-4277-8ce4-511cfb0ac385), precommit_delete {{(pid=103469) _notify_loop /usr/local/lib/python3.8/dist-packages/neutron_lib/callbacks/manager.py:176}}
Apr 05 22:37:22.303494 dv-cinder-835881-4-iscsi neutron-server[103469]: DEBUG neutron_lib.callbacks.manager [None req-958718f5-018b-4257-b29e-7be55b338866 admin admin] Publish callbacks ['neutron.plugins.ml2.ovo_rpc._ObjectChangeHandler.handle_event-586231'] for security_group (6b637384-0f1c-4277-8ce4-511cfb0ac385), after_delete {{(pid=103469) _notify_loop /usr/local/lib/python3.8/dist-packages/neutron_lib/callbacks/manager.py:176}}
Apr 05 22:37:22.306863 dv-cinder-835881-4-iscsi neutron-server[103469]: DEBUG neutron_lib.callbacks.manager [None req-958718f5-018b-4257-b29e-7be55b338866 admin admin] Publish callbacks [] for security_group (None), before_response {{(pid=103469) _notify_loop /usr/local/lib/python3.8/dist-packages/neutron_lib/callbacks/manager.py:176}}
Apr 05 22:37:22.308835 dv-cinder-835881-4-iscsi neutron-server[103469]: INFO neutron.wsgi [None req-958718f5-018b-4257-b29e-7be55b338866 admin admin] 10.222.0.45 "DELETE /v2.0/security-groups/6b637384-0f1c-4277-8ce4-511cfb0ac385 HTTP/1.1" status: 204 len: 168 time: 0.1305218
Apr 05 22:37:22.324759 dv-cinder-835881-4-iscsi neutron-server[103469]: DEBUG neutron.api.rpc.handlers.resources_rpc [None req-958718f5-018b-4257-b29e-7be55b338866 admin admin] Pushing event deleted for resources: {'SecurityGroup': ['ID=6b637384-0f1c-4277-8ce4-511cfb0ac385,revision_number=None']} {{(pid=103469) push /opt/stack/neutron/neutron/api/rpc/handlers/resources_rpc.py:237}}
Apr 05 22:37:22.591074 dv-cinder-835881-4-iscsi neutron-server[103469]: DEBUG neutron.pecan_wsgi.hooks.policy_enforcement [req-84cdc136-d387-451e-bfb3-d33c278d6012 req-5b8dbac8-b97d-4aa2-b2e5-06c7ac73de26 tempest-AttachVolumeShelveTestJSON-1578121992 tempest-AttachVolumeShelveTestJSON-1578121992-project] Attributes excluded by policy engine: ['standard_attr_id', 'binding:profile', 'binding:host_id', 'binding:vif_type', 'binding:vif_details'] {{(pid=103469) _exclude_attributes_by_policy /opt/stack/neutron/neutron/pecan_wsgi/hooks/policy_enforcement.py:255}}
Apr 05 22:37:22.598325 dv-cinder-835881-4-iscsi neutron-server[103469]: INFO neutron.wsgi [req-84cdc136-d387-451e-bfb3-d33c278d6012 req-5b8dbac8-b97d-4aa2-b2e5-06c7ac73de26 tempest-AttachVolumeShelveTestJSON-1578121992 tempest-AttachVolumeShelveTestJSON-1578121992-project] 10.222.0.45 "GET /v2.0/ports?device_id=6820dc5a-0cc6-456b-baca-3e881565a705 HTTP/1.1" status: 200 len: 943 time: 0.0625372
Apr 05 22:37:22.653952 dv-cinder-835881-4-iscsi neutron-server[103469]: INFO neutron.wsgi [req-84cdc136-d387-451e-bfb3-d33c278d6012 req-18304dba-743a-4322-8b68-c4a2d228cbc7 tempest-AttachVolumeShelveTestJSON-1578121992 tempest-AttachVolumeShelveTestJSON-1578121992-project] 10.222.0.45 "GET /v2.0/security-groups?id=e1aa5cb5-c86c-402b-ac89-6187ad731a78&fields=id&fields=name HTTP/1.1" status: 200 len: 312 time: 0.0522211
Apr 05 22:37:22.780353 dv-cinder-835881-4-iscsi neutron-server[103468]: DEBUG neutron.pecan_wsgi.hooks.policy_enforcement [req-184497f5-a27e-4cd5-a609-02fe8dac23a9 req-819cd0cd-d1d6-40a1-8a8f-fadda16ceb48 service neutron] Attributes excluded by policy engine: ['standard_attr_id'] {{(pid=103468) _exclude_attributes_by_policy /opt/stack/neutron/neutron/pecan_wsgi/hooks/policy_enforcement.py:255}}
Apr 05 22:37:22.783268 dv-cinder-835881-4-iscsi neutron-server[103468]: INFO neutron.wsgi [req-184497f5-a27e-4cd5-a609-02fe8dac23a9 req-819cd0cd-d1d6-40a1-8a8f-fadda16ceb48 service neutron] 10.222.0.13 "GET /v2.0/ports?tenant_id=aad57955e58648ad8aedc12ef0c854bd&device_id=6820dc5a-0cc6-456b-baca-3e881565a705 HTTP/1.1" status: 200 len: 1127 time: 0.1052527
Apr 05 22:37:22.853995 dv-cinder-835881-4-iscsi neutron-server[103469]: DEBUG neutron.pecan_wsgi.hooks.policy_enforcement [req-8e25244e-5705-4791-b310-1ee42394570f req-ca400260-c56f-4584-9001-3e2019b91d54 service neutron] Attributes excluded by policy engine: ['standard_attr_id'] {{(pid=103469) _exclude_attributes_by_policy /opt/stack/neutron/neutron/pecan_wsgi/hooks/policy_enforcement.py:255}}
Apr 05 22:37:22.855500 dv-cinder-835881-4-iscsi neutron-server[103469]: INFO neutron.wsgi [req-8e25244e-5705-4791-b310-1ee42394570f req-ca400260-c56f-4584-9001-3e2019b91d54 service neutron] 10.222.0.13 "GET /v2.0/ports?tenant_id=e718bf4373f64b3f9ec542b95b3e4d7b&device_id=2b131113-42a0-4ca4-b479-32a584e4d546 HTTP/1.1" status: 200 len: 1127 time: 0.1311245
Apr 05 22:37:22.882227 dv-cinder-835881-4-iscsi neutron-server[103469]: DEBUG neutron.pecan_wsgi.hooks.policy_enforcement [req-b6d2657a-a746-4b4a-8ed9-c00099411735 req-7a193eaa-6eee-4eb2-adee-c160ce1f8274 tempest-DeleteServersTestJSON-118619630 tempest-DeleteServersTestJSON-118619630-project] Attributes excluded by policy engine: ['standard_attr_id', 'binding:profile', 'binding:host_id', 'binding:vif_type', 'binding:vif_details'] {{(pid=103469) _exclude_attributes_by_policy /opt/stack/neutron/neutron/pecan_wsgi/hooks/policy_enforcement.py:255}}
Apr 05 22:37:22.893067 dv-cinder-835881-4-iscsi neutron-server[103469]: INFO neutron.wsgi [req-b6d2657a-a746-4b4a-8ed9-c00099411735 req-7a193eaa-6eee-4eb2-adee-c160ce1f8274 tempest-DeleteServersTestJSON-118619630 tempest-DeleteServersTestJSON-118619630-project] 10.222.0.45 "GET /v2.0/ports?device_id=17db4106-ccc6-406b-8b93-aae11beb2e78 HTTP/1.1" status: 200 len: 946 time: 0.2224648
Apr 05 22:37:22.950619 dv-cinder-835881-4-iscsi neutron-server[103468]: DEBUG neutron.pecan_wsgi.hooks.policy_enforcement [req-184497f5-a27e-4cd5-a609-02fe8dac23a9 req-d1baea92-6363-4020-936e-b45357bad738 service neutron] Attributes excluded by policy engine: ['standard_attr_id', 'vlan_transparent'] {{(pid=103468) _exclude_attributes_by_policy /opt/stack/neutron/neutron/pecan_wsgi/hooks/policy_enforcement.py:255}}
Apr 05 22:37:22.952234 dv-cinder-835881-4-iscsi neutron-server[103468]: INFO neutron.wsgi [req-184497f5-a27e-4cd5-a609-02fe8dac23a9 req-d1baea92-6363-4020-936e-b45357bad738 service neutron] 10.222.0.13 "GET /v2.0/networks?tenant_id=aad57955e58648ad8aedc12ef0c854bd&shared=False HTTP/1.1" status: 200 len: 917 time: 0.1611850
Apr 05 22:37:23.170349 dv-cinder-835881-4-iscsi neutron-server[103468]: DEBUG neutron.pecan_wsgi.hooks.policy_enforcement [req-184497f5-a27e-4cd5-a609-02fe8dac23a9 req-c65b6c2c-e02a-47b7-8216-88905591ba44 service neutron] Attributes excluded by policy engine: ['standard_attr_id', 'vlan_transparent'] {{(pid=103468) _exclude_attributes_by_policy /opt/stack/neutron/neutron/pecan_wsgi/hooks/policy_enforcement.py:255}}
Apr 05 22:37:23.172022 dv-cinder-835881-4-iscsi neutron-server[103468]: INFO neutron.wsgi [req-184497f5-a27e-4cd5-a609-02fe8dac23a9 req-c65b6c2c-e02a-47b7-8216-88905591ba44 service neutron] 10.222.0.13 "GET /v2.0/networks?shared=True HTTP/1.1" status: 200 len: 870 time: 0.2133856
Apr 05 22:37:23.175718 dv-cinder-835881-4-iscsi neutron-server[103468]: DEBUG neutron.pecan_wsgi.hooks.policy_enforcement [req-17720287-1342-454f-8173-d84af49927e8 req-8ec3a2f8-b1c2-45ee-9089-66d994f70c76 service neutron] Attributes excluded by policy engine: ['standard_attr_id'] {{(pid=103468) _exclude_attributes_by_policy /opt/stack/neutron/neutron/pecan_wsgi/hooks/policy_enforcement.py:255}}
Apr 05 22:37:23.183247 dv-cinder-835881-4-iscsi neutron-server[103469]: INFO neutron.wsgi [req-b6d2657a-a746-4b4a-8ed9-c00099411735 req-fa0d0dda-523f-4fce-856c-93688d0bc764 tempest-DeleteServersTestJSON-118619630 tempest-DeleteServersTestJSON-118619630-project] 10.222.0.45 "GET /v2.0/security-groups?id=e84a0f4d-0a07-40b0-a81d-4381c766cfe4&fields=id&fields=name HTTP/1.1" status: 200 len: 286 time: 0.2888858
Apr 05 22:37:23.194330 dv-cinder-835881-4-iscsi neutron-server[103468]: INFO neutron.wsgi [req-17720287-1342-454f-8173-d84af49927e8 req-8ec3a2f8-b1c2-45ee-9089-66d994f70c76 service neutron] 10.222.0.13 "GET /v2.0/ports?device_id=7ad9422c-6b70-44fc-aecd-53b2ef3f7c03 HTTP/1.1" status: 200 len: 1129 time: 0.1306505
Apr 05 22:37:23.224022 dv-cinder-835881-4-iscsi neutron-server[103468]: DEBUG neutron_lib.callbacks.manager [req-17720287-1342-454f-8173-d84af49927e8 req-a4d09236-ff2c-40d6-85ca-e81570c9d0c8 service neutron] Publish callbacks [] for security_group (None), before_create {{(pid=103468) _notify_loop /usr/local/lib/python3.8/dist-packages/neutron_lib/callbacks/manager.py:176}}
Apr 05 22:37:23.278557 dv-cinder-835881-4-iscsi neutron-server[103469]: DEBUG neutron.pecan_wsgi.hooks.policy_enforcement [req-8e25244e-5705-4791-b310-1ee42394570f req-455084e5-c5a0-4937-ad23-b31a5286eedf service neutron] Attributes excluded by policy engine: ['standard_attr_id', 'vlan_transparent'] {{(pid=103469) _exclude_attributes_by_policy /opt/stack/neutron/neutron/pecan_wsgi/hooks/policy_enforcement.py:255}}
Apr 05 22:37:23.280997 dv-cinder-835881-4-iscsi neutron-server[103469]: INFO neutron.wsgi [req-8e25244e-5705-4791-b310-1ee42394570f req-455084e5-c5a0-4937-ad23-b31a5286eedf service neutron] 10.222.0.13 "GET /v2.0/networks?tenant_id=e718bf4373f64b3f9ec542b95b3e4d7b&shared=False HTTP/1.1" status: 200 len: 915 time: 0.4060659
Apr 05 22:37:23.285682 dv-cinder-835881-4-iscsi neutron-server[103469]: DEBUG neutron.pecan_wsgi.hooks.policy_enforcement [req-46e3e864-917d-4f08-8fc2-881d94bca401 req-6891389a-22bf-481a-845d-489b83d87462 service neutron] Attributes excluded by policy engine: ['standard_attr_id'] {{(pid=103469) _exclude_attributes_by_policy /opt/stack/neutron/neutron/pecan_wsgi/hooks/policy_enforcement.py:255}}
Apr 05 22:37:23.287437 dv-cinder-835881-4-iscsi neutron-server[103469]: INFO neutron.wsgi [req-46e3e864-917d-4f08-8fc2-881d94bca401 req-6891389a-22bf-481a-845d-489b83d87462 service neutron] 10.222.0.13 "GET /v2.0/ports?device_id=17db4106-ccc6-406b-8b93-aae11beb2e78 HTTP/1.1" status: 200 len: 1130 time: 0.2462020
Apr 05 22:37:23.297640 dv-cinder-835881-4-iscsi neutron-server[103469]: DEBUG neutron.pecan_wsgi.hooks.policy_enforcement [req-5c4f31d9-af50-4cb6-a6dd-b2e0c2cf63b7 req-263720e6-7b77-4fa2-a572-774090c61cf7 tempest-ServerRescueNegativeTestJSON-1103755978 tempest-ServerRescueNegativeTestJSON-1103755978-project] Attributes excluded by policy engine: ['standard_attr_id', 'binding:profile', 'binding:host_id', 'binding:vif_type', 'binding:vif_details'] {{(pid=103469) _exclude_attributes_by_policy /opt/stack/neutron/neutron/pecan_wsgi/hooks/policy_enforcement.py:255}}
Apr 05 22:37:23.298634 dv-cinder-835881-4-iscsi neutron-server[103469]: INFO neutron.wsgi [req-5c4f31d9-af50-4cb6-a6dd-b2e0c2cf63b7 req-263720e6-7b77-4fa2-a572-774090c61cf7 tempest-ServerRescueNegativeTestJSON-1103755978 tempest-ServerRescueNegativeTestJSON-1103755978-project] 10.222.0.45 "GET /v2.0/ports?device_id=7ad9422c-6b70-44fc-aecd-53b2ef3f7c03 HTTP/1.1" status: 200 len: 945 time: 0.2563267
Apr 05 22:37:23.354641 dv-cinder-835881-4-iscsi neutron-server[103468]: DEBUG neutron.pecan_wsgi.hooks.policy_enforcement [req-b715d3af-f044-449a-9d2b-a1527d0aed2e req-37bc9b85-fb9a-410b-8dcd-097c2a408602 service neutron] Attributes excluded by policy engine: ['standard_attr_id'] {{(pid=103468) _exclude_attributes_by_policy /opt/stack/neutron/neutron/pecan_wsgi/hooks/policy_enforcement.py:255}}
Apr 05 22:37:23.356471 dv-cinder-835881-4-iscsi neutron-server[103468]: INFO neutron.wsgi [req-b715d3af-f044-449a-9d2b-a1527d0aed2e req-37bc9b85-fb9a-410b-8dcd-097c2a408602 service neutron] 10.222.0.13 "GET /v2.0/ports?tenant_id=aad57955e58648ad8aedc12ef0c854bd&device_id=6820dc5a-0cc6-456b-baca-3e881565a705 HTTP/1.1" status: 200 len: 1127 time: 0.1174538
Apr 05 22:37:23.420118 dv-cinder-835881-4-iscsi neutron-server[103468]: INFO neutron.wsgi [req-b715d3af-f044-449a-9d2b-a1527d0aed2e req-219124bc-026b-404e-b363-56118c327c7d service neutron] 10.222.0.13 "GET /v2.0/floatingips?fixed_ip_address=172.20.0.7&port_id=38882e06-411a-4d93-b05b-c8508e6f9776 HTTP/1.1" status: 200 len: 217 time: 0.0510128
Apr 05 22:37:23.425149 dv-cinder-835881-4-iscsi neutron-server[103469]: DEBUG neutron_lib.callbacks.manager [req-46e3e864-917d-4f08-8fc2-881d94bca401 req-87028f3d-a31e-428a-8525-6c89c90efa41 service neutron] Publish callbacks [] for security_group (None), before_create {{(pid=103469) _notify_loop /usr/local/lib/python3.8/dist-packages/neutron_lib/callbacks/manager.py:176}}
Apr 05 22:37:23.428869 dv-cinder-835881-4-iscsi neutron-server[103469]: DEBUG neutron.pecan_wsgi.hooks.policy_enforcement [req-8e25244e-5705-4791-b310-1ee42394570f req-da4bf5a5-2fb0-4967-a0ba-0adc28d452c9 service neutron] Attributes excluded by policy engine: ['standard_attr_id', 'vlan_transparent'] {{(pid=103469) _exclude_attributes_by_policy /opt/stack/neutron/neutron/pecan_wsgi/hooks/policy_enforcement.py:255}}
Apr 05 22:37:23.431157 dv-cinder-835881-4-iscsi neutron-server[103469]: INFO neutron.wsgi [req-8e25244e-5705-4791-b310-1ee42394570f req-da4bf5a5-2fb0-4967-a0ba-0adc28d452c9 service neutron] 10.222.0.13 "GET /v2.0/networks?shared=True HTTP/1.1" status: 200 len: 870 time: 0.1125283
Apr 05 22:37:23.493823 dv-cinder-835881-4-iscsi neutron-server[103468]: DEBUG neutron_lib.callbacks.manager [req-17720287-1342-454f-8173-d84af49927e8 req-a4d09236-ff2c-40d6-85ca-e81570c9d0c8 service neutron] Publish callbacks [] for security_group (f31b2a3d-b8af-4890-bd57-9eef0af2e30b), precommit_create {{(pid=103468) _notify_loop /usr/local/lib/python3.8/dist-packages/neutron_lib/callbacks/manager.py:176}}
Apr 05 22:37:23.495818 dv-cinder-835881-4-iscsi neutron-server[103468]: DEBUG neutron.pecan_wsgi.hooks.policy_enforcement [req-b715d3af-f044-449a-9d2b-a1527d0aed2e req-b6000cce-9140-4a90-aff5-5bf79eedf647 service neutron] Attributes excluded by policy engine: ['standard_attr_id', 'shared'] {{(pid=103468) _exclude_attributes_by_policy /opt/stack/neutron/neutron/pecan_wsgi/hooks/policy_enforcement.py:255}}
Apr 05 22:37:23.497462 dv-cinder-835881-4-iscsi neutron-server[103468]: INFO neutron.wsgi [req-b715d3af-f044-449a-9d2b-a1527d0aed2e req-b6000cce-9140-4a90-aff5-5bf79eedf647 service neutron] 10.222.0.13 "GET /v2.0/subnets?id=e210eb77-c8b4-4c67-a300-bbb8691b7d32 HTTP/1.1" status: 200 len: 855 time: 0.0703208
Apr 05 22:37:23.517925 dv-cinder-835881-4-iscsi neutron-server[103468]: DEBUG neutron_lib.callbacks.manager [req-17720287-1342-454f-8173-d84af49927e8 req-a4d09236-ff2c-40d6-85ca-e81570c9d0c8 service neutron] Publish callbacks ['neutron.plugins.ml2.ovo_rpc._ObjectChangeHandler.handle_event-586231'] for security_group (f31b2a3d-b8af-4890-bd57-9eef0af2e30b), after_create {{(pid=103468) _notify_loop /usr/local/lib/python3.8/dist-packages/neutron_lib/callbacks/manager.py:176}}
Apr 05 22:37:23.617204 dv-cinder-835881-4-iscsi neutron-server[103469]: DEBUG neutron_lib.db.api [req-46e3e864-917d-4f08-8fc2-881d94bca401 req-87028f3d-a31e-428a-8525-6c89c90efa41 service neutron] Retry wrapper got retriable exception: Failed to create a duplicate DefaultSecurityGroup: for attribute(s) ['default_security_group.PRIMARY'] with value(s) 123865d43eef4fd18ef4546d2e912fe3 {{(pid=103469) wrapped /usr/local/lib/python3.8/dist-packages/neutron_lib/db/api.py:183}}
Apr 05 22:37:23.617204 dv-cinder-835881-4-iscsi neutron-server[103469]: DEBUG oslo_db.api [req-46e3e864-917d-4f08-8fc2-881d94bca401 req-87028f3d-a31e-428a-8525-6c89c90efa41 service neutron] Performing DB retry for function neutron.db.securitygroups_db.SecurityGroupDbMixin.create_security_group {{(pid=103469) wrapper /usr/local/lib/python3.8/dist-packages/oslo_db/api.py:155}}
Apr 05 22:37:23.624995 dv-cinder-835881-4-iscsi neutron-server[103469]: INFO neutron.wsgi [req-5c4f31d9-af50-4cb6-a6dd-b2e0c2cf63b7 req-8c965a86-e7fc-4c99-962d-a44d9d4b9e29 tempest-ServerRescueNegativeTestJSON-1103755978 tempest-ServerRescueNegativeTestJSON-1103755978-project] 10.222.0.45 "GET /v2.0/security-groups?id=1090c8a0-dded-4251-9319-be49edf8a402&fields=id&fields=name HTTP/1.1" status: 200 len: 286 time: 0.1928723
Apr 05 22:37:23.625964 dv-cinder-835881-4-iscsi neutron-server[103468]: DEBUG neutron.api.rpc.handlers.resources_rpc [None req-a4d09236-ff2c-40d6-85ca-e81570c9d0c8 service neutron] Pushing event updated for resources: {'SecurityGroup': ['ID=f31b2a3d-b8af-4890-bd57-9eef0af2e30b,revision_number=1']} {{(pid=103468) push /opt/stack/neutron/neutron/api/rpc/handlers/resources_rpc.py:237}}
Apr 05 22:37:23.630140 dv-cinder-835881-4-iscsi neutron-server[103468]: INFO neutron.wsgi [req-17720287-1342-454f-8173-d84af49927e8 req-a4d09236-ff2c-40d6-85ca-e81570c9d0c8 service neutron] 10.222.0.13 "GET /v2.0/security-groups?id=1090c8a0-dded-4251-9319-be49edf8a402&fields=id&fields=name HTTP/1.1" status: 200 len: 286 time: 0.4277995
Apr 05 22:37:23.641720 dv-cinder-835881-4-iscsi neutron-server[103468]: DEBUG neutron.pecan_wsgi.hooks.policy_enforcement [req-b715d3af-f044-449a-9d2b-a1527d0aed2e req-47702d71-f03d-42b8-9cd9-307ba4ead56e service neutron] Attributes excluded by policy engine: ['standard_attr_id'] {{(pid=103468) _exclude_attributes_by_policy /opt/stack/neutron/neutron/pecan_wsgi/hooks/policy_enforcement.py:255}}
Apr 05 22:37:23.643455 dv-cinder-835881-4-iscsi neutron-server[103468]: INFO neutron.wsgi [req-b715d3af-f044-449a-9d2b-a1527d0aed2e req-47702d71-f03d-42b8-9cd9-307ba4ead56e service neutron] 10.222.0.13 "GET /v2.0/ports?network_id=cdafa027-5a68-4e7d-98e5-3d69d953062c&device_owner=network%3Adhcp HTTP/1.1" status: 200 len: 1212 time: 0.1383219
Apr 05 22:37:23.664887 dv-cinder-835881-4-iscsi neutron-server[103469]: DEBUG neutron.pecan_wsgi.hooks.policy_enforcement [req-77db2d42-023c-45df-9ebc-a46cccca721b req-c6bceed7-b32a-4f60-b0a1-c424edca1aa2 tempest-AttachVolumeNegativeTest-608981041 tempest-AttachVolumeNegativeTest-608981041-project] Attributes excluded by policy engine: ['standard_attr_id', 'binding:profile', 'binding:host_id', 'binding:vif_type', 'binding:vif_details'] {{(pid=103469) _exclude_attributes_by_policy /opt/stack/neutron/neutron/pecan_wsgi/hooks/policy_enforcement.py:255}}
Apr 05 22:37:23.666411 dv-cinder-835881-4-iscsi neutron-server[103469]: INFO neutron.wsgi [req-77db2d42-023c-45df-9ebc-a46cccca721b req-c6bceed7-b32a-4f60-b0a1-c424edca1aa2 tempest-AttachVolumeNegativeTest-608981041 tempest-AttachVolumeNegativeTest-608981041-project] 10.222.0.45 "GET /v2.0/ports?device_id=2b131113-42a0-4ca4-b479-32a584e4d546 HTTP/1.1" status: 200 len: 943 time: 0.2322891
Apr 05 22:37:23.669143 dv-cinder-835881-4-iscsi neutron-server[103469]: DEBUG neutron.pecan_wsgi.hooks.policy_enforcement [req-c226e358-0fed-40b2-bf81-312fec5c8b85 req-80ad4011-56fb-471e-bad2-806fd25f277c service neutron] Attributes excluded by policy engine: ['standard_attr_id'] {{(pid=103469) _exclude_attributes_by_policy /opt/stack/neutron/neutron/pecan_wsgi/hooks/policy_enforcement.py:255}}
Apr 05 22:37:23.670616 dv-cinder-835881-4-iscsi neutron-server[103469]: INFO neutron.wsgi [req-c226e358-0fed-40b2-bf81-312fec5c8b85 req-80ad4011-56fb-471e-bad2-806fd25f277c service neutron] 10.222.0.13 "GET /v2.0/ports?tenant_id=e718bf4373f64b3f9ec542b95b3e4d7b&device_id=2b131113-42a0-4ca4-b479-32a584e4d546 HTTP/1.1" status: 200 len: 1127 time: 0.1521096
Apr 05 22:37:23.718587 dv-cinder-835881-4-iscsi neutron-server[103469]: INFO neutron.wsgi [req-77db2d42-023c-45df-9ebc-a46cccca721b req-0def3cfe-0b10-4616-b52f-3d32d6bc40bd tempest-AttachVolumeNegativeTest-608981041 tempest-AttachVolumeNegativeTest-608981041-project] 10.222.0.45 "GET /v2.0/security-groups?id=43367de8-51cb-4b15-9f75-fdf4a25935b7&fields=id&fields=name HTTP/1.1" status: 200 len: 312 time: 0.0462458
Apr 05 22:37:23.780252 dv-cinder-835881-4-iscsi neutron-server[103469]: DEBUG neutron.pecan_wsgi.hooks.policy_enforcement [req-f75f253a-d961-41fe-ac8f-14114dbbd215 req-293059b1-af26-4dab-8e2e-7b39d65ea467 tempest-AttachVolumeShelveTestJSON-1578121992 tempest-AttachVolumeShelveTestJSON-1578121992-project] Attributes excluded by policy engine: ['standard_attr_id', 'binding:profile', 'binding:host_id', 'binding:vif_type', 'binding:vif_details'] {{(pid=103469) _exclude_attributes_by_policy /opt/stack/neutron/neutron/pecan_wsgi/hooks/policy_enforcement.py:255}}
Apr 05 22:37:23.781833 dv-cinder-835881-4-iscsi neutron-server[103469]: INFO neutron.wsgi [req-f75f253a-d961-41fe-ac8f-14114dbbd215 req-293059b1-af26-4dab-8e2e-7b39d65ea467 tempest-AttachVolumeShelveTestJSON-1578121992 tempest-AttachVolumeShelveTestJSON-1578121992-project] 10.222.0.45 "GET /v2.0/ports?device_id=6820dc5a-0cc6-456b-baca-3e881565a705 HTTP/1.1" status: 200 len: 943 time: 0.0553584
Apr 05 22:37:23.831972 dv-cinder-835881-4-iscsi neutron-server[103469]: INFO neutron.wsgi [req-f75f253a-d961-41fe-ac8f-14114dbbd215 req-6031a501-6f0d-46fa-886e-523283aaa5ed tempest-AttachVolumeShelveTestJSON-1578121992 tempest-AttachVolumeShelveTestJSON-1578121992-project] 10.222.0.45 "GET /v2.0/security-groups?id=e1aa5cb5-c86c-402b-ac89-6187ad731a78&fields=id&fields=name HTTP/1.1" status: 200 len: 312 time: 0.0439034
Apr 05 22:37:23.945147 dv-cinder-835881-4-iscsi neutron-server[103469]: INFO neutron.wsgi [req-c226e358-0fed-40b2-bf81-312fec5c8b85 req-9785b007-eec9-435a-9cb2-cb497d6d40f4 service neutron] 10.222.0.13 "GET /v2.0/floatingips?fixed_ip_address=172.20.0.3&port_id=907261c3-a522-4e82-b795-3ad09c92eb14 HTTP/1.1" status: 200 len: 217 time: 0.0519891
Apr 05 22:37:23.998910 dv-cinder-835881-4-iscsi neutron-server[103468]: INFO neutron.wsgi [req-b715d3af-f044-449a-9d2b-a1527d0aed2e req-7edda111-aa1c-4b6e-9085-c09c5da6d0de service neutron] 10.222.0.13 "GET /v2.0/networks/cdafa027-5a68-4e7d-98e5-3d69d953062c?fields=segments HTTP/1.1" status: 200 len: 212 time: 0.1057041
