May 10 16:48:33.826307 dv-cinder-835881-10-smb neutron-server[115403]: DEBUG neutron.plugins.ml2.plugin [None req-351b0231-d787-458a-970b-5f4d77bacf57 None None] Port e965b802-2b96-4f1f-aead-0585816dd6a1 cannot update to ACTIVE because it is not bound. {{(pid=115403) _port_provisioned /opt/stack/neutron/neutron/plugins/ml2/plugin.py:352}}
May 10 16:48:33.849659 dv-cinder-835881-10-smb neutron-server[115403]: DEBUG neutron.db.provisioning_blocks [None req-351b0231-d787-458a-970b-5f4d77bacf57 None None] Provisioning complete for port e16020aa-35bd-46e9-ba58-c9fc84f6259d triggered by entity DHCP. {{(pid=115403) provisioning_complete /opt/stack/neutron/neutron/db/provisioning_blocks.py:145}}
May 10 16:48:33.850080 dv-cinder-835881-10-smb neutron-server[115403]: DEBUG neutron_lib.callbacks.manager [None req-351b0231-d787-458a-970b-5f4d77bacf57 None None] Publish callbacks ['neutron.plugins.ml2.plugin.Ml2Plugin._port_provisioned-8078053'] for port (e16020aa-35bd-46e9-ba58-c9fc84f6259d), provisioning_complete {{(pid=115403) _notify_loop /usr/local/lib/python3.8/dist-packages/neutron_lib/callbacks/manager.py:176}}
May 10 16:48:33.959395 dv-cinder-835881-10-smb neutron-server[115402]: DEBUG neutron_lib.callbacks.manager [None req-205b6f9c-31bb-4691-9693-1e1acffe8c57 admin admin] Publish callbacks [] for security_group (9dbd00c3-37dc-4d2c-8677-4174fffbbd80), precommit_create {{(pid=115402) _notify_loop /usr/local/lib/python3.8/dist-packages/neutron_lib/callbacks/manager.py:176}}
May 10 16:48:33.969760 dv-cinder-835881-10-smb neutron-server[115402]: DEBUG neutron.api.rpc.handlers.resources_rpc [None req-65f002bf-6dad-468e-9f82-8755cc3430ca tempest-AttachVolumeShelveTestJSON-553231702 tempest-AttachVolumeShelveTestJSON-553231702-project] Pushing event updated for resources: {'SecurityGroupRule': ['ID=9e8a5f2b-318a-4028-9cae-555b573b98d5,revision_number=0']} {{(pid=115402) push /opt/stack/neutron/neutron/api/rpc/handlers/resources_rpc.py:237}}
May 10 16:48:33.989559 dv-cinder-835881-10-smb neutron-server[115402]: DEBUG neutron_lib.callbacks.manager [None req-205b6f9c-31bb-4691-9693-1e1acffe8c57 admin admin] Publish callbacks ['neutron.plugins.ml2.ovo_rpc._ObjectChangeHandler.handle_event-590888'] for security_group (9dbd00c3-37dc-4d2c-8677-4174fffbbd80), after_create {{(pid=115402) _notify_loop /usr/local/lib/python3.8/dist-packages/neutron_lib/callbacks/manager.py:176}}
May 10 16:48:33.999975 dv-cinder-835881-10-smb neutron-server[115402]: DEBUG neutron_lib.callbacks.manager [None req-65f002bf-6dad-468e-9f82-8755cc3430ca tempest-AttachVolumeShelveTestJSON-553231702 tempest-AttachVolumeShelveTestJSON-553231702-project] Publish callbacks [] for security_group_rule (None), before_response {{(pid=115402) _notify_loop /usr/local/lib/python3.8/dist-packages/neutron_lib/callbacks/manager.py:176}}
May 10 16:48:34.005343 dv-cinder-835881-10-smb neutron-server[115402]: INFO neutron.wsgi [None req-65f002bf-6dad-468e-9f82-8755cc3430ca tempest-AttachVolumeShelveTestJSON-553231702 tempest-AttachVolumeShelveTestJSON-553231702-project] 10.222.0.36 "POST /v2.0/security-group-rules HTTP/1.1" status: 201 len: 764 time: 1.3568087
May 10 16:48:34.044770 dv-cinder-835881-10-smb neutron-server[115402]: DEBUG neutron.wsgi [-] (115402) accepted ('10.222.0.36', 47556) {{(pid=115402) server /usr/local/lib/python3.8/dist-packages/eventlet/wsgi.py:1004}}
May 10 16:48:34.048205 dv-cinder-835881-10-smb neutron-server[115402]: DEBUG neutron.api.rpc.handlers.resources_rpc [None req-205b6f9c-31bb-4691-9693-1e1acffe8c57 admin admin] Pushing event updated for resources: {'SecurityGroup': ['ID=9dbd00c3-37dc-4d2c-8677-4174fffbbd80,revision_number=1']} {{(pid=115402) push /opt/stack/neutron/neutron/api/rpc/handlers/resources_rpc.py:237}}
May 10 16:48:34.088287 dv-cinder-835881-10-smb neutron-server[115402]: DEBUG neutron.api.v2.base [None req-b84b1488-580f-47af-abac-57745c59f2b1 tempest-AttachVolumeShelveTestJSON-553231702 tempest-AttachVolumeShelveTestJSON-553231702-project] Request body: {'security_group_rule': {'security_group_id': 'dde44339-1202-43e3-8d9c-bfeb4084275b', 'protocol': 'icmp', 'ethertype': 'IPv4', 'direction': 'ingress'}} {{(pid=115402) prepare_request_body /opt/stack/neutron/neutron/api/v2/base.py:730}}
May 10 16:48:34.151566 dv-cinder-835881-10-smb neutron-server[115403]: DEBUG neutron.plugins.ml2.plugin [None req-351b0231-d787-458a-970b-5f4d77bacf57 None None] Current status of the port e16020aa-35bd-46e9-ba58-c9fc84f6259d is: ACTIVE; New status is: ACTIVE {{(pid=115403) _update_individual_port_db_status /opt/stack/neutron/neutron/plugins/ml2/plugin.py:2296}}
May 10 16:48:34.206337 dv-cinder-835881-10-smb neutron-server[115402]: DEBUG neutron_lib.callbacks.manager [None req-b84b1488-580f-47af-abac-57745c59f2b1 tempest-AttachVolumeShelveTestJSON-553231702 tempest-AttachVolumeShelveTestJSON-553231702-project] Publish callbacks [] for security_group_rule (a6608c27-a25f-4865-8dc4-87d695b675fd), before_create {{(pid=115402) _notify_loop /usr/local/lib/python3.8/dist-packages/neutron_lib/callbacks/manager.py:176}}
May 10 16:48:34.230444 dv-cinder-835881-10-smb neutron-server[115401]: DEBUG neutron.api.rpc.agentnotifiers.l3_rpc_agent_api [None req-dbff074c-8414-4406-9daf-ddc5e97cd1c6 admin admin] Notify agent at l3_agent.dv-cinder-835881-10-smb the message routers_updated {{(pid=115401) _agent_notification /opt/stack/neutron/neutron/api/rpc/agentnotifiers/l3_rpc_agent_api.py:65}}
May 10 16:48:34.277606 dv-cinder-835881-10-smb neutron-server[115401]: INFO neutron.wsgi [None req-dbff074c-8414-4406-9daf-ddc5e97cd1c6 admin admin] 10.222.0.36 "PUT /v2.0/routers/ca3da459-f329-4332-88f7-94fcd193cdda/add_router_interface HTTP/1.1" status: 200 len: 503 time: 7.4247932
May 10 16:48:34.294071 dv-cinder-835881-10-smb neutron-server[115401]: DEBUG neutron_lib.callbacks.manager [None req-68a11589-d7c5-471a-9f6e-cb3755098420 admin admin] Publish callbacks [] for security_group (ad33f8da-a543-4ced-a4de-d65a15df857f), precommit_create {{(pid=115401) _notify_loop /usr/local/lib/python3.8/dist-packages/neutron_lib/callbacks/manager.py:176}}
May 10 16:48:34.295160 dv-cinder-835881-10-smb neutron-server[115402]: DEBUG neutron_lib.callbacks.manager [None req-b84b1488-580f-47af-abac-57745c59f2b1 tempest-AttachVolumeShelveTestJSON-553231702 tempest-AttachVolumeShelveTestJSON-553231702-project] Publish callbacks [] for security_group_rule (a6608c27-a25f-4865-8dc4-87d695b675fd), precommit_create {{(pid=115402) _notify_loop /usr/local/lib/python3.8/dist-packages/neutron_lib/callbacks/manager.py:176}}
May 10 16:48:34.303376 dv-cinder-835881-10-smb neutron-server[115401]: DEBUG neutron_lib.callbacks.manager [None req-68a11589-d7c5-471a-9f6e-cb3755098420 admin admin] Publish callbacks ['neutron.plugins.ml2.ovo_rpc._ObjectChangeHandler.handle_event-590888'] for security_group (ad33f8da-a543-4ced-a4de-d65a15df857f), after_create {{(pid=115401) _notify_loop /usr/local/lib/python3.8/dist-packages/neutron_lib/callbacks/manager.py:176}}
May 10 16:48:34.308007 dv-cinder-835881-10-smb neutron-server[115402]: DEBUG neutron_lib.callbacks.manager [None req-b84b1488-580f-47af-abac-57745c59f2b1 tempest-AttachVolumeShelveTestJSON-553231702 tempest-AttachVolumeShelveTestJSON-553231702-project] Publish callbacks ['neutron.plugins.ml2.ovo_rpc._ObjectChangeHandler.handle_event-591047'] for security_group_rule (a6608c27-a25f-4865-8dc4-87d695b675fd), after_create {{(pid=115402) _notify_loop /usr/local/lib/python3.8/dist-packages/neutron_lib/callbacks/manager.py:176}}
May 10 16:48:34.312351 dv-cinder-835881-10-smb neutron-server[115402]: INFO neutron.wsgi [None req-205b6f9c-31bb-4691-9693-1e1acffe8c57 admin admin] 10.222.0.36 "GET /v2.0/security-groups?tenant_id=a362466e816140168dbb376aae003393&name=default HTTP/1.1" status: 200 len: 2992 time: 0.5772541
May 10 16:48:34.324290 dv-cinder-835881-10-smb neutron-server[115401]: DEBUG neutron.wsgi [-] (115401) accepted ('10.222.0.36', 47572) {{(pid=115401) server /usr/local/lib/python3.8/dist-packages/eventlet/wsgi.py:1004}}
May 10 16:48:34.467932 dv-cinder-835881-10-smb neutron-server[115402]: DEBUG neutron_lib.callbacks.manager [None req-b84b1488-580f-47af-abac-57745c59f2b1 tempest-AttachVolumeShelveTestJSON-553231702 tempest-AttachVolumeShelveTestJSON-553231702-project] Publish callbacks [] for security_group_rule (None), before_response {{(pid=115402) _notify_loop /usr/local/lib/python3.8/dist-packages/neutron_lib/callbacks/manager.py:176}}
May 10 16:48:34.472310 dv-cinder-835881-10-smb neutron-server[115402]: INFO neutron.wsgi [None req-b84b1488-580f-47af-abac-57745c59f2b1 tempest-AttachVolumeShelveTestJSON-553231702 tempest-AttachVolumeShelveTestJSON-553231702-project] 10.222.0.36 "POST /v2.0/security-group-rules HTTP/1.1" status: 201 len: 769 time: 0.4177625
May 10 16:48:34.505245 dv-cinder-835881-10-smb neutron-server[115401]: INFO neutron.wsgi [None req-68a11589-d7c5-471a-9f6e-cb3755098420 admin admin] 10.222.0.36 "GET /v2.0/security-groups?tenant_id=272f3911554e4c87b59fe7e25f6fdc29&name=default HTTP/1.1" status: 200 len: 2992 time: 1.4464593
May 10 16:48:34.509893 dv-cinder-835881-10-smb neutron-server[115401]: DEBUG neutron.wsgi [-] (115401) accepted ('10.222.0.36', 47576) {{(pid=115401) server /usr/local/lib/python3.8/dist-packages/eventlet/wsgi.py:1004}}
May 10 16:48:34.511056 dv-cinder-835881-10-smb neutron-server[115401]: DEBUG neutron.wsgi [-] (115401) accepted ('10.222.0.36', 47578) {{(pid=115401) server /usr/local/lib/python3.8/dist-packages/eventlet/wsgi.py:1004}}
May 10 16:48:34.547250 dv-cinder-835881-10-smb neutron-server[115402]: DEBUG neutron.api.rpc.handlers.resources_rpc [None req-b84b1488-580f-47af-abac-57745c59f2b1 tempest-AttachVolumeShelveTestJSON-553231702 tempest-AttachVolumeShelveTestJSON-553231702-project] Pushing event updated for resources: {'SecurityGroupRule': ['ID=a6608c27-a25f-4865-8dc4-87d695b675fd,revision_number=0']} {{(pid=115402) push /opt/stack/neutron/neutron/api/rpc/handlers/resources_rpc.py:237}}
May 10 16:48:34.560468 dv-cinder-835881-10-smb neutron-server[115401]: DEBUG neutron.api.v2.base [None req-7178bea2-2c66-4618-8104-86af369e408f tempest-AttachVolumeShelveTestJSON-553231702 tempest-AttachVolumeShelveTestJSON-553231702-project] Request body: {'floatingip': {'floating_network_id': 'b4d7f384-dd0f-408e-91ec-6077fa1df81b'}} {{(pid=115401) prepare_request_body /opt/stack/neutron/neutron/api/v2/base.py:730}}
May 10 16:48:34.595037 dv-cinder-835881-10-smb neutron-server[115403]: DEBUG neutron.plugins.ml2.rpc [None req-25fb8d48-4537-4afb-aaf9-7d374f33752f None None] Device e16020aa-35bd-46e9-ba58-c9fc84f6259d up at agent ovs-agent-dv-cinder-835881-10-smb {{(pid=115403) update_device_up /opt/stack/neutron/neutron/plugins/ml2/rpc.py:296}}
May 10 16:48:34.724464 dv-cinder-835881-10-smb neutron-server[115401]: DEBUG neutron.wsgi [-] (115401) accepted ('10.222.0.36', 47582) {{(pid=115401) server /usr/local/lib/python3.8/dist-packages/eventlet/wsgi.py:1004}}
May 10 16:48:34.750814 dv-cinder-835881-10-smb neutron-server[115403]: DEBUG neutron.db.provisioning_blocks [None req-25fb8d48-4537-4afb-aaf9-7d374f33752f None None] Provisioning complete for port e16020aa-35bd-46e9-ba58-c9fc84f6259d triggered by entity L2. {{(pid=115403) provisioning_complete /opt/stack/neutron/neutron/db/provisioning_blocks.py:145}}
May 10 16:48:34.751230 dv-cinder-835881-10-smb neutron-server[115403]: DEBUG neutron_lib.callbacks.manager [None req-25fb8d48-4537-4afb-aaf9-7d374f33752f None None] Publish callbacks ['neutron.plugins.ml2.plugin.Ml2Plugin._port_provisioned-8078053'] for port (e16020aa-35bd-46e9-ba58-c9fc84f6259d), provisioning_complete {{(pid=115403) _notify_loop /usr/local/lib/python3.8/dist-packages/neutron_lib/callbacks/manager.py:176}}
May 10 16:48:34.882163 dv-cinder-835881-10-smb neutron-server[115401]: DEBUG neutron.api.rpc.handlers.resources_rpc [None req-68a11589-d7c5-471a-9f6e-cb3755098420 admin admin] Pushing event updated for resources: {'SecurityGroup': ['ID=ad33f8da-a543-4ced-a4de-d65a15df857f,revision_number=1']} {{(pid=115401) push /opt/stack/neutron/neutron/api/rpc/handlers/resources_rpc.py:237}}
May 10 16:48:34.915300 dv-cinder-835881-10-smb neutron-server[115401]: DEBUG neutron_lib.callbacks.manager [None req-7178bea2-2c66-4618-8104-86af369e408f tempest-AttachVolumeShelveTestJSON-553231702 tempest-AttachVolumeShelveTestJSON-553231702-project] Publish callbacks [] for floatingip (None), before_create {{(pid=115401) _notify_loop /usr/local/lib/python3.8/dist-packages/neutron_lib/callbacks/manager.py:176}}
May 10 16:48:34.973352 dv-cinder-835881-10-smb neutron-server[115401]: DEBUG neutron.pecan_wsgi.hooks.policy_enforcement [req-a87104b7-1ec6-4ddc-a1a5-2f04c0d7bc48 req-e6154cd5-c2ac-4594-9de4-2614ff6a821b tempest-DeleteServersTestJSON-798148585 tempest-DeleteServersTestJSON-798148585-project] Attributes excluded by policy engine: ['standard_attr_id', 'binding:profile', 'binding:host_id', 'binding:vif_type', 'binding:vif_details'] {{(pid=115401) _exclude_attributes_by_policy /opt/stack/neutron/neutron/pecan_wsgi/hooks/policy_enforcement.py:259}}
May 10 16:48:34.984184 dv-cinder-835881-10-smb neutron-server[115401]: INFO neutron.wsgi [req-a87104b7-1ec6-4ddc-a1a5-2f04c0d7bc48 req-e6154cd5-c2ac-4594-9de4-2614ff6a821b tempest-DeleteServersTestJSON-798148585 tempest-DeleteServersTestJSON-798148585-project] 10.222.0.36 "GET /v2.0/ports?device_id=d88e3252-371f-461e-a038-df80dc1bf4e1 HTTP/1.1" status: 200 len: 932 time: 0.4720163
May 10 16:48:34.992239 dv-cinder-835881-10-smb neutron-server[115402]: DEBUG neutron.notifiers.nova [req-2731775c-9fdf-4b16-97b5-45f829395255 req-a6ef9b30-ea1c-462c-addf-06d22ed22f69 service neutron] Ignoring state change previous_port_status: DOWN current_port_status: DOWN port_id 8e7dbe74-99d5-40bf-98aa-9063d0700831 {{(pid=115402) record_port_status_changed /opt/stack/neutron/neutron/notifiers/nova.py:233}}
May 10 16:48:35.033660 dv-cinder-835881-10-smb neutron-server[115402]: DEBUG neutron_lib.callbacks.manager [req-2731775c-9fdf-4b16-97b5-45f829395255 req-a6ef9b30-ea1c-462c-addf-06d22ed22f69 service neutron] Publish callbacks [] for port (8e7dbe74-99d5-40bf-98aa-9063d0700831), precommit_update {{(pid=115402) _notify_loop /usr/local/lib/python3.8/dist-packages/neutron_lib/callbacks/manager.py:176}}
May 10 16:48:35.096880 dv-cinder-835881-10-smb neutron-server[115403]: DEBUG neutron.plugins.ml2.plugin [None req-25fb8d48-4537-4afb-aaf9-7d374f33752f None None] Current status of the port e16020aa-35bd-46e9-ba58-c9fc84f6259d is: ACTIVE; New status is: ACTIVE {{(pid=115403) _update_individual_port_db_status /opt/stack/neutron/neutron/plugins/ml2/plugin.py:2296}}
May 10 16:48:35.107842 dv-cinder-835881-10-smb neutron-server[115402]: DEBUG neutron.db.provisioning_blocks [req-2731775c-9fdf-4b16-97b5-45f829395255 req-a6ef9b30-ea1c-462c-addf-06d22ed22f69 service neutron] Transition to ACTIVE for port object 8e7dbe74-99d5-40bf-98aa-9063d0700831 will not be triggered until provisioned by entity L2. {{(pid=115402) add_provisioning_component /opt/stack/neutron/neutron/db/provisioning_blocks.py:75}}
May 10 16:48:35.133823 dv-cinder-835881-10-smb neutron-server[115402]: DEBUG neutron_lib.callbacks.manager [req-2731775c-9fdf-4b16-97b5-45f829395255 req-a6ef9b30-ea1c-462c-addf-06d22ed22f69 service neutron] Publish callbacks ['neutron.plugins.ml2.plugin.SecurityGroupServerNotifierRpcMixin._notify_sg_on_port_change-8053642', 'neutron.plugins.ml2.ovo_rpc._ObjectChangeHandler.handle_event-243257', 'neutron.api.rpc.agentnotifiers.dhcp_rpc_agent_api.DhcpAgentNotifyAPI._native_event_send_dhcp_notification-589661', 'neutron.db.l3_db.L3RpcNotifierMixin._notify_gateway_port_ip_changed-8757358058406', 'neutron.db.l3_dvrscheduler_db._notify_l3_agent_port_update-8757357761666', 'neutron.db.l3_hascheduler_db._notify_l3_agent_ha_port_update-8757357761684'] for port (8e7dbe74-99d5-40bf-98aa-9063d0700831), after_update {{(pid=115402) _notify_loop /usr/local/lib/python3.8/dist-packages/neutron_lib/callbacks/manager.py:176}}
May 10 16:48:35.299921 dv-cinder-835881-10-smb neutron-server[115402]: DEBUG neutron.api.rpc.handlers.resources_rpc [None req-a6ef9b30-ea1c-462c-addf-06d22ed22f69 service neutron] Pushing event updated for resources: {'Port': ['ID=8e7dbe74-99d5-40bf-98aa-9063d0700831,revision_number=2']} {{(pid=115402) push /opt/stack/neutron/neutron/api/rpc/handlers/resources_rpc.py:237}}
May 10 16:48:35.376203 dv-cinder-835881-10-smb neutron-server[115402]: DEBUG neutron.wsgi [-] (115402) accepted ('10.222.0.36', 47594) {{(pid=115402) server /usr/local/lib/python3.8/dist-packages/eventlet/wsgi.py:1004}}
May 10 16:48:35.469562 dv-cinder-835881-10-smb neutron-server[115401]: DEBUG neutron_lib.callbacks.manager [None req-6e911724-e77c-4257-a3d5-287f518df33e admin admin] Publish callbacks [] for security_group (None), before_create {{(pid=115401) _notify_loop /usr/local/lib/python3.8/dist-packages/neutron_lib/callbacks/manager.py:176}}
May 10 16:48:35.476312 dv-cinder-835881-10-smb neutron-server[115401]: DEBUG neutron_lib.callbacks.manager [None req-2c260bab-b599-4ecc-9733-915e4c1a9300 admin admin] Publish callbacks [] for security_group (9dbd00c3-37dc-4d2c-8677-4174fffbbd80), before_delete {{(pid=115401) _notify_loop /usr/local/lib/python3.8/dist-packages/neutron_lib/callbacks/manager.py:176}}
May 10 16:48:35.476730 dv-cinder-835881-10-smb neutron-server[115402]: DEBUG neutron.plugins.ml2.managers [req-2731775c-9fdf-4b16-97b5-45f829395255 req-a6ef9b30-ea1c-462c-addf-06d22ed22f69 service neutron] Attempting to bind port 8e7dbe74-99d5-40bf-98aa-9063d0700831 on host hv-cinder-83588 for vnic_type normal with profile {{(pid=115402) bind_port /opt/stack/neutron/neutron/plugins/ml2/managers.py:795}}
May 10 16:48:35.477099 dv-cinder-835881-10-smb neutron-server[115402]: DEBUG neutron.plugins.ml2.managers [req-2731775c-9fdf-4b16-97b5-45f829395255 req-a6ef9b30-ea1c-462c-addf-06d22ed22f69 service neutron] Attempting to bind port 8e7dbe74-99d5-40bf-98aa-9063d0700831 by drivers openvswitch,hyperv on host hv-cinder-83588 at level 0 using segments [{'id': '6be9ec80-3bf1-406b-aa46-3ea1c3d9ad62', 'network_type': 'vlan', 'physical_network': 'physnet1', 'segmentation_id': 301, 'network_id': 'ca2e09c8-e295-4e17-8198-ee8e168d0e02'}] {{(pid=115402) _bind_port_level /opt/stack/neutron/neutron/plugins/ml2/managers.py:820}}
May 10 16:48:35.477451 dv-cinder-835881-10-smb neutron-server[115402]: DEBUG neutron.plugins.ml2.drivers.mech_agent [req-2731775c-9fdf-4b16-97b5-45f829395255 req-a6ef9b30-ea1c-462c-addf-06d22ed22f69 service neutron] Attempting to bind port 8e7dbe74-99d5-40bf-98aa-9063d0700831 on network ca2e09c8-e295-4e17-8198-ee8e168d0e02 {{(pid=115402) bind_port /opt/stack/neutron/neutron/plugins/ml2/drivers/mech_agent.py:91}}
May 10 16:48:35.494378 dv-cinder-835881-10-smb neutron-server[115402]: DEBUG neutron.plugins.ml2.drivers.mech_agent [req-2731775c-9fdf-4b16-97b5-45f829395255 req-a6ef9b30-ea1c-462c-addf-06d22ed22f69 service neutron] Port 8e7dbe74-99d5-40bf-98aa-9063d0700831 on network ca2e09c8-e295-4e17-8198-ee8e168d0e02 not bound, no agent of type Open vSwitch agent registered on host hv-cinder-83588 {{(pid=115402) bind_port /opt/stack/neutron/neutron/plugins/ml2/drivers/mech_agent.py:103}}
May 10 16:48:35.494642 dv-cinder-835881-10-smb neutron-server[115402]: DEBUG neutron.plugins.ml2.drivers.mech_agent [req-2731775c-9fdf-4b16-97b5-45f829395255 req-a6ef9b30-ea1c-462c-addf-06d22ed22f69 service neutron] Attempting to bind port 8e7dbe74-99d5-40bf-98aa-9063d0700831 on network ca2e09c8-e295-4e17-8198-ee8e168d0e02 {{(pid=115402) bind_port /opt/stack/neutron/neutron/plugins/ml2/drivers/mech_agent.py:91}}
May 10 16:48:35.509066 dv-cinder-835881-10-smb neutron-server[115402]: DEBUG neutron.plugins.ml2.drivers.mech_agent [req-2731775c-9fdf-4b16-97b5-45f829395255 req-a6ef9b30-ea1c-462c-addf-06d22ed22f69 service neutron] Checking agent: {'id': '44ce9477-0d39-4fd3-8ee9-78a328bd3950', 'agent_type': 'HyperV agent', 'binary': 'neutron-hyperv-agent', 'topic': 'N/A', 'host': 'hv-cinder-83588', 'admin_state_up': True, 'created_at': datetime.datetime(2022, 5, 10, 16, 46, 19), 'started_at': datetime.datetime(2022, 5, 10, 16, 46, 19), 'heartbeat_timestamp': datetime.datetime(2022, 5, 10, 16, 48, 19), 'description': None, 'resources_synced': None, 'availability_zone': None, 'alive': True, 'configurations': {'vswitch_mappings': {'physnet1$': 'br-data'}}, 'resource_versions': {}} {{(pid=115402) bind_port /opt/stack/neutron/neutron/plugins/ml2/drivers/mech_agent.py:110}}
May 10 16:48:35.509414 dv-cinder-835881-10-smb neutron-server[115402]: DEBUG neutron.plugins.ml2.drivers.mech_agent [req-2731775c-9fdf-4b16-97b5-45f829395255 req-a6ef9b30-ea1c-462c-addf-06d22ed22f69 service neutron] Checking segment: {'id': '6be9ec80-3bf1-406b-aa46-3ea1c3d9ad62', 'network_type': 'vlan', 'physical_network': 'physnet1', 'segmentation_id': 301, 'network_id': 'ca2e09c8-e295-4e17-8198-ee8e168d0e02'} for mappings: {'physnet1$': 'br-data'} with network types: ['local', 'flat', 'vlan'] {{(pid=115402) check_segment_for_agent /opt/stack/neutron/neutron/plugins/ml2/drivers/mech_agent.py:373}}
May 10 16:48:35.510027 dv-cinder-835881-10-smb neutron-server[115402]: DEBUG neutron.plugins.ml2.drivers.mech_agent [req-2731775c-9fdf-4b16-97b5-45f829395255 req-a6ef9b30-ea1c-462c-addf-06d22ed22f69 service neutron] Bound using segment: {'id': '6be9ec80-3bf1-406b-aa46-3ea1c3d9ad62', 'network_type': 'vlan', 'physical_network': 'physnet1', 'segmentation_id': 301, 'network_id': 'ca2e09c8-e295-4e17-8198-ee8e168d0e02'} {{(pid=115402) bind_port /opt/stack/neutron/neutron/plugins/ml2/drivers/mech_agent.py:120}}
May 10 16:48:35.510500 dv-cinder-835881-10-smb neutron-server[115402]: DEBUG neutron.plugins.ml2.managers [req-2731775c-9fdf-4b16-97b5-45f829395255 req-a6ef9b30-ea1c-462c-addf-06d22ed22f69 service neutron] Bound port: 8e7dbe74-99d5-40bf-98aa-9063d0700831, host: hv-cinder-83588, vif_type: hyperv, vif_details: {"connectivity": "legacy", "port_filter": false}, binding_levels: [{'bound_driver': 'hyperv', 'bound_segment': {'id': '6be9ec80-3bf1-406b-aa46-3ea1c3d9ad62', 'network_type': 'vlan', 'physical_network': 'physnet1', 'segmentation_id': 301, 'network_id': 'ca2e09c8-e295-4e17-8198-ee8e168d0e02'}}] {{(pid=115402) _bind_port_level /opt/stack/neutron/neutron/plugins/ml2/managers.py:932}}
May 10 16:48:35.510866 dv-cinder-835881-10-smb neutron-server[115402]: DEBUG neutron_lib.callbacks.manager [req-2731775c-9fdf-4b16-97b5-45f829395255 req-a6ef9b30-ea1c-462c-addf-06d22ed22f69 service neutron] Publish callbacks ['neutron.plugins.ml2.plugin.SecurityGroupDbMixin._ensure_default_security_group_handler-8053542'] for port (8e7dbe74-99d5-40bf-98aa-9063d0700831), before_update {{(pid=115402) _notify_loop /usr/local/lib/python3.8/dist-packages/neutron_lib/callbacks/manager.py:176}}
May 10 16:48:35.688329 dv-cinder-835881-10-smb neutron-server[115402]: DEBUG neutron_lib.callbacks.manager [None req-9fb481dc-7f19-4d0b-bed6-8291f48767f0 admin admin] Publish callbacks [] for security_group (None), before_create {{(pid=115402) _notify_loop /usr/local/lib/python3.8/dist-packages/neutron_lib/callbacks/manager.py:176}}
May 10 16:48:35.724020 dv-cinder-835881-10-smb neutron-server[115402]: DEBUG neutron.wsgi [-] (115402) accepted ('10.222.0.36', 47602) {{(pid=115402) server /usr/local/lib/python3.8/dist-packages/eventlet/wsgi.py:1004}}
May 10 16:48:35.741368 dv-cinder-835881-10-smb neutron-server[115401]: DEBUG neutron_lib.callbacks.manager [None req-2c260bab-b599-4ecc-9733-915e4c1a9300 admin admin] Publish callbacks [] for security_group (9dbd00c3-37dc-4d2c-8677-4174fffbbd80), precommit_delete {{(pid=115401) _notify_loop /usr/local/lib/python3.8/dist-packages/neutron_lib/callbacks/manager.py:176}}
May 10 16:48:35.832425 dv-cinder-835881-10-smb neutron-server[115402]: DEBUG neutron.api.v2.base [None req-52584bd9-3dc0-44d9-928e-589fbebd71ed tempest-AttachVolumeTestJSON-234486815 tempest-AttachVolumeTestJSON-234486815-project] Request body: {'security_group': {'name': 'tempest-securitygroup--682919689', 'description': 'tempest-description--549850354'}} {{(pid=115402) prepare_request_body /opt/stack/neutron/neutron/api/v2/base.py:730}}
May 10 16:48:35.999839 dv-cinder-835881-10-smb neutron-server[115402]: DEBUG neutron_lib.callbacks.manager [None req-9fb481dc-7f19-4d0b-bed6-8291f48767f0 admin admin] Publish callbacks [] for security_group (2c4ed46f-6a35-434a-9ad4-6cf7c6e5625b), precommit_create {{(pid=115402) _notify_loop /usr/local/lib/python3.8/dist-packages/neutron_lib/callbacks/manager.py:176}}
May 10 16:48:36.011444 dv-cinder-835881-10-smb neutron-server[115402]: DEBUG neutron_lib.callbacks.manager [None req-9fb481dc-7f19-4d0b-bed6-8291f48767f0 admin admin] Publish callbacks ['neutron.plugins.ml2.ovo_rpc._ObjectChangeHandler.handle_event-590888'] for security_group (2c4ed46f-6a35-434a-9ad4-6cf7c6e5625b), after_create {{(pid=115402) _notify_loop /usr/local/lib/python3.8/dist-packages/neutron_lib/callbacks/manager.py:176}}
May 10 16:48:36.014156 dv-cinder-835881-10-smb neutron-server[115401]: DEBUG neutron_lib.callbacks.manager [None req-6e911724-e77c-4257-a3d5-287f518df33e admin admin] Publish callbacks [] for security_group (67890f92-963f-416e-a64c-c9fd88d659d1), precommit_create {{(pid=115401) _notify_loop /usr/local/lib/python3.8/dist-packages/neutron_lib/callbacks/manager.py:176}}
May 10 16:48:36.014566 dv-cinder-835881-10-smb neutron-server[115402]: DEBUG neutron.plugins.ml2.db [req-2731775c-9fdf-4b16-97b5-45f829395255 req-a6ef9b30-ea1c-462c-addf-06d22ed22f69 service neutron] For port 8e7dbe74-99d5-40bf-98aa-9063d0700831, host hv-cinder-83588, cleared binding levels {{(pid=115402) clear_binding_levels /opt/stack/neutron/neutron/plugins/ml2/db.py:87}}
May 10 16:48:36.018222 dv-cinder-835881-10-smb neutron-server[115401]: DEBUG neutron_lib.callbacks.manager [None req-2c260bab-b599-4ecc-9733-915e4c1a9300 admin admin] Publish callbacks ['neutron.plugins.ml2.ovo_rpc._ObjectChangeHandler.handle_event-590888'] for security_group (9dbd00c3-37dc-4d2c-8677-4174fffbbd80), after_delete {{(pid=115401) _notify_loop /usr/local/lib/python3.8/dist-packages/neutron_lib/callbacks/manager.py:176}}
May 10 16:48:36.029003 dv-cinder-835881-10-smb neutron-server[115401]: DEBUG neutron_lib.callbacks.manager [None req-2c260bab-b599-4ecc-9733-915e4c1a9300 admin admin] Publish callbacks [] for security_group (None), before_response {{(pid=115401) _notify_loop /usr/local/lib/python3.8/dist-packages/neutron_lib/callbacks/manager.py:176}}
May 10 16:48:36.030526 dv-cinder-835881-10-smb neutron-server[115401]: INFO neutron.wsgi [None req-2c260bab-b599-4ecc-9733-915e4c1a9300 admin admin] 10.222.0.36 "DELETE /v2.0/security-groups/9dbd00c3-37dc-4d2c-8677-4174fffbbd80 HTTP/1.1" status: 204 len: 168 time: 1.6990328
May 10 16:48:36.048607 dv-cinder-835881-10-smb neutron-server[115401]: DEBUG neutron_lib.callbacks.manager [None req-0e4c9588-5af6-46d3-8fd0-3604d3e43c0b admin admin] Publish callbacks [] for security_group (ad33f8da-a543-4ced-a4de-d65a15df857f), before_delete {{(pid=115401) _notify_loop /usr/local/lib/python3.8/dist-packages/neutron_lib/callbacks/manager.py:176}}
May 10 16:48:36.088508 dv-cinder-835881-10-smb neutron-server[115401]: DEBUG neutron_lib.callbacks.manager [None req-0e4c9588-5af6-46d3-8fd0-3604d3e43c0b admin admin] Publish callbacks [] for security_group (ad33f8da-a543-4ced-a4de-d65a15df857f), precommit_delete {{(pid=115401) _notify_loop /usr/local/lib/python3.8/dist-packages/neutron_lib/callbacks/manager.py:176}}
May 10 16:48:36.093737 dv-cinder-835881-10-smb neutron-server[115402]: DEBUG neutron.plugins.ml2.db [req-2731775c-9fdf-4b16-97b5-45f829395255 req-a6ef9b30-ea1c-462c-addf-06d22ed22f69 service neutron] For port 8e7dbe74-99d5-40bf-98aa-9063d0700831, host hv-cinder-83588, set binding levels [PortBindingLevel(driver='hyperv',host='hv-cinder-83588',level=0,port_id=8e7dbe74-99d5-40bf-98aa-9063d0700831,segment=NetworkSegment(6be9ec80-3bf1-406b-aa46-3ea1c3d9ad62),segment_id=6be9ec80-3bf1-406b-aa46-3ea1c3d9ad62)] {{(pid=115402) set_binding_levels /opt/stack/neutron/neutron/plugins/ml2/db.py:59}}
May 10 16:48:36.123282 dv-cinder-835881-10-smb neutron-server[115401]: DEBUG neutron_lib.callbacks.manager [None req-7178bea2-2c66-4618-8104-86af369e408f tempest-AttachVolumeShelveTestJSON-553231702 tempest-AttachVolumeShelveTestJSON-553231702-project] Publish callbacks ['neutron.plugins.ml2.plugin.SecurityGroupDbMixin._ensure_default_security_group_handler-8053542'] for port (None), before_create {{(pid=115401) _notify_loop /usr/local/lib/python3.8/dist-packages/neutron_lib/callbacks/manager.py:176}}
May 10 16:48:36.133213 dv-cinder-835881-10-smb neutron-server[115402]: DEBUG neutron_lib.callbacks.manager [None req-52584bd9-3dc0-44d9-928e-589fbebd71ed tempest-AttachVolumeTestJSON-234486815 tempest-AttachVolumeTestJSON-234486815-project] Publish callbacks [] for security_group (None), before_create {{(pid=115402) _notify_loop /usr/local/lib/python3.8/dist-packages/neutron_lib/callbacks/manager.py:176}}
May 10 16:48:36.175691 dv-cinder-835881-10-smb neutron-server[115402]: DEBUG neutron_lib.callbacks.manager [req-2731775c-9fdf-4b16-97b5-45f829395255 req-a6ef9b30-ea1c-462c-addf-06d22ed22f69 service neutron] Publish callbacks ['neutron.plugins.ml2.plugin.SecurityGroupServerNotifierRpcMixin._notify_sg_on_port_change-8053642', 'neutron.plugins.ml2.ovo_rpc._ObjectChangeHandler.handle_event-243257', 'neutron.api.rpc.agentnotifiers.dhcp_rpc_agent_api.DhcpAgentNotifyAPI._native_event_send_dhcp_notification-589661', 'neutron.db.l3_db.L3RpcNotifierMixin._notify_gateway_port_ip_changed-8757358058406', 'neutron.db.l3_dvrscheduler_db._notify_l3_agent_port_update-8757357761666', 'neutron.db.l3_hascheduler_db._notify_l3_agent_ha_port_update-8757357761684'] for port (8e7dbe74-99d5-40bf-98aa-9063d0700831), after_update {{(pid=115402) _notify_loop /usr/local/lib/python3.8/dist-packages/neutron_lib/callbacks/manager.py:176}}
May 10 16:48:36.210057 dv-cinder-835881-10-smb neutron-server[115402]: DEBUG neutron.api.rpc.handlers.resources_rpc [None req-9fb481dc-7f19-4d0b-bed6-8291f48767f0 admin admin] Pushing event updated for resources: {'SecurityGroup': ['ID=2c4ed46f-6a35-434a-9ad4-6cf7c6e5625b,revision_number=1']} {{(pid=115402) push /opt/stack/neutron/neutron/api/rpc/handlers/resources_rpc.py:237}}
May 10 16:48:36.212479 dv-cinder-835881-10-smb neutron-server[115401]: INFO neutron.wsgi [req-a87104b7-1ec6-4ddc-a1a5-2f04c0d7bc48 req-8bbf4d46-5f93-466d-8d42-db94890c330e tempest-DeleteServersTestJSON-798148585 tempest-DeleteServersTestJSON-798148585-project] 10.222.0.36 "GET /v2.0/security-groups?id=a9632411-6fe3-4c3c-b302-14e27c1627da&fields=id&fields=name HTTP/1.1" status: 200 len: 286 time: 1.1837070
May 10 16:48:36.215296 dv-cinder-835881-10-smb neutron-server[115401]: DEBUG neutron_lib.callbacks.manager [None req-6e911724-e77c-4257-a3d5-287f518df33e admin admin] Publish callbacks ['neutron.plugins.ml2.ovo_rpc._ObjectChangeHandler.handle_event-590888'] for security_group (67890f92-963f-416e-a64c-c9fd88d659d1), after_create {{(pid=115401) _notify_loop /usr/local/lib/python3.8/dist-packages/neutron_lib/callbacks/manager.py:176}}
May 10 16:48:36.228592 dv-cinder-835881-10-smb neutron-server[115402]: INFO neutron.wsgi [None req-9fb481dc-7f19-4d0b-bed6-8291f48767f0 admin admin] 10.222.0.36 "GET /v2.0/security-groups?tenant_id=ed4a10b873394ee8bac82188411f289e&name=default HTTP/1.1" status: 200 len: 2996 time: 0.8514199
May 10 16:48:36.229560 dv-cinder-835881-10-smb neutron-server[115402]: DEBUG neutron.wsgi [-] (115402) accepted ('10.222.0.36', 47612) {{(pid=115402) server /usr/local/lib/python3.8/dist-packages/eventlet/wsgi.py:1004}}
May 10 16:48:36.241016 dv-cinder-835881-10-smb neutron-server[115401]: DEBUG neutron.api.rpc.handlers.resources_rpc [None req-2c260bab-b599-4ecc-9733-915e4c1a9300 admin admin] Pushing event deleted for resources: {'SecurityGroup': ['ID=9dbd00c3-37dc-4d2c-8677-4174fffbbd80,revision_number=None']} {{(pid=115401) push /opt/stack/neutron/neutron/api/rpc/handlers/resources_rpc.py:237}}
May 10 16:48:36.296441 dv-cinder-835881-10-smb neutron-server[115402]: DEBUG neutron.pecan_wsgi.hooks.policy_enforcement [req-2731775c-9fdf-4b16-97b5-45f829395255 req-a6ef9b30-ea1c-462c-addf-06d22ed22f69 service neutron] Attributes excluded by policy engine: ['standard_attr_id'] {{(pid=115402) _exclude_attributes_by_policy /opt/stack/neutron/neutron/pecan_wsgi/hooks/policy_enforcement.py:259}}
May 10 16:48:36.299806 dv-cinder-835881-10-smb neutron-server[115402]: DEBUG neutron_lib.callbacks.manager [req-2731775c-9fdf-4b16-97b5-45f829395255 req-a6ef9b30-ea1c-462c-addf-06d22ed22f69 service neutron] Publish callbacks ['neutron.notifiers.nova.Notifier._send_nova_notification-14063', 'neutron.api.rpc.agentnotifiers.dhcp_rpc_agent_api.DhcpAgentNotifyAPI._send_dhcp_notification-589611'] for port (None), before_response {{(pid=115402) _notify_loop /usr/local/lib/python3.8/dist-packages/neutron_lib/callbacks/manager.py:176}}
May 10 16:48:36.302004 dv-cinder-835881-10-smb neutron-server[115402]: INFO neutron.wsgi [req-2731775c-9fdf-4b16-97b5-45f829395255 req-a6ef9b30-ea1c-462c-addf-06d22ed22f69 service neutron] 10.222.0.55 "PUT /v2.0/ports/8e7dbe74-99d5-40bf-98aa-9063d0700831 HTTP/1.1" status: 200 len: 1094 time: 4.1251309
May 10 16:48:36.311711 dv-cinder-835881-10-smb neutron-server[115402]: DEBUG neutron.notifiers.nova [-] Sending events: [{'name': 'network-changed', 'server_uuid': 'd88e3252-371f-461e-a038-df80dc1bf4e1', 'tag': '8e7dbe74-99d5-40bf-98aa-9063d0700831'}] {{(pid=115402) send_events /opt/stack/neutron/neutron/notifiers/nova.py:271}}
May 10 16:48:36.407711 dv-cinder-835881-10-smb neutron-server[115401]: INFO neutron.wsgi [None req-6e911724-e77c-4257-a3d5-287f518df33e admin admin] 10.222.0.36 "GET /v2.0/security-groups?tenant_id=96247e0123044a8f9089a0f48f8930d7&name=default HTTP/1.1" status: 200 len: 2996 time: 1.6473951
May 10 16:48:36.416800 dv-cinder-835881-10-smb neutron-server[115401]: DEBUG neutron.wsgi [-] (115401) accepted ('10.222.0.36', 47614) {{(pid=115401) server /usr/local/lib/python3.8/dist-packages/eventlet/wsgi.py:1004}}
May 10 16:48:36.418349 dv-cinder-835881-10-smb neutron-server[115401]: DEBUG neutron.api.rpc.handlers.resources_rpc [None req-6e911724-e77c-4257-a3d5-287f518df33e admin admin] Pushing event updated for resources: {'SecurityGroup': ['ID=67890f92-963f-416e-a64c-c9fd88d659d1,revision_number=1']} {{(pid=115401) push /opt/stack/neutron/neutron/api/rpc/handlers/resources_rpc.py:237}}
May 10 16:48:36.588114 dv-cinder-835881-10-smb neutron-server[115401]: DEBUG neutron_lib.callbacks.manager [None req-0e4c9588-5af6-46d3-8fd0-3604d3e43c0b admin admin] Publish callbacks ['neutron.plugins.ml2.ovo_rpc._ObjectChangeHandler.handle_event-590888'] for security_group (ad33f8da-a543-4ced-a4de-d65a15df857f), after_delete {{(pid=115401) _notify_loop /usr/local/lib/python3.8/dist-packages/neutron_lib/callbacks/manager.py:176}}
May 10 16:48:36.591988 dv-cinder-835881-10-smb neutron-server[115401]: DEBUG neutron_lib.callbacks.manager [None req-0e4c9588-5af6-46d3-8fd0-3604d3e43c0b admin admin] Publish callbacks [] for security_group (None), before_response {{(pid=115401) _notify_loop /usr/local/lib/python3.8/dist-packages/neutron_lib/callbacks/manager.py:176}}
May 10 16:48:36.599729 dv-cinder-835881-10-smb neutron-server[115401]: INFO neutron.wsgi [None req-0e4c9588-5af6-46d3-8fd0-3604d3e43c0b admin admin] 10.222.0.36 "DELETE /v2.0/security-groups/ad33f8da-a543-4ced-a4de-d65a15df857f HTTP/1.1" status: 204 len: 168 time: 2.0559337
May 10 16:48:36.641971 dv-cinder-835881-10-smb neutron-server[115401]: DEBUG neutron.api.rpc.handlers.resources_rpc [None req-0e4c9588-5af6-46d3-8fd0-3604d3e43c0b admin admin] Pushing event deleted for resources: {'SecurityGroup': ['ID=ad33f8da-a543-4ced-a4de-d65a15df857f,revision_number=None']} {{(pid=115401) push /opt/stack/neutron/neutron/api/rpc/handlers/resources_rpc.py:237}}
May 10 16:48:36.708307 dv-cinder-835881-10-smb neutron-server[115401]: DEBUG neutron.db.db_base_plugin_common [None req-7178bea2-2c66-4618-8104-86af369e408f tempest-AttachVolumeShelveTestJSON-553231702 tempest-AttachVolumeShelveTestJSON-553231702-project] Allocated IP 172.28.2.15 (b4d7f384-dd0f-408e-91ec-6077fa1df81b/cfb8a399-377a-4bc7-81b6-7386629913cb/4da7eb59-19d2-4b0b-bbbd-16cb752df66b) {{(pid=115401) _store_ip_allocation /opt/stack/neutron/neutron/db/db_base_plugin_common.py:131}}
May 10 16:48:36.722505 dv-cinder-835881-10-smb neutron-server[115403]: DEBUG neutron.plugins.ml2.rpc [None req-25fb8d48-4537-4afb-aaf9-7d374f33752f None None] Device fa4f66d8-9df4-46a8-9c4c-17cbbcc82d2c up at agent ovs-agent-dv-cinder-835881-10-smb {{(pid=115403) update_device_up /opt/stack/neutron/neutron/plugins/ml2/rpc.py:296}}
May 10 16:48:36.772546 dv-cinder-835881-10-smb neutron-server[115402]: DEBUG neutron.pecan_wsgi.hooks.policy_enforcement [req-2731775c-9fdf-4b16-97b5-45f829395255 req-7200ab20-b722-408e-a644-b2d45ed19395 service neutron] Attributes excluded by policy engine: ['standard_attr_id'] {{(pid=115402) _exclude_attributes_by_policy /opt/stack/neutron/neutron/pecan_wsgi/hooks/policy_enforcement.py:259}}
May 10 16:48:36.774014 dv-cinder-835881-10-smb neutron-server[115402]: INFO neutron.wsgi [req-2731775c-9fdf-4b16-97b5-45f829395255 req-7200ab20-b722-408e-a644-b2d45ed19395 service neutron] 10.222.0.55 "GET /v2.0/ports?tenant_id=11e3fa02377942a5937195c5c7b9772c&device_id=d88e3252-371f-461e-a038-df80dc1bf4e1 HTTP/1.1" status: 200 len: 1128 time: 0.2702997
May 10 16:48:36.790826 dv-cinder-835881-10-smb neutron-server[115402]: DEBUG neutron.api.rpc.handlers.resources_rpc [None req-a6ef9b30-ea1c-462c-addf-06d22ed22f69 service neutron] Pushing event updated for resources: {'Port': ['ID=8e7dbe74-99d5-40bf-98aa-9063d0700831,revision_number=3']} {{(pid=115402) push /opt/stack/neutron/neutron/api/rpc/handlers/resources_rpc.py:237}}
May 10 16:48:36.882510 dv-cinder-835881-10-smb neutron-server[115403]: DEBUG neutron.db.provisioning_blocks [None req-25fb8d48-4537-4afb-aaf9-7d374f33752f None None] Provisioning complete for port fa4f66d8-9df4-46a8-9c4c-17cbbcc82d2c triggered by entity L2. {{(pid=115403) provisioning_complete /opt/stack/neutron/neutron/db/provisioning_blocks.py:145}}
May 10 16:48:36.884372 dv-cinder-835881-10-smb neutron-server[115403]: DEBUG neutron_lib.callbacks.manager [None req-25fb8d48-4537-4afb-aaf9-7d374f33752f None None] Publish callbacks ['neutron.plugins.ml2.plugin.Ml2Plugin._port_provisioned-8078053'] for port (fa4f66d8-9df4-46a8-9c4c-17cbbcc82d2c), provisioning_complete {{(pid=115403) _notify_loop /usr/local/lib/python3.8/dist-packages/neutron_lib/callbacks/manager.py:176}}
May 10 16:48:36.929831 dv-cinder-835881-10-smb neutron-server[115402]: DEBUG neutron.wsgi [-] (115402) accepted ('10.222.0.36', 47626) {{(pid=115402) server /usr/local/lib/python3.8/dist-packages/eventlet/wsgi.py:1004}}
May 10 16:48:36.933628 dv-cinder-835881-10-smb neutron-server[115402]: DEBUG neutron_lib.callbacks.manager [None req-52584bd9-3dc0-44d9-928e-589fbebd71ed tempest-AttachVolumeTestJSON-234486815 tempest-AttachVolumeTestJSON-234486815-project] Publish callbacks [] for security_group (4384800f-c0fc-44fa-917b-4a240b87badd), precommit_create {{(pid=115402) _notify_loop /usr/local/lib/python3.8/dist-packages/neutron_lib/callbacks/manager.py:176}}
May 10 16:48:36.951231 dv-cinder-835881-10-smb neutron-server[115401]: DEBUG neutron_lib.callbacks.manager [None req-7178bea2-2c66-4618-8104-86af369e408f tempest-AttachVolumeShelveTestJSON-553231702 tempest-AttachVolumeShelveTestJSON-553231702-project] Publish callbacks [] for port (4da7eb59-19d2-4b0b-bbbd-16cb752df66b), precommit_create {{(pid=115401) _notify_loop /usr/local/lib/python3.8/dist-packages/neutron_lib/callbacks/manager.py:176}}
May 10 16:48:36.954990 dv-cinder-835881-10-smb neutron-server[115402]: INFO neutron.wsgi [req-2731775c-9fdf-4b16-97b5-45f829395255 req-666c9690-b7f9-4d02-8aa3-19ba85342822 service neutron] 10.222.0.55 "GET /v2.0/floatingips?fixed_ip_address=172.20.0.14&port_id=8e7dbe74-99d5-40bf-98aa-9063d0700831 HTTP/1.1" status: 200 len: 217 time: 0.1651938
May 10 16:48:36.955585 dv-cinder-835881-10-smb neutron-server[115402]: DEBUG neutron_lib.callbacks.manager [None req-730daa83-896e-404a-8edb-a10e4f525122 admin admin] Publish callbacks [] for security_group (2c4ed46f-6a35-434a-9ad4-6cf7c6e5625b), before_delete {{(pid=115402) _notify_loop /usr/local/lib/python3.8/dist-packages/neutron_lib/callbacks/manager.py:176}}
May 10 16:48:36.970166 dv-cinder-835881-10-smb neutron-server[115402]: DEBUG neutron_lib.callbacks.manager [None req-52584bd9-3dc0-44d9-928e-589fbebd71ed tempest-AttachVolumeTestJSON-234486815 tempest-AttachVolumeTestJSON-234486815-project] Publish callbacks ['neutron.plugins.ml2.ovo_rpc._ObjectChangeHandler.handle_event-590888'] for security_group (4384800f-c0fc-44fa-917b-4a240b87badd), after_create {{(pid=115402) _notify_loop /usr/local/lib/python3.8/dist-packages/neutron_lib/callbacks/manager.py:176}}
May 10 16:48:37.014530 dv-cinder-835881-10-smb neutron-server[115402]: DEBUG neutron_lib.callbacks.manager [None req-df85eafc-8fe9-4d41-bf45-ff513a498540 admin admin] Publish callbacks [] for security_group (None), before_create {{(pid=115402) _notify_loop /usr/local/lib/python3.8/dist-packages/neutron_lib/callbacks/manager.py:176}}
May 10 16:48:37.019419 dv-cinder-835881-10-smb neutron-server[115401]: DEBUG neutron_lib.callbacks.manager [None req-7178bea2-2c66-4618-8104-86af369e408f tempest-AttachVolumeShelveTestJSON-553231702 tempest-AttachVolumeShelveTestJSON-553231702-project] Publish callbacks ['neutron.plugins.ml2.plugin.SecurityGroupServerNotifierRpcMixin._notify_sg_on_port_change-8053642', 'neutron.plugins.ml2.ovo_rpc._ObjectChangeHandler.handle_event-243257', 'neutron.api.rpc.agentnotifiers.dhcp_rpc_agent_api.DhcpAgentNotifyAPI._native_event_send_dhcp_notification-589661', 'neutron.db.l3_dvrscheduler_db._notify_l3_agent_new_port-8757357761648'] for port (4da7eb59-19d2-4b0b-bbbd-16cb752df66b), after_create {{(pid=115401) _notify_loop /usr/local/lib/python3.8/dist-packages/neutron_lib/callbacks/manager.py:176}}
May 10 16:48:37.040054 dv-cinder-835881-10-smb neutron-server[115401]: DEBUG neutron_lib.callbacks.manager [None req-c1dbd87f-4cf9-4306-bc4d-1be39585feef admin admin] Publish callbacks [] for security_group (67890f92-963f-416e-a64c-c9fd88d659d1), before_delete {{(pid=115401) _notify_loop /usr/local/lib/python3.8/dist-packages/neutron_lib/callbacks/manager.py:176}}
May 10 16:48:37.068061 dv-cinder-835881-10-smb neutron-server[115401]: DEBUG neutron_lib.callbacks.manager [None req-c1dbd87f-4cf9-4306-bc4d-1be39585feef admin admin] Publish callbacks [] for security_group (67890f92-963f-416e-a64c-c9fd88d659d1), precommit_delete {{(pid=115401) _notify_loop /usr/local/lib/python3.8/dist-packages/neutron_lib/callbacks/manager.py:176}}
May 10 16:48:37.129346 dv-cinder-835881-10-smb neutron-server[115402]: DEBUG neutron_lib.callbacks.manager [None req-730daa83-896e-404a-8edb-a10e4f525122 admin admin] Publish callbacks [] for security_group (2c4ed46f-6a35-434a-9ad4-6cf7c6e5625b), precommit_delete {{(pid=115402) _notify_loop /usr/local/lib/python3.8/dist-packages/neutron_lib/callbacks/manager.py:176}}
May 10 16:48:37.163870 dv-cinder-835881-10-smb neutron-server[115402]: DEBUG neutron_lib.callbacks.manager [None req-52584bd9-3dc0-44d9-928e-589fbebd71ed tempest-AttachVolumeTestJSON-234486815 tempest-AttachVolumeTestJSON-234486815-project] Publish callbacks [] for security_group (None), before_response {{(pid=115402) _notify_loop /usr/local/lib/python3.8/dist-packages/neutron_lib/callbacks/manager.py:176}}
May 10 16:48:37.168441 dv-cinder-835881-10-smb neutron-server[115402]: INFO neutron.wsgi [None req-52584bd9-3dc0-44d9-928e-589fbebd71ed tempest-AttachVolumeTestJSON-234486815 tempest-AttachVolumeTestJSON-234486815-project] 10.222.0.36 "POST /v2.0/security-groups HTTP/1.1" status: 201 len: 1795 time: 1.4340777
May 10 16:48:37.175650 dv-cinder-835881-10-smb neutron-server[115401]: DEBUG neutron_lib.callbacks.manager [None req-c1dbd87f-4cf9-4306-bc4d-1be39585feef admin admin] Publish callbacks ['neutron.plugins.ml2.ovo_rpc._ObjectChangeHandler.handle_event-590888'] for security_group (67890f92-963f-416e-a64c-c9fd88d659d1), after_delete {{(pid=115401) _notify_loop /usr/local/lib/python3.8/dist-packages/neutron_lib/callbacks/manager.py:176}}
May 10 16:48:37.178238 dv-cinder-835881-10-smb neutron-server[115401]: DEBUG neutron_lib.callbacks.manager [None req-c1dbd87f-4cf9-4306-bc4d-1be39585feef admin admin] Publish callbacks [] for security_group (None), before_response {{(pid=115401) _notify_loop /usr/local/lib/python3.8/dist-packages/neutron_lib/callbacks/manager.py:176}}
May 10 16:48:37.188526 dv-cinder-835881-10-smb neutron-server[115401]: INFO neutron.wsgi [None req-c1dbd87f-4cf9-4306-bc4d-1be39585feef admin admin] 10.222.0.36 "DELETE /v2.0/security-groups/67890f92-963f-416e-a64c-c9fd88d659d1 HTTP/1.1" status: 204 len: 168 time: 0.7636480
May 10 16:48:37.191027 dv-cinder-835881-10-smb neutron-server[115401]: DEBUG neutron.wsgi [-] (115401) accepted ('10.222.0.36', 47628) {{(pid=115401) server /usr/local/lib/python3.8/dist-packages/eventlet/wsgi.py:1004}}
May 10 16:48:37.192789 dv-cinder-835881-10-smb neutron-server[115401]: DEBUG neutron.scheduler.dhcp_agent_scheduler [None req-7178bea2-2c66-4618-8104-86af369e408f tempest-AttachVolumeShelveTestJSON-553231702 tempest-AttachVolumeShelveTestJSON-553231702-project] Network b4d7f384-dd0f-408e-91ec-6077fa1df81b is already hosted by enough agents. {{(pid=115401) _get_dhcp_agents_hosting_network /opt/stack/neutron/neutron/scheduler/dhcp_agent_scheduler.py:275}}
May 10 16:48:37.206421 dv-cinder-835881-10-smb neutron-server[115402]: DEBUG neutron.api.rpc.handlers.resources_rpc [None req-52584bd9-3dc0-44d9-928e-589fbebd71ed tempest-AttachVolumeTestJSON-234486815 tempest-AttachVolumeTestJSON-234486815-project] Pushing event updated for resources: {'SecurityGroup': ['ID=4384800f-c0fc-44fa-917b-4a240b87badd,revision_number=1']} {{(pid=115402) push /opt/stack/neutron/neutron/api/rpc/handlers/resources_rpc.py:237}}
May 10 16:48:37.213078 dv-cinder-835881-10-smb neutron-server[115401]: DEBUG neutron.api.v2.base [None req-4974c6bc-c8e1-48aa-8d15-951dc51fe5f7 tempest-AttachVolumeTestJSON-234486815 tempest-AttachVolumeTestJSON-234486815-project] Request body: {'security_group_rule': {'security_group_id': '4384800f-c0fc-44fa-917b-4a240b87badd', 'protocol': 'tcp', 'ethertype': 'IPv4', 'port_range_min': 22, 'port_range_max': 22, 'direction': 'ingress'}} {{(pid=115401) prepare_request_body /opt/stack/neutron/neutron/api/v2/base.py:730}}
May 10 16:48:37.223239 dv-cinder-835881-10-smb neutron-server[115403]: DEBUG neutron.plugins.ml2.plugin [None req-25fb8d48-4537-4afb-aaf9-7d374f33752f None None] Current status of the port fa4f66d8-9df4-46a8-9c4c-17cbbcc82d2c is: DOWN; New status is: ACTIVE {{(pid=115403) _update_individual_port_db_status /opt/stack/neutron/neutron/plugins/ml2/plugin.py:2296}}
May 10 16:48:37.223641 dv-cinder-835881-10-smb neutron-server[115403]: DEBUG neutron_lib.callbacks.manager [None req-25fb8d48-4537-4afb-aaf9-7d374f33752f None None] Publish callbacks ['neutron.plugins.ml2.plugin.SecurityGroupDbMixin._ensure_default_security_group_handler-8053542'] for port (fa4f66d8-9df4-46a8-9c4c-17cbbcc82d2c), before_update {{(pid=115403) _notify_loop /usr/local/lib/python3.8/dist-packages/neutron_lib/callbacks/manager.py:176}}
May 10 16:48:37.227929 dv-cinder-835881-10-smb neutron-server[115402]: DEBUG neutron.pecan_wsgi.hooks.policy_enforcement [req-2731775c-9fdf-4b16-97b5-45f829395255 req-91bc60a9-1012-456a-834f-cce79c6a92f3 service neutron] Attributes excluded by policy engine: ['standard_attr_id', 'shared'] {{(pid=115402) _exclude_attributes_by_policy /opt/stack/neutron/neutron/pecan_wsgi/hooks/policy_enforcement.py:259}}
May 10 16:48:37.229462 dv-cinder-835881-10-smb neutron-server[115402]: INFO neutron.wsgi [req-2731775c-9fdf-4b16-97b5-45f829395255 req-91bc60a9-1012-456a-834f-cce79c6a92f3 service neutron] 10.222.0.55 "GET /v2.0/subnets?id=9ab33739-82eb-4f78-a578-cfbf5c1e56e6 HTTP/1.1" status: 200 len: 852 time: 0.2432566
May 10 16:48:37.234700 dv-cinder-835881-10-smb neutron-server[115401]: DEBUG neutron.scheduler.base_scheduler [None req-7178bea2-2c66-4618-8104-86af369e408f tempest-AttachVolumeShelveTestJSON-553231702 tempest-AttachVolumeShelveTestJSON-553231702-project] Resources bound (agent type, host, resource id): {{(pid=115401) schedule /opt/stack/neutron/neutron/scheduler/base_scheduler.py:57}}
May 10 16:48:37.238159 dv-cinder-835881-10-smb neutron-server[115401]: DEBUG neutron.db.l3_dvrscheduler_db [None req-7178bea2-2c66-4618-8104-86af369e408f tempest-AttachVolumeShelveTestJSON-553231702 tempest-AttachVolumeShelveTestJSON-553231702-project] Received port after_create {{(pid=115401) _notify_l3_agent_new_port /opt/stack/neutron/neutron/db/l3_dvrscheduler_db.py:536}}
May 10 16:48:37.273451 dv-cinder-835881-10-smb neutron-server[115401]: DEBUG neutron.api.rpc.handlers.resources_rpc [None req-c1dbd87f-4cf9-4306-bc4d-1be39585feef admin admin] Pushing event deleted for resources: {'SecurityGroup': ['ID=67890f92-963f-416e-a64c-c9fd88d659d1,revision_number=None']} {{(pid=115401) push /opt/stack/neutron/neutron/api/rpc/handlers/resources_rpc.py:237}}
May 10 16:48:37.300362 dv-cinder-835881-10-smb neutron-server[115403]: DEBUG neutron.plugins.ml2.db [None req-25fb8d48-4537-4afb-aaf9-7d374f33752f None None] For port fa4f66d8-9df4-46a8-9c4c-17cbbcc82d2c, host dv-cinder-835881-10-smb, got binding levels [PortBindingLevel(driver='openvswitch',host='dv-cinder-835881-10-smb',level=0,port_id=fa4f66d8-9df4-46a8-9c4c-17cbbcc82d2c,segment=NetworkSegment(a64a6eca-8c0c-491e-a166-3a94f3c800a0),segment_id=a64a6eca-8c0c-491e-a166-3a94f3c800a0)] {{(pid=115403) get_binding_level_objs /opt/stack/neutron/neutron/plugins/ml2/db.py:74}}
