Apr 06 17:39:31.669854 dv-cinder-835880-5-iscsi neutron-server[104729]: DEBUG neutron_lib.callbacks.manager [None req-8d10959c-f1b6-4c94-8759-0920a64efe71 admin admin] Publish callbacks ['neutron.api.rpc.agentnotifiers.dhcp_rpc_agent_api.DhcpAgentNotifyAPI._send_dhcp_notification-569327'] for network (None), before_response {{(pid=104729) _notify_loop /usr/local/lib/python3.8/dist-packages/neutron_lib/callbacks/manager.py:176}}
Apr 06 17:39:31.694929 dv-cinder-835880-5-iscsi neutron-server[104731]: DEBUG neutron.pecan_wsgi.hooks.quota_enforcement [None req-80e82f05-0b77-40ae-93ef-9e34cb8b2e7e admin admin] Made reservation on behalf of 65b713f0d262481fa2d0b32648efd396 for: {'network': 1} {{(pid=104731) before /opt/stack/neutron/neutron/pecan_wsgi/hooks/quota_enforcement.py:53}}
Apr 06 17:39:31.712349 dv-cinder-835880-5-iscsi neutron-server[104731]: DEBUG neutron_lib.callbacks.manager [None req-80e82f05-0b77-40ae-93ef-9e34cb8b2e7e admin admin] Publish callbacks ['neutron.plugins.ml2.plugin.SecurityGroupDbMixin._ensure_default_security_group_handler-1742275'] for network (None), before_create {{(pid=104731) _notify_loop /usr/local/lib/python3.8/dist-packages/neutron_lib/callbacks/manager.py:176}}
Apr 06 17:39:31.729866 dv-cinder-835880-5-iscsi neutron-server[104731]: DEBUG neutron_lib.callbacks.manager [None req-80e82f05-0b77-40ae-93ef-9e34cb8b2e7e admin admin] Publish callbacks [] for security_group (None), before_create {{(pid=104731) _notify_loop /usr/local/lib/python3.8/dist-packages/neutron_lib/callbacks/manager.py:176}}
Apr 06 17:39:31.758609 dv-cinder-835880-5-iscsi neutron-server[104732]: DEBUG neutron.db.provisioning_blocks [None req-5ce47c63-b1db-46dc-850b-7e1418d500df None None] Provisioning complete for port 4e2845bb-09e5-4a21-b6ab-48feaab238f3 triggered by entity DHCP. {{(pid=104732) provisioning_complete /opt/stack/neutron/neutron/db/provisioning_blocks.py:140}}
Apr 06 17:39:31.758894 dv-cinder-835880-5-iscsi neutron-server[104732]: DEBUG neutron_lib.callbacks.manager [None req-5ce47c63-b1db-46dc-850b-7e1418d500df None None] Publish callbacks ['neutron.plugins.ml2.plugin.Ml2Plugin._port_provisioned-1831554'] for port (4e2845bb-09e5-4a21-b6ab-48feaab238f3), provisioning_complete {{(pid=104732) _notify_loop /usr/local/lib/python3.8/dist-packages/neutron_lib/callbacks/manager.py:176}}
Apr 06 17:39:31.785691 dv-cinder-835880-5-iscsi neutron-server[104729]: DEBUG neutron_lib.callbacks.manager [None req-336960ad-0cc0-47a9-b86e-efdd9bf0c5d4 admin admin] Publish callbacks ['neutron.plugins.ml2.ovo_rpc._ObjectChangeHandler.handle_event-630884', 'neutron.api.rpc.agentnotifiers.dhcp_rpc_agent_api.DhcpAgentNotifyAPI._native_event_send_dhcp_notification-567813'] for subnet (679d91da-34c0-4cc7-8657-b78253e29f8e), after_create {{(pid=104729) _notify_loop /usr/local/lib/python3.8/dist-packages/neutron_lib/callbacks/manager.py:176}}
Apr 06 17:39:31.851719 dv-cinder-835880-5-iscsi neutron-server[104729]: INFO neutron.wsgi [None req-8d10959c-f1b6-4c94-8759-0920a64efe71 admin admin] 10.222.0.18 "POST /v2.0/networks HTTP/1.1" status: 201 len: 888 time: 1.2185173
Apr 06 17:39:31.857265 dv-cinder-835880-5-iscsi neutron-server[104729]: DEBUG neutron.api.rpc.handlers.resources_rpc [None req-336960ad-0cc0-47a9-b86e-efdd9bf0c5d4 admin admin] Pushing event updated for resources: {'Subnet': ['ID=679d91da-34c0-4cc7-8657-b78253e29f8e,revision_number=0']} {{(pid=104729) push /opt/stack/neutron/neutron/api/rpc/handlers/resources_rpc.py:237}}
Apr 06 17:39:31.860637 dv-cinder-835880-5-iscsi neutron-server[104729]: DEBUG neutron.wsgi [-] (104729) accepted ('10.222.0.18', 50000) {{(pid=104729) server /usr/local/lib/python3.8/dist-packages/eventlet/wsgi.py:1004}}
Apr 06 17:39:31.865766 dv-cinder-835880-5-iscsi neutron-server[104729]: DEBUG neutron.api.v2.base [None req-6659c715-84ee-46cd-a514-d6c65c21cef2 admin admin] Request body: {'subnet': {'network_id': '46a47786-96d2-4524-85d9-d3afc011b078', 'cidr': '172.20.0.0/28', 'name': 'tempest-AttachVolumeNegativeTest-1130945762-subnet', 'tenant_id': '87308970bb8c47498926e0b72fe50b18', 'enable_dhcp': True, 'ip_version': 4}} {{(pid=104729) prepare_request_body /opt/stack/neutron/neutron/api/v2/base.py:729}}
Apr 06 17:39:31.870740 dv-cinder-835880-5-iscsi neutron-server[104729]: DEBUG neutron.api.rpc.handlers.resources_rpc [None req-8d10959c-f1b6-4c94-8759-0920a64efe71 admin admin] Pushing event updated for resources: {'Network': ['ID=46a47786-96d2-4524-85d9-d3afc011b078,revision_number=1']} {{(pid=104729) push /opt/stack/neutron/neutron/api/rpc/handlers/resources_rpc.py:237}}
Apr 06 17:39:31.908693 dv-cinder-835880-5-iscsi neutron-server[104729]: DEBUG neutron.pecan_wsgi.hooks.quota_enforcement [None req-6659c715-84ee-46cd-a514-d6c65c21cef2 admin admin] Made reservation on behalf of 87308970bb8c47498926e0b72fe50b18 for: {'subnet': 1} {{(pid=104729) before /opt/stack/neutron/neutron/pecan_wsgi/hooks/quota_enforcement.py:53}}
Apr 06 17:39:31.908900 dv-cinder-835880-5-iscsi neutron-server[104732]: DEBUG neutron.plugins.ml2.rpc [None req-d8bec8da-263f-4230-8b4c-08a4f3ff5d84 None None] Network 46a47786-96d2-4524-85d9-d3afc011b078 details requested by agent ovs-agent-dv-cinder-835880-5-iscsi with host dv-cinder-835880-5-iscsi {{(pid=104732) get_network_details /opt/stack/neutron/neutron/plugins/ml2/rpc.py:248}}
Apr 06 17:39:31.911441 dv-cinder-835880-5-iscsi neutron-server[104729]: DEBUG neutron_lib.callbacks.manager [None req-6659c715-84ee-46cd-a514-d6c65c21cef2 admin admin] Publish callbacks [] for subnet (None), before_create {{(pid=104729) _notify_loop /usr/local/lib/python3.8/dist-packages/neutron_lib/callbacks/manager.py:176}}
Apr 06 17:39:31.969958 dv-cinder-835880-5-iscsi neutron-server[104729]: DEBUG neutron.plugins.ml2.drivers.mech_agent [None req-336960ad-0cc0-47a9-b86e-efdd9bf0c5d4 admin admin] Checking segment: {'id': 'dd6ee109-c11c-45d7-a81b-93b4a5103b87', 'network_type': 'vlan', 'physical_network': 'physnet1', 'segmentation_id': 412, 'network_id': '6369e41b-044c-4773-9dbb-ba65b327e8a3'} for mappings: {'physnet1': 'br-data'} with network types: ['local', 'flat', 'vlan'] {{(pid=104729) check_segment_for_agent /opt/stack/neutron/neutron/plugins/ml2/drivers/mech_agent.py:373}}
Apr 06 17:39:31.970611 dv-cinder-835880-5-iscsi neutron-server[104729]: DEBUG neutron.scheduler.dhcp_agent_scheduler [None req-336960ad-0cc0-47a9-b86e-efdd9bf0c5d4 admin admin] Network hostable DHCP agents. Network: 6369e41b-044c-4773-9dbb-ba65b327e8a3, hostable agents: ['07e1dc1d-51d1-497c-bc37-c6c661e9aa03'], hosted agents: [] {{(pid=104729) _get_network_hostable_dhcp_agents /opt/stack/neutron/neutron/scheduler/dhcp_agent_scheduler.py:329}}
Apr 06 17:39:32.006632 dv-cinder-835880-5-iscsi neutron-server[104729]: DEBUG neutron.scheduler.dhcp_agent_scheduler [None req-336960ad-0cc0-47a9-b86e-efdd9bf0c5d4 admin admin] Network 6369e41b-044c-4773-9dbb-ba65b327e8a3 is scheduled to be hosted by DHCP agent 07e1dc1d-51d1-497c-bc37-c6c661e9aa03 with binding_index 1 {{(pid=104729) bind /opt/stack/neutron/neutron/scheduler/dhcp_agent_scheduler.py:227}}
Apr 06 17:39:32.030819 dv-cinder-835880-5-iscsi neutron-server[104729]: DEBUG neutron.scheduler.base_scheduler [None req-336960ad-0cc0-47a9-b86e-efdd9bf0c5d4 admin admin] Resources bound (agent type, host, resource id): (DHCP agent, dv-cinder-835880-5-iscsi, 6369e41b-044c-4773-9dbb-ba65b327e8a3) {{(pid=104729) schedule /opt/stack/neutron/neutron/scheduler/base_scheduler.py:57}}
Apr 06 17:39:32.038327 dv-cinder-835880-5-iscsi neutron-server[104729]: DEBUG neutron.pecan_wsgi.hooks.policy_enforcement [None req-336960ad-0cc0-47a9-b86e-efdd9bf0c5d4 admin admin] Attributes excluded by policy engine: ['standard_attr_id', 'shared', 'network'] {{(pid=104729) _exclude_attributes_by_policy /opt/stack/neutron/neutron/pecan_wsgi/hooks/policy_enforcement.py:255}}
Apr 06 17:39:32.039026 dv-cinder-835880-5-iscsi neutron-server[104729]: DEBUG neutron_lib.callbacks.manager [None req-336960ad-0cc0-47a9-b86e-efdd9bf0c5d4 admin admin] Publish callbacks ['neutron.api.rpc.agentnotifiers.dhcp_rpc_agent_api.DhcpAgentNotifyAPI._send_dhcp_notification-569327'] for subnet (None), before_response {{(pid=104729) _notify_loop /usr/local/lib/python3.8/dist-packages/neutron_lib/callbacks/manager.py:176}}
Apr 06 17:39:32.059615 dv-cinder-835880-5-iscsi neutron-server[104732]: DEBUG neutron.api.rpc.handlers.dhcp_rpc [None req-d9a602aa-aa49-42a2-8ecc-71db9182c28a None None] Network 6369e41b-044c-4773-9dbb-ba65b327e8a3 requested from dv-cinder-835880-5-iscsi {{(pid=104732) get_network_info /opt/stack/neutron/neutron/api/rpc/handlers/dhcp_rpc.py:191}}
Apr 06 17:39:32.093223 dv-cinder-835880-5-iscsi neutron-server[104729]: INFO neutron.wsgi [None req-336960ad-0cc0-47a9-b86e-efdd9bf0c5d4 admin admin] 10.222.0.18 "POST /v2.0/subnets HTTP/1.1" status: 201 len: 845 time: 0.9044423
Apr 06 17:39:32.094522 dv-cinder-835880-5-iscsi neutron-server[104729]: DEBUG neutron.wsgi [-] (104729) accepted ('10.222.0.18', 50010) {{(pid=104729) server /usr/local/lib/python3.8/dist-packages/eventlet/wsgi.py:1004}}
Apr 06 17:39:32.100651 dv-cinder-835880-5-iscsi neutron-server[104729]: DEBUG neutron.api.v2.base [None req-fdaf76e8-3f52-453f-8cd9-6e1c4d01f51c admin admin] Request body: {'router': {'name': 'tempest-AttachVolumeTestJSON-40986040-router', 'tenant_id': '9231d007afb3425e8b8e3dbcc02b0f2e', 'external_gateway_info': {'network_id': '32f4f01b-d72a-4573-a15f-a5f1aa438631'}}} {{(pid=104729) prepare_request_body /opt/stack/neutron/neutron/api/v2/base.py:729}}
Apr 06 17:39:32.166682 dv-cinder-835880-5-iscsi neutron-server[104731]: DEBUG neutron_lib.callbacks.manager [None req-071fe49e-7a90-4cb7-9e73-5d22ba9f0b02 admin admin] Publish callbacks [] for security_group (d218356f-ca9a-466a-baf9-7f8383f973f7), precommit_create {{(pid=104731) _notify_loop /usr/local/lib/python3.8/dist-packages/neutron_lib/callbacks/manager.py:176}}
Apr 06 17:39:32.176995 dv-cinder-835880-5-iscsi neutron-server[104731]: DEBUG neutron_lib.callbacks.manager [None req-a1dbcb2a-7913-49f2-9687-f3d51ba6fb93 admin admin] Publish callbacks ['neutron.services.l3_router.l3_router_plugin.L3_HA_NAT_db_mixin._after_router_create-757855', 'neutron.services.l3_router.l3_router_plugin.DVRResourceOperationHandler._create_snat_interfaces_after_change-761607'] for router (6c85a2da-ca7f-4c2f-b3c0-82670ee90867), after_create {{(pid=104731) _notify_loop /usr/local/lib/python3.8/dist-packages/neutron_lib/callbacks/manager.py:176}}
Apr 06 17:39:32.185460 dv-cinder-835880-5-iscsi neutron-server[104729]: DEBUG neutron_lib.callbacks.manager [None req-fdaf76e8-3f52-453f-8cd9-6e1c4d01f51c admin admin] Publish callbacks ['neutron.services.l3_router.l3_router_plugin.L3_HA_NAT_db_mixin._before_router_create_handler-758998', 'neutron.services.l3_router.service_providers.driver_controller.DriverController._check_router_request-2009'] for router (2b4c5aab-7cde-47c5-a314-13afc3a2af09), before_create {{(pid=104729) _notify_loop /usr/local/lib/python3.8/dist-packages/neutron_lib/callbacks/manager.py:176}}
Apr 06 17:39:32.187167 dv-cinder-835880-5-iscsi neutron-server[104729]: DEBUG neutron_lib.callbacks.manager [None req-fdaf76e8-3f52-453f-8cd9-6e1c4d01f51c admin admin] Publish callbacks ['neutron.services.l3_router.l3_router_plugin.L3_HA_NAT_db_mixin._precommit_router_create-757830', 'neutron.services.l3_router.l3_router_plugin.DVRResourceOperationHandler._set_distributed_flag-760022', 'neutron.services.l3_router.l3_router_plugin.RouterAvailabilityZoneMixin._process_az_request-539570', 'neutron.services.l3_router.service_providers.driver_controller.DriverController._set_router_provider-1984'] for router (2b4c5aab-7cde-47c5-a314-13afc3a2af09), precommit_create {{(pid=104729) _notify_loop /usr/local/lib/python3.8/dist-packages/neutron_lib/callbacks/manager.py:176}}
Apr 06 17:39:32.187489 dv-cinder-835880-5-iscsi neutron-server[104731]: DEBUG neutron_lib.callbacks.manager [None req-071fe49e-7a90-4cb7-9e73-5d22ba9f0b02 admin admin] Publish callbacks ['neutron.plugins.ml2.ovo_rpc._ObjectChangeHandler.handle_event-639339'] for security_group (d218356f-ca9a-466a-baf9-7f8383f973f7), after_create {{(pid=104731) _notify_loop /usr/local/lib/python3.8/dist-packages/neutron_lib/callbacks/manager.py:176}}
Apr 06 17:39:32.230646 dv-cinder-835880-5-iscsi neutron-server[104731]: DEBUG neutron.api.rpc.handlers.resources_rpc [None req-071fe49e-7a90-4cb7-9e73-5d22ba9f0b02 admin admin] Pushing event updated for resources: {'SecurityGroup': ['ID=d218356f-ca9a-466a-baf9-7f8383f973f7,revision_number=1']} {{(pid=104731) push /opt/stack/neutron/neutron/api/rpc/handlers/resources_rpc.py:237}}
Apr 06 17:39:32.285863 dv-cinder-835880-5-iscsi neutron-server[104729]: DEBUG neutron_lib.callbacks.manager [None req-6659c715-84ee-46cd-a514-d6c65c21cef2 admin admin] Publish callbacks ['neutron.plugins.ml2.ovo_rpc._ObjectChangeHandler.handle_event-630884', 'neutron.api.rpc.agentnotifiers.dhcp_rpc_agent_api.DhcpAgentNotifyAPI._native_event_send_dhcp_notification-567813'] for subnet (9e312bc6-ff32-47ed-8e0a-e3b0187732d4), after_create {{(pid=104729) _notify_loop /usr/local/lib/python3.8/dist-packages/neutron_lib/callbacks/manager.py:176}}
Apr 06 17:39:32.304167 dv-cinder-835880-5-iscsi neutron-server[104731]: DEBUG neutron_lib.callbacks.manager [None req-80e82f05-0b77-40ae-93ef-9e34cb8b2e7e admin admin] Publish callbacks [] for security_group (0972135e-65c3-41cc-bbf5-08a0811a172a), precommit_create {{(pid=104731) _notify_loop /usr/local/lib/python3.8/dist-packages/neutron_lib/callbacks/manager.py:176}}
Apr 06 17:39:32.304167 dv-cinder-835880-5-iscsi neutron-server[104731]: DEBUG neutron.plugins.ml2.drivers.helpers [None req-071fe49e-7a90-4cb7-9e73-5d22ba9f0b02 admin admin] vlan segment allocate from pool success with {'physical_network': 'physnet1', 'vlan_id': 429} {{(pid=104731) allocate_partially_specified_segment /opt/stack/neutron/neutron/plugins/ml2/drivers/helpers.py:153}}
Apr 06 17:39:32.320629 dv-cinder-835880-5-iscsi neutron-server[104731]: DEBUG neutron_lib.callbacks.manager [None req-80e82f05-0b77-40ae-93ef-9e34cb8b2e7e admin admin] Publish callbacks ['neutron.plugins.ml2.ovo_rpc._ObjectChangeHandler.handle_event-639339'] for security_group (0972135e-65c3-41cc-bbf5-08a0811a172a), after_create {{(pid=104731) _notify_loop /usr/local/lib/python3.8/dist-packages/neutron_lib/callbacks/manager.py:176}}
Apr 06 17:39:32.338247 dv-cinder-835880-5-iscsi neutron-server[104731]: DEBUG neutron.plugins.ml2.drivers.helpers [None req-80e82f05-0b77-40ae-93ef-9e34cb8b2e7e admin admin] vlan segment allocate from pool success with {'physical_network': 'physnet1', 'vlan_id': 415} {{(pid=104731) allocate_partially_specified_segment /opt/stack/neutron/neutron/plugins/ml2/drivers/helpers.py:153}}
Apr 06 17:39:32.349837 dv-cinder-835880-5-iscsi neutron-server[104731]: DEBUG neutron_lib.callbacks.manager [None req-80e82f05-0b77-40ae-93ef-9e34cb8b2e7e admin admin] Publish callbacks ['neutron.plugins.ml2.plugin.Ml2Plugin._handle_segment_change-1731365'] for segment (2a704f58-12e7-4d2e-9739-40290439e651), precommit_create {{(pid=104731) _notify_loop /usr/local/lib/python3.8/dist-packages/neutron_lib/callbacks/manager.py:176}}
Apr 06 17:39:32.350211 dv-cinder-835880-5-iscsi neutron-server[104731]: INFO neutron.db.segments_db [None req-80e82f05-0b77-40ae-93ef-9e34cb8b2e7e admin admin] Added segment 2a704f58-12e7-4d2e-9739-40290439e651 of type vlan for network 674a73c1-88e5-450b-9450-455653d5d957
Apr 06 17:39:32.437600 dv-cinder-835880-5-iscsi neutron-server[104731]: DEBUG neutron_lib.callbacks.manager [None req-80e82f05-0b77-40ae-93ef-9e34cb8b2e7e admin admin] Publish callbacks ['neutron.services.auto_allocate.db._ensure_external_network_default_value_callback-8728015714106'] for network (674a73c1-88e5-450b-9450-455653d5d957), precommit_create {{(pid=104731) _notify_loop /usr/local/lib/python3.8/dist-packages/neutron_lib/callbacks/manager.py:176}}
Apr 06 17:39:32.506091 dv-cinder-835880-5-iscsi neutron-server[104731]: DEBUG neutron_lib.callbacks.manager [None req-071fe49e-7a90-4cb7-9e73-5d22ba9f0b02 admin admin] Publish callbacks ['neutron.plugins.ml2.plugin.Ml2Plugin._handle_segment_change-1731365'] for segment (b7da9523-7912-4191-8f94-1212ab533fb8), precommit_create {{(pid=104731) _notify_loop /usr/local/lib/python3.8/dist-packages/neutron_lib/callbacks/manager.py:176}}
Apr 06 17:39:32.506476 dv-cinder-835880-5-iscsi neutron-server[104731]: INFO neutron.db.segments_db [None req-071fe49e-7a90-4cb7-9e73-5d22ba9f0b02 admin admin] Added segment b7da9523-7912-4191-8f94-1212ab533fb8 of type vlan for network 304acbdc-aff8-422e-8c31-45f0ba8974ee
Apr 06 17:39:32.510486 dv-cinder-835880-5-iscsi neutron-server[104731]: DEBUG neutron_lib.callbacks.manager [None req-80e82f05-0b77-40ae-93ef-9e34cb8b2e7e admin admin] Publish callbacks ['neutron.plugins.ml2.ovo_rpc._ObjectChangeHandler.handle_event-639290', 'neutron.api.rpc.agentnotifiers.dhcp_rpc_agent_api.DhcpAgentNotifyAPI._native_event_send_dhcp_notification-567813'] for network (674a73c1-88e5-450b-9450-455653d5d957), after_create {{(pid=104731) _notify_loop /usr/local/lib/python3.8/dist-packages/neutron_lib/callbacks/manager.py:176}}
Apr 06 17:39:32.511438 dv-cinder-835880-5-iscsi neutron-server[104731]: DEBUG neutron.pecan_wsgi.hooks.policy_enforcement [None req-80e82f05-0b77-40ae-93ef-9e34cb8b2e7e admin admin] Attributes excluded by policy engine: ['standard_attr_id', 'vlan_transparent'] {{(pid=104731) _exclude_attributes_by_policy /opt/stack/neutron/neutron/pecan_wsgi/hooks/policy_enforcement.py:255}}
Apr 06 17:39:32.512019 dv-cinder-835880-5-iscsi neutron-server[104731]: DEBUG neutron_lib.callbacks.manager [None req-80e82f05-0b77-40ae-93ef-9e34cb8b2e7e admin admin] Publish callbacks ['neutron.api.rpc.agentnotifiers.dhcp_rpc_agent_api.DhcpAgentNotifyAPI._send_dhcp_notification-569327'] for network (None), before_response {{(pid=104731) _notify_loop /usr/local/lib/python3.8/dist-packages/neutron_lib/callbacks/manager.py:176}}
Apr 06 17:39:32.573536 dv-cinder-835880-5-iscsi neutron-server[104731]: INFO neutron.wsgi [None req-80e82f05-0b77-40ae-93ef-9e34cb8b2e7e admin admin] 10.222.0.18 "POST /v2.0/networks HTTP/1.1" status: 201 len: 885 time: 1.2576036
Apr 06 17:39:32.590050 dv-cinder-835880-5-iscsi neutron-server[104729]: DEBUG neutron.wsgi [-] (104729) accepted ('10.222.0.18', 50026) {{(pid=104729) server /usr/local/lib/python3.8/dist-packages/eventlet/wsgi.py:1004}}
Apr 06 17:39:32.602005 dv-cinder-835880-5-iscsi neutron-server[104729]: DEBUG neutron.api.v2.base [None req-de7f351c-4098-4236-af36-018173dd8979 admin admin] Request body: {'subnet': {'network_id': '674a73c1-88e5-450b-9450-455653d5d957', 'cidr': '172.20.0.0/28', 'name': 'tempest-DeleteServersTestJSON-1865875515-subnet', 'tenant_id': '65b713f0d262481fa2d0b32648efd396', 'enable_dhcp': False, 'ip_version': 4}} {{(pid=104729) prepare_request_body /opt/stack/neutron/neutron/api/v2/base.py:729}}
Apr 06 17:39:32.609424 dv-cinder-835880-5-iscsi neutron-server[104732]: DEBUG neutron.plugins.ml2.plugin [None req-5ce47c63-b1db-46dc-850b-7e1418d500df None None] Current status of the port 4e2845bb-09e5-4a21-b6ab-48feaab238f3 is: DOWN; New status is: ACTIVE {{(pid=104732) _update_individual_port_db_status /opt/stack/neutron/neutron/plugins/ml2/plugin.py:2256}}
Apr 06 17:39:32.611200 dv-cinder-835880-5-iscsi neutron-server[104732]: DEBUG neutron_lib.callbacks.manager [None req-5ce47c63-b1db-46dc-850b-7e1418d500df None None] Publish callbacks ['neutron.plugins.ml2.plugin.SecurityGroupDbMixin._ensure_default_security_group_handler-1742275'] for port (4e2845bb-09e5-4a21-b6ab-48feaab238f3), before_update {{(pid=104732) _notify_loop /usr/local/lib/python3.8/dist-packages/neutron_lib/callbacks/manager.py:176}}
Apr 06 17:39:32.613641 dv-cinder-835880-5-iscsi neutron-server[104729]: DEBUG neutron_lib.callbacks.manager [None req-fdaf76e8-3f52-453f-8cd9-6e1c4d01f51c admin admin] Publish callbacks [] for router_controller (2b4c5aab-7cde-47c5-a314-13afc3a2af09), precommit_add_association {{(pid=104729) _notify_loop /usr/local/lib/python3.8/dist-packages/neutron_lib/callbacks/manager.py:176}}
Apr 06 17:39:32.626103 dv-cinder-835880-5-iscsi neutron-server[104732]: DEBUG neutron_lib.callbacks.manager [None req-7486f58a-38a1-4631-bd5e-08e7e46774f9 None None] Publish callbacks ['neutron.services.segments.db._update_segment_host_mapping_for_agent-8728016175975', 'neutron.plugins.ml2.plugin.Ml2Plugin._retry_binding_revived_agents-1831652'] for agent (8820b1cf-988d-44c0-9215-05a88efd3dc0), after_update {{(pid=104732) _notify_loop /usr/local/lib/python3.8/dist-packages/neutron_lib/callbacks/manager.py:176}}
Apr 06 17:39:32.634249 dv-cinder-835880-5-iscsi neutron-server[104732]: DEBUG neutron.plugins.ml2.rpc [None req-d8bec8da-263f-4230-8b4c-08a4f3ff5d84 None None] Device 4e2845bb-09e5-4a21-b6ab-48feaab238f3 up at agent ovs-agent-dv-cinder-835880-5-iscsi {{(pid=104732) update_device_up /opt/stack/neutron/neutron/plugins/ml2/rpc.py:296}}
Apr 06 17:39:32.678770 dv-cinder-835880-5-iscsi neutron-server[104729]: DEBUG neutron.api.rpc.handlers.resources_rpc [None req-6659c715-84ee-46cd-a514-d6c65c21cef2 admin admin] Pushing event updated for resources: {'Subnet': ['ID=9e312bc6-ff32-47ed-8e0a-e3b0187732d4,revision_number=0']} {{(pid=104729) push /opt/stack/neutron/neutron/api/rpc/handlers/resources_rpc.py:237}}
Apr 06 17:39:32.681322 dv-cinder-835880-5-iscsi neutron-server[104731]: DEBUG neutron.api.rpc.handlers.resources_rpc [None req-80e82f05-0b77-40ae-93ef-9e34cb8b2e7e admin admin] Pushing event updated for resources: {'SecurityGroup': ['ID=0972135e-65c3-41cc-bbf5-08a0811a172a,revision_number=1']} {{(pid=104731) push /opt/stack/neutron/neutron/api/rpc/handlers/resources_rpc.py:237}}
Apr 06 17:39:32.716087 dv-cinder-835880-5-iscsi neutron-server[104731]: DEBUG neutron_lib.callbacks.manager [None req-071fe49e-7a90-4cb7-9e73-5d22ba9f0b02 admin admin] Publish callbacks ['neutron.services.auto_allocate.db._ensure_external_network_default_value_callback-8728015714106'] for network (304acbdc-aff8-422e-8c31-45f0ba8974ee), precommit_create {{(pid=104731) _notify_loop /usr/local/lib/python3.8/dist-packages/neutron_lib/callbacks/manager.py:176}}
Apr 06 17:39:32.722752 dv-cinder-835880-5-iscsi neutron-server[104729]: DEBUG neutron.pecan_wsgi.hooks.quota_enforcement [None req-de7f351c-4098-4236-af36-018173dd8979 admin admin] Made reservation on behalf of 65b713f0d262481fa2d0b32648efd396 for: {'subnet': 1} {{(pid=104729) before /opt/stack/neutron/neutron/pecan_wsgi/hooks/quota_enforcement.py:53}}
Apr 06 17:39:32.725911 dv-cinder-835880-5-iscsi neutron-server[104729]: DEBUG neutron_lib.callbacks.manager [None req-de7f351c-4098-4236-af36-018173dd8979 admin admin] Publish callbacks [] for subnet (None), before_create {{(pid=104729) _notify_loop /usr/local/lib/python3.8/dist-packages/neutron_lib/callbacks/manager.py:176}}
Apr 06 17:39:32.787208 dv-cinder-835880-5-iscsi neutron-server[104731]: DEBUG neutron.api.rpc.handlers.resources_rpc [None req-80e82f05-0b77-40ae-93ef-9e34cb8b2e7e admin admin] Pushing event updated for resources: {'Network': ['ID=674a73c1-88e5-450b-9450-455653d5d957,revision_number=1']} {{(pid=104731) push /opt/stack/neutron/neutron/api/rpc/handlers/resources_rpc.py:237}}
Apr 06 17:39:32.788600 dv-cinder-835880-5-iscsi neutron-server[104732]: DEBUG neutron_lib.callbacks.manager [None req-4131e858-78de-472e-8b3f-20323a219987 None None] Publish callbacks ['neutron.services.segments.db._update_segment_host_mapping_for_agent-8728016175975', 'neutron.plugins.ml2.plugin.Ml2Plugin._retry_binding_revived_agents-1831652'] for agent (8d343031-b8fa-4f04-9fe3-1e230a957348), after_update {{(pid=104732) _notify_loop /usr/local/lib/python3.8/dist-packages/neutron_lib/callbacks/manager.py:176}}
Apr 06 17:39:32.798101 dv-cinder-835880-5-iscsi neutron-server[104731]: DEBUG neutron_lib.callbacks.manager [None req-071fe49e-7a90-4cb7-9e73-5d22ba9f0b02 admin admin] Publish callbacks ['neutron.plugins.ml2.ovo_rpc._ObjectChangeHandler.handle_event-639290', 'neutron.api.rpc.agentnotifiers.dhcp_rpc_agent_api.DhcpAgentNotifyAPI._native_event_send_dhcp_notification-567813'] for network (304acbdc-aff8-422e-8c31-45f0ba8974ee), after_create {{(pid=104731) _notify_loop /usr/local/lib/python3.8/dist-packages/neutron_lib/callbacks/manager.py:176}}
Apr 06 17:39:32.799308 dv-cinder-835880-5-iscsi neutron-server[104731]: DEBUG neutron.pecan_wsgi.hooks.policy_enforcement [None req-071fe49e-7a90-4cb7-9e73-5d22ba9f0b02 admin admin] Attributes excluded by policy engine: ['standard_attr_id', 'vlan_transparent'] {{(pid=104731) _exclude_attributes_by_policy /opt/stack/neutron/neutron/pecan_wsgi/hooks/policy_enforcement.py:255}}
Apr 06 17:39:32.799722 dv-cinder-835880-5-iscsi neutron-server[104731]: DEBUG neutron_lib.callbacks.manager [None req-071fe49e-7a90-4cb7-9e73-5d22ba9f0b02 admin admin] Publish callbacks ['neutron.api.rpc.agentnotifiers.dhcp_rpc_agent_api.DhcpAgentNotifyAPI._send_dhcp_notification-569327'] for network (None), before_response {{(pid=104731) _notify_loop /usr/local/lib/python3.8/dist-packages/neutron_lib/callbacks/manager.py:176}}
Apr 06 17:39:32.820465 dv-cinder-835880-5-iscsi neutron-server[104729]: DEBUG neutron.plugins.ml2.drivers.mech_agent [None req-6659c715-84ee-46cd-a514-d6c65c21cef2 admin admin] Checking segment: {'id': '9d78d642-b76e-4142-ac10-f90f309fcc0c', 'network_type': 'vlan', 'physical_network': 'physnet1', 'segmentation_id': 448, 'network_id': '46a47786-96d2-4524-85d9-d3afc011b078'} for mappings: {'physnet1': 'br-data'} with network types: ['local', 'flat', 'vlan'] {{(pid=104729) check_segment_for_agent /opt/stack/neutron/neutron/plugins/ml2/drivers/mech_agent.py:373}}
Apr 06 17:39:32.820743 dv-cinder-835880-5-iscsi neutron-server[104732]: DEBUG neutron.plugins.ml2.rpc [None req-d8bec8da-263f-4230-8b4c-08a4f3ff5d84 None None] Network 674a73c1-88e5-450b-9450-455653d5d957 details requested by agent ovs-agent-dv-cinder-835880-5-iscsi with host dv-cinder-835880-5-iscsi {{(pid=104732) get_network_details /opt/stack/neutron/neutron/plugins/ml2/rpc.py:248}}
Apr 06 17:39:32.820962 dv-cinder-835880-5-iscsi neutron-server[104729]: DEBUG neutron.scheduler.dhcp_agent_scheduler [None req-6659c715-84ee-46cd-a514-d6c65c21cef2 admin admin] Network hostable DHCP agents. Network: 46a47786-96d2-4524-85d9-d3afc011b078, hostable agents: ['07e1dc1d-51d1-497c-bc37-c6c661e9aa03'], hosted agents: [] {{(pid=104729) _get_network_hostable_dhcp_agents /opt/stack/neutron/neutron/scheduler/dhcp_agent_scheduler.py:329}}
Apr 06 17:39:32.833621 dv-cinder-835880-5-iscsi neutron-server[104731]: INFO neutron.wsgi [None req-071fe49e-7a90-4cb7-9e73-5d22ba9f0b02 admin admin] 10.222.0.18 "POST /v2.0/networks HTTP/1.1" status: 201 len: 892 time: 1.7690685
Apr 06 17:39:32.862645 dv-cinder-835880-5-iscsi neutron-server[104729]: DEBUG neutron.wsgi [-] (104729) accepted ('10.222.0.18', 50028) {{(pid=104729) server /usr/local/lib/python3.8/dist-packages/eventlet/wsgi.py:1004}}
Apr 06 17:39:32.871252 dv-cinder-835880-5-iscsi neutron-server[104729]: DEBUG neutron.api.v2.base [None req-4683682b-55d4-4fef-9b35-ee430e5bf3b5 admin admin] Request body: {'subnet': {'network_id': '304acbdc-aff8-422e-8c31-45f0ba8974ee', 'cidr': '172.20.0.0/28', 'name': 'tempest-ServerRescueNegativeTestJSON-1404738041-subnet', 'tenant_id': '0a6b7aa3146044f68b557df2f26429f8', 'enable_dhcp': True, 'ip_version': 4}} {{(pid=104729) prepare_request_body /opt/stack/neutron/neutron/api/v2/base.py:729}}
Apr 06 17:39:32.890100 dv-cinder-835880-5-iscsi neutron-server[104731]: DEBUG neutron.scheduler.l3_agent_scheduler [None req-a1dbcb2a-7913-49f2-9687-f3d51ba6fb93 admin admin] Router 6c85a2da-ca7f-4c2f-b3c0-82670ee90867 is scheduled to L3 agent a209e4f4-a091-48ac-9d81-e26b42d71988 with binding_index 1 {{(pid=104731) bind_router /opt/stack/neutron/neutron/scheduler/l3_agent_scheduler.py:209}}
Apr 06 17:39:32.899542 dv-cinder-835880-5-iscsi neutron-server[104729]: DEBUG neutron_lib.callbacks.manager [None req-fdaf76e8-3f52-453f-8cd9-6e1c4d01f51c admin admin] Publish callbacks [] for router_gateway (2b4c5aab-7cde-47c5-a314-13afc3a2af09), precommit_update {{(pid=104729) _notify_loop /usr/local/lib/python3.8/dist-packages/neutron_lib/callbacks/manager.py:176}}
Apr 06 17:39:32.900205 dv-cinder-835880-5-iscsi neutron-server[104732]: DEBUG neutron.plugins.ml2.db [None req-5ce47c63-b1db-46dc-850b-7e1418d500df None None] For port 4e2845bb-09e5-4a21-b6ab-48feaab238f3, host dv-cinder-835880-5-iscsi, got binding levels [PortBindingLevel(driver='openvswitch',host='dv-cinder-835880-5-iscsi',level=0,port_id=4e2845bb-09e5-4a21-b6ab-48feaab238f3,segment=NetworkSegment(fe7b9e63-0cc4-42ed-8373-563cde6504a3),segment_id=fe7b9e63-0cc4-42ed-8373-563cde6504a3)] {{(pid=104732) get_binding_level_objs /opt/stack/neutron/neutron/plugins/ml2/db.py:74}}
Apr 06 17:39:32.900366 dv-cinder-835880-5-iscsi neutron-server[104731]: DEBUG neutron.api.rpc.handlers.resources_rpc [None req-071fe49e-7a90-4cb7-9e73-5d22ba9f0b02 admin admin] Pushing event updated for resources: {'Network': ['ID=304acbdc-aff8-422e-8c31-45f0ba8974ee,revision_number=1']} {{(pid=104731) push /opt/stack/neutron/neutron/api/rpc/handlers/resources_rpc.py:237}}
Apr 06 17:39:32.950290 dv-cinder-835880-5-iscsi neutron-server[104729]: DEBUG neutron.scheduler.dhcp_agent_scheduler [None req-6659c715-84ee-46cd-a514-d6c65c21cef2 admin admin] Network 46a47786-96d2-4524-85d9-d3afc011b078 is scheduled to be hosted by DHCP agent 07e1dc1d-51d1-497c-bc37-c6c661e9aa03 with binding_index 1 {{(pid=104729) bind /opt/stack/neutron/neutron/scheduler/dhcp_agent_scheduler.py:227}}
Apr 06 17:39:32.972980 dv-cinder-835880-5-iscsi neutron-server[104732]: DEBUG neutron.plugins.ml2.rpc [None req-d8bec8da-263f-4230-8b4c-08a4f3ff5d84 None None] Network 304acbdc-aff8-422e-8c31-45f0ba8974ee details requested by agent ovs-agent-dv-cinder-835880-5-iscsi with host dv-cinder-835880-5-iscsi {{(pid=104732) get_network_details /opt/stack/neutron/neutron/plugins/ml2/rpc.py:248}}
Apr 06 17:39:32.980164 dv-cinder-835880-5-iscsi neutron-server[104732]: DEBUG neutron_lib.callbacks.manager [None req-5ce47c63-b1db-46dc-850b-7e1418d500df None None] Publish callbacks ['neutron.plugins.ml2.plugin.SecurityGroupServerNotifierRpcMixin._notify_sg_on_port_change-1742080', 'neutron.plugins.ml2.ovo_rpc._ObjectChangeHandler.handle_event-250391', 'neutron.api.rpc.agentnotifiers.dhcp_rpc_agent_api.DhcpAgentNotifyAPI._native_event_send_dhcp_notification-567813', 'neutron.db.l3_db.L3RpcNotifierMixin._notify_gateway_port_ip_changed-8728016106262', 'neutron.db.l3_dvrscheduler_db._notify_l3_agent_port_update-8728015721750', 'neutron.db.l3_hascheduler_db._notify_l3_agent_ha_port_update-8728015721768'] for port (4e2845bb-09e5-4a21-b6ab-48feaab238f3), after_update {{(pid=104732) _notify_loop /usr/local/lib/python3.8/dist-packages/neutron_lib/callbacks/manager.py:176}}
Apr 06 17:39:32.981775 dv-cinder-835880-5-iscsi neutron-server[104729]: DEBUG neutron.pecan_wsgi.hooks.quota_enforcement [None req-4683682b-55d4-4fef-9b35-ee430e5bf3b5 admin admin] Made reservation on behalf of 0a6b7aa3146044f68b557df2f26429f8 for: {'subnet': 1} {{(pid=104729) before /opt/stack/neutron/neutron/pecan_wsgi/hooks/quota_enforcement.py:53}}
Apr 06 17:39:32.984975 dv-cinder-835880-5-iscsi neutron-server[104729]: DEBUG neutron_lib.callbacks.manager [None req-4683682b-55d4-4fef-9b35-ee430e5bf3b5 admin admin] Publish callbacks [] for subnet (None), before_create {{(pid=104729) _notify_loop /usr/local/lib/python3.8/dist-packages/neutron_lib/callbacks/manager.py:176}}
Apr 06 17:39:33.049194 dv-cinder-835880-5-iscsi neutron-server[104731]: DEBUG neutron.api.rpc.agentnotifiers.l3_rpc_agent_api [None req-a1dbcb2a-7913-49f2-9687-f3d51ba6fb93 admin admin] Notify agent at l3_agent.dv-cinder-835880-5-iscsi the message routers_updated {{(pid=104731) _agent_notification /opt/stack/neutron/neutron/api/rpc/agentnotifiers/l3_rpc_agent_api.py:65}}
Apr 06 17:39:33.060635 dv-cinder-835880-5-iscsi neutron-server[104733]: DEBUG neutron.api.rpc.handlers.l3_rpc [None req-4aaa2b39-45dc-4bef-bb6a-7b8b43ff7464 None None] Sync routers for ids ['6c85a2da-ca7f-4c2f-b3c0-82670ee90867'] in dv-cinder-835880-5-iscsi {{(pid=104733) sync_routers /opt/stack/neutron/neutron/api/rpc/handlers/l3_rpc.py:125}}
Apr 06 17:39:33.073865 dv-cinder-835880-5-iscsi neutron-server[104733]: DEBUG neutron.db.l3_dvrscheduler_db [None req-4aaa2b39-45dc-4bef-bb6a-7b8b43ff7464 None None] Routers {'6c85a2da-ca7f-4c2f-b3c0-82670ee90867'} bound to L3 agent in host dv-cinder-835880-5-iscsi {{(pid=104733) _get_router_ids_for_agent /opt/stack/neutron/neutron/db/l3_dvrscheduler_db.py:421}}
Apr 06 17:39:33.074706 dv-cinder-835880-5-iscsi neutron-server[104733]: DEBUG neutron.db.l3_hamode_db [None req-4aaa2b39-45dc-4bef-bb6a-7b8b43ff7464 None None] neutron.services.l3_router.l3_router_plugin.L3RouterPlugin method get_ha_sync_data_for_host called with arguments (, 'dv-cinder-835880-5-iscsi', Agent(admin_state_up=True,agent_type='L3 agent',availability_zone='nova',binary='neutron-l3-agent',configurations={"agent_mode": "legacy", "ex_gw_ports": 1, "extensions": [], "floating_ips": 0, "handle_internal_only_routers": true, "interface_driver": "openvswitch", "interfaces": 1, "log_agent_heartbeats": false, "routers": 1},created_at=2022-04-06T17:30:59Z,description=,heartbeat_timestamp=2022-04-06T17:39:30Z,host='dv-cinder-835880-5-iscsi',id=a209e4f4-a091-48ac-9d81-e26b42d71988,load=0,resource_versions=,resources_synced=,started_at=2022-04-06T17:30:59Z,topic='l3_agent')) {'router_ids': ['6c85a2da-ca7f-4c2f-b3c0-82670ee90867'], 'active': True} {{(pid=104733) wrapper /usr/local/lib/python3.8/dist-packages/oslo_log/helpers.py:65}}
Apr 06 17:39:33.088596 dv-cinder-835880-5-iscsi neutron-server[104729]: DEBUG neutron.scheduler.base_scheduler [None req-6659c715-84ee-46cd-a514-d6c65c21cef2 admin admin] Resources bound (agent type, host, resource id): (DHCP agent, dv-cinder-835880-5-iscsi, 46a47786-96d2-4524-85d9-d3afc011b078) {{(pid=104729) schedule /opt/stack/neutron/neutron/scheduler/base_scheduler.py:57}}
Apr 06 17:39:33.090788 dv-cinder-835880-5-iscsi neutron-server[104731]: DEBUG neutron_lib.callbacks.manager [None req-a1dbcb2a-7913-49f2-9687-f3d51ba6fb93 admin admin] Publish callbacks [] for router (None), before_response {{(pid=104731) _notify_loop /usr/local/lib/python3.8/dist-packages/neutron_lib/callbacks/manager.py:176}}
Apr 06 17:39:33.095955 dv-cinder-835880-5-iscsi neutron-server[104731]: INFO neutron.wsgi [None req-a1dbcb2a-7913-49f2-9687-f3d51ba6fb93 admin admin] 10.222.0.18 "POST /v2.0/routers HTTP/1.1" status: 201 len: 928 time: 3.7267404
Apr 06 17:39:33.099707 dv-cinder-835880-5-iscsi neutron-server[104731]: DEBUG neutron.wsgi [-] (104731) accepted ('10.222.0.18', 50034) {{(pid=104731) server /usr/local/lib/python3.8/dist-packages/eventlet/wsgi.py:1004}}
Apr 06 17:39:33.099956 dv-cinder-835880-5-iscsi neutron-server[104729]: DEBUG neutron.pecan_wsgi.hooks.policy_enforcement [None req-6659c715-84ee-46cd-a514-d6c65c21cef2 admin admin] Attributes excluded by policy engine: ['standard_attr_id', 'shared', 'network'] {{(pid=104729) _exclude_attributes_by_policy /opt/stack/neutron/neutron/pecan_wsgi/hooks/policy_enforcement.py:255}}
Apr 06 17:39:33.100751 dv-cinder-835880-5-iscsi neutron-server[104729]: DEBUG neutron_lib.callbacks.manager [None req-6659c715-84ee-46cd-a514-d6c65c21cef2 admin admin] Publish callbacks ['neutron.api.rpc.agentnotifiers.dhcp_rpc_agent_api.DhcpAgentNotifyAPI._send_dhcp_notification-569327'] for subnet (None), before_response {{(pid=104729) _notify_loop /usr/local/lib/python3.8/dist-packages/neutron_lib/callbacks/manager.py:176}}
Apr 06 17:39:33.255385 dv-cinder-835880-5-iscsi neutron-server[104729]: INFO neutron.wsgi [None req-6659c715-84ee-46cd-a514-d6c65c21cef2 admin admin] 10.222.0.18 "POST /v2.0/subnets HTTP/1.1" status: 201 len: 851 time: 1.3935289
Apr 06 17:39:33.258959 dv-cinder-835880-5-iscsi neutron-server[104731]: DEBUG neutron.wsgi [-] (104731) accepted ('10.222.0.18', 50044) {{(pid=104731) server /usr/local/lib/python3.8/dist-packages/eventlet/wsgi.py:1004}}
Apr 06 17:39:33.277889 dv-cinder-835880-5-iscsi neutron-server[104731]: DEBUG neutron.api.v2.base [None req-ff818c83-77e5-4069-9de9-9bf3e21df142 admin admin] Request body: {'router': {'name': 'tempest-AttachVolumeNegativeTest-1130945762-router', 'tenant_id': '87308970bb8c47498926e0b72fe50b18', 'external_gateway_info': {'network_id': '32f4f01b-d72a-4573-a15f-a5f1aa438631'}}} {{(pid=104731) prepare_request_body /opt/stack/neutron/neutron/api/v2/base.py:729}}
Apr 06 17:39:33.308857 dv-cinder-835880-5-iscsi neutron-server[104733]: DEBUG neutron.db.l3_dvr_db [None req-4aaa2b39-45dc-4bef-bb6a-7b8b43ff7464 None None] Set router 6c85a2da-ca7f-4c2f-b3c0-82670ee90867 gateway port host: dv-cinder-835880-5-iscsi {{(pid=104733) _build_routers_list /opt/stack/neutron/neutron/db/l3_dvr_db.py:906}}
Apr 06 17:39:33.371210 dv-cinder-835880-5-iscsi neutron-server[104732]: DEBUG neutron.api.rpc.handlers.dhcp_rpc [None req-b7a67939-1090-47e1-a66b-0da3f04155eb None None] Network 46a47786-96d2-4524-85d9-d3afc011b078 requested from dv-cinder-835880-5-iscsi {{(pid=104732) get_network_info /opt/stack/neutron/neutron/api/rpc/handlers/dhcp_rpc.py:191}}
Apr 06 17:39:33.377438 dv-cinder-835880-5-iscsi neutron-server[104732]: DEBUG neutron.api.rpc.handlers.dhcp_rpc [None req-762b2ff5-9464-439a-86c7-9115347bb883 None None] Create dhcp port {'port': {'name': '', 'admin_state_up': True, 'device_id': 'dhcpca470cac-c519-5fb6-987e-6680b775e767-6369e41b-044c-4773-9dbb-ba65b327e8a3', 'network_id': '6369e41b-044c-4773-9dbb-ba65b327e8a3', 'project_id': '9231d007afb3425e8b8e3dbcc02b0f2e', 'fixed_ips': [{'subnet_id': '679d91da-34c0-4cc7-8657-b78253e29f8e'}]}} from dv-cinder-835880-5-iscsi. {{(pid=104732) create_dhcp_port /opt/stack/neutron/neutron/api/rpc/handlers/dhcp_rpc.py:268}}
Apr 06 17:39:33.379034 dv-cinder-835880-5-iscsi neutron-server[104732]: DEBUG neutron_lib.callbacks.manager [None req-762b2ff5-9464-439a-86c7-9115347bb883 None None] Publish callbacks ['neutron.plugins.ml2.plugin.SecurityGroupDbMixin._ensure_default_security_group_handler-1742275'] for port (None), before_create {{(pid=104732) _notify_loop /usr/local/lib/python3.8/dist-packages/neutron_lib/callbacks/manager.py:176}}
Apr 06 17:39:33.386692 dv-cinder-835880-5-iscsi neutron-server[104732]: DEBUG neutron.api.rpc.handlers.resources_rpc [None req-5ce47c63-b1db-46dc-850b-7e1418d500df None None] Pushing event updated for resources: {'Port': ['ID=4e2845bb-09e5-4a21-b6ab-48feaab238f3,revision_number=3']} {{(pid=104732) push /opt/stack/neutron/neutron/api/rpc/handlers/resources_rpc.py:237}}
Apr 06 17:39:33.488080 dv-cinder-835880-5-iscsi neutron-server[104729]: DEBUG neutron_lib.callbacks.manager [None req-de7f351c-4098-4236-af36-018173dd8979 admin admin] Publish callbacks ['neutron.plugins.ml2.ovo_rpc._ObjectChangeHandler.handle_event-630884', 'neutron.api.rpc.agentnotifiers.dhcp_rpc_agent_api.DhcpAgentNotifyAPI._native_event_send_dhcp_notification-567813'] for subnet (1d2dcfc5-d027-43aa-9d53-6f2b1682ec1f), after_create {{(pid=104729) _notify_loop /usr/local/lib/python3.8/dist-packages/neutron_lib/callbacks/manager.py:176}}
Apr 06 17:39:33.489605 dv-cinder-835880-5-iscsi neutron-server[104731]: DEBUG neutron_lib.callbacks.manager [None req-ff818c83-77e5-4069-9de9-9bf3e21df142 admin admin] Publish callbacks ['neutron.services.l3_router.l3_router_plugin.L3_HA_NAT_db_mixin._before_router_create_handler-758998', 'neutron.services.l3_router.service_providers.driver_controller.DriverController._check_router_request-2009'] for router (07e59484-0984-4a4d-91f9-65393fea5309), before_create {{(pid=104731) _notify_loop /usr/local/lib/python3.8/dist-packages/neutron_lib/callbacks/manager.py:176}}
Apr 06 17:39:33.494184 dv-cinder-835880-5-iscsi neutron-server[104731]: DEBUG neutron_lib.callbacks.manager [None req-ff818c83-77e5-4069-9de9-9bf3e21df142 admin admin] Publish callbacks ['neutron.services.l3_router.l3_router_plugin.L3_HA_NAT_db_mixin._precommit_router_create-757830', 'neutron.services.l3_router.l3_router_plugin.DVRResourceOperationHandler._set_distributed_flag-760022', 'neutron.services.l3_router.l3_router_plugin.RouterAvailabilityZoneMixin._process_az_request-539570', 'neutron.services.l3_router.service_providers.driver_controller.DriverController._set_router_provider-1984'] for router (07e59484-0984-4a4d-91f9-65393fea5309), precommit_create {{(pid=104731) _notify_loop /usr/local/lib/python3.8/dist-packages/neutron_lib/callbacks/manager.py:176}}
Apr 06 17:39:33.628130 dv-cinder-835880-5-iscsi neutron-server[104732]: DEBUG neutron.db.provisioning_blocks [None req-d8bec8da-263f-4230-8b4c-08a4f3ff5d84 None None] Provisioning complete for port 4e2845bb-09e5-4a21-b6ab-48feaab238f3 triggered by entity L2. {{(pid=104732) provisioning_complete /opt/stack/neutron/neutron/db/provisioning_blocks.py:140}}
Apr 06 17:39:33.628719 dv-cinder-835880-5-iscsi neutron-server[104732]: DEBUG neutron_lib.callbacks.manager [None req-d8bec8da-263f-4230-8b4c-08a4f3ff5d84 None None] Publish callbacks ['neutron.plugins.ml2.plugin.Ml2Plugin._port_provisioned-1831554'] for port (4e2845bb-09e5-4a21-b6ab-48feaab238f3), provisioning_complete {{(pid=104732) _notify_loop /usr/local/lib/python3.8/dist-packages/neutron_lib/callbacks/manager.py:176}}
Apr 06 17:39:33.716286 dv-cinder-835880-5-iscsi neutron-server[104732]: DEBUG neutron.db.provisioning_blocks [None req-388b27d1-4a08-42e1-a9e6-6bdb30f7e7d0 None None] Provisioning complete for port 4e2845bb-09e5-4a21-b6ab-48feaab238f3 triggered by entity DHCP. {{(pid=104732) provisioning_complete /opt/stack/neutron/neutron/db/provisioning_blocks.py:140}}
Apr 06 17:39:33.718839 dv-cinder-835880-5-iscsi neutron-server[104732]: DEBUG neutron_lib.callbacks.manager [None req-388b27d1-4a08-42e1-a9e6-6bdb30f7e7d0 None None] Publish callbacks ['neutron.plugins.ml2.plugin.Ml2Plugin._port_provisioned-1831554'] for port (4e2845bb-09e5-4a21-b6ab-48feaab238f3), provisioning_complete {{(pid=104732) _notify_loop /usr/local/lib/python3.8/dist-packages/neutron_lib/callbacks/manager.py:176}}
Apr 06 17:39:33.734441 dv-cinder-835880-5-iscsi neutron-server[104733]: DEBUG neutron.db.l3_hamode_db [None req-4aaa2b39-45dc-4bef-bb6a-7b8b43ff7464 None None] neutron.services.l3_router.l3_router_plugin.L3RouterPlugin method _process_sync_ha_data called with arguments (, [{'id': '6c85a2da-ca7f-4c2f-b3c0-82670ee90867', 'name': 'tempest-AttachVolumeShelveTestJSON-467809509-router', 'tenant_id': '1acd353f385b44ef8976ac85be9bdc6f', 'admin_state_up': True, 'status': 'ACTIVE', 'external_gateway_info': {'network_id': '32f4f01b-d72a-4573-a15f-a5f1aa438631', 'external_fixed_ips': [{'subnet_id': '98487b39-8556-4afc-b8a3-586ed99cb37b', 'ip_address': '172.27.2.107'}], 'enable_snat': True}, 'gw_port_id': '719910c6-d8f3-4c67-a328-7e8cfd632a42', 'description': '', 'availability_zones': ['nova'], 'distributed': False, 'ha': False, 'ha_vr_id': 0, 'availability_zone_hints': [], 'routes': [], 'flavor_id': None, 'tags': [], 'created_at': '2022-04-06T17:39:29Z', 'updated_at': '2022-04-06T17:39:31Z', 'revision_number': 3, 'project_id': '1acd353f385b44ef8976ac85be9bdc6f', 'gw_port': {'id': '719910c6-d8f3-4c67-a328-7e8cfd632a42', 'name': '', 'network_id': '32f4f01b-d72a-4573-a15f-a5f1aa438631', 'tenant_id': '', 'mac_address': 'fa:16:3e:27:6a:a3', 'admin_state_up': True, 'status': 'DOWN', 'device_id': '6c85a2da-ca7f-4c2f-b3c0-82670ee90867', 'device_owner': 'network:router_gateway', 'standard_attr_id': 41, 'fixed_ips': [{'subnet_id': '98487b39-8556-4afc-b8a3-586ed99cb37b', 'ip_address': '172.27.2.107', 'prefixlen': 24}], 'allowed_address_pairs': [], 'extra_dhcp_opts': [], 'security_groups': [], 'description': '', 'binding:vnic_type': 'normal', 'binding:profile': {}, 'binding:host_id': '', 'binding:vif_type': 'unbound', 'binding:vif_details': {}, 'port_security_enabled': False, 'tags': [], 'created_at': '2022-04-06T17:39:30Z', 'updated_at': '2022-04-06T17:39:30Z', 'revision_number': 1, 'project_id': '', 'subnets': [{'id': '98487b39-8556-4afc-b8a3-586ed99cb37b', 'cidr': '172.27.2.0/24', 'gateway_ip': '172.27.2.1', 'dns_nameservers': [], 'ipv6_ra_mode': None, 'subnetpool_id': None}], 'extra_subnets': [], 'address_scopes': {4: None, 6: None}, 'mtu': 1500}, 'enable_snat': True, 'gw_port_host': 'dv-cinder-835880-5-iscsi'}], 'dv-cinder-835880-5-iscsi', False) {} {{(pid=104733) wrapper /usr/local/lib/python3.8/dist-packages/oslo_log/helpers.py:65}}
Apr 06 17:39:33.804404 dv-cinder-835880-5-iscsi neutron-server[104733]: DEBUG neutron.api.rpc.handlers.l3_rpc [None req-4aaa2b39-45dc-4bef-bb6a-7b8b43ff7464 None None] Checking router: 6c85a2da-ca7f-4c2f-b3c0-82670ee90867 for host: dv-cinder-835880-5-iscsi {{(pid=104733) _ensure_host_set_on_ports /opt/stack/neutron/neutron/api/rpc/handlers/l3_rpc.py:155}}
Apr 06 17:39:33.808886 dv-cinder-835880-5-iscsi neutron-server[104733]: DEBUG neutron.api.rpc.handlers.l3_rpc [None req-4aaa2b39-45dc-4bef-bb6a-7b8b43ff7464 None None] Updating router 6c85a2da-ca7f-4c2f-b3c0-82670ee90867 port 719910c6-d8f3-4c67-a328-7e8cfd632a42 binding host dv-cinder-835880-5-iscsi {{(pid=104733) _ensure_host_set_on_port /opt/stack/neutron/neutron/api/rpc/handlers/l3_rpc.py:205}}
Apr 06 17:39:33.871137 dv-cinder-835880-5-iscsi neutron-server[104733]: DEBUG neutron_lib.callbacks.manager [None req-4aaa2b39-45dc-4bef-bb6a-7b8b43ff7464 None None] Publish callbacks ['neutron.plugins.ml2.plugin.SecurityGroupDbMixin._ensure_default_security_group_handler-1742275'] for port (719910c6-d8f3-4c67-a328-7e8cfd632a42), before_update {{(pid=104733) _notify_loop /usr/local/lib/python3.8/dist-packages/neutron_lib/callbacks/manager.py:176}}
Apr 06 17:39:33.928509 dv-cinder-835880-5-iscsi neutron-server[104731]: DEBUG neutron_lib.callbacks.manager [None req-ff818c83-77e5-4069-9de9-9bf3e21df142 admin admin] Publish callbacks [] for router_controller (07e59484-0984-4a4d-91f9-65393fea5309), precommit_add_association {{(pid=104731) _notify_loop /usr/local/lib/python3.8/dist-packages/neutron_lib/callbacks/manager.py:176}}
Apr 06 17:39:33.947583 dv-cinder-835880-5-iscsi neutron-server[104729]: DEBUG neutron_lib.callbacks.manager [None req-4683682b-55d4-4fef-9b35-ee430e5bf3b5 admin admin] Publish callbacks ['neutron.plugins.ml2.ovo_rpc._ObjectChangeHandler.handle_event-630884', 'neutron.api.rpc.agentnotifiers.dhcp_rpc_agent_api.DhcpAgentNotifyAPI._native_event_send_dhcp_notification-567813'] for subnet (923c3823-79a9-4c80-8b68-2d48b69dc939), after_create {{(pid=104729) _notify_loop /usr/local/lib/python3.8/dist-packages/neutron_lib/callbacks/manager.py:176}}
Apr 06 17:39:33.987564 dv-cinder-835880-5-iscsi neutron-server[104729]: DEBUG neutron.plugins.ml2.drivers.mech_agent [None req-de7f351c-4098-4236-af36-018173dd8979 admin admin] Checking segment: {'id': '2a704f58-12e7-4d2e-9739-40290439e651', 'network_type': 'vlan', 'physical_network': 'physnet1', 'segmentation_id': 415, 'network_id': '674a73c1-88e5-450b-9450-455653d5d957'} for mappings: {'physnet1': 'br-data'} with network types: ['local', 'flat', 'vlan'] {{(pid=104729) check_segment_for_agent /opt/stack/neutron/neutron/plugins/ml2/drivers/mech_agent.py:373}}
Apr 06 17:39:33.987931 dv-cinder-835880-5-iscsi neutron-server[104729]: DEBUG neutron.scheduler.dhcp_agent_scheduler [None req-de7f351c-4098-4236-af36-018173dd8979 admin admin] Network hostable DHCP agents. Network: 674a73c1-88e5-450b-9450-455653d5d957, hostable agents: ['07e1dc1d-51d1-497c-bc37-c6c661e9aa03'], hosted agents: [] {{(pid=104729) _get_network_hostable_dhcp_agents /opt/stack/neutron/neutron/scheduler/dhcp_agent_scheduler.py:329}}
Apr 06 17:39:34.015429 dv-cinder-835880-5-iscsi neutron-server[104732]: DEBUG neutron.api.rpc.handlers.dhcp_rpc [None req-481033a3-26a2-4e4f-9cc8-04086982cddd None None] Create dhcp port {'port': {'name': '', 'admin_state_up': True, 'device_id': 'dhcpca470cac-c519-5fb6-987e-6680b775e767-46a47786-96d2-4524-85d9-d3afc011b078', 'network_id': '46a47786-96d2-4524-85d9-d3afc011b078', 'project_id': '87308970bb8c47498926e0b72fe50b18', 'fixed_ips': [{'subnet_id': '9e312bc6-ff32-47ed-8e0a-e3b0187732d4'}]}} from dv-cinder-835880-5-iscsi. {{(pid=104732) create_dhcp_port /opt/stack/neutron/neutron/api/rpc/handlers/dhcp_rpc.py:268}}
Apr 06 17:39:34.016322 dv-cinder-835880-5-iscsi neutron-server[104732]: DEBUG neutron_lib.callbacks.manager [None req-481033a3-26a2-4e4f-9cc8-04086982cddd None None] Publish callbacks ['neutron.plugins.ml2.plugin.SecurityGroupDbMixin._ensure_default_security_group_handler-1742275'] for port (None), before_create {{(pid=104732) _notify_loop /usr/local/lib/python3.8/dist-packages/neutron_lib/callbacks/manager.py:176}}
Apr 06 17:39:34.018781 dv-cinder-835880-5-iscsi neutron-server[104732]: DEBUG neutron_lib.callbacks.manager [None req-d8bec8da-263f-4230-8b4c-08a4f3ff5d84 None None] Publish callbacks ['neutron.services.segments.db._update_segment_host_mapping_for_agent-8728016175975', 'neutron.plugins.ml2.plugin.Ml2Plugin._retry_binding_revived_agents-1831652'] for agent (6104b5c6-57aa-425d-99ba-ddf1ed9c5266), after_update {{(pid=104732) _notify_loop /usr/local/lib/python3.8/dist-packages/neutron_lib/callbacks/manager.py:176}}
Apr 06 17:39:34.066386 dv-cinder-835880-5-iscsi neutron-server[104729]: DEBUG neutron.api.rpc.handlers.resources_rpc [None req-de7f351c-4098-4236-af36-018173dd8979 admin admin] Pushing event updated for resources: {'Subnet': ['ID=1d2dcfc5-d027-43aa-9d53-6f2b1682ec1f,revision_number=0']} {{(pid=104729) push /opt/stack/neutron/neutron/api/rpc/handlers/resources_rpc.py:237}}
Apr 06 17:39:34.191704 dv-cinder-835880-5-iscsi neutron-server[104729]: DEBUG neutron.scheduler.dhcp_agent_scheduler [None req-de7f351c-4098-4236-af36-018173dd8979 admin admin] Network 674a73c1-88e5-450b-9450-455653d5d957 is scheduled to be hosted by DHCP agent 07e1dc1d-51d1-497c-bc37-c6c661e9aa03 with binding_index 1 {{(pid=104729) bind /opt/stack/neutron/neutron/scheduler/dhcp_agent_scheduler.py:227}}
