Apr 04 14:13:09.300663 dv-cinder-835880-4-smb neutron-server[103409]: DEBUG neutron_lib.callbacks.manager [None req-c80351f6-2ca0-4ed0-a777-4a124ede085d admin admin] Subscribe: > subnet after_update 55550000 {{(pid=103409) subscribe /usr/local/lib/python3.8/dist-packages/neutron_lib/callbacks/manager.py:45}}
Apr 04 14:13:09.325711 dv-cinder-835880-4-smb neutron-server[103408]: DEBUG neutron_lib.callbacks.manager [None req-0d299d8d-399a-491b-beae-cdd54a1990a3 admin admin] Publish callbacks ['neutron.plugins.ml2.ovo_rpc._ObjectChangeHandler.handle_event-1590233'] for security_group (fe65f656-f013-4bf9-be6e-87b376112506), after_delete {{(pid=103408) _notify_loop /usr/local/lib/python3.8/dist-packages/neutron_lib/callbacks/manager.py:176}}
Apr 04 14:13:09.328485 dv-cinder-835880-4-smb neutron-server[103408]: DEBUG neutron_lib.callbacks.manager [None req-0d299d8d-399a-491b-beae-cdd54a1990a3 admin admin] Publish callbacks [] for security_group (None), before_response {{(pid=103408) _notify_loop /usr/local/lib/python3.8/dist-packages/neutron_lib/callbacks/manager.py:176}}
Apr 04 14:13:09.329733 dv-cinder-835880-4-smb neutron-server[103408]: INFO neutron.wsgi [None req-0d299d8d-399a-491b-beae-cdd54a1990a3 admin admin] 10.222.0.25 "DELETE /v2.0/security-groups/fe65f656-f013-4bf9-be6e-87b376112506 HTTP/1.1" status: 204 len: 168 time: 0.1605356
Apr 04 14:13:09.338912 dv-cinder-835880-4-smb neutron-server[103408]: DEBUG neutron.api.rpc.handlers.resources_rpc [None req-0d299d8d-399a-491b-beae-cdd54a1990a3 admin admin] Pushing event deleted for resources: {'SecurityGroup': ['ID=fe65f656-f013-4bf9-be6e-87b376112506,revision_number=None']} {{(pid=103408) push /opt/stack/neutron/neutron/api/rpc/handlers/resources_rpc.py:237}}
Apr 04 14:13:09.435531 dv-cinder-835880-4-smb neutron-server[103409]: DEBUG neutron_lib.callbacks.manager [None req-c80351f6-2ca0-4ed0-a777-4a124ede085d admin admin] Subscribe: > subnet after_create 55550000 {{(pid=103409) subscribe /usr/local/lib/python3.8/dist-packages/neutron_lib/callbacks/manager.py:45}}
Apr 04 14:13:09.435979 dv-cinder-835880-4-smb neutron-server[103409]: DEBUG neutron_lib.callbacks.manager [None req-c80351f6-2ca0-4ed0-a777-4a124ede085d admin admin] Subscribe: > subnet after_delete 55550000 {{(pid=103409) subscribe /usr/local/lib/python3.8/dist-packages/neutron_lib/callbacks/manager.py:45}}
Apr 04 14:13:09.436418 dv-cinder-835880-4-smb neutron-server[103409]: DEBUG neutron_lib.callbacks.manager [None req-c80351f6-2ca0-4ed0-a777-4a124ede085d admin admin] Subscribe: > subnet before_create 55550000 {{(pid=103409) subscribe /usr/local/lib/python3.8/dist-packages/neutron_lib/callbacks/manager.py:45}}
Apr 04 14:13:09.436841 dv-cinder-835880-4-smb neutron-server[103409]: DEBUG neutron_lib.callbacks.manager [None req-c80351f6-2ca0-4ed0-a777-4a124ede085d admin admin] Subscribe: > subnet before_update 55550000 {{(pid=103409) subscribe /usr/local/lib/python3.8/dist-packages/neutron_lib/callbacks/manager.py:45}}
Apr 04 14:13:09.437325 dv-cinder-835880-4-smb neutron-server[103409]: DEBUG neutron.services.segments.db [None req-c80351f6-2ca0-4ed0-a777-4a124ede085d admin admin] neutron.services.segments.plugin.Plugin method get_segments called with arguments (,) {'filters': {'network_id': ['71d8ee15-19eb-47c1-93ae-954670aedc3e']}} {{(pid=103409) wrapper /usr/local/lib/python3.8/dist-packages/oslo_log/helpers.py:65}}
Apr 04 14:13:09.459525 dv-cinder-835880-4-smb neutron-server[103409]: DEBUG neutron.services.segments.db [None req-c80351f6-2ca0-4ed0-a777-4a124ede085d admin admin] neutron.services.segments.plugin.Plugin method delete_segment called with arguments (, '9a5952ee-f504-4ac3-8b34-e94e04099269') {'for_net_delete': True} {{(pid=103409) wrapper /usr/local/lib/python3.8/dist-packages/oslo_log/helpers.py:65}}
Apr 04 14:13:09.459923 dv-cinder-835880-4-smb neutron-server[103409]: DEBUG neutron.services.segments.db [None req-c80351f6-2ca0-4ed0-a777-4a124ede085d admin admin] neutron.services.segments.plugin.Plugin method get_segment called with arguments (, '9a5952ee-f504-4ac3-8b34-e94e04099269') {} {{(pid=103409) wrapper /usr/local/lib/python3.8/dist-packages/oslo_log/helpers.py:65}}
Apr 04 14:13:09.478119 dv-cinder-835880-4-smb neutron-server[103409]: DEBUG neutron_lib.callbacks.manager [None req-c80351f6-2ca0-4ed0-a777-4a124ede085d admin admin] Publish callbacks ['neutron.plugins.ml2.db._prevent_segment_delete_with_port_bound-8749575280195', 'neutron.services.segments.plugin.Plugin._prevent_segment_delete_with_subnet_associated-6237978'] for segment (9a5952ee-f504-4ac3-8b34-e94e04099269), before_delete {{(pid=103409) _notify_loop /usr/local/lib/python3.8/dist-packages/neutron_lib/callbacks/manager.py:176}}
Apr 04 14:13:09.499521 dv-cinder-835880-4-smb neutron-server[103409]: DEBUG neutron_lib.callbacks.manager [None req-c80351f6-2ca0-4ed0-a777-4a124ede085d admin admin] Publish callbacks ['neutron.plugins.ml2.plugin.Ml2Plugin._handle_segment_change-3267569'] for segment (9a5952ee-f504-4ac3-8b34-e94e04099269), precommit_delete {{(pid=103409) _notify_loop /usr/local/lib/python3.8/dist-packages/neutron_lib/callbacks/manager.py:176}}
Apr 04 14:13:09.513422 dv-cinder-835880-4-smb neutron-server[103409]: DEBUG neutron.plugins.ml2.drivers.type_vlan [None req-c80351f6-2ca0-4ed0-a777-4a124ede085d admin admin] Releasing vlan 75 on physical network physnet1 to pool {{(pid=103409) release_segment /opt/stack/neutron/neutron/plugins/ml2/drivers/type_vlan.py:304}}
Apr 04 14:13:09.514167 dv-cinder-835880-4-smb neutron-server[103409]: DEBUG neutron_lib.callbacks.manager [None req-c80351f6-2ca0-4ed0-a777-4a124ede085d admin admin] Publish callbacks ['neutron.plugins.ml2.plugin.Ml2Plugin._handle_segment_change-3267569', 'neutron.services.segments.plugin.NovaSegmentNotifier._notify_segment_deleted-4214588'] for segment (9a5952ee-f504-4ac3-8b34-e94e04099269), after_delete {{(pid=103409) _notify_loop /usr/local/lib/python3.8/dist-packages/neutron_lib/callbacks/manager.py:176}}
Apr 04 14:13:09.537301 dv-cinder-835880-4-smb neutron-server[103409]: /usr/lib/python3/dist-packages/secretstorage/dhcrypto.py:15: CryptographyDeprecationWarning: int_from_bytes is deprecated, use int.from_bytes instead
Apr 04 14:13:09.537301 dv-cinder-835880-4-smb neutron-server[103409]: from cryptography.utils import int_from_bytes
Apr 04 14:13:09.537301 dv-cinder-835880-4-smb neutron-server[103409]: /usr/lib/python3/dist-packages/secretstorage/util.py:19: CryptographyDeprecationWarning: int_from_bytes is deprecated, use int.from_bytes instead
Apr 04 14:13:09.537301 dv-cinder-835880-4-smb neutron-server[103409]: from cryptography.utils import int_from_bytes
Apr 04 14:13:09.537301 dv-cinder-835880-4-smb neutron-server[103409]: Traceback (most recent call last):
Apr 04 14:13:09.537301 dv-cinder-835880-4-smb neutron-server[103409]: File "/usr/local/lib/python3.8/dist-packages/eventlet/hubs/hub.py", line 476, in fire_timers
Apr 04 14:13:09.537301 dv-cinder-835880-4-smb neutron-server[103409]: timer()
Apr 04 14:13:09.537301 dv-cinder-835880-4-smb neutron-server[103409]: File "/usr/local/lib/python3.8/dist-packages/eventlet/hubs/timer.py", line 59, in __call__
Apr 04 14:13:09.537301 dv-cinder-835880-4-smb neutron-server[103409]: cb(*args, **kw)
Apr 04 14:13:09.537301 dv-cinder-835880-4-smb neutron-server[103409]: File "/opt/stack/neutron/neutron/common/utils.py", line 921, in wrapper
Apr 04 14:13:09.537301 dv-cinder-835880-4-smb neutron-server[103409]: return func(*args, **kwargs)
Apr 04 14:13:09.537301 dv-cinder-835880-4-smb neutron-server[103409]: File "/opt/stack/neutron/neutron/notifiers/batch_notifier.py", line 58, in synced_send
Apr 04 14:13:09.537301 dv-cinder-835880-4-smb neutron-server[103409]: self._notify()
Apr 04 14:13:09.537301 dv-cinder-835880-4-smb neutron-server[103409]: File "/opt/stack/neutron/neutron/notifiers/batch_notifier.py", line 69, in _notify
Apr 04 14:13:09.537301 dv-cinder-835880-4-smb neutron-server[103409]: self.callback(batched_events)
Apr 04 14:13:09.537301 dv-cinder-835880-4-smb neutron-server[103409]: File "/opt/stack/neutron/neutron/services/segments/plugin.py", line 211, in _send_notifications
Apr 04 14:13:09.537301 dv-cinder-835880-4-smb neutron-server[103409]: event.method(event)
Apr 04 14:13:09.537301 dv-cinder-835880-4-smb neutron-server[103409]: File "/opt/stack/neutron/neutron/services/segments/plugin.py", line 383, in _delete_nova_inventory
Apr 04 14:13:09.537301 dv-cinder-835880-4-smb neutron-server[103409]: aggregate_id = self._get_aggregate_id(event.segment_id)
Apr 04 14:13:09.537301 dv-cinder-835880-4-smb neutron-server[103409]: File "/opt/stack/neutron/neutron/services/segments/plugin.py", line 370, in _get_aggregate_id
Apr 04 14:13:09.537301 dv-cinder-835880-4-smb neutron-server[103409]: aggregate_uuid = self.p_client.list_aggregates(
Apr 04 14:13:09.537301 dv-cinder-835880-4-smb neutron-server[103409]: File "/usr/local/lib/python3.8/dist-packages/neutron_lib/placement/client.py", line 58, in wrapper
Apr 04 14:13:09.537301 dv-cinder-835880-4-smb neutron-server[103409]: return f(self, *a, **k)
Apr 04 14:13:09.537301 dv-cinder-835880-4-smb neutron-server[103409]: File "/usr/local/lib/python3.8/dist-packages/neutron_lib/placement/client.py", line 554, in list_aggregates
Apr 04 14:13:09.537301 dv-cinder-835880-4-smb neutron-server[103409]: return self._get(url).json()
Apr 04 14:13:09.537301 dv-cinder-835880-4-smb neutron-server[103409]: File "/usr/local/lib/python3.8/dist-packages/neutron_lib/placement/client.py", line 190, in _get
Apr 04 14:13:09.537301 dv-cinder-835880-4-smb neutron-server[103409]: return self._client.get(url, endpoint_filter=self._ks_filter,
Apr 04 14:13:09.537301 dv-cinder-835880-4-smb neutron-server[103409]: File "/usr/local/lib/python3.8/dist-packages/keystoneauth1/session.py", line 1141, in get
Apr 04 14:13:09.537301 dv-cinder-835880-4-smb neutron-server[103409]: return self.request(url, 'GET', **kwargs)
Apr 04 14:13:09.537301 dv-cinder-835880-4-smb neutron-server[103409]: File "/usr/local/lib/python3.8/dist-packages/keystoneauth1/session.py", line 811, in request
Apr 04 14:13:09.537301 dv-cinder-835880-4-smb neutron-server[103409]: base_url = self.get_endpoint(auth, allow=allow,
Apr 04 14:13:09.537301 dv-cinder-835880-4-smb neutron-server[103409]: File "/usr/local/lib/python3.8/dist-packages/keystoneauth1/session.py", line 1241, in get_endpoint
Apr 04 14:13:09.537301 dv-cinder-835880-4-smb neutron-server[103409]: auth = self._auth_required(auth, 'determine endpoint URL')
Apr 04 14:13:09.537301 dv-cinder-835880-4-smb neutron-server[103409]: File "/usr/local/lib/python3.8/dist-packages/keystoneauth1/session.py", line 1181, in _auth_required
Apr 04 14:13:09.537301 dv-cinder-835880-4-smb neutron-server[103409]: raise exceptions.MissingAuthPlugin(msg_fmt % msg)
Apr 04 14:13:09.537301 dv-cinder-835880-4-smb neutron-server[103409]: keystoneauth1.exceptions.auth_plugins.MissingAuthPlugin: An auth plugin is required to determine endpoint URL
Apr 04 14:13:09.598553 dv-cinder-835880-4-smb neutron-server[103409]: DEBUG neutron_lib.callbacks.manager [None req-c80351f6-2ca0-4ed0-a777-4a124ede085d admin admin] Publish callbacks ['neutron.plugins.ml2.plugin.Ml2Plugin._network_delete_after_delete_handler-3338052', 'neutron.plugins.ml2.ovo_rpc._ObjectChangeHandler.handle_event-1590070', 'neutron.api.rpc.agentnotifiers.dhcp_rpc_agent_api.DhcpAgentNotifyAPI._native_event_send_dhcp_notification-1595463', 'neutron.services.l3_router.l3_router_plugin.DVRResourceOperationHandler.delete_fip_namespaces_for_ext_net-1590121'] for network (71d8ee15-19eb-47c1-93ae-954670aedc3e), after_delete {{(pid=103409) _notify_loop /usr/local/lib/python3.8/dist-packages/neutron_lib/callbacks/manager.py:176}}
Apr 04 14:13:09.606756 dv-cinder-835880-4-smb neutron-server[103409]: DEBUG neutron_lib.callbacks.manager [None req-c80351f6-2ca0-4ed0-a777-4a124ede085d admin admin] Publish callbacks ['neutron.api.rpc.agentnotifiers.dhcp_rpc_agent_api.DhcpAgentNotifyAPI._send_dhcp_notification-1595505'] for network (None), before_response {{(pid=103409) _notify_loop /usr/local/lib/python3.8/dist-packages/neutron_lib/callbacks/manager.py:176}}
Apr 04 14:13:09.610004 dv-cinder-835880-4-smb neutron-server[103409]: INFO neutron.wsgi [None req-c80351f6-2ca0-4ed0-a777-4a124ede085d admin admin] 10.222.0.25 "DELETE /v2.0/networks/71d8ee15-19eb-47c1-93ae-954670aedc3e HTTP/1.1" status: 204 len: 168 time: 0.5977700
Apr 04 14:13:09.623481 dv-cinder-835880-4-smb neutron-server[103409]: DEBUG neutron.api.rpc.handlers.resources_rpc [None req-c80351f6-2ca0-4ed0-a777-4a124ede085d admin admin] Pushing event deleted for resources: {'Network': ['ID=71d8ee15-19eb-47c1-93ae-954670aedc3e,revision_number=None']} {{(pid=103409) push /opt/stack/neutron/neutron/api/rpc/handlers/resources_rpc.py:237}}
Apr 04 14:13:09.837896 dv-cinder-835880-4-smb neutron-server[103409]: DEBUG neutron.wsgi [-] (103409) accepted ('10.222.0.25', 60426) {{(pid=103409) server /usr/local/lib/python3.8/dist-packages/eventlet/wsgi.py:1004}}
Apr 04 14:13:09.888865 dv-cinder-835880-4-smb neutron-server[103409]: INFO neutron.wsgi [None req-e269f1f7-68f2-4f09-b7a5-2c418f244d06 admin admin] 10.222.0.25 "GET /v2.0/security-groups?tenant_id=7e74eae29f4a49cb9ff6617153ee9def&name=default HTTP/1.1" status: 200 len: 2992 time: 0.0497913
Apr 04 14:13:09.891630 dv-cinder-835880-4-smb neutron-server[103409]: DEBUG neutron.wsgi [-] (103409) accepted ('10.222.0.25', 60432) {{(pid=103409) server /usr/local/lib/python3.8/dist-packages/eventlet/wsgi.py:1004}}
Apr 04 14:13:09.952732 dv-cinder-835880-4-smb neutron-server[103409]: DEBUG neutron_lib.callbacks.manager [None req-4d2562cd-100e-4f95-9cfc-80376a441a00 admin admin] Publish callbacks [] for security_group (c8061431-818a-4be3-a952-f2d9985ccea6), before_delete {{(pid=103409) _notify_loop /usr/local/lib/python3.8/dist-packages/neutron_lib/callbacks/manager.py:176}}
Apr 04 14:13:09.975755 dv-cinder-835880-4-smb neutron-server[103411]: DEBUG neutron.db.agents_db [None req-5fea4664-0855-484c-be6a-0fc5303065fd None None] Agent healthcheck: found 6 active agents {{(pid=103411) agent_health_check /opt/stack/neutron/neutron/db/agents_db.py:317}}
Apr 04 14:13:09.983890 dv-cinder-835880-4-smb neutron-server[103409]: DEBUG neutron_lib.callbacks.manager [None req-4d2562cd-100e-4f95-9cfc-80376a441a00 admin admin] Publish callbacks [] for security_group (c8061431-818a-4be3-a952-f2d9985ccea6), precommit_delete {{(pid=103409) _notify_loop /usr/local/lib/python3.8/dist-packages/neutron_lib/callbacks/manager.py:176}}
Apr 04 14:13:10.055516 dv-cinder-835880-4-smb neutron-server[103409]: DEBUG neutron_lib.callbacks.manager [None req-4d2562cd-100e-4f95-9cfc-80376a441a00 admin admin] Publish callbacks ['neutron.plugins.ml2.ovo_rpc._ObjectChangeHandler.handle_event-1590233'] for security_group (c8061431-818a-4be3-a952-f2d9985ccea6), after_delete {{(pid=103409) _notify_loop /usr/local/lib/python3.8/dist-packages/neutron_lib/callbacks/manager.py:176}}
Apr 04 14:13:10.058512 dv-cinder-835880-4-smb neutron-server[103409]: DEBUG neutron_lib.callbacks.manager [None req-4d2562cd-100e-4f95-9cfc-80376a441a00 admin admin] Publish callbacks [] for security_group (None), before_response {{(pid=103409) _notify_loop /usr/local/lib/python3.8/dist-packages/neutron_lib/callbacks/manager.py:176}}
Apr 04 14:13:10.059866 dv-cinder-835880-4-smb neutron-server[103409]: INFO neutron.wsgi [None req-4d2562cd-100e-4f95-9cfc-80376a441a00 admin admin] 10.222.0.25 "DELETE /v2.0/security-groups/c8061431-818a-4be3-a952-f2d9985ccea6 HTTP/1.1" status: 204 len: 168 time: 0.1673205
Apr 04 14:13:10.068318 dv-cinder-835880-4-smb neutron-server[103409]: DEBUG neutron.api.rpc.handlers.resources_rpc [None req-4d2562cd-100e-4f95-9cfc-80376a441a00 admin admin] Pushing event deleted for resources: {'SecurityGroup': ['ID=c8061431-818a-4be3-a952-f2d9985ccea6,revision_number=None']} {{(pid=103409) push /opt/stack/neutron/neutron/api/rpc/handlers/resources_rpc.py:237}}
Apr 04 14:13:10.834149 dv-cinder-835880-4-smb neutron-server[103410]: DEBUG neutron_lib.callbacks.manager [None req-4321b363-e3de-4f52-ae42-5231491e7da3 None None] Publish callbacks ['neutron.services.segments.db._update_segment_host_mapping_for_agent-8749575097384', 'neutron.plugins.ml2.plugin.Ml2Plugin._retry_binding_revived_agents-3339916'] for agent (618f49a7-9deb-4af7-a51d-6aad477b1c70), after_update {{(pid=103410) _notify_loop /usr/local/lib/python3.8/dist-packages/neutron_lib/callbacks/manager.py:176}}
Apr 04 14:13:12.276458 dv-cinder-835880-4-smb neutron-server[103409]: DEBUG neutron.wsgi [-] (103409) accepted ('10.222.0.25', 60598) {{(pid=103409) server /usr/local/lib/python3.8/dist-packages/eventlet/wsgi.py:1004}}
Apr 04 14:13:12.590240 dv-cinder-835880-4-smb neutron-server[103409]: DEBUG neutron_lib.callbacks.manager [None req-0aa929d1-6cbc-4ef9-addd-b23c58f0575d admin admin] Publish callbacks [] for security_group (None), before_create {{(pid=103409) _notify_loop /usr/local/lib/python3.8/dist-packages/neutron_lib/callbacks/manager.py:176}}
Apr 04 14:13:12.607568 dv-cinder-835880-4-smb neutron-server[103408]: DEBUG neutron.wsgi [-] (103408) accepted ('10.222.0.25', 60614) {{(pid=103408) server /usr/local/lib/python3.8/dist-packages/eventlet/wsgi.py:1004}}
Apr 04 14:13:12.670803 dv-cinder-835880-4-smb neutron-server[103408]: DEBUG neutron.api.v2.base [None req-e668ace8-dc12-488d-a196-3d934cafe96e admin admin] Request body: {'network': {'name': 'tempest-ServerRescueNegativeTestJSON-894072212-network', 'tenant_id': 'd3d94b42f39e4c588a1153afa82a52d6'}} {{(pid=103408) prepare_request_body /opt/stack/neutron/neutron/api/v2/base.py:729}}
Apr 04 14:13:12.693278 dv-cinder-835880-4-smb neutron-server[103409]: DEBUG neutron_lib.callbacks.manager [None req-0aa929d1-6cbc-4ef9-addd-b23c58f0575d admin admin] Publish callbacks [] for security_group (1a52ae6e-c4cb-4d90-bb9b-29c0ddb596fb), precommit_create {{(pid=103409) _notify_loop /usr/local/lib/python3.8/dist-packages/neutron_lib/callbacks/manager.py:176}}
Apr 04 14:13:12.701306 dv-cinder-835880-4-smb neutron-server[103409]: DEBUG neutron_lib.callbacks.manager [None req-0aa929d1-6cbc-4ef9-addd-b23c58f0575d admin admin] Publish callbacks ['neutron.plugins.ml2.ovo_rpc._ObjectChangeHandler.handle_event-1590233'] for security_group (1a52ae6e-c4cb-4d90-bb9b-29c0ddb596fb), after_create {{(pid=103409) _notify_loop /usr/local/lib/python3.8/dist-packages/neutron_lib/callbacks/manager.py:176}}
Apr 04 14:13:12.712994 dv-cinder-835880-4-smb neutron-server[103408]: DEBUG neutron.pecan_wsgi.hooks.quota_enforcement [None req-e668ace8-dc12-488d-a196-3d934cafe96e admin admin] Made reservation on behalf of d3d94b42f39e4c588a1153afa82a52d6 for: {'network': 1} {{(pid=103408) before /opt/stack/neutron/neutron/pecan_wsgi/hooks/quota_enforcement.py:53}}
Apr 04 14:13:12.716689 dv-cinder-835880-4-smb neutron-server[103408]: DEBUG neutron_lib.callbacks.manager [None req-e668ace8-dc12-488d-a196-3d934cafe96e admin admin] Publish callbacks ['neutron.plugins.ml2.plugin.SecurityGroupDbMixin._ensure_default_security_group_handler-3376852'] for network (None), before_create {{(pid=103408) _notify_loop /usr/local/lib/python3.8/dist-packages/neutron_lib/callbacks/manager.py:176}}
Apr 04 14:13:12.731273 dv-cinder-835880-4-smb neutron-server[103408]: DEBUG neutron_lib.callbacks.manager [None req-e668ace8-dc12-488d-a196-3d934cafe96e admin admin] Publish callbacks [] for security_group (None), before_create {{(pid=103408) _notify_loop /usr/local/lib/python3.8/dist-packages/neutron_lib/callbacks/manager.py:176}}
Apr 04 14:13:12.779910 dv-cinder-835880-4-smb neutron-server[103408]: DEBUG neutron.wsgi [-] (103408) accepted ('10.222.0.25', 60632) {{(pid=103408) server /usr/local/lib/python3.8/dist-packages/eventlet/wsgi.py:1004}}
Apr 04 14:13:12.780007 dv-cinder-835880-4-smb neutron-server[103409]: INFO neutron.wsgi [None req-0aa929d1-6cbc-4ef9-addd-b23c58f0575d admin admin] 10.222.0.25 "GET /v2.0/security-groups?tenant_id=bd0f673ccc0e41e6aab980ec26ab3169&name=default HTTP/1.1" status: 200 len: 2996 time: 0.5019062
Apr 04 14:13:12.782140 dv-cinder-835880-4-smb neutron-server[103409]: DEBUG neutron.api.rpc.handlers.resources_rpc [None req-0aa929d1-6cbc-4ef9-addd-b23c58f0575d admin admin] Pushing event updated for resources: {'SecurityGroup': ['ID=1a52ae6e-c4cb-4d90-bb9b-29c0ddb596fb,revision_number=1']} {{(pid=103409) push /opt/stack/neutron/neutron/api/rpc/handlers/resources_rpc.py:237}}
Apr 04 14:13:12.884157 dv-cinder-835880-4-smb neutron-server[103408]: DEBUG neutron_lib.callbacks.manager [None req-e668ace8-dc12-488d-a196-3d934cafe96e admin admin] Publish callbacks [] for security_group (aacfbdaa-6c50-4570-b98d-33b7d6421961), precommit_create {{(pid=103408) _notify_loop /usr/local/lib/python3.8/dist-packages/neutron_lib/callbacks/manager.py:176}}
Apr 04 14:13:12.887876 dv-cinder-835880-4-smb neutron-server[103408]: DEBUG neutron_lib.callbacks.manager [None req-4e0efd60-ddfb-4df3-b37b-df850ae7668b admin admin] Publish callbacks [] for security_group (1a52ae6e-c4cb-4d90-bb9b-29c0ddb596fb), before_delete {{(pid=103408) _notify_loop /usr/local/lib/python3.8/dist-packages/neutron_lib/callbacks/manager.py:176}}
Apr 04 14:13:12.891899 dv-cinder-835880-4-smb neutron-server[103408]: DEBUG neutron_lib.callbacks.manager [None req-e668ace8-dc12-488d-a196-3d934cafe96e admin admin] Publish callbacks ['neutron.plugins.ml2.ovo_rpc._ObjectChangeHandler.handle_event-1590233'] for security_group (aacfbdaa-6c50-4570-b98d-33b7d6421961), after_create {{(pid=103408) _notify_loop /usr/local/lib/python3.8/dist-packages/neutron_lib/callbacks/manager.py:176}}
Apr 04 14:13:12.969749 dv-cinder-835880-4-smb neutron-server[103408]: DEBUG neutron_lib.callbacks.manager [None req-4e0efd60-ddfb-4df3-b37b-df850ae7668b admin admin] Publish callbacks [] for security_group (1a52ae6e-c4cb-4d90-bb9b-29c0ddb596fb), precommit_delete {{(pid=103408) _notify_loop /usr/local/lib/python3.8/dist-packages/neutron_lib/callbacks/manager.py:176}}
Apr 04 14:13:12.982954 dv-cinder-835880-4-smb neutron-server[103408]: DEBUG neutron.plugins.ml2.drivers.helpers [None req-e668ace8-dc12-488d-a196-3d934cafe96e admin admin] vlan segment allocate from pool success with {'physical_network': 'physnet1', 'vlan_id': 97} {{(pid=103408) allocate_partially_specified_segment /opt/stack/neutron/neutron/plugins/ml2/drivers/helpers.py:153}}
Apr 04 14:13:12.995819 dv-cinder-835880-4-smb neutron-server[103408]: DEBUG neutron.api.rpc.handlers.resources_rpc [None req-e668ace8-dc12-488d-a196-3d934cafe96e admin admin] Pushing event updated for resources: {'SecurityGroup': ['ID=aacfbdaa-6c50-4570-b98d-33b7d6421961,revision_number=1']} {{(pid=103408) push /opt/stack/neutron/neutron/api/rpc/handlers/resources_rpc.py:237}}
Apr 04 14:13:13.023165 dv-cinder-835880-4-smb neutron-server[103408]: DEBUG neutron_lib.callbacks.manager [None req-e668ace8-dc12-488d-a196-3d934cafe96e admin admin] Publish callbacks ['neutron.plugins.ml2.plugin.Ml2Plugin._handle_segment_change-3267569'] for segment (df531ae6-51fa-44ff-ba0c-9b7a00b9a584), precommit_create {{(pid=103408) _notify_loop /usr/local/lib/python3.8/dist-packages/neutron_lib/callbacks/manager.py:176}}
Apr 04 14:13:13.023653 dv-cinder-835880-4-smb neutron-server[103408]: INFO neutron.db.segments_db [None req-e668ace8-dc12-488d-a196-3d934cafe96e admin admin] Added segment df531ae6-51fa-44ff-ba0c-9b7a00b9a584 of type vlan for network 478523a3-ffa5-4909-b5d3-fa2bf3719d45
Apr 04 14:13:13.085336 dv-cinder-835880-4-smb neutron-server[103408]: DEBUG neutron_lib.callbacks.manager [None req-e668ace8-dc12-488d-a196-3d934cafe96e admin admin] Publish callbacks ['neutron.services.auto_allocate.db._ensure_external_network_default_value_callback-8749574724913'] for network (478523a3-ffa5-4909-b5d3-fa2bf3719d45), precommit_create {{(pid=103408) _notify_loop /usr/local/lib/python3.8/dist-packages/neutron_lib/callbacks/manager.py:176}}
Apr 04 14:13:13.130091 dv-cinder-835880-4-smb neutron-server[103408]: DEBUG neutron_lib.callbacks.manager [None req-4e0efd60-ddfb-4df3-b37b-df850ae7668b admin admin] Publish callbacks ['neutron.plugins.ml2.ovo_rpc._ObjectChangeHandler.handle_event-1590233'] for security_group (1a52ae6e-c4cb-4d90-bb9b-29c0ddb596fb), after_delete {{(pid=103408) _notify_loop /usr/local/lib/python3.8/dist-packages/neutron_lib/callbacks/manager.py:176}}
Apr 04 14:13:13.135507 dv-cinder-835880-4-smb neutron-server[103408]: DEBUG neutron_lib.callbacks.manager [None req-4e0efd60-ddfb-4df3-b37b-df850ae7668b admin admin] Publish callbacks [] for security_group (None), before_response {{(pid=103408) _notify_loop /usr/local/lib/python3.8/dist-packages/neutron_lib/callbacks/manager.py:176}}
Apr 04 14:13:13.139201 dv-cinder-835880-4-smb neutron-server[103408]: INFO neutron.wsgi [None req-4e0efd60-ddfb-4df3-b37b-df850ae7668b admin admin] 10.222.0.25 "DELETE /v2.0/security-groups/1a52ae6e-c4cb-4d90-bb9b-29c0ddb596fb HTTP/1.1" status: 204 len: 168 time: 0.3521957
Apr 04 14:13:13.166911 dv-cinder-835880-4-smb neutron-server[103408]: DEBUG neutron.api.rpc.handlers.resources_rpc [None req-4e0efd60-ddfb-4df3-b37b-df850ae7668b admin admin] Pushing event deleted for resources: {'SecurityGroup': ['ID=1a52ae6e-c4cb-4d90-bb9b-29c0ddb596fb,revision_number=None']} {{(pid=103408) push /opt/stack/neutron/neutron/api/rpc/handlers/resources_rpc.py:237}}
Apr 04 14:13:13.170294 dv-cinder-835880-4-smb neutron-server[103408]: DEBUG neutron_lib.callbacks.manager [None req-e668ace8-dc12-488d-a196-3d934cafe96e admin admin] Publish callbacks ['neutron.plugins.ml2.ovo_rpc._ObjectChangeHandler.handle_event-1590070', 'neutron.api.rpc.agentnotifiers.dhcp_rpc_agent_api.DhcpAgentNotifyAPI._native_event_send_dhcp_notification-1595463'] for network (478523a3-ffa5-4909-b5d3-fa2bf3719d45), after_create {{(pid=103408) _notify_loop /usr/local/lib/python3.8/dist-packages/neutron_lib/callbacks/manager.py:176}}
Apr 04 14:13:13.174659 dv-cinder-835880-4-smb neutron-server[103408]: DEBUG neutron.pecan_wsgi.hooks.policy_enforcement [None req-e668ace8-dc12-488d-a196-3d934cafe96e admin admin] Attributes excluded by policy engine: ['standard_attr_id', 'vlan_transparent'] {{(pid=103408) _exclude_attributes_by_policy /opt/stack/neutron/neutron/pecan_wsgi/hooks/policy_enforcement.py:255}}
Apr 04 14:13:13.175358 dv-cinder-835880-4-smb neutron-server[103408]: DEBUG neutron_lib.callbacks.manager [None req-e668ace8-dc12-488d-a196-3d934cafe96e admin admin] Publish callbacks ['neutron.api.rpc.agentnotifiers.dhcp_rpc_agent_api.DhcpAgentNotifyAPI._send_dhcp_notification-1595505'] for network (None), before_response {{(pid=103408) _notify_loop /usr/local/lib/python3.8/dist-packages/neutron_lib/callbacks/manager.py:176}}
Apr 04 14:13:13.334189 dv-cinder-835880-4-smb neutron-server[103409]: DEBUG neutron.wsgi [-] (103409) accepted ('10.222.0.25', 60654) {{(pid=103409) server /usr/local/lib/python3.8/dist-packages/eventlet/wsgi.py:1004}}
Apr 04 14:13:13.334701 dv-cinder-835880-4-smb neutron-server[103408]: INFO neutron.wsgi [None req-e668ace8-dc12-488d-a196-3d934cafe96e admin admin] 10.222.0.25 "POST /v2.0/networks HTTP/1.1" status: 201 len: 890 time: 0.7257917
Apr 04 14:13:13.339165 dv-cinder-835880-4-smb neutron-server[103409]: DEBUG neutron.api.v2.base [None req-3fc08734-9b3d-4a10-a10e-6906afa86e82 admin admin] Request body: {'subnet': {'network_id': '478523a3-ffa5-4909-b5d3-fa2bf3719d45', 'cidr': '172.20.0.0/28', 'name': 'tempest-ServerRescueNegativeTestJSON-894072212-subnet', 'tenant_id': 'd3d94b42f39e4c588a1153afa82a52d6', 'enable_dhcp': True, 'ip_version': 4}} {{(pid=103409) prepare_request_body /opt/stack/neutron/neutron/api/v2/base.py:729}}
Apr 04 14:13:13.354483 dv-cinder-835880-4-smb neutron-server[103408]: DEBUG neutron.api.rpc.handlers.resources_rpc [None req-e668ace8-dc12-488d-a196-3d934cafe96e admin admin] Pushing event updated for resources: {'Network': ['ID=478523a3-ffa5-4909-b5d3-fa2bf3719d45,revision_number=1']} {{(pid=103408) push /opt/stack/neutron/neutron/api/rpc/handlers/resources_rpc.py:237}}
Apr 04 14:13:13.368428 dv-cinder-835880-4-smb neutron-server[103410]: DEBUG neutron.plugins.ml2.rpc [None req-4321b363-e3de-4f52-ae42-5231491e7da3 None None] Network 478523a3-ffa5-4909-b5d3-fa2bf3719d45 details requested by agent ovs-agent-dv-cinder-835880-4-smb with host dv-cinder-835880-4-smb {{(pid=103410) get_network_details /opt/stack/neutron/neutron/plugins/ml2/rpc.py:248}}
Apr 04 14:13:13.372323 dv-cinder-835880-4-smb neutron-server[103409]: DEBUG neutron.pecan_wsgi.hooks.quota_enforcement [None req-3fc08734-9b3d-4a10-a10e-6906afa86e82 admin admin] Made reservation on behalf of d3d94b42f39e4c588a1153afa82a52d6 for: {'subnet': 1} {{(pid=103409) before /opt/stack/neutron/neutron/pecan_wsgi/hooks/quota_enforcement.py:53}}
Apr 04 14:13:13.375026 dv-cinder-835880-4-smb neutron-server[103409]: DEBUG neutron_lib.callbacks.manager [None req-3fc08734-9b3d-4a10-a10e-6906afa86e82 admin admin] Publish callbacks ['neutron.services.segments.plugin.SegmentHostRoutes.host_routes_before_create-6203284'] for subnet (None), before_create {{(pid=103409) _notify_loop /usr/local/lib/python3.8/dist-packages/neutron_lib/callbacks/manager.py:176}}
Apr 04 14:13:13.568747 dv-cinder-835880-4-smb neutron-server[103408]: DEBUG neutron.wsgi [-] (103408) accepted ('10.222.0.25', 60658) {{(pid=103408) server /usr/local/lib/python3.8/dist-packages/eventlet/wsgi.py:1004}}
Apr 04 14:13:13.575874 dv-cinder-835880-4-smb neutron-server[103409]: DEBUG neutron_lib.callbacks.manager [None req-3fc08734-9b3d-4a10-a10e-6906afa86e82 admin admin] Publish callbacks ['neutron.plugins.ml2.ovo_rpc._ObjectChangeHandler.handle_event-1596291', 'neutron.api.rpc.agentnotifiers.dhcp_rpc_agent_api.DhcpAgentNotifyAPI._native_event_send_dhcp_notification-1595463', 'neutron.services.segments.plugin.NovaSegmentNotifier._notify_subnet_created-4210905', 'neutron.services.segments.plugin.SegmentHostRoutes.host_routes_after_create-6203266'] for subnet (f2ac1b77-f3e1-4b91-abe8-72a46664f91d), after_create {{(pid=103409) _notify_loop /usr/local/lib/python3.8/dist-packages/neutron_lib/callbacks/manager.py:176}}
Apr 04 14:13:13.583109 dv-cinder-835880-4-smb neutron-server[103408]: DEBUG neutron_lib.callbacks.manager [None req-19e90372-8b72-42ba-837e-33596ec1b05f admin admin] Publish callbacks [] for security_group (None), before_create {{(pid=103408) _notify_loop /usr/local/lib/python3.8/dist-packages/neutron_lib/callbacks/manager.py:176}}
Apr 04 14:13:13.658146 dv-cinder-835880-4-smb neutron-server[103409]: DEBUG neutron.api.rpc.handlers.resources_rpc [None req-3fc08734-9b3d-4a10-a10e-6906afa86e82 admin admin] Pushing event updated for resources: {'Subnet': ['ID=f2ac1b77-f3e1-4b91-abe8-72a46664f91d,revision_number=0']} {{(pid=103409) push /opt/stack/neutron/neutron/api/rpc/handlers/resources_rpc.py:237}}
Apr 04 14:13:13.664029 dv-cinder-835880-4-smb neutron-server[103409]: DEBUG neutron.plugins.ml2.drivers.mech_agent [None req-3fc08734-9b3d-4a10-a10e-6906afa86e82 admin admin] Checking segment: {'id': 'df531ae6-51fa-44ff-ba0c-9b7a00b9a584', 'network_type': 'vlan', 'physical_network': 'physnet1', 'segmentation_id': 97, 'network_id': '478523a3-ffa5-4909-b5d3-fa2bf3719d45'} for mappings: {'physnet1': 'br-data'} with network types: ['local', 'flat', 'vlan'] {{(pid=103409) check_segment_for_agent /opt/stack/neutron/neutron/plugins/ml2/drivers/mech_agent.py:373}}
Apr 04 14:13:13.664452 dv-cinder-835880-4-smb neutron-server[103409]: DEBUG neutron.scheduler.dhcp_agent_scheduler [None req-3fc08734-9b3d-4a10-a10e-6906afa86e82 admin admin] Network hostable DHCP agents. Network: 478523a3-ffa5-4909-b5d3-fa2bf3719d45, hostable agents: ['d976208c-1c4d-4076-bb8e-52eab7870994'], hosted agents: [] {{(pid=103409) _get_network_hostable_dhcp_agents /opt/stack/neutron/neutron/scheduler/dhcp_agent_scheduler.py:329}}
Apr 04 14:13:13.685935 dv-cinder-835880-4-smb neutron-server[103409]: DEBUG neutron.scheduler.dhcp_agent_scheduler [None req-3fc08734-9b3d-4a10-a10e-6906afa86e82 admin admin] Network 478523a3-ffa5-4909-b5d3-fa2bf3719d45 is scheduled to be hosted by DHCP agent d976208c-1c4d-4076-bb8e-52eab7870994 with binding_index 1 {{(pid=103409) bind /opt/stack/neutron/neutron/scheduler/dhcp_agent_scheduler.py:227}}
Apr 04 14:13:13.689790 dv-cinder-835880-4-smb neutron-server[103408]: DEBUG neutron_lib.callbacks.manager [None req-19e90372-8b72-42ba-837e-33596ec1b05f admin admin] Publish callbacks [] for security_group (b04f7d72-0734-4229-acb0-5b5f378d3a44), precommit_create {{(pid=103408) _notify_loop /usr/local/lib/python3.8/dist-packages/neutron_lib/callbacks/manager.py:176}}
Apr 04 14:13:13.694912 dv-cinder-835880-4-smb neutron-server[103408]: DEBUG neutron_lib.callbacks.manager [None req-19e90372-8b72-42ba-837e-33596ec1b05f admin admin] Publish callbacks ['neutron.plugins.ml2.ovo_rpc._ObjectChangeHandler.handle_event-1590233'] for security_group (b04f7d72-0734-4229-acb0-5b5f378d3a44), after_create {{(pid=103408) _notify_loop /usr/local/lib/python3.8/dist-packages/neutron_lib/callbacks/manager.py:176}}
Apr 04 14:13:13.703596 dv-cinder-835880-4-smb neutron-server[103409]: DEBUG neutron.scheduler.base_scheduler [None req-3fc08734-9b3d-4a10-a10e-6906afa86e82 admin admin] Resources bound (agent type, host, resource id): (DHCP agent, dv-cinder-835880-4-smb, 478523a3-ffa5-4909-b5d3-fa2bf3719d45) {{(pid=103409) schedule /opt/stack/neutron/neutron/scheduler/base_scheduler.py:57}}
Apr 04 14:13:13.710710 dv-cinder-835880-4-smb neutron-server[103409]: DEBUG neutron.pecan_wsgi.hooks.policy_enforcement [None req-3fc08734-9b3d-4a10-a10e-6906afa86e82 admin admin] Attributes excluded by policy engine: ['standard_attr_id', 'shared', 'segment_id', 'network'] {{(pid=103409) _exclude_attributes_by_policy /opt/stack/neutron/neutron/pecan_wsgi/hooks/policy_enforcement.py:255}}
Apr 04 14:13:13.711705 dv-cinder-835880-4-smb neutron-server[103409]: DEBUG neutron_lib.callbacks.manager [None req-3fc08734-9b3d-4a10-a10e-6906afa86e82 admin admin] Publish callbacks ['neutron.api.rpc.agentnotifiers.dhcp_rpc_agent_api.DhcpAgentNotifyAPI._send_dhcp_notification-1595505'] for subnet (None), before_response {{(pid=103409) _notify_loop /usr/local/lib/python3.8/dist-packages/neutron_lib/callbacks/manager.py:176}}
Apr 04 14:13:13.714931 dv-cinder-835880-4-smb neutron-server[103410]: DEBUG neutron.api.rpc.handlers.dhcp_rpc [None req-e1b07512-fbc3-4d9b-bae4-88de30bf53e0 None None] Network 478523a3-ffa5-4909-b5d3-fa2bf3719d45 requested from dv-cinder-835880-4-smb {{(pid=103410) get_network_info /opt/stack/neutron/neutron/api/rpc/handlers/dhcp_rpc.py:191}}
Apr 04 14:13:13.754493 dv-cinder-835880-4-smb neutron-server[103409]: INFO neutron.wsgi [None req-3fc08734-9b3d-4a10-a10e-6906afa86e82 admin admin] 10.222.0.25 "POST /v2.0/subnets HTTP/1.1" status: 201 len: 854 time: 0.4191287
Apr 04 14:13:13.758052 dv-cinder-835880-4-smb neutron-server[103409]: DEBUG neutron.wsgi [-] (103409) accepted ('10.222.0.25', 60664) {{(pid=103409) server /usr/local/lib/python3.8/dist-packages/eventlet/wsgi.py:1004}}
Apr 04 14:13:13.764334 dv-cinder-835880-4-smb neutron-server[103409]: DEBUG neutron.api.v2.base [None req-6a119f73-2647-4bd3-9e7c-c64ecb84012c admin admin] Request body: {'router': {'name': 'tempest-ServerRescueNegativeTestJSON-894072212-router', 'tenant_id': 'd3d94b42f39e4c588a1153afa82a52d6', 'external_gateway_info': {'network_id': '076f8dc6-a92e-4528-a425-bf8159430d6a'}}} {{(pid=103409) prepare_request_body /opt/stack/neutron/neutron/api/v2/base.py:729}}
Apr 04 14:13:13.779222 dv-cinder-835880-4-smb neutron-server[103408]: INFO neutron.wsgi [None req-19e90372-8b72-42ba-837e-33596ec1b05f admin admin] 10.222.0.25 "GET /v2.0/security-groups?tenant_id=27f6c457bd604749855cd2182279cd5c&name=default HTTP/1.1" status: 200 len: 2996 time: 0.2091379
Apr 04 14:13:13.780897 dv-cinder-835880-4-smb neutron-server[103408]: DEBUG neutron.api.rpc.handlers.resources_rpc [None req-19e90372-8b72-42ba-837e-33596ec1b05f admin admin] Pushing event updated for resources: {'SecurityGroup': ['ID=b04f7d72-0734-4229-acb0-5b5f378d3a44,revision_number=1']} {{(pid=103408) push /opt/stack/neutron/neutron/api/rpc/handlers/resources_rpc.py:237}}
Apr 04 14:13:13.786043 dv-cinder-835880-4-smb neutron-server[103409]: DEBUG neutron.wsgi [-] (103409) accepted ('10.222.0.25', 60666) {{(pid=103409) server /usr/local/lib/python3.8/dist-packages/eventlet/wsgi.py:1004}}
Apr 04 14:13:13.808788 dv-cinder-835880-4-smb neutron-server[103409]: DEBUG neutron_lib.callbacks.manager [None req-6a119f73-2647-4bd3-9e7c-c64ecb84012c admin admin] Publish callbacks ['neutron.services.l3_router.l3_router_plugin.L3_HA_NAT_db_mixin._before_router_create_handler-1591351', 'neutron.services.l3_router.service_providers.driver_controller.DriverController._check_router_request-4003'] for router (a45143db-3e6a-4ff1-91b3-298e7b4d12d1), before_create {{(pid=103409) _notify_loop /usr/local/lib/python3.8/dist-packages/neutron_lib/callbacks/manager.py:176}}
Apr 04 14:13:13.809945 dv-cinder-835880-4-smb neutron-server[103409]: DEBUG neutron_lib.callbacks.manager [None req-6a119f73-2647-4bd3-9e7c-c64ecb84012c admin admin] Publish callbacks ['neutron.services.l3_router.l3_router_plugin.L3_HA_NAT_db_mixin._precommit_router_create-1590951', 'neutron.services.l3_router.l3_router_plugin.DVRResourceOperationHandler._set_distributed_flag-1590262', 'neutron.services.l3_router.l3_router_plugin.RouterAvailabilityZoneMixin._process_az_request-2042842', 'neutron.services.l3_router.service_providers.driver_controller.DriverController._set_router_provider-4010'] for router (a45143db-3e6a-4ff1-91b3-298e7b4d12d1), precommit_create {{(pid=103409) _notify_loop /usr/local/lib/python3.8/dist-packages/neutron_lib/callbacks/manager.py:176}}
Apr 04 14:13:13.853572 dv-cinder-835880-4-smb neutron-server[103410]: DEBUG neutron.api.rpc.handlers.dhcp_rpc [None req-c46f2d9c-9ae2-4bd7-9d6d-cd26dcdc84f1 None None] Create dhcp port {'port': {'name': '', 'admin_state_up': True, 'device_id': 'dhcpd95e763c-7af5-5103-99ac-ef0c8e6b9f37-478523a3-ffa5-4909-b5d3-fa2bf3719d45', 'network_id': '478523a3-ffa5-4909-b5d3-fa2bf3719d45', 'project_id': 'd3d94b42f39e4c588a1153afa82a52d6', 'fixed_ips': [{'subnet_id': 'f2ac1b77-f3e1-4b91-abe8-72a46664f91d'}]}} from dv-cinder-835880-4-smb. {{(pid=103410) create_dhcp_port /opt/stack/neutron/neutron/api/rpc/handlers/dhcp_rpc.py:268}}
Apr 04 14:13:13.854474 dv-cinder-835880-4-smb neutron-server[103410]: DEBUG neutron_lib.callbacks.manager [None req-c46f2d9c-9ae2-4bd7-9d6d-cd26dcdc84f1 None None] Publish callbacks ['neutron.plugins.ml2.plugin.SecurityGroupDbMixin._ensure_default_security_group_handler-3376852'] for port (None), before_create {{(pid=103410) _notify_loop /usr/local/lib/python3.8/dist-packages/neutron_lib/callbacks/manager.py:176}}
Apr 04 14:13:13.888489 dv-cinder-835880-4-smb neutron-server[103409]: DEBUG neutron_lib.callbacks.manager [None req-6a119f73-2647-4bd3-9e7c-c64ecb84012c admin admin] Publish callbacks [] for router_controller (a45143db-3e6a-4ff1-91b3-298e7b4d12d1), precommit_add_association {{(pid=103409) _notify_loop /usr/local/lib/python3.8/dist-packages/neutron_lib/callbacks/manager.py:176}}
Apr 04 14:13:13.889354 dv-cinder-835880-4-smb neutron-server[103409]: DEBUG neutron_lib.callbacks.manager [None req-e361ecb4-b917-4c33-a1c4-49fe3c98f68c admin admin] Publish callbacks [] for security_group (b04f7d72-0734-4229-acb0-5b5f378d3a44), before_delete {{(pid=103409) _notify_loop /usr/local/lib/python3.8/dist-packages/neutron_lib/callbacks/manager.py:176}}
Apr 04 14:13:13.971591 dv-cinder-835880-4-smb neutron-server[103409]: DEBUG neutron_lib.callbacks.manager [None req-e361ecb4-b917-4c33-a1c4-49fe3c98f68c admin admin] Publish callbacks [] for security_group (b04f7d72-0734-4229-acb0-5b5f378d3a44), precommit_delete {{(pid=103409) _notify_loop /usr/local/lib/python3.8/dist-packages/neutron_lib/callbacks/manager.py:176}}
Apr 04 14:13:13.992488 dv-cinder-835880-4-smb neutron-server[103410]: DEBUG neutron.db.db_base_plugin_common [None req-c46f2d9c-9ae2-4bd7-9d6d-cd26dcdc84f1 None None] Allocated IP 172.20.0.2 (478523a3-ffa5-4909-b5d3-fa2bf3719d45/f2ac1b77-f3e1-4b91-abe8-72a46664f91d/c1883790-ef6c-4ad3-958b-1213f609dd8c) {{(pid=103410) _store_ip_allocation /opt/stack/neutron/neutron/db/db_base_plugin_common.py:131}}
Apr 04 14:13:14.084027 dv-cinder-835880-4-smb neutron-server[103409]: DEBUG neutron_lib.callbacks.manager [None req-6a119f73-2647-4bd3-9e7c-c64ecb84012c admin admin] Publish callbacks [] for router_gateway (a45143db-3e6a-4ff1-91b3-298e7b4d12d1), precommit_update {{(pid=103409) _notify_loop /usr/local/lib/python3.8/dist-packages/neutron_lib/callbacks/manager.py:176}}
Apr 04 14:13:14.140959 dv-cinder-835880-4-smb neutron-server[103409]: DEBUG neutron_lib.callbacks.manager [None req-e361ecb4-b917-4c33-a1c4-49fe3c98f68c admin admin] Publish callbacks ['neutron.plugins.ml2.ovo_rpc._ObjectChangeHandler.handle_event-1590233'] for security_group (b04f7d72-0734-4229-acb0-5b5f378d3a44), after_delete {{(pid=103409) _notify_loop /usr/local/lib/python3.8/dist-packages/neutron_lib/callbacks/manager.py:176}}
Apr 04 14:13:14.143993 dv-cinder-835880-4-smb neutron-server[103409]: DEBUG neutron_lib.callbacks.manager [None req-e361ecb4-b917-4c33-a1c4-49fe3c98f68c admin admin] Publish callbacks [] for security_group (None), before_response {{(pid=103409) _notify_loop /usr/local/lib/python3.8/dist-packages/neutron_lib/callbacks/manager.py:176}}
Apr 04 14:13:14.145308 dv-cinder-835880-4-smb neutron-server[103409]: INFO neutron.wsgi [None req-e361ecb4-b917-4c33-a1c4-49fe3c98f68c admin admin] 10.222.0.25 "DELETE /v2.0/security-groups/b04f7d72-0734-4229-acb0-5b5f378d3a44 HTTP/1.1" status: 204 len: 168 time: 0.3571827
Apr 04 14:13:14.153279 dv-cinder-835880-4-smb neutron-server[103410]: DEBUG neutron_lib.callbacks.manager [None req-c46f2d9c-9ae2-4bd7-9d6d-cd26dcdc84f1 None None] Publish callbacks [] for port (c1883790-ef6c-4ad3-958b-1213f609dd8c), precommit_create {{(pid=103410) _notify_loop /usr/local/lib/python3.8/dist-packages/neutron_lib/callbacks/manager.py:176}}
Apr 04 14:13:14.157680 dv-cinder-835880-4-smb neutron-server[103409]: DEBUG neutron.api.rpc.handlers.resources_rpc [None req-e361ecb4-b917-4c33-a1c4-49fe3c98f68c admin admin] Pushing event deleted for resources: {'SecurityGroup': ['ID=b04f7d72-0734-4229-acb0-5b5f378d3a44,revision_number=None']} {{(pid=103409) push /opt/stack/neutron/neutron/api/rpc/handlers/resources_rpc.py:237}}
Apr 04 14:13:14.161719 dv-cinder-835880-4-smb neutron-server[103410]: DEBUG neutron_lib.callbacks.manager [None req-c46f2d9c-9ae2-4bd7-9d6d-cd26dcdc84f1 None None] Publish callbacks ['neutron.plugins.ml2.plugin.SecurityGroupServerNotifierRpcMixin._notify_sg_on_port_change-3376789', 'neutron.plugins.ml2.ovo_rpc._ObjectChangeHandler.handle_event-88036', 'neutron.api.rpc.agentnotifiers.dhcp_rpc_agent_api.DhcpAgentNotifyAPI._native_event_send_dhcp_notification-1595463', 'neutron.db.l3_dvrscheduler_db._notify_l3_agent_new_port-8749574753774'] for port (c1883790-ef6c-4ad3-958b-1213f609dd8c), after_create {{(pid=103410) _notify_loop /usr/local/lib/python3.8/dist-packages/neutron_lib/callbacks/manager.py:176}}
Apr 04 14:13:14.230065 dv-cinder-835880-4-smb neutron-server[103410]: DEBUG neutron.scheduler.dhcp_agent_scheduler [None req-c46f2d9c-9ae2-4bd7-9d6d-cd26dcdc84f1 None None] Network 478523a3-ffa5-4909-b5d3-fa2bf3719d45 is already hosted by enough agents. {{(pid=103410) _get_dhcp_agents_hosting_network /opt/stack/neutron/neutron/scheduler/dhcp_agent_scheduler.py:275}}
Apr 04 14:13:14.236129 dv-cinder-835880-4-smb neutron-server[103410]: DEBUG neutron.scheduler.base_scheduler [None req-c46f2d9c-9ae2-4bd7-9d6d-cd26dcdc84f1 None None] Resources bound (agent type, host, resource id): {{(pid=103410) schedule /opt/stack/neutron/neutron/scheduler/base_scheduler.py:57}}
Apr 04 14:13:14.240782 dv-cinder-835880-4-smb neutron-server[103410]: DEBUG neutron.db.l3_dvrscheduler_db [None req-c46f2d9c-9ae2-4bd7-9d6d-cd26dcdc84f1 None None] Received port after_create {{(pid=103410) _notify_l3_agent_new_port /opt/stack/neutron/neutron/db/l3_dvrscheduler_db.py:536}}
Apr 04 14:13:14.270778 dv-cinder-835880-4-smb neutron-server[103410]: DEBUG neutron.api.rpc.handlers.resources_rpc [None req-c46f2d9c-9ae2-4bd7-9d6d-cd26dcdc84f1 None None] Pushing event updated for resources: {'Port': ['ID=c1883790-ef6c-4ad3-958b-1213f609dd8c,revision_number=1']} {{(pid=103410) push /opt/stack/neutron/neutron/api/rpc/handlers/resources_rpc.py:237}}
Apr 04 14:13:14.325973 dv-cinder-835880-4-smb neutron-server[103410]: DEBUG neutron.plugins.ml2.managers [None req-c46f2d9c-9ae2-4bd7-9d6d-cd26dcdc84f1 None None] Attempting to bind port c1883790-ef6c-4ad3-958b-1213f609dd8c on host dv-cinder-835880-4-smb for vnic_type normal with profile {{(pid=103410) bind_port /opt/stack/neutron/neutron/plugins/ml2/managers.py:795}}
Apr 04 14:13:14.326431 dv-cinder-835880-4-smb neutron-server[103410]: DEBUG neutron.plugins.ml2.managers [None req-c46f2d9c-9ae2-4bd7-9d6d-cd26dcdc84f1 None None] Attempting to bind port c1883790-ef6c-4ad3-958b-1213f609dd8c by drivers openvswitch,hyperv on host dv-cinder-835880-4-smb at level 0 using segments [{'id': 'df531ae6-51fa-44ff-ba0c-9b7a00b9a584', 'network_type': 'vlan', 'physical_network': 'physnet1', 'segmentation_id': 97, 'network_id': '478523a3-ffa5-4909-b5d3-fa2bf3719d45'}] {{(pid=103410) _bind_port_level /opt/stack/neutron/neutron/plugins/ml2/managers.py:820}}
Apr 04 14:13:14.326863 dv-cinder-835880-4-smb neutron-server[103410]: DEBUG neutron.plugins.ml2.drivers.mech_agent [None req-c46f2d9c-9ae2-4bd7-9d6d-cd26dcdc84f1 None None] Attempting to bind port c1883790-ef6c-4ad3-958b-1213f609dd8c on network 478523a3-ffa5-4909-b5d3-fa2bf3719d45 {{(pid=103410) bind_port /opt/stack/neutron/neutron/plugins/ml2/drivers/mech_agent.py:91}}
Apr 04 14:13:14.341076 dv-cinder-835880-4-smb neutron-server[103409]: DEBUG neutron_lib.callbacks.manager [None req-6a119f73-2647-4bd3-9e7c-c64ecb84012c admin admin] Publish callbacks [] for router_gateway (a45143db-3e6a-4ff1-91b3-298e7b4d12d1), before_create {{(pid=103409) _notify_loop /usr/local/lib/python3.8/dist-packages/neutron_lib/callbacks/manager.py:176}}
Apr 04 14:13:14.345359 dv-cinder-835880-4-smb neutron-server[103410]: DEBUG neutron.plugins.ml2.drivers.mech_agent [None req-c46f2d9c-9ae2-4bd7-9d6d-cd26dcdc84f1 None None] Checking agent: {'id': '618f49a7-9deb-4af7-a51d-6aad477b1c70', 'agent_type': 'Open vSwitch agent', 'binary': 'neutron-openvswitch-agent', 'topic': 'N/A', 'host': 'dv-cinder-835880-4-smb', 'admin_state_up': True, 'created_at': datetime.datetime(2022, 4, 4, 14, 4, 11), 'started_at': datetime.datetime(2022, 4, 4, 14, 4, 41), 'heartbeat_timestamp': datetime.datetime(2022, 4, 4, 14, 13, 11), 'description': None, 'resources_synced': None, 'availability_zone': None, 'alive': True, 'configurations': {'arp_responder_enabled': False, 'baremetal_smartnic': False, 'bridge_mappings': {'physnet1': 'br-data'}, 'datapath_type': 'system', 'devices': 0, 'enable_distributed_routing': False, 'extensions': [], 'in_distributed_mode': False, 'integration_bridge': 'br-int', 'l2_population': False, 'log_agent_heartbeats': False, 'ovs_capabilities': {'datapath_types': ['netdev', 'system'], 'iface_types': ['erspan', 'geneve', 'gre', 'internal', 'ip6erspan', 'ip6gre', 'lisp', 'patch', 'stt', 'system', 'tap', 'vxlan']}, 'ovs_hybrid_plug': False, 'resource_provider_bandwidths': {}, 'resource_provider_hypervisors': {'br-data': 'dv-cinder-835880-4-smb'}, 'resource_provider_inventory_defaults': {'allocation_ratio': 1.0, 'min_unit': 1, 'step_size': 1, 'reserved': 0}, 'resource_provider_packet_processing_inventory_defaults': {'allocation_ratio': 1.0, 'min_unit': 1, 'step_size': 1, 'reserved': 0}, 'resource_provider_packet_processing_with_direction': {}, 'resource_provider_packet_processing_without_direction': {}, 'tunnel_types': [], 'tunneling_ip': None, 'vhostuser_socket_dir': '/var/run/openvswitch'}, 'resource_versions': {'AddressGroup': '1.2', 'Agent': '1.1', 'ConntrackHelper': '1.0', 'LocalIPAssociation': '1.0', 'Log': '1.0', 'NDPProxy': '1.0', 'Network': '1.1', 'Port': '1.7', 'PortForwarding': '1.3', 'QosPolicy': '1.10', 'SecurityGroup': '1.5', 'SecurityGroupRule': '1.2', 'SubPort': '1.0', 'Subnet': '1.1', 'Trunk': '1.1'}} {{(pid=103410) bind_port /opt/stack/neutron/neutron/plugins/ml2/drivers/mech_agent.py:110}}
Apr 04 14:13:14.345816 dv-cinder-835880-4-smb neutron-server[103410]: DEBUG neutron.plugins.ml2.drivers.mech_agent [None req-c46f2d9c-9ae2-4bd7-9d6d-cd26dcdc84f1 None None] Checking segment: {'id': 'df531ae6-51fa-44ff-ba0c-9b7a00b9a584', 'network_type': 'vlan', 'physical_network': 'physnet1', 'segmentation_id': 97, 'network_id': '478523a3-ffa5-4909-b5d3-fa2bf3719d45'} for mappings: {'physnet1': 'br-data'} with network types: ['local', 'flat', 'vlan'] {{(pid=103410) check_segment_for_agent /opt/stack/neutron/neutron/plugins/ml2/drivers/mech_agent.py:373}}
Apr 04 14:13:14.346460 dv-cinder-835880-4-smb neutron-server[103410]: DEBUG neutron_lib.callbacks.manager [None req-c46f2d9c-9ae2-4bd7-9d6d-cd26dcdc84f1 None None] Publish callbacks [] for ovs_bridge_name (None), before_read {{(pid=103410) _notify_loop /usr/local/lib/python3.8/dist-packages/neutron_lib/callbacks/manager.py:176}}
Apr 04 14:13:14.348751 dv-cinder-835880-4-smb neutron-server[103410]: DEBUG neutron.plugins.ml2.drivers.mech_agent [None req-c46f2d9c-9ae2-4bd7-9d6d-cd26dcdc84f1 None None] Bound using segment: {'id': 'df531ae6-51fa-44ff-ba0c-9b7a00b9a584', 'network_type': 'vlan', 'physical_network': 'physnet1', 'segmentation_id': 97, 'network_id': '478523a3-ffa5-4909-b5d3-fa2bf3719d45'} {{(pid=103410) bind_port /opt/stack/neutron/neutron/plugins/ml2/drivers/mech_agent.py:120}}
