Apr 01 16:09:10.146075 dv-cinder-835880-3-smb neutron-server[103384]: DEBUG neutron.pecan_wsgi.hooks.policy_enforcement [req-ea058c50-a95e-467c-8407-a87429ea126c req-bd826597-c5fc-4940-93a5-f310403ea57c tempest-ServerRescueNegativeTestJSON-315203280 tempest-ServerRescueNegativeTestJSON-315203280-project] Attributes excluded by policy engine: ['standard_attr_id', 'binding:profile', 'binding:host_id', 'binding:vif_type', 'binding:vif_details'] {{(pid=103384) _exclude_attributes_by_policy /opt/stack/neutron/neutron/pecan_wsgi/hooks/policy_enforcement.py:255}}
Apr 01 16:09:10.155599 dv-cinder-835880-3-smb neutron-server[103384]: INFO neutron.wsgi [req-ea058c50-a95e-467c-8407-a87429ea126c req-bd826597-c5fc-4940-93a5-f310403ea57c tempest-ServerRescueNegativeTestJSON-315203280 tempest-ServerRescueNegativeTestJSON-315203280-project] 10.222.0.70 "GET /v2.0/ports?device_id=72d7f522-1ad6-4ebd-940c-4aeb507a41be HTTP/1.1" status: 200 len: 945 time: 0.0999286
Apr 01 16:09:10.182438 dv-cinder-835880-3-smb neutron-server[103383]: DEBUG neutron.pecan_wsgi.hooks.policy_enforcement [req-65845b26-1506-4922-8477-fad096484924 req-dfb2b859-90fb-42e8-92d2-57d64706c850 tempest-AttachVolumeTestJSON-1576877701 tempest-AttachVolumeTestJSON-1576877701-project] Attributes excluded by policy engine: ['standard_attr_id', 'binding:profile', 'binding:host_id', 'binding:vif_type', 'binding:vif_details'] {{(pid=103383) _exclude_attributes_by_policy /opt/stack/neutron/neutron/pecan_wsgi/hooks/policy_enforcement.py:255}}
Apr 01 16:09:10.184564 dv-cinder-835880-3-smb neutron-server[103383]: INFO neutron.wsgi [req-65845b26-1506-4922-8477-fad096484924 req-dfb2b859-90fb-42e8-92d2-57d64706c850 tempest-AttachVolumeTestJSON-1576877701 tempest-AttachVolumeTestJSON-1576877701-project] 10.222.0.70 "GET /v2.0/ports?device_id=1dfc4fec-2b0b-40e2-ae97-adf956389673 HTTP/1.1" status: 200 len: 944 time: 0.2981226
Apr 01 16:09:10.226440 dv-cinder-835880-3-smb neutron-server[103384]: INFO neutron.wsgi [req-ea058c50-a95e-467c-8407-a87429ea126c req-cee0e5ca-0076-4e1e-8bc0-5eccdac8c8c2 tempest-ServerRescueNegativeTestJSON-315203280 tempest-ServerRescueNegativeTestJSON-315203280-project] 10.222.0.70 "GET /v2.0/security-groups?id=8b3f4d8d-60a3-4fb5-81b8-d8e9b15e9594&fields=id&fields=name HTTP/1.1" status: 200 len: 286 time: 0.0696003
Apr 01 16:09:10.264070 dv-cinder-835880-3-smb neutron-server[103384]: DEBUG neutron_lib.callbacks.manager [None req-7f053daf-13e7-49f2-a6e6-b0bb5caa7180 admin admin] Publish callbacks [] for security_group (None), before_create {{(pid=103384) _notify_loop /usr/local/lib/python3.8/dist-packages/neutron_lib/callbacks/manager.py:176}}
Apr 01 16:09:10.303400 dv-cinder-835880-3-smb neutron-server[103383]: DEBUG neutron.plugins.ml2.db [req-ec80e844-e307-439c-bd75-38f08760bf9e req-e81378b7-efa2-43f8-b228-6a84f4062740 service neutron] For port a572008e-9a07-4c68-b642-d8bee3e97623, host hv-cinder-83588, cleared binding levels {{(pid=103383) clear_binding_levels /opt/stack/neutron/neutron/plugins/ml2/db.py:87}}
Apr 01 16:09:10.342997 dv-cinder-835880-3-smb neutron-server[103383]: DEBUG neutron.plugins.ml2.db [req-ec80e844-e307-439c-bd75-38f08760bf9e req-e81378b7-efa2-43f8-b228-6a84f4062740 service neutron] For port a572008e-9a07-4c68-b642-d8bee3e97623, host hv-cinder-83588, set binding levels [PortBindingLevel(driver='hyperv',host='hv-cinder-83588',level=0,port_id=a572008e-9a07-4c68-b642-d8bee3e97623,segment=NetworkSegment(e676222d-b5a8-4ec4-b086-b35e213d8adf),segment_id=e676222d-b5a8-4ec4-b086-b35e213d8adf)] {{(pid=103383) set_binding_levels /opt/stack/neutron/neutron/plugins/ml2/db.py:59}}
Apr 01 16:09:10.350479 dv-cinder-835880-3-smb neutron-server[103383]: INFO neutron.wsgi [req-65845b26-1506-4922-8477-fad096484924 req-efef5440-dc1a-4145-bca7-1d49e963ee7f tempest-AttachVolumeTestJSON-1576877701 tempest-AttachVolumeTestJSON-1576877701-project] 10.222.0.70 "GET /v2.0/security-groups?id=0402f27b-b7d2-4e46-9c59-96259c5d7b37&fields=id&fields=name HTTP/1.1" status: 200 len: 313 time: 0.1513953
Apr 01 16:09:10.356556 dv-cinder-835880-3-smb neutron-server[103383]: DEBUG neutron_lib.callbacks.manager [req-ec80e844-e307-439c-bd75-38f08760bf9e req-e81378b7-efa2-43f8-b228-6a84f4062740 service neutron] Publish callbacks ['neutron.plugins.ml2.plugin.SecurityGroupServerNotifierRpcMixin._notify_sg_on_port_change-7636784', 'neutron.plugins.ml2.ovo_rpc._ObjectChangeHandler.handle_event-242916', 'neutron.api.rpc.agentnotifiers.dhcp_rpc_agent_api.DhcpAgentNotifyAPI._native_event_send_dhcp_notification-555847', 'neutron.db.l3_db.L3RpcNotifierMixin._notify_gateway_port_ip_changed-8738089799563', 'neutron.db.l3_dvrscheduler_db._notify_l3_agent_port_update-8738089379076', 'neutron.db.l3_hascheduler_db._notify_l3_agent_ha_port_update-8738089379094'] for port (a572008e-9a07-4c68-b642-d8bee3e97623), after_update {{(pid=103383) _notify_loop /usr/local/lib/python3.8/dist-packages/neutron_lib/callbacks/manager.py:176}}
Apr 01 16:09:10.371308 dv-cinder-835880-3-smb neutron-server[103383]: DEBUG neutron.pecan_wsgi.hooks.policy_enforcement [req-7e5362fe-2b3b-4d18-be6a-7741162685d5 req-c8d78a4a-3775-410d-9947-0e44203200ac service neutron] Attributes excluded by policy engine: ['standard_attr_id'] {{(pid=103383) _exclude_attributes_by_policy /opt/stack/neutron/neutron/pecan_wsgi/hooks/policy_enforcement.py:255}}
Apr 01 16:09:10.374091 dv-cinder-835880-3-smb neutron-server[103384]: DEBUG neutron.pecan_wsgi.hooks.policy_enforcement [req-e9319376-ba7f-4c86-876a-85354b4cd3e3 req-e1ea376d-9241-4991-8bda-79838dafa1ca service neutron] Attributes excluded by policy engine: ['standard_attr_id'] {{(pid=103384) _exclude_attributes_by_policy /opt/stack/neutron/neutron/pecan_wsgi/hooks/policy_enforcement.py:255}}
Apr 01 16:09:10.375573 dv-cinder-835880-3-smb neutron-server[103383]: INFO neutron.wsgi [req-7e5362fe-2b3b-4d18-be6a-7741162685d5 req-c8d78a4a-3775-410d-9947-0e44203200ac service neutron] 10.222.0.57 "GET /v2.0/ports?tenant_id=56953c8a31934b56b5e605d4c292b041&device_id=1dfc4fec-2b0b-40e2-ae97-adf956389673 HTTP/1.1" status: 200 len: 1128 time: 0.1753843
Apr 01 16:09:10.378461 dv-cinder-835880-3-smb neutron-server[103384]: INFO neutron.wsgi [req-e9319376-ba7f-4c86-876a-85354b4cd3e3 req-e1ea376d-9241-4991-8bda-79838dafa1ca service neutron] 10.222.0.57 "GET /v2.0/ports?device_id=72d7f522-1ad6-4ebd-940c-4aeb507a41be HTTP/1.1" status: 200 len: 1129 time: 0.1005974
Apr 01 16:09:10.461228 dv-cinder-835880-3-smb neutron-server[103383]: DEBUG neutron.pecan_wsgi.hooks.policy_enforcement [req-ec80e844-e307-439c-bd75-38f08760bf9e req-e81378b7-efa2-43f8-b228-6a84f4062740 service neutron] Attributes excluded by policy engine: ['standard_attr_id'] {{(pid=103383) _exclude_attributes_by_policy /opt/stack/neutron/neutron/pecan_wsgi/hooks/policy_enforcement.py:255}}
Apr 01 16:09:10.462286 dv-cinder-835880-3-smb neutron-server[103383]: DEBUG neutron_lib.callbacks.manager [req-ec80e844-e307-439c-bd75-38f08760bf9e req-e81378b7-efa2-43f8-b228-6a84f4062740 service neutron] Publish callbacks ['neutron.notifiers.nova.Notifier._send_nova_notification-85685', 'neutron.api.rpc.agentnotifiers.dhcp_rpc_agent_api.DhcpAgentNotifyAPI._send_dhcp_notification-555889'] for port (None), before_response {{(pid=103383) _notify_loop /usr/local/lib/python3.8/dist-packages/neutron_lib/callbacks/manager.py:176}}
Apr 01 16:09:10.463979 dv-cinder-835880-3-smb neutron-server[103383]: INFO neutron.wsgi [req-ec80e844-e307-439c-bd75-38f08760bf9e req-e81378b7-efa2-43f8-b228-6a84f4062740 service neutron] 10.222.0.57 "PUT /v2.0/ports/a572008e-9a07-4c68-b642-d8bee3e97623 HTTP/1.1" status: 200 len: 1094 time: 2.1909585
Apr 01 16:09:10.542822 dv-cinder-835880-3-smb neutron-server[103384]: INFO neutron.wsgi [req-e9319376-ba7f-4c86-876a-85354b4cd3e3 req-7f8df185-4bb1-46f5-9655-735f049e88e0 service neutron] 10.222.0.57 "GET /v2.0/security-groups?id=8b3f4d8d-60a3-4fb5-81b8-d8e9b15e9594&fields=id&fields=name HTTP/1.1" status: 200 len: 286 time: 0.1538439
Apr 01 16:09:10.553672 dv-cinder-835880-3-smb neutron-server[103384]: DEBUG neutron.wsgi [-] (103384) accepted ('10.222.0.70', 40418) {{(pid=103384) server /usr/local/lib/python3.8/dist-packages/eventlet/wsgi.py:1004}}
Apr 01 16:09:10.586527 dv-cinder-835880-3-smb neutron-server[103384]: DEBUG neutron_lib.callbacks.manager [None req-7f053daf-13e7-49f2-a6e6-b0bb5caa7180 admin admin] Publish callbacks [] for security_group (62156a94-bc9f-49c0-9905-e67b13b597de), precommit_create {{(pid=103384) _notify_loop /usr/local/lib/python3.8/dist-packages/neutron_lib/callbacks/manager.py:176}}
Apr 01 16:09:10.594203 dv-cinder-835880-3-smb neutron-server[103384]: DEBUG neutron_lib.callbacks.manager [None req-7f053daf-13e7-49f2-a6e6-b0bb5caa7180 admin admin] Publish callbacks ['neutron.plugins.ml2.ovo_rpc._ObjectChangeHandler.handle_event-609759'] for security_group (62156a94-bc9f-49c0-9905-e67b13b597de), after_create {{(pid=103384) _notify_loop /usr/local/lib/python3.8/dist-packages/neutron_lib/callbacks/manager.py:176}}
Apr 01 16:09:10.640160 dv-cinder-835880-3-smb neutron-server[103384]: DEBUG neutron.api.rpc.handlers.resources_rpc [None req-7f053daf-13e7-49f2-a6e6-b0bb5caa7180 admin admin] Pushing event updated for resources: {'SecurityGroup': ['ID=62156a94-bc9f-49c0-9905-e67b13b597de,revision_number=1']} {{(pid=103384) push /opt/stack/neutron/neutron/api/rpc/handlers/resources_rpc.py:237}}
Apr 01 16:09:10.650530 dv-cinder-835880-3-smb neutron-server[103384]: INFO neutron.wsgi [None req-7f053daf-13e7-49f2-a6e6-b0bb5caa7180 admin admin] 10.222.0.70 "GET /v2.0/security-groups?tenant_id=c7b588ba9ab4495db932c530e6fc66c8&name=default HTTP/1.1" status: 200 len: 2996 time: 0.6280515
Apr 01 16:09:10.651603 dv-cinder-835880-3-smb neutron-server[103384]: DEBUG neutron.wsgi [-] (103384) accepted ('10.222.0.70', 40422) {{(pid=103384) server /usr/local/lib/python3.8/dist-packages/eventlet/wsgi.py:1004}}
Apr 01 16:09:10.655026 dv-cinder-835880-3-smb neutron-server[103383]: DEBUG neutron.api.rpc.handlers.resources_rpc [None req-e81378b7-efa2-43f8-b228-6a84f4062740 service neutron] Pushing event updated for resources: {'Port': ['ID=a572008e-9a07-4c68-b642-d8bee3e97623,revision_number=3']} {{(pid=103383) push /opt/stack/neutron/neutron/api/rpc/handlers/resources_rpc.py:237}}
Apr 01 16:09:10.712458 dv-cinder-835880-3-smb neutron-server[103384]: DEBUG neutron_lib.callbacks.manager [None req-690eff6b-c6c4-47d9-b76f-4572b1f043bd admin admin] Publish callbacks [] for security_group (62156a94-bc9f-49c0-9905-e67b13b597de), before_delete {{(pid=103384) _notify_loop /usr/local/lib/python3.8/dist-packages/neutron_lib/callbacks/manager.py:176}}
Apr 01 16:09:10.715264 dv-cinder-835880-3-smb neutron-server[103383]: DEBUG neutron.pecan_wsgi.hooks.policy_enforcement [req-7e5362fe-2b3b-4d18-be6a-7741162685d5 req-beb6b029-6817-4065-85cb-cc144f3c3014 service neutron] Attributes excluded by policy engine: ['standard_attr_id', 'vlan_transparent'] {{(pid=103383) _exclude_attributes_by_policy /opt/stack/neutron/neutron/pecan_wsgi/hooks/policy_enforcement.py:255}}
Apr 01 16:09:10.717206 dv-cinder-835880-3-smb neutron-server[103383]: INFO neutron.wsgi [req-7e5362fe-2b3b-4d18-be6a-7741162685d5 req-beb6b029-6817-4065-85cb-cc144f3c3014 service neutron] 10.222.0.57 "GET /v2.0/networks?id=71641742-02b5-4ba4-81ef-b19c905751a5 HTTP/1.1" status: 200 len: 912 time: 0.2928851
Apr 01 16:09:10.720933 dv-cinder-835880-3-smb neutron-server[103383]: DEBUG neutron.pecan_wsgi.hooks.policy_enforcement [req-ec80e844-e307-439c-bd75-38f08760bf9e req-654d2971-8ba8-46cb-b317-e1e2a09be699 service neutron] Attributes excluded by policy engine: ['standard_attr_id'] {{(pid=103383) _exclude_attributes_by_policy /opt/stack/neutron/neutron/pecan_wsgi/hooks/policy_enforcement.py:255}}
Apr 01 16:09:10.722517 dv-cinder-835880-3-smb neutron-server[103383]: INFO neutron.wsgi [req-ec80e844-e307-439c-bd75-38f08760bf9e req-654d2971-8ba8-46cb-b317-e1e2a09be699 service neutron] 10.222.0.57 "GET /v2.0/ports?tenant_id=260e4d005d8144b48bc1883b385997d5&device_id=dd7c4dc2-67bb-4a02-83ad-bce11ba07fec HTTP/1.1" status: 200 len: 1128 time: 0.1641078
Apr 01 16:09:10.734017 dv-cinder-835880-3-smb neutron-server[103383]: DEBUG neutron.pecan_wsgi.hooks.policy_enforcement [req-91d69180-2ecd-4792-a36a-d31e83dfa4da req-bd98c84d-8181-42d5-b1b9-343998a80d63 tempest-AttachVolumeShelveTestJSON-217428290 tempest-AttachVolumeShelveTestJSON-217428290-project] Attributes excluded by policy engine: ['standard_attr_id', 'binding:profile', 'binding:host_id', 'binding:vif_type', 'binding:vif_details'] {{(pid=103383) _exclude_attributes_by_policy /opt/stack/neutron/neutron/pecan_wsgi/hooks/policy_enforcement.py:255}}
Apr 01 16:09:10.736174 dv-cinder-835880-3-smb neutron-server[103383]: INFO neutron.wsgi [req-91d69180-2ecd-4792-a36a-d31e83dfa4da req-bd98c84d-8181-42d5-b1b9-343998a80d63 tempest-AttachVolumeShelveTestJSON-217428290 tempest-AttachVolumeShelveTestJSON-217428290-project] 10.222.0.70 "GET /v2.0/ports?device_id=dd7c4dc2-67bb-4a02-83ad-bce11ba07fec HTTP/1.1" status: 200 len: 944 time: 0.1782610
Apr 01 16:09:10.737378 dv-cinder-835880-3-smb neutron-server[103384]: DEBUG neutron_lib.callbacks.manager [None req-690eff6b-c6c4-47d9-b76f-4572b1f043bd admin admin] Publish callbacks [] for security_group (62156a94-bc9f-49c0-9905-e67b13b597de), precommit_delete {{(pid=103384) _notify_loop /usr/local/lib/python3.8/dist-packages/neutron_lib/callbacks/manager.py:176}}
Apr 01 16:09:10.789409 dv-cinder-835880-3-smb neutron-server[103384]: DEBUG neutron_lib.callbacks.manager [None req-12ddfc96-a35e-423c-8967-4fce3ddce199 admin admin] Publish callbacks [] for security_group (None), before_create {{(pid=103384) _notify_loop /usr/local/lib/python3.8/dist-packages/neutron_lib/callbacks/manager.py:176}}
Apr 01 16:09:10.836032 dv-cinder-835880-3-smb neutron-server[103384]: DEBUG neutron_lib.callbacks.manager [None req-690eff6b-c6c4-47d9-b76f-4572b1f043bd admin admin] Publish callbacks ['neutron.plugins.ml2.ovo_rpc._ObjectChangeHandler.handle_event-609759'] for security_group (62156a94-bc9f-49c0-9905-e67b13b597de), after_delete {{(pid=103384) _notify_loop /usr/local/lib/python3.8/dist-packages/neutron_lib/callbacks/manager.py:176}}
Apr 01 16:09:10.839105 dv-cinder-835880-3-smb neutron-server[103384]: DEBUG neutron_lib.callbacks.manager [None req-690eff6b-c6c4-47d9-b76f-4572b1f043bd admin admin] Publish callbacks [] for security_group (None), before_response {{(pid=103384) _notify_loop /usr/local/lib/python3.8/dist-packages/neutron_lib/callbacks/manager.py:176}}
Apr 01 16:09:10.840407 dv-cinder-835880-3-smb neutron-server[103384]: INFO neutron.wsgi [None req-690eff6b-c6c4-47d9-b76f-4572b1f043bd admin admin] 10.222.0.70 "DELETE /v2.0/security-groups/62156a94-bc9f-49c0-9905-e67b13b597de HTTP/1.1" status: 204 len: 168 time: 0.1875288
Apr 01 16:09:10.859889 dv-cinder-835880-3-smb neutron-server[103384]: DEBUG neutron.api.rpc.handlers.resources_rpc [None req-690eff6b-c6c4-47d9-b76f-4572b1f043bd admin admin] Pushing event deleted for resources: {'SecurityGroup': ['ID=62156a94-bc9f-49c0-9905-e67b13b597de,revision_number=None']} {{(pid=103384) push /opt/stack/neutron/neutron/api/rpc/handlers/resources_rpc.py:237}}
Apr 01 16:09:10.866709 dv-cinder-835880-3-smb neutron-server[103383]: INFO neutron.wsgi [req-7e5362fe-2b3b-4d18-be6a-7741162685d5 req-fbd2897f-d8a5-4215-b927-bc5e75fb1a91 service neutron] 10.222.0.57 "GET /v2.0/floatingips?fixed_ip_address=172.20.0.13&port_id=abd84753-e0e5-4e60-b4ba-18c0af156d74 HTTP/1.1" status: 200 len: 217 time: 0.0866022
Apr 01 16:09:10.871360 dv-cinder-835880-3-smb neutron-server[103383]: INFO neutron.wsgi [req-ec80e844-e307-439c-bd75-38f08760bf9e req-5943bc7c-8a95-45a6-942d-c98728470876 service neutron] 10.222.0.57 "GET /v2.0/floatingips?fixed_ip_address=172.20.0.10&port_id=a572008e-9a07-4c68-b642-d8bee3e97623 HTTP/1.1" status: 200 len: 217 time: 0.0909657
Apr 01 16:09:10.877096 dv-cinder-835880-3-smb neutron-server[103383]: INFO neutron.wsgi [req-91d69180-2ecd-4792-a36a-d31e83dfa4da req-4e1ff8a5-85c7-43de-85ab-487d6416c6db tempest-AttachVolumeShelveTestJSON-217428290 tempest-AttachVolumeShelveTestJSON-217428290-project] 10.222.0.70 "GET /v2.0/security-groups?id=0a4040f1-518c-40e8-9703-6ce74904c80c&fields=id&fields=name HTTP/1.1" status: 200 len: 312 time: 0.1353447
Apr 01 16:09:10.963548 dv-cinder-835880-3-smb neutron-server[103384]: DEBUG neutron_lib.callbacks.manager [None req-12ddfc96-a35e-423c-8967-4fce3ddce199 admin admin] Publish callbacks [] for security_group (6825e3d4-ec55-4751-86df-3201a5c045b2), precommit_create {{(pid=103384) _notify_loop /usr/local/lib/python3.8/dist-packages/neutron_lib/callbacks/manager.py:176}}
Apr 01 16:09:10.969248 dv-cinder-835880-3-smb neutron-server[103384]: DEBUG neutron_lib.callbacks.manager [None req-12ddfc96-a35e-423c-8967-4fce3ddce199 admin admin] Publish callbacks ['neutron.plugins.ml2.ovo_rpc._ObjectChangeHandler.handle_event-609759'] for security_group (6825e3d4-ec55-4751-86df-3201a5c045b2), after_create {{(pid=103384) _notify_loop /usr/local/lib/python3.8/dist-packages/neutron_lib/callbacks/manager.py:176}}
Apr 01 16:09:10.987656 dv-cinder-835880-3-smb neutron-server[103383]: DEBUG neutron.notifiers.nova [-] Sending events: [{'name': 'network-changed', 'server_uuid': 'dd7c4dc2-67bb-4a02-83ad-bce11ba07fec', 'tag': 'a572008e-9a07-4c68-b642-d8bee3e97623'}] {{(pid=103383) send_events /opt/stack/neutron/neutron/notifiers/nova.py:271}}
Apr 01 16:09:10.989826 dv-cinder-835880-3-smb neutron-server[103383]: DEBUG novaclient.v2.client [-] REQ: curl -g -i --cacert "/opt/stack/data/ca-bundle.pem" -X POST http://10.222.0.70/compute/v2.1/os-server-external-events -H "Accept: application/json" -H "Content-Type: application/json" -H "User-Agent: python-novaclient" -H "X-Auth-Token: {SHA256}f8822a48bb95da39fc13a8183921ecb5147fa2066ea56e2f5c3b598544328fbf" -H "X-OpenStack-Nova-API-Version: 2.1" -H "X-OpenStack-Request-ID: req-ef71f8e3-bdc3-4e45-b387-16a785560630" -d '{"events": [{"name": "network-changed", "server_uuid": "dd7c4dc2-67bb-4a02-83ad-bce11ba07fec", "tag": "a572008e-9a07-4c68-b642-d8bee3e97623"}]}' {{(pid=103383) _http_log_request /usr/local/lib/python3.8/dist-packages/keystoneauth1/session.py:519}}
Apr 01 16:09:11.007378 dv-cinder-835880-3-smb neutron-server[103384]: INFO neutron.wsgi [None req-12ddfc96-a35e-423c-8967-4fce3ddce199 admin admin] 10.222.0.70 "GET /v2.0/security-groups?tenant_id=9465681fbf09427fa75f987fa34d4b6d&name=default HTTP/1.1" status: 200 len: 2996 time: 0.4525092
Apr 01 16:09:11.015444 dv-cinder-835880-3-smb neutron-server[103384]: DEBUG neutron.wsgi [-] (103384) accepted ('10.222.0.70', 40432) {{(pid=103384) server /usr/local/lib/python3.8/dist-packages/eventlet/wsgi.py:1004}}
Apr 01 16:09:11.059270 dv-cinder-835880-3-smb neutron-server[103383]: DEBUG neutron.pecan_wsgi.hooks.policy_enforcement [req-7e5362fe-2b3b-4d18-be6a-7741162685d5 req-0121c928-5c1f-4997-827f-cae7e5cd9a50 service neutron] Attributes excluded by policy engine: ['standard_attr_id', 'shared'] {{(pid=103383) _exclude_attributes_by_policy /opt/stack/neutron/neutron/pecan_wsgi/hooks/policy_enforcement.py:255}}
Apr 01 16:09:11.061331 dv-cinder-835880-3-smb neutron-server[103383]: INFO neutron.wsgi [req-7e5362fe-2b3b-4d18-be6a-7741162685d5 req-0121c928-5c1f-4997-827f-cae7e5cd9a50 service neutron] 10.222.0.57 "GET /v2.0/subnets?id=0d99b898-8993-4f61-a1ec-e455da0e6ed6 HTTP/1.1" status: 200 len: 850 time: 0.1825404
Apr 01 16:09:11.100607 dv-cinder-835880-3-smb neutron-server[103383]: DEBUG neutron.pecan_wsgi.hooks.policy_enforcement [req-ec80e844-e307-439c-bd75-38f08760bf9e req-fc451d23-6141-42ac-a949-e9b8e7d7c143 service neutron] Attributes excluded by policy engine: ['standard_attr_id', 'shared'] {{(pid=103383) _exclude_attributes_by_policy /opt/stack/neutron/neutron/pecan_wsgi/hooks/policy_enforcement.py:255}}
Apr 01 16:09:11.102421 dv-cinder-835880-3-smb neutron-server[103383]: INFO neutron.wsgi [req-ec80e844-e307-439c-bd75-38f08760bf9e req-fc451d23-6141-42ac-a949-e9b8e7d7c143 service neutron] 10.222.0.57 "GET /v2.0/subnets?id=800b9e74-a55a-4e0d-8366-47e56c88db8f HTTP/1.1" status: 200 len: 856 time: 0.2226455
Apr 01 16:09:11.140137 dv-cinder-835880-3-smb neutron-server[103383]: INFO neutron.wsgi [req-5c20ad0d-f9d8-4821-b3cf-b770791081c8 req-6eb48b60-f4e8-44b9-ab0d-a134fd614446 tempest-VolumesActionsTest-1928928909 tempest-VolumesActionsTest-1928928909-project] 10.222.0.70 "GET /v2.0/ports?device_id=07eb902d-7f62-4357-97b5-fc14717d360e HTTP/1.1" status: 200 len: 210 time: 0.0816131
Apr 01 16:09:11.175007 dv-cinder-835880-3-smb neutron-server[103384]: DEBUG neutron.api.rpc.handlers.resources_rpc [None req-12ddfc96-a35e-423c-8967-4fce3ddce199 admin admin] Pushing event updated for resources: {'SecurityGroup': ['ID=6825e3d4-ec55-4751-86df-3201a5c045b2,revision_number=1']} {{(pid=103384) push /opt/stack/neutron/neutron/api/rpc/handlers/resources_rpc.py:237}}
Apr 01 16:09:11.202170 dv-cinder-835880-3-smb neutron-server[103383]: DEBUG novaclient.v2.client [-] RESP: [200] Connection: close Content-Length: 179 Content-Type: application/json Date: Fri, 01 Apr 2022 16:09:11 GMT OpenStack-API-Version: compute 2.1 Server: Apache/2.4.41 (Ubuntu) Vary: OpenStack-API-Version,X-OpenStack-Nova-API-Version X-OpenStack-Nova-API-Version: 2.1 x-compute-request-id: req-6c41ddda-8a1d-4385-ac47-1eba116cf543 x-openstack-request-id: req-6c41ddda-8a1d-4385-ac47-1eba116cf543 {{(pid=103383) _http_log_response /usr/local/lib/python3.8/dist-packages/keystoneauth1/session.py:550}}
Apr 01 16:09:11.202462 dv-cinder-835880-3-smb neutron-server[103383]: DEBUG novaclient.v2.client [-] RESP BODY: {"events": [{"name": "network-changed", "server_uuid": "dd7c4dc2-67bb-4a02-83ad-bce11ba07fec", "tag": "a572008e-9a07-4c68-b642-d8bee3e97623", "status": "completed", "code": 200}]} {{(pid=103383) _http_log_response /usr/local/lib/python3.8/dist-packages/keystoneauth1/session.py:582}}
Apr 01 16:09:11.202707 dv-cinder-835880-3-smb neutron-server[103383]: DEBUG novaclient.v2.client [-] POST call to compute for http://10.222.0.70/compute/v2.1/os-server-external-events used request id req-6c41ddda-8a1d-4385-ac47-1eba116cf543 {{(pid=103383) request /usr/local/lib/python3.8/dist-packages/keystoneauth1/session.py:954}}
Apr 01 16:09:11.203110 dv-cinder-835880-3-smb neutron-server[103383]: INFO neutron.notifiers.nova [-] Nova event matching ['req-6c41ddda-8a1d-4385-ac47-1eba116cf543'] response: {'name': 'network-changed', 'server_uuid': 'dd7c4dc2-67bb-4a02-83ad-bce11ba07fec', 'tag': 'a572008e-9a07-4c68-b642-d8bee3e97623', 'status': 'completed', 'code': 200}
Apr 01 16:09:11.242606 dv-cinder-835880-3-smb neutron-server[103383]: DEBUG neutron.pecan_wsgi.hooks.policy_enforcement [req-7e5362fe-2b3b-4d18-be6a-7741162685d5 req-1d69ac58-4669-4bf4-a2c4-3267947963ba service neutron] Attributes excluded by policy engine: ['standard_attr_id'] {{(pid=103383) _exclude_attributes_by_policy /opt/stack/neutron/neutron/pecan_wsgi/hooks/policy_enforcement.py:255}}
Apr 01 16:09:11.244174 dv-cinder-835880-3-smb neutron-server[103383]: INFO neutron.wsgi [req-7e5362fe-2b3b-4d18-be6a-7741162685d5 req-1d69ac58-4669-4bf4-a2c4-3267947963ba service neutron] 10.222.0.57 "GET /v2.0/ports?network_id=71641742-02b5-4ba4-81ef-b19c905751a5&device_owner=network%3Adhcp HTTP/1.1" status: 200 len: 1210 time: 0.1569927
Apr 01 16:09:11.253686 dv-cinder-835880-3-smb neutron-server[103384]: DEBUG neutron_lib.callbacks.manager [None req-26012453-ed82-4118-94bb-7350c9cf4305 admin admin] Publish callbacks [] for security_group (6825e3d4-ec55-4751-86df-3201a5c045b2), before_delete {{(pid=103384) _notify_loop /usr/local/lib/python3.8/dist-packages/neutron_lib/callbacks/manager.py:176}}
Apr 01 16:09:11.280339 dv-cinder-835880-3-smb neutron-server[103383]: DEBUG neutron.pecan_wsgi.hooks.policy_enforcement [req-ec80e844-e307-439c-bd75-38f08760bf9e req-c5d5e737-fa07-465b-b1b4-da8fcf740b64 service neutron] Attributes excluded by policy engine: ['standard_attr_id'] {{(pid=103383) _exclude_attributes_by_policy /opt/stack/neutron/neutron/pecan_wsgi/hooks/policy_enforcement.py:255}}
Apr 01 16:09:11.286060 dv-cinder-835880-3-smb neutron-server[103383]: INFO neutron.wsgi [req-ec80e844-e307-439c-bd75-38f08760bf9e req-c5d5e737-fa07-465b-b1b4-da8fcf740b64 service neutron] 10.222.0.57 "GET /v2.0/ports?network_id=0dc218f3-ce62-46a5-b625-a56c6efad88a&device_owner=network%3Adhcp HTTP/1.1" status: 200 len: 1210 time: 0.1520243
Apr 01 16:09:11.332599 dv-cinder-835880-3-smb neutron-server[103384]: DEBUG neutron_lib.callbacks.manager [None req-26012453-ed82-4118-94bb-7350c9cf4305 admin admin] Publish callbacks [] for security_group (6825e3d4-ec55-4751-86df-3201a5c045b2), precommit_delete {{(pid=103384) _notify_loop /usr/local/lib/python3.8/dist-packages/neutron_lib/callbacks/manager.py:176}}
Apr 01 16:09:11.346449 dv-cinder-835880-3-smb neutron-server[103384]: DEBUG neutron.pecan_wsgi.hooks.policy_enforcement [req-562ca760-1cbc-4d51-b46b-5f87397ca215 req-3f669ec7-fc47-4aec-b736-fa81915d5093 tempest-VolumesActionsTest-1928928909 tempest-VolumesActionsTest-1928928909-project] Attributes excluded by policy engine: ['standard_attr_id', 'vlan_transparent', 'provider:network_type', 'provider:physical_network', 'provider:segmentation_id'] {{(pid=103384) _exclude_attributes_by_policy /opt/stack/neutron/neutron/pecan_wsgi/hooks/policy_enforcement.py:255}}
Apr 01 16:09:11.347948 dv-cinder-835880-3-smb neutron-server[103384]: INFO neutron.wsgi [req-562ca760-1cbc-4d51-b46b-5f87397ca215 req-3f669ec7-fc47-4aec-b736-fa81915d5093 tempest-VolumesActionsTest-1928928909 tempest-VolumesActionsTest-1928928909-project] 10.222.0.57 "GET /v2.0/networks?id=3fbbb863-5d92-4a12-9f95-e5e25906d1d5 HTTP/1.1" status: 200 len: 809 time: 0.2505906
Apr 01 16:09:11.395777 dv-cinder-835880-3-smb neutron-server[103384]: DEBUG neutron.api.v2.base [req-562ca760-1cbc-4d51-b46b-5f87397ca215 req-0f57d84d-50fa-4e31-9bfd-de17a91915fc tempest-VolumesActionsTest-1928928909 tempest-VolumesActionsTest-1928928909-project] Request body: {'port': {'device_id': '07eb902d-7f62-4357-97b5-fc14717d360e', 'network_id': '3fbbb863-5d92-4a12-9f95-e5e25906d1d5', 'admin_state_up': True, 'tenant_id': 'cd2ae26e08df44a695f66dd3f97292d6'}} {{(pid=103384) prepare_request_body /opt/stack/neutron/neutron/api/v2/base.py:729}}
Apr 01 16:09:11.449024 dv-cinder-835880-3-smb neutron-server[103383]: DEBUG neutron.wsgi [-] (103383) accepted ('10.222.0.70', 40446) {{(pid=103383) server /usr/local/lib/python3.8/dist-packages/eventlet/wsgi.py:1004}}
Apr 01 16:09:11.521133 dv-cinder-835880-3-smb neutron-server[103383]: DEBUG neutron_lib.callbacks.manager [None req-ccd800aa-6c89-4792-bfc9-61e215091c2c admin admin] Publish callbacks [] for security_group (None), before_create {{(pid=103383) _notify_loop /usr/local/lib/python3.8/dist-packages/neutron_lib/callbacks/manager.py:176}}
Apr 01 16:09:11.531118 dv-cinder-835880-3-smb neutron-server[103384]: DEBUG neutron_lib.callbacks.manager [None req-26012453-ed82-4118-94bb-7350c9cf4305 admin admin] Publish callbacks ['neutron.plugins.ml2.ovo_rpc._ObjectChangeHandler.handle_event-609759'] for security_group (6825e3d4-ec55-4751-86df-3201a5c045b2), after_delete {{(pid=103384) _notify_loop /usr/local/lib/python3.8/dist-packages/neutron_lib/callbacks/manager.py:176}}
Apr 01 16:09:11.533822 dv-cinder-835880-3-smb neutron-server[103384]: DEBUG neutron_lib.callbacks.manager [None req-26012453-ed82-4118-94bb-7350c9cf4305 admin admin] Publish callbacks [] for security_group (None), before_response {{(pid=103384) _notify_loop /usr/local/lib/python3.8/dist-packages/neutron_lib/callbacks/manager.py:176}}
Apr 01 16:09:11.535023 dv-cinder-835880-3-smb neutron-server[103384]: INFO neutron.wsgi [None req-26012453-ed82-4118-94bb-7350c9cf4305 admin admin] 10.222.0.70 "DELETE /v2.0/security-groups/6825e3d4-ec55-4751-86df-3201a5c045b2 HTTP/1.1" status: 204 len: 168 time: 0.5184329
Apr 01 16:09:11.562049 dv-cinder-835880-3-smb neutron-server[103384]: DEBUG neutron.api.rpc.handlers.resources_rpc [None req-26012453-ed82-4118-94bb-7350c9cf4305 admin admin] Pushing event deleted for resources: {'SecurityGroup': ['ID=6825e3d4-ec55-4751-86df-3201a5c045b2,revision_number=None']} {{(pid=103384) push /opt/stack/neutron/neutron/api/rpc/handlers/resources_rpc.py:237}}
Apr 01 16:09:11.604513 dv-cinder-835880-3-smb neutron-server[103383]: INFO neutron.wsgi [req-7e5362fe-2b3b-4d18-be6a-7741162685d5 req-db4a7061-d969-42a3-865a-779f5fdb8a7a service neutron] 10.222.0.57 "GET /v2.0/networks/71641742-02b5-4ba4-81ef-b19c905751a5?fields=segments HTTP/1.1" status: 200 len: 212 time: 0.3351543
Apr 01 16:09:11.612232 dv-cinder-835880-3-smb neutron-server[103383]: DEBUG neutron.pecan_wsgi.hooks.policy_enforcement [req-2b8e1fa7-9d9b-4ee8-bb0c-893518910edd req-3d8939f8-e8f6-4f73-b768-d1974f09f3a9 tempest-ServerRescueNegativeTestJSON-315203280 tempest-ServerRescueNegativeTestJSON-315203280-project] Attributes excluded by policy engine: ['standard_attr_id', 'binding:profile', 'binding:host_id', 'binding:vif_type', 'binding:vif_details'] {{(pid=103383) _exclude_attributes_by_policy /opt/stack/neutron/neutron/pecan_wsgi/hooks/policy_enforcement.py:255}}
Apr 01 16:09:11.613680 dv-cinder-835880-3-smb neutron-server[103383]: INFO neutron.wsgi [req-2b8e1fa7-9d9b-4ee8-bb0c-893518910edd req-3d8939f8-e8f6-4f73-b768-d1974f09f3a9 tempest-ServerRescueNegativeTestJSON-315203280 tempest-ServerRescueNegativeTestJSON-315203280-project] 10.222.0.70 "GET /v2.0/ports?device_id=72d7f522-1ad6-4ebd-940c-4aeb507a41be HTTP/1.1" status: 200 len: 945 time: 0.2894585
Apr 01 16:09:11.619463 dv-cinder-835880-3-smb neutron-server[103384]: DEBUG neutron.pecan_wsgi.hooks.policy_enforcement [req-0ac68936-ac68-4af6-ab8f-2815979d9b27 req-bbae398a-482e-4f9b-8024-63cc752c64f7 tempest-AttachVolumeTestJSON-1576877701 tempest-AttachVolumeTestJSON-1576877701-project] Attributes excluded by policy engine: ['standard_attr_id', 'binding:profile', 'binding:host_id', 'binding:vif_type', 'binding:vif_details'] {{(pid=103384) _exclude_attributes_by_policy /opt/stack/neutron/neutron/pecan_wsgi/hooks/policy_enforcement.py:255}}
Apr 01 16:09:11.620950 dv-cinder-835880-3-smb neutron-server[103384]: INFO neutron.wsgi [req-0ac68936-ac68-4af6-ab8f-2815979d9b27 req-bbae398a-482e-4f9b-8024-63cc752c64f7 tempest-AttachVolumeTestJSON-1576877701 tempest-AttachVolumeTestJSON-1576877701-project] 10.222.0.70 "GET /v2.0/ports?device_id=1dfc4fec-2b0b-40e2-ae97-adf956389673 HTTP/1.1" status: 200 len: 944 time: 0.1479311
Apr 01 16:09:11.679761 dv-cinder-835880-3-smb neutron-server[103383]: INFO neutron.wsgi [req-ec80e844-e307-439c-bd75-38f08760bf9e req-00d1d735-e89e-413b-a8cb-a7f1753cbd04 service neutron] 10.222.0.57 "GET /v2.0/networks/0dc218f3-ce62-46a5-b625-a56c6efad88a?fields=segments HTTP/1.1" status: 200 len: 212 time: 0.3076246
Apr 01 16:09:11.727718 dv-cinder-835880-3-smb neutron-server[103384]: INFO neutron.wsgi [req-0ac68936-ac68-4af6-ab8f-2815979d9b27 req-26f558e2-1bc7-4b36-95cd-b617a7eaf693 tempest-AttachVolumeTestJSON-1576877701 tempest-AttachVolumeTestJSON-1576877701-project] 10.222.0.70 "GET /v2.0/security-groups?id=0402f27b-b7d2-4e46-9c59-96259c5d7b37&fields=id&fields=name HTTP/1.1" status: 200 len: 313 time: 0.0888445
Apr 01 16:09:11.735159 dv-cinder-835880-3-smb neutron-server[103384]: DEBUG neutron.pecan_wsgi.hooks.quota_enforcement [req-562ca760-1cbc-4d51-b46b-5f87397ca215 req-0f57d84d-50fa-4e31-9bfd-de17a91915fc tempest-VolumesActionsTest-1928928909 tempest-VolumesActionsTest-1928928909-project] Made reservation on behalf of cd2ae26e08df44a695f66dd3f97292d6 for: {'port': 1} {{(pid=103384) before /opt/stack/neutron/neutron/pecan_wsgi/hooks/quota_enforcement.py:53}}
Apr 01 16:09:11.741843 dv-cinder-835880-3-smb neutron-server[103384]: DEBUG neutron_lib.callbacks.manager [req-562ca760-1cbc-4d51-b46b-5f87397ca215 req-0f57d84d-50fa-4e31-9bfd-de17a91915fc tempest-VolumesActionsTest-1928928909 tempest-VolumesActionsTest-1928928909-project] Publish callbacks ['neutron.plugins.ml2.plugin.SecurityGroupDbMixin._ensure_default_security_group_handler-7636849'] for port (None), before_create {{(pid=103384) _notify_loop /usr/local/lib/python3.8/dist-packages/neutron_lib/callbacks/manager.py:176}}
Apr 01 16:09:11.846371 dv-cinder-835880-3-smb neutron-server[103383]: INFO neutron.wsgi [req-2b8e1fa7-9d9b-4ee8-bb0c-893518910edd req-719bef80-dd45-4be7-ad9c-0b33b8315ef8 tempest-ServerRescueNegativeTestJSON-315203280 tempest-ServerRescueNegativeTestJSON-315203280-project] 10.222.0.70 "GET /v2.0/security-groups?id=8b3f4d8d-60a3-4fb5-81b8-d8e9b15e9594&fields=id&fields=name HTTP/1.1" status: 200 len: 286 time: 0.2164359
Apr 01 16:09:11.883342 dv-cinder-835880-3-smb neutron-server[103383]: INFO neutron.wsgi [req-7e5362fe-2b3b-4d18-be6a-7741162685d5 req-783821e8-e016-4b62-9067-862618dd74bb service neutron] 10.222.0.57 "GET /v2.0/networks/71641742-02b5-4ba4-81ef-b19c905751a5?fields=provider%3Aphysical_network&fields=provider%3Anetwork_type HTTP/1.1" status: 200 len: 281 time: 0.2686679
Apr 01 16:09:11.924657 dv-cinder-835880-3-smb neutron-server[103384]: DEBUG neutron.db.db_base_plugin_common [req-562ca760-1cbc-4d51-b46b-5f87397ca215 req-0f57d84d-50fa-4e31-9bfd-de17a91915fc tempest-VolumesActionsTest-1928928909 tempest-VolumesActionsTest-1928928909-project] Allocated IP 172.20.0.3 (3fbbb863-5d92-4a12-9f95-e5e25906d1d5/513efb5c-ecee-4ad1-be70-0471d42525b0/41584627-4df3-4cc2-9a6e-77a878d3c02d) {{(pid=103384) _store_ip_allocation /opt/stack/neutron/neutron/db/db_base_plugin_common.py:131}}
Apr 01 16:09:11.924873 dv-cinder-835880-3-smb neutron-server[103383]: DEBUG neutron_lib.callbacks.manager [None req-ccd800aa-6c89-4792-bfc9-61e215091c2c admin admin] Publish callbacks [] for security_group (97f1164f-3d4d-4641-b4f0-da2b50c6c86d), precommit_create {{(pid=103383) _notify_loop /usr/local/lib/python3.8/dist-packages/neutron_lib/callbacks/manager.py:176}}
Apr 01 16:09:11.933912 dv-cinder-835880-3-smb neutron-server[103383]: DEBUG neutron_lib.callbacks.manager [None req-ccd800aa-6c89-4792-bfc9-61e215091c2c admin admin] Publish callbacks ['neutron.plugins.ml2.ovo_rpc._ObjectChangeHandler.handle_event-609759'] for security_group (97f1164f-3d4d-4641-b4f0-da2b50c6c86d), after_create {{(pid=103383) _notify_loop /usr/local/lib/python3.8/dist-packages/neutron_lib/callbacks/manager.py:176}}
Apr 01 16:09:11.952026 dv-cinder-835880-3-smb neutron-server[103383]: INFO neutron.wsgi [req-ec80e844-e307-439c-bd75-38f08760bf9e req-a8d6433c-c3d1-4aeb-a1dc-1667272e90b9 service neutron] 10.222.0.57 "GET /v2.0/networks/0dc218f3-ce62-46a5-b625-a56c6efad88a?fields=provider%3Aphysical_network&fields=provider%3Anetwork_type HTTP/1.1" status: 200 len: 281 time: 0.2565248
Apr 01 16:09:11.991429 dv-cinder-835880-3-smb neutron-server[103383]: INFO neutron.wsgi [None req-ccd800aa-6c89-4792-bfc9-61e215091c2c admin admin] 10.222.0.70 "GET /v2.0/security-groups?tenant_id=c26378ad706e48d0a8a453d81889d5be&name=default HTTP/1.1" status: 200 len: 2996 time: 0.5394249
Apr 01 16:09:11.993949 dv-cinder-835880-3-smb neutron-server[103383]: DEBUG neutron.wsgi [-] (103383) accepted ('10.222.0.70', 40456) {{(pid=103383) server /usr/local/lib/python3.8/dist-packages/eventlet/wsgi.py:1004}}
Apr 01 16:09:12.002159 dv-cinder-835880-3-smb neutron-server[103383]: DEBUG neutron.api.rpc.handlers.resources_rpc [None req-ccd800aa-6c89-4792-bfc9-61e215091c2c admin admin] Pushing event updated for resources: {'SecurityGroup': ['ID=97f1164f-3d4d-4641-b4f0-da2b50c6c86d,revision_number=1']} {{(pid=103383) push /opt/stack/neutron/neutron/api/rpc/handlers/resources_rpc.py:237}}
Apr 01 16:09:12.082525 dv-cinder-835880-3-smb neutron-server[103383]: DEBUG neutron.wsgi [-] (103383) accepted ('10.222.0.70', 40458) {{(pid=103383) server /usr/local/lib/python3.8/dist-packages/eventlet/wsgi.py:1004}}
Apr 01 16:09:12.105278 dv-cinder-835880-3-smb neutron-server[103383]: DEBUG neutron_lib.callbacks.manager [None req-449d992d-000b-46b1-baf5-518bcfdfd17f admin admin] Publish callbacks [] for security_group (None), before_create {{(pid=103383) _notify_loop /usr/local/lib/python3.8/dist-packages/neutron_lib/callbacks/manager.py:176}}
Apr 01 16:09:12.132450 dv-cinder-835880-3-smb neutron-server[103383]: DEBUG neutron.pecan_wsgi.hooks.policy_enforcement [req-ef71f8e3-bdc3-4e45-b387-16a785560630 req-fcdb5452-3dc7-43c9-87e4-53da13c8ffb5 service neutron] Attributes excluded by policy engine: ['standard_attr_id'] {{(pid=103383) _exclude_attributes_by_policy /opt/stack/neutron/neutron/pecan_wsgi/hooks/policy_enforcement.py:255}}
Apr 01 16:09:12.134334 dv-cinder-835880-3-smb neutron-server[103383]: INFO neutron.wsgi [req-ef71f8e3-bdc3-4e45-b387-16a785560630 req-fcdb5452-3dc7-43c9-87e4-53da13c8ffb5 service neutron] 10.222.0.57 "GET /v2.0/ports?tenant_id=260e4d005d8144b48bc1883b385997d5&device_id=dd7c4dc2-67bb-4a02-83ad-bce11ba07fec HTTP/1.1" status: 200 len: 1128 time: 0.1273901
Apr 01 16:09:12.137233 dv-cinder-835880-3-smb neutron-server[103383]: DEBUG neutron_lib.callbacks.manager [None req-2b12da0c-7475-4023-ad2a-eca7440dc494 admin admin] Publish callbacks [] for security_group (97f1164f-3d4d-4641-b4f0-da2b50c6c86d), before_delete {{(pid=103383) _notify_loop /usr/local/lib/python3.8/dist-packages/neutron_lib/callbacks/manager.py:176}}
Apr 01 16:09:12.159292 dv-cinder-835880-3-smb neutron-server[103384]: DEBUG neutron_lib.callbacks.manager [req-562ca760-1cbc-4d51-b46b-5f87397ca215 req-0f57d84d-50fa-4e31-9bfd-de17a91915fc tempest-VolumesActionsTest-1928928909 tempest-VolumesActionsTest-1928928909-project] Publish callbacks [] for port (41584627-4df3-4cc2-9a6e-77a878d3c02d), precommit_create {{(pid=103384) _notify_loop /usr/local/lib/python3.8/dist-packages/neutron_lib/callbacks/manager.py:176}}
Apr 01 16:09:12.176903 dv-cinder-835880-3-smb neutron-server[103384]: DEBUG neutron.pecan_wsgi.hooks.policy_enforcement [req-9c4db053-39ad-4f0e-bd64-7ae7658da8e8 req-f3659ec8-9b78-4c22-90d4-7cf66e9d560e tempest-AttachVolumeShelveTestJSON-217428290 tempest-AttachVolumeShelveTestJSON-217428290-project] Attributes excluded by policy engine: ['standard_attr_id', 'binding:profile', 'binding:host_id', 'binding:vif_type', 'binding:vif_details'] {{(pid=103384) _exclude_attributes_by_policy /opt/stack/neutron/neutron/pecan_wsgi/hooks/policy_enforcement.py:255}}
Apr 01 16:09:12.178465 dv-cinder-835880-3-smb neutron-server[103384]: INFO neutron.wsgi [req-9c4db053-39ad-4f0e-bd64-7ae7658da8e8 req-f3659ec8-9b78-4c22-90d4-7cf66e9d560e tempest-AttachVolumeShelveTestJSON-217428290 tempest-AttachVolumeShelveTestJSON-217428290-project] 10.222.0.70 "GET /v2.0/ports?device_id=dd7c4dc2-67bb-4a02-83ad-bce11ba07fec HTTP/1.1" status: 200 len: 944 time: 0.0931828
Apr 01 16:09:12.245897 dv-cinder-835880-3-smb neutron-server[103384]: INFO neutron.wsgi [req-9c4db053-39ad-4f0e-bd64-7ae7658da8e8 req-28ef64a1-d6fd-4fa7-8aaf-94da3af2307f tempest-AttachVolumeShelveTestJSON-217428290 tempest-AttachVolumeShelveTestJSON-217428290-project] 10.222.0.70 "GET /v2.0/security-groups?id=0a4040f1-518c-40e8-9703-6ce74904c80c&fields=id&fields=name HTTP/1.1" status: 200 len: 312 time: 0.0609772
Apr 01 16:09:12.247673 dv-cinder-835880-3-smb neutron-server[103384]: DEBUG neutron_lib.callbacks.manager [req-562ca760-1cbc-4d51-b46b-5f87397ca215 req-0f57d84d-50fa-4e31-9bfd-de17a91915fc tempest-VolumesActionsTest-1928928909 tempest-VolumesActionsTest-1928928909-project] Publish callbacks ['neutron.plugins.ml2.plugin.SecurityGroupServerNotifierRpcMixin._notify_sg_on_port_change-7636784', 'neutron.plugins.ml2.ovo_rpc._ObjectChangeHandler.handle_event-242916', 'neutron.api.rpc.agentnotifiers.dhcp_rpc_agent_api.DhcpAgentNotifyAPI._native_event_send_dhcp_notification-555847', 'neutron.db.l3_dvrscheduler_db._notify_l3_agent_new_port-8738089378286', 'neutron.services.segments.plugin.NovaSegmentNotifier._notify_port_created_or_deleted-8405411'] for port (41584627-4df3-4cc2-9a6e-77a878d3c02d), after_create {{(pid=103384) _notify_loop /usr/local/lib/python3.8/dist-packages/neutron_lib/callbacks/manager.py:176}}
Apr 01 16:09:12.250013 dv-cinder-835880-3-smb neutron-server[103383]: DEBUG neutron_lib.callbacks.manager [None req-2b12da0c-7475-4023-ad2a-eca7440dc494 admin admin] Publish callbacks [] for security_group (97f1164f-3d4d-4641-b4f0-da2b50c6c86d), precommit_delete {{(pid=103383) _notify_loop /usr/local/lib/python3.8/dist-packages/neutron_lib/callbacks/manager.py:176}}
Apr 01 16:09:12.290254 dv-cinder-835880-3-smb neutron-server[103384]: DEBUG neutron.scheduler.dhcp_agent_scheduler [req-562ca760-1cbc-4d51-b46b-5f87397ca215 req-0f57d84d-50fa-4e31-9bfd-de17a91915fc tempest-VolumesActionsTest-1928928909 tempest-VolumesActionsTest-1928928909-project] Network 3fbbb863-5d92-4a12-9f95-e5e25906d1d5 is already hosted by enough agents. {{(pid=103384) _get_dhcp_agents_hosting_network /opt/stack/neutron/neutron/scheduler/dhcp_agent_scheduler.py:275}}
Apr 01 16:09:12.293263 dv-cinder-835880-3-smb neutron-server[103384]: DEBUG neutron.scheduler.base_scheduler [req-562ca760-1cbc-4d51-b46b-5f87397ca215 req-0f57d84d-50fa-4e31-9bfd-de17a91915fc tempest-VolumesActionsTest-1928928909 tempest-VolumesActionsTest-1928928909-project] Resources bound (agent type, host, resource id): {{(pid=103384) schedule /opt/stack/neutron/neutron/scheduler/base_scheduler.py:57}}
Apr 01 16:09:12.312809 dv-cinder-835880-3-smb neutron-server[103384]: DEBUG neutron.db.l3_dvrscheduler_db [req-562ca760-1cbc-4d51-b46b-5f87397ca215 req-0f57d84d-50fa-4e31-9bfd-de17a91915fc tempest-VolumesActionsTest-1928928909 tempest-VolumesActionsTest-1928928909-project] Received port after_create {{(pid=103384) _notify_l3_agent_new_port /opt/stack/neutron/neutron/db/l3_dvrscheduler_db.py:536}}
Apr 01 16:09:12.338757 dv-cinder-835880-3-smb neutron-server[103384]: DEBUG neutron.api.rpc.handlers.resources_rpc [None req-0f57d84d-50fa-4e31-9bfd-de17a91915fc tempest-VolumesActionsTest-1928928909 tempest-VolumesActionsTest-1928928909-project] Pushing event updated for resources: {'Port': ['ID=41584627-4df3-4cc2-9a6e-77a878d3c02d,revision_number=1']} {{(pid=103384) push /opt/stack/neutron/neutron/api/rpc/handlers/resources_rpc.py:237}}
Apr 01 16:09:12.400284 dv-cinder-835880-3-smb neutron-server[103384]: DEBUG neutron.pecan_wsgi.hooks.policy_enforcement [req-562ca760-1cbc-4d51-b46b-5f87397ca215 req-0f57d84d-50fa-4e31-9bfd-de17a91915fc tempest-VolumesActionsTest-1928928909 tempest-VolumesActionsTest-1928928909-project] Attributes excluded by policy engine: ['standard_attr_id', 'binding:profile', 'binding:host_id', 'binding:vif_type', 'binding:vif_details', 'network'] {{(pid=103384) _exclude_attributes_by_policy /opt/stack/neutron/neutron/pecan_wsgi/hooks/policy_enforcement.py:255}}
Apr 01 16:09:12.400991 dv-cinder-835880-3-smb neutron-server[103384]: DEBUG neutron_lib.callbacks.manager [req-562ca760-1cbc-4d51-b46b-5f87397ca215 req-0f57d84d-50fa-4e31-9bfd-de17a91915fc tempest-VolumesActionsTest-1928928909 tempest-VolumesActionsTest-1928928909-project] Publish callbacks ['neutron.notifiers.nova.Notifier._send_nova_notification-85685', 'neutron.api.rpc.agentnotifiers.dhcp_rpc_agent_api.DhcpAgentNotifyAPI._send_dhcp_notification-555889'] for port (None), before_response {{(pid=103384) _notify_loop /usr/local/lib/python3.8/dist-packages/neutron_lib/callbacks/manager.py:176}}
Apr 01 16:09:12.415399 dv-cinder-835880-3-smb neutron-server[103383]: DEBUG neutron.pecan_wsgi.hooks.policy_enforcement [req-e54ca917-6424-4736-b5a0-84c4cdc4edb7 req-eb05e667-3ba0-48a7-becb-11fe38d41c14 tempest-VolumesActionsTest-1928928909 tempest-VolumesActionsTest-1928928909-project] Attributes excluded by policy engine: ['standard_attr_id', 'binding:profile', 'binding:host_id', 'binding:vif_type', 'binding:vif_details'] {{(pid=103383) _exclude_attributes_by_policy /opt/stack/neutron/neutron/pecan_wsgi/hooks/policy_enforcement.py:255}}
Apr 01 16:09:12.416907 dv-cinder-835880-3-smb neutron-server[103383]: INFO neutron.wsgi [req-e54ca917-6424-4736-b5a0-84c4cdc4edb7 req-eb05e667-3ba0-48a7-becb-11fe38d41c14 tempest-VolumesActionsTest-1928928909 tempest-VolumesActionsTest-1928928909-project] 10.222.0.70 "GET /v2.0/ports?device_id=07eb902d-7f62-4357-97b5-fc14717d360e HTTP/1.1" status: 200 len: 931 time: 0.1711984
Apr 01 16:09:12.421103 dv-cinder-835880-3-smb neutron-server[103384]: INFO neutron.wsgi [req-562ca760-1cbc-4d51-b46b-5f87397ca215 req-0f57d84d-50fa-4e31-9bfd-de17a91915fc tempest-VolumesActionsTest-1928928909 tempest-VolumesActionsTest-1928928909-project] 10.222.0.57 "POST /v2.0/ports HTTP/1.1" status: 201 len: 933 time: 1.0345349
Apr 01 16:09:12.421415 dv-cinder-835880-3-smb neutron-server[103383]: DEBUG neutron.pecan_wsgi.hooks.policy_enforcement [req-ef71f8e3-bdc3-4e45-b387-16a785560630 req-500f2363-e8e7-4bd3-8213-a476c2e8104d service neutron] Attributes excluded by policy engine: ['standard_attr_id', 'vlan_transparent'] {{(pid=103383) _exclude_attributes_by_policy /opt/stack/neutron/neutron/pecan_wsgi/hooks/policy_enforcement.py:255}}
Apr 01 16:09:12.422972 dv-cinder-835880-3-smb neutron-server[103383]: INFO neutron.wsgi [req-ef71f8e3-bdc3-4e45-b387-16a785560630 req-500f2363-e8e7-4bd3-8213-a476c2e8104d service neutron] 10.222.0.57 "GET /v2.0/networks?id=0dc218f3-ce62-46a5-b625-a56c6efad88a HTTP/1.1" status: 200 len: 918 time: 0.2634878
Apr 01 16:09:12.447396 dv-cinder-835880-3-smb neutron-server[103384]: DEBUG neutron.api.v2.base [req-562ca760-1cbc-4d51-b46b-5f87397ca215 req-5ceaad82-332e-477b-a45e-b30cd27b178d service neutron] Request body: {'port': {'device_id': '07eb902d-7f62-4357-97b5-fc14717d360e', 'device_owner': 'compute:nova', 'binding:host_id': 'hv-cinder-83588'}} {{(pid=103384) prepare_request_body /opt/stack/neutron/neutron/api/v2/base.py:729}}
Apr 01 16:09:12.451896 dv-cinder-835880-3-smb neutron-server[103383]: DEBUG neutron_lib.callbacks.manager [None req-2b12da0c-7475-4023-ad2a-eca7440dc494 admin admin] Publish callbacks ['neutron.plugins.ml2.ovo_rpc._ObjectChangeHandler.handle_event-609759'] for security_group (97f1164f-3d4d-4641-b4f0-da2b50c6c86d), after_delete {{(pid=103383) _notify_loop /usr/local/lib/python3.8/dist-packages/neutron_lib/callbacks/manager.py:176}}
Apr 01 16:09:12.455007 dv-cinder-835880-3-smb neutron-server[103383]: DEBUG neutron_lib.callbacks.manager [None req-2b12da0c-7475-4023-ad2a-eca7440dc494 admin admin] Publish callbacks [] for security_group (None), before_response {{(pid=103383) _notify_loop /usr/local/lib/python3.8/dist-packages/neutron_lib/callbacks/manager.py:176}}
Apr 01 16:09:12.460062 dv-cinder-835880-3-smb neutron-server[103383]: INFO neutron.wsgi [None req-2b12da0c-7475-4023-ad2a-eca7440dc494 admin admin] 10.222.0.70 "DELETE /v2.0/security-groups/97f1164f-3d4d-4641-b4f0-da2b50c6c86d HTTP/1.1" status: 204 len: 168 time: 0.4612088
Apr 01 16:09:12.521353 dv-cinder-835880-3-smb neutron-server[103384]: DEBUG neutron_lib.callbacks.manager [req-562ca760-1cbc-4d51-b46b-5f87397ca215 req-5ceaad82-332e-477b-a45e-b30cd27b178d service neutron] Publish callbacks ['neutron.plugins.ml2.plugin.SecurityGroupDbMixin._ensure_default_security_group_handler-7636849'] for port (41584627-4df3-4cc2-9a6e-77a878d3c02d), before_update {{(pid=103384) _notify_loop /usr/local/lib/python3.8/dist-packages/neutron_lib/callbacks/manager.py:176}}
Apr 01 16:09:12.523145 dv-cinder-835880-3-smb neutron-server[103383]: DEBUG neutron.api.rpc.handlers.resources_rpc [None req-2b12da0c-7475-4023-ad2a-eca7440dc494 admin admin] Pushing event deleted for resources: {'SecurityGroup': ['ID=97f1164f-3d4d-4641-b4f0-da2b50c6c86d,revision_number=None']} {{(pid=103383) push /opt/stack/neutron/neutron/api/rpc/handlers/resources_rpc.py:237}}
Apr 01 16:09:12.526704 dv-cinder-835880-3-smb neutron-server[103383]: INFO neutron.wsgi [req-ef71f8e3-bdc3-4e45-b387-16a785560630 req-67bfc87d-aa75-462d-b22c-45478376e692 service neutron] 10.222.0.57 "GET /v2.0/floatingips?fixed_ip_address=172.20.0.10&port_id=a572008e-9a07-4c68-b642-d8bee3e97623 HTTP/1.1" status: 200 len: 217 time: 0.0778391
Apr 01 16:09:12.533855 dv-cinder-835880-3-smb neutron-server[103383]: DEBUG neutron_lib.callbacks.manager [None req-449d992d-000b-46b1-baf5-518bcfdfd17f admin admin] Publish callbacks [] for security_group (90352718-53b9-4946-8611-d7c9f6466cdb), precommit_create {{(pid=103383) _notify_loop /usr/local/lib/python3.8/dist-packages/neutron_lib/callbacks/manager.py:176}}
Apr 01 16:09:12.551887 dv-cinder-835880-3-smb neutron-server[103383]: INFO neutron.wsgi [req-e54ca917-6424-4736-b5a0-84c4cdc4edb7 req-a0802f48-56b4-4689-924f-13f8975271a1 tempest-VolumesActionsTest-1928928909 tempest-VolumesActionsTest-1928928909-project] 10.222.0.70 "GET /v2.0/security-groups?id=f1ebd9a6-359b-4961-bdd7-e1079f3b77ef&fields=id&fields=name HTTP/1.1" status: 200 len: 286 time: 0.1260500
Apr 01 16:09:12.552491 dv-cinder-835880-3-smb neutron-server[103383]: DEBUG neutron_lib.callbacks.manager [None req-449d992d-000b-46b1-baf5-518bcfdfd17f admin admin] Publish callbacks ['neutron.plugins.ml2.ovo_rpc._ObjectChangeHandler.handle_event-609759'] for security_group (90352718-53b9-4946-8611-d7c9f6466cdb), after_create {{(pid=103383) _notify_loop /usr/local/lib/python3.8/dist-packages/neutron_lib/callbacks/manager.py:176}}
Apr 01 16:09:12.632006 dv-cinder-835880-3-smb neutron-server[103383]: INFO neutron.wsgi [None req-449d992d-000b-46b1-baf5-518bcfdfd17f admin admin] 10.222.0.70 "GET /v2.0/security-groups?tenant_id=5b929a9fd994424590672957f8646e7c&name=default HTTP/1.1" status: 200 len: 2996 time: 0.5484140
Apr 01 16:09:12.634952 dv-cinder-835880-3-smb neutron-server[103383]: DEBUG neutron.api.rpc.handlers.resources_rpc [None req-449d992d-000b-46b1-baf5-518bcfdfd17f admin admin] Pushing event updated for resources: {'SecurityGroup': ['ID=90352718-53b9-4946-8611-d7c9f6466cdb,revision_number=1']} {{(pid=103383) push /opt/stack/neutron/neutron/api/rpc/handlers/resources_rpc.py:237}}
