Mar 30 18:19:16.796580 dv-cinder-835879-1-iscsi devstack@n-api.service[116935]: DEBUG nova.compute.api [None req-4f44ef09-79c8-482b-8fb3-608347e448d2 tempest-DeleteServersTestJSON-234682796 tempest-DeleteServersTestJSON-234682796-project] Going to run 1 instances... {{(pid=116935) _provision_instances /opt/stack/nova/nova/compute/api.py:1389}}
Mar 30 18:19:16.800751 dv-cinder-835879-1-iscsi devstack@n-api.service[116935]: DEBUG nova.compute.api [None req-4f44ef09-79c8-482b-8fb3-608347e448d2 tempest-DeleteServersTestJSON-234682796 tempest-DeleteServersTestJSON-234682796-project] [instance: bab77262-1737-4df0-938b-bfd824e24f04] block_device_mapping [BlockDeviceMapping(attachment_id=,boot_index=0,connection_info=None,created_at=,delete_on_termination=True,deleted=,deleted_at=,destination_type='local',device_name=None,device_type='disk',disk_bus=None,guest_format=None,id=,image_id='bf4415b4-f8bb-42ee-b45a-1ca84ad705a8',instance=,instance_uuid=,no_device=False,snapshot_id=None,source_type='image',tag=None,updated_at=,uuid=,volume_id=None,volume_size=None,volume_type=None)] {{(pid=116935) _bdm_validate_set_size_and_instance /opt/stack/nova/nova/compute/api.py:1807}}
Mar 30 18:19:16.936149 dv-cinder-835879-1-iscsi devstack@n-api.service[116935]: INFO nova.api.openstack.requestlog [None req-4f44ef09-79c8-482b-8fb3-608347e448d2 tempest-DeleteServersTestJSON-234682796 tempest-DeleteServersTestJSON-234682796-project] 10.222.0.18 "POST /compute/v2.1/servers" status: 202 len: 380 microversion: 2.1 time: 4.551447
Mar 30 18:19:16.937251 dv-cinder-835879-1-iscsi devstack@n-api.service[116935]: [pid: 116935|app: 0|req: 1/9] 10.222.0.18 () {60 vars in 1146 bytes} [Wed Mar 30 18:19:12 2022] POST /compute/v2.1/servers => generated 380 bytes in 4554 msecs (HTTP/1.1 202) 10 headers in 451 bytes (2 switches on core 0)
Mar 30 18:19:16.948397 dv-cinder-835879-1-iscsi devstack@n-api.service[116936]: DEBUG nova.api.openstack.wsgi [None req-580376ab-1c97-41e1-a8c5-7d8aeb54ea0a tempest-DeleteServersTestJSON-234682796 tempest-DeleteServersTestJSON-234682796-project] Calling method '>' {{(pid=116936) _process_stack /opt/stack/nova/nova/api/openstack/wsgi.py:513}}
Mar 30 18:19:16.949132 dv-cinder-835879-1-iscsi devstack@n-api.service[116936]: DEBUG nova.compute.api [None req-580376ab-1c97-41e1-a8c5-7d8aeb54ea0a tempest-DeleteServersTestJSON-234682796 tempest-DeleteServersTestJSON-234682796-project] [instance: bab77262-1737-4df0-938b-bfd824e24f04] Fetching instance by UUID {{(pid=116936) get /opt/stack/nova/nova/compute/api.py:2918}}
Mar 30 18:19:17.194962 dv-cinder-835879-1-iscsi devstack@n-api.service[116936]: DEBUG nova.policy [None req-580376ab-1c97-41e1-a8c5-7d8aeb54ea0a tempest-DeleteServersTestJSON-234682796 tempest-DeleteServersTestJSON-234682796-project] Policy check for os_compute_api:os-extended-server-attributes failed with credentials {'is_admin': False, 'user_id': 'fb7d6b1a8b7c45179c8a86ee333e092e', 'user_domain_id': 'default', 'system_scope': None, 'domain_id': None, 'project_id': '5c253b62a3ca4dbaabca985336025439', 'project_domain_id': 'default', 'roles': ['member', 'reader'], 'is_admin_project': True, 'service_user_id': None, 'service_user_domain_id': None, 'service_project_id': None, 'service_project_domain_id': None, 'service_roles': []} {{(pid=116936) authorize /opt/stack/nova/nova/policy.py:199}}
Mar 30 18:19:17.219740 dv-cinder-835879-1-iscsi devstack@n-api.service[116936]: INFO nova.api.openstack.requestlog [None req-580376ab-1c97-41e1-a8c5-7d8aeb54ea0a tempest-DeleteServersTestJSON-234682796 tempest-DeleteServersTestJSON-234682796-project] 10.222.0.18 "GET /compute/v2.1/servers/bab77262-1737-4df0-938b-bfd824e24f04" status: 200 len: 1215 microversion: 2.1 time: 0.275892
Mar 30 18:19:17.220997 dv-cinder-835879-1-iscsi devstack@n-api.service[116936]: [pid: 116936|app: 0|req: 9/10] 10.222.0.18 () {58 vars in 1235 bytes} [Wed Mar 30 18:19:16 2022] GET /compute/v2.1/servers/bab77262-1737-4df0-938b-bfd824e24f04 => generated 1215 bytes in 278 msecs (HTTP/1.1 200) 9 headers in 358 bytes (1 switches on core 0)
Mar 30 18:19:17.385998 dv-cinder-835879-1-iscsi devstack@n-api.service[116935]: DEBUG nova.api.openstack.wsgi [None req-0c383224-dc6b-48d3-8102-5528ad98979d tempest-VolumesGetTestJSON-452418231 tempest-VolumesGetTestJSON-452418231-project] Calling method '.version_select at 0x7f0fe6d49670>' {{(pid=116935) _process_stack /opt/stack/nova/nova/api/openstack/wsgi.py:513}}
Mar 30 18:19:17.519314 dv-cinder-835879-1-iscsi devstack@n-api.service[116935]: INFO nova.api.openstack.wsgi [None req-0c383224-dc6b-48d3-8102-5528ad98979d tempest-VolumesGetTestJSON-452418231 tempest-VolumesGetTestJSON-452418231-project] HTTP exception thrown: Volume b107c9bd-0751-4d90-9627-58a8d15ca324 could not be found.
Mar 30 18:19:17.520071 dv-cinder-835879-1-iscsi devstack@n-api.service[116935]: DEBUG nova.api.openstack.wsgi [None req-0c383224-dc6b-48d3-8102-5528ad98979d tempest-VolumesGetTestJSON-452418231 tempest-VolumesGetTestJSON-452418231-project] Returning 404 to user: Volume b107c9bd-0751-4d90-9627-58a8d15ca324 could not be found. {{(pid=116935) __call__ /opt/stack/nova/nova/api/openstack/wsgi.py:936}}
Mar 30 18:19:17.521058 dv-cinder-835879-1-iscsi devstack@n-api.service[116935]: INFO nova.api.openstack.requestlog [None req-0c383224-dc6b-48d3-8102-5528ad98979d tempest-VolumesGetTestJSON-452418231 tempest-VolumesGetTestJSON-452418231-project] 10.222.0.18 "GET /compute/v2.1/os-volumes/b107c9bd-0751-4d90-9627-58a8d15ca324" status: 404 len: 109 microversion: 2.1 time: 0.139703
Mar 30 18:19:17.522993 dv-cinder-835879-1-iscsi devstack@n-api.service[116935]: [pid: 116935|app: 0|req: 2/11] 10.222.0.18 () {58 vars in 1244 bytes} [Wed Mar 30 18:19:17 2022] GET /compute/v2.1/os-volumes/b107c9bd-0751-4d90-9627-58a8d15ca324 => generated 109 bytes in 142 msecs (HTTP/1.1 404) 9 headers in 379 bytes (1 switches on core 0)
Mar 30 18:19:18.240282 dv-cinder-835879-1-iscsi devstack@n-api.service[116936]: DEBUG nova.api.openstack.wsgi [None req-14b13a3f-a432-4a8a-a199-ba5b8b19af13 tempest-DeleteServersTestJSON-234682796 tempest-DeleteServersTestJSON-234682796-project] Calling method '>' {{(pid=116936) _process_stack /opt/stack/nova/nova/api/openstack/wsgi.py:513}}
Mar 30 18:19:18.240883 dv-cinder-835879-1-iscsi devstack@n-api.service[116936]: DEBUG nova.compute.api [None req-14b13a3f-a432-4a8a-a199-ba5b8b19af13 tempest-DeleteServersTestJSON-234682796 tempest-DeleteServersTestJSON-234682796-project] [instance: bab77262-1737-4df0-938b-bfd824e24f04] Fetching instance by UUID {{(pid=116936) get /opt/stack/nova/nova/compute/api.py:2918}}
Mar 30 18:19:18.444939 dv-cinder-835879-1-iscsi devstack@n-api.service[116936]: DEBUG nova.policy [None req-14b13a3f-a432-4a8a-a199-ba5b8b19af13 tempest-DeleteServersTestJSON-234682796 tempest-DeleteServersTestJSON-234682796-project] Policy check for os_compute_api:os-extended-server-attributes failed with credentials {'is_admin': False, 'user_id': 'fb7d6b1a8b7c45179c8a86ee333e092e', 'user_domain_id': 'default', 'system_scope': None, 'domain_id': None, 'project_id': '5c253b62a3ca4dbaabca985336025439', 'project_domain_id': 'default', 'roles': ['member', 'reader'], 'is_admin_project': True, 'service_user_id': None, 'service_user_domain_id': None, 'service_project_id': None, 'service_project_domain_id': None, 'service_roles': []} {{(pid=116936) authorize /opt/stack/nova/nova/policy.py:199}}
Mar 30 18:19:18.454345 dv-cinder-835879-1-iscsi devstack@n-api.service[116936]: INFO nova.api.openstack.requestlog [None req-14b13a3f-a432-4a8a-a199-ba5b8b19af13 tempest-DeleteServersTestJSON-234682796 tempest-DeleteServersTestJSON-234682796-project] 10.222.0.18 "GET /compute/v2.1/servers/bab77262-1737-4df0-938b-bfd824e24f04" status: 200 len: 1215 microversion: 2.1 time: 0.219418
Mar 30 18:19:18.458008 dv-cinder-835879-1-iscsi devstack@n-api.service[116936]: [pid: 116936|app: 0|req: 10/12] 10.222.0.18 () {58 vars in 1235 bytes} [Wed Mar 30 18:19:18 2022] GET /compute/v2.1/servers/bab77262-1737-4df0-938b-bfd824e24f04 => generated 1215 bytes in 225 msecs (HTTP/1.1 200) 9 headers in 358 bytes (1 switches on core 0)
Mar 30 18:19:18.578057 dv-cinder-835879-1-iscsi devstack@n-api.service[116935]: DEBUG nova.api.openstack.wsgi [None req-a1a28043-5d25-4592-85cf-4ef7a1db40ad tempest-VolumesTestJSON-177658084 tempest-VolumesTestJSON-177658084-project] Calling method '.version_select at 0x7f0fe6533550>' {{(pid=116935) _process_stack /opt/stack/nova/nova/api/openstack/wsgi.py:513}}
Mar 30 18:19:18.683690 dv-cinder-835879-1-iscsi devstack@n-api.service[116935]: INFO nova.api.openstack.requestlog [None req-a1a28043-5d25-4592-85cf-4ef7a1db40ad tempest-VolumesTestJSON-177658084 tempest-VolumesTestJSON-177658084-project] 10.222.0.18 "GET /compute/v2.1/os-volumes/635bdffe-c23d-4d30-aa36-b246b64d644a" status: 200 len: 351 microversion: 2.1 time: 0.112773
Mar 30 18:19:18.685090 dv-cinder-835879-1-iscsi devstack@n-api.service[116935]: [pid: 116935|app: 0|req: 3/13] 10.222.0.18 () {58 vars in 1244 bytes} [Wed Mar 30 18:19:18 2022] GET /compute/v2.1/os-volumes/635bdffe-c23d-4d30-aa36-b246b64d644a => generated 351 bytes in 116 msecs (HTTP/1.1 200) 9 headers in 357 bytes (1 switches on core 0)
Mar 30 18:19:18.696909 dv-cinder-835879-1-iscsi devstack@n-api.service[116936]: DEBUG nova.api.openstack.wsgi [None req-0edba293-7724-459b-b0b4-f3409335e59d tempest-VolumesTestJSON-177658084 tempest-VolumesTestJSON-177658084-project] Calling method '.version_select at 0x7f0fe75f5550>' {{(pid=116936) _process_stack /opt/stack/nova/nova/api/openstack/wsgi.py:513}}
Mar 30 18:19:18.927324 dv-cinder-835879-1-iscsi devstack@n-api.service[116936]: INFO nova.api.openstack.requestlog [None req-0edba293-7724-459b-b0b4-f3409335e59d tempest-VolumesTestJSON-177658084 tempest-VolumesTestJSON-177658084-project] 10.222.0.18 "GET /compute/v2.1/os-volumes" status: 200 len: 1036 microversion: 2.1 time: 0.219086
Mar 30 18:19:18.927324 dv-cinder-835879-1-iscsi devstack@n-api.service[116936]: [pid: 116936|app: 0|req: 11/14] 10.222.0.18 () {58 vars in 1133 bytes} [Wed Mar 30 18:19:18 2022] GET /compute/v2.1/os-volumes => generated 1036 bytes in 221 msecs (HTTP/1.1 200) 9 headers in 358 bytes (1 switches on core 0)
Mar 30 18:19:18.930478 dv-cinder-835879-1-iscsi devstack@n-api.service[116935]: DEBUG nova.api.openstack.wsgi [None req-2f0f9ade-9fc5-49fe-8098-d96539d721d7 tempest-VolumesTestJSON-177658084 tempest-VolumesTestJSON-177658084-project] Calling method '.version_select at 0x7f0fe6d49790>' {{(pid=116935) _process_stack /opt/stack/nova/nova/api/openstack/wsgi.py:513}}
Mar 30 18:19:19.063746 dv-cinder-835879-1-iscsi devstack@n-api.service[116935]: INFO nova.api.openstack.requestlog [None req-2f0f9ade-9fc5-49fe-8098-d96539d721d7 tempest-VolumesTestJSON-177658084 tempest-VolumesTestJSON-177658084-project] 10.222.0.18 "GET /compute/v2.1/os-volumes?limit=2" status: 200 len: 695 microversion: 2.1 time: 0.141834
Mar 30 18:19:19.064908 dv-cinder-835879-1-iscsi devstack@n-api.service[116935]: [pid: 116935|app: 0|req: 4/15] 10.222.0.18 () {58 vars in 1148 bytes} [Wed Mar 30 18:19:18 2022] GET /compute/v2.1/os-volumes?limit=2 => generated 695 bytes in 144 msecs (HTTP/1.1 200) 9 headers in 357 bytes (1 switches on core 0)
Mar 30 18:19:19.078249 dv-cinder-835879-1-iscsi devstack@n-api.service[116936]: DEBUG nova.api.openstack.wsgi [None req-bfbad651-6d99-429e-869e-689d99e36518 tempest-VolumesTestJSON-177658084 tempest-VolumesTestJSON-177658084-project] Calling method '.version_select at 0x7f0fe75814c0>' {{(pid=116936) _process_stack /opt/stack/nova/nova/api/openstack/wsgi.py:513}}
Mar 30 18:19:19.338641 dv-cinder-835879-1-iscsi devstack@n-api.service[116936]: INFO nova.api.openstack.requestlog [None req-bfbad651-6d99-429e-869e-689d99e36518 tempest-VolumesTestJSON-177658084 tempest-VolumesTestJSON-177658084-project] 10.222.0.18 "GET /compute/v2.1/os-volumes" status: 200 len: 1036 microversion: 2.1 time: 0.264863
Mar 30 18:19:19.340168 dv-cinder-835879-1-iscsi devstack@n-api.service[116936]: [pid: 116936|app: 0|req: 12/16] 10.222.0.18 () {58 vars in 1133 bytes} [Wed Mar 30 18:19:19 2022] GET /compute/v2.1/os-volumes => generated 1036 bytes in 267 msecs (HTTP/1.1 200) 9 headers in 358 bytes (1 switches on core 0)
Mar 30 18:19:19.351862 dv-cinder-835879-1-iscsi devstack@n-api.service[116935]: DEBUG nova.api.openstack.wsgi [None req-216e2206-e07f-42be-b6ff-0ae28bc6d861 tempest-VolumesTestJSON-177658084 tempest-VolumesTestJSON-177658084-project] Calling method '.version_select at 0x7f0fe6533af0>' {{(pid=116935) _process_stack /opt/stack/nova/nova/api/openstack/wsgi.py:513}}
Mar 30 18:19:19.474167 dv-cinder-835879-1-iscsi devstack@n-api.service[116936]: DEBUG nova.api.openstack.wsgi [None req-5f944fd3-d411-495d-81c4-c48d1d6cef6c tempest-DeleteServersTestJSON-234682796 tempest-DeleteServersTestJSON-234682796-project] Calling method '>' {{(pid=116936) _process_stack /opt/stack/nova/nova/api/openstack/wsgi.py:513}}
Mar 30 18:19:19.475360 dv-cinder-835879-1-iscsi devstack@n-api.service[116936]: DEBUG nova.compute.api [None req-5f944fd3-d411-495d-81c4-c48d1d6cef6c tempest-DeleteServersTestJSON-234682796 tempest-DeleteServersTestJSON-234682796-project] [instance: bab77262-1737-4df0-938b-bfd824e24f04] Fetching instance by UUID {{(pid=116936) get /opt/stack/nova/nova/compute/api.py:2918}}
Mar 30 18:19:19.544501 dv-cinder-835879-1-iscsi devstack@n-api.service[116935]: INFO nova.api.openstack.requestlog [None req-216e2206-e07f-42be-b6ff-0ae28bc6d861 tempest-VolumesTestJSON-177658084 tempest-VolumesTestJSON-177658084-project] 10.222.0.18 "GET /compute/v2.1/os-volumes?offset=1&limit=1" status: 200 len: 354 microversion: 2.1 time: 0.197156
Mar 30 18:19:19.545562 dv-cinder-835879-1-iscsi devstack@n-api.service[116935]: [pid: 116935|app: 0|req: 5/17] 10.222.0.18 () {58 vars in 1166 bytes} [Wed Mar 30 18:19:19 2022] GET /compute/v2.1/os-volumes?offset=1&limit=1 => generated 354 bytes in 199 msecs (HTTP/1.1 200) 9 headers in 357 bytes (1 switches on core 0)
Mar 30 18:19:19.558786 dv-cinder-835879-1-iscsi devstack@n-api.service[116935]: DEBUG nova.api.openstack.wsgi [None req-fa7513d7-26ef-4188-97aa-5cf8138f004d tempest-VolumesTestJSON-177658084 tempest-VolumesTestJSON-177658084-project] Calling method '.version_select at 0x7f0fe64b7790>' {{(pid=116935) _process_stack /opt/stack/nova/nova/api/openstack/wsgi.py:513}}
Mar 30 18:19:19.736309 dv-cinder-835879-1-iscsi devstack@n-api.service[116935]: INFO nova.api.openstack.requestlog [None req-fa7513d7-26ef-4188-97aa-5cf8138f004d tempest-VolumesTestJSON-177658084 tempest-VolumesTestJSON-177658084-project] 10.222.0.18 "GET /compute/v2.1/os-volumes/detail?limit=2" status: 200 len: 695 microversion: 2.1 time: 0.182045
Mar 30 18:19:19.737004 dv-cinder-835879-1-iscsi devstack@n-api.service[116935]: [pid: 116935|app: 0|req: 6/18] 10.222.0.18 () {58 vars in 1169 bytes} [Wed Mar 30 18:19:19 2022] GET /compute/v2.1/os-volumes/detail?limit=2 => generated 695 bytes in 184 msecs (HTTP/1.1 200) 9 headers in 357 bytes (1 switches on core 0)
Mar 30 18:19:19.751019 dv-cinder-835879-1-iscsi devstack@n-api.service[116935]: DEBUG nova.api.openstack.wsgi [None req-5d9eb707-a720-4728-94b6-40f9895d524a tempest-VolumesTestJSON-177658084 tempest-VolumesTestJSON-177658084-project] Calling method '.version_select at 0x7f0fe64b7c10>' {{(pid=116935) _process_stack /opt/stack/nova/nova/api/openstack/wsgi.py:513}}
Mar 30 18:19:19.918457 dv-cinder-835879-1-iscsi devstack@n-api.service[116935]: INFO nova.api.openstack.requestlog [None req-5d9eb707-a720-4728-94b6-40f9895d524a tempest-VolumesTestJSON-177658084 tempest-VolumesTestJSON-177658084-project] 10.222.0.18 "GET /compute/v2.1/os-volumes/detail" status: 200 len: 1036 microversion: 2.1 time: 0.172229
Mar 30 18:19:19.919285 dv-cinder-835879-1-iscsi devstack@n-api.service[116935]: [pid: 116935|app: 0|req: 7/19] 10.222.0.18 () {58 vars in 1154 bytes} [Wed Mar 30 18:19:19 2022] GET /compute/v2.1/os-volumes/detail => generated 1036 bytes in 174 msecs (HTTP/1.1 200) 9 headers in 358 bytes (1 switches on core 0)
Mar 30 18:19:19.930133 dv-cinder-835879-1-iscsi devstack@n-api.service[116935]: DEBUG nova.api.openstack.wsgi [None req-11141f1a-6b10-4cc1-9a8f-a0a6ac783565 tempest-VolumesTestJSON-177658084 tempest-VolumesTestJSON-177658084-project] Calling method '.version_select at 0x7f0fe6533c10>' {{(pid=116935) _process_stack /opt/stack/nova/nova/api/openstack/wsgi.py:513}}
Mar 30 18:19:19.989719 dv-cinder-835879-1-iscsi devstack@n-api.service[116936]: DEBUG nova.policy [None req-5f944fd3-d411-495d-81c4-c48d1d6cef6c tempest-DeleteServersTestJSON-234682796 tempest-DeleteServersTestJSON-234682796-project] Policy check for os_compute_api:os-extended-server-attributes failed with credentials {'is_admin': False, 'user_id': 'fb7d6b1a8b7c45179c8a86ee333e092e', 'user_domain_id': 'default', 'system_scope': None, 'domain_id': None, 'project_id': '5c253b62a3ca4dbaabca985336025439', 'project_domain_id': 'default', 'roles': ['member', 'reader'], 'is_admin_project': True, 'service_user_id': None, 'service_user_domain_id': None, 'service_project_id': None, 'service_project_domain_id': None, 'service_roles': []} {{(pid=116936) authorize /opt/stack/nova/nova/policy.py:199}}
Mar 30 18:19:19.997746 dv-cinder-835879-1-iscsi devstack@n-api.service[116936]: INFO nova.api.openstack.requestlog [None req-5f944fd3-d411-495d-81c4-c48d1d6cef6c tempest-DeleteServersTestJSON-234682796 tempest-DeleteServersTestJSON-234682796-project] 10.222.0.18 "GET /compute/v2.1/servers/bab77262-1737-4df0-938b-bfd824e24f04" status: 200 len: 1215 microversion: 2.1 time: 0.527701
Mar 30 18:19:20.007315 dv-cinder-835879-1-iscsi devstack@n-api.service[116936]: [pid: 116936|app: 0|req: 13/20] 10.222.0.18 () {58 vars in 1235 bytes} [Wed Mar 30 18:19:19 2022] GET /compute/v2.1/servers/bab77262-1737-4df0-938b-bfd824e24f04 => generated 1215 bytes in 533 msecs (HTTP/1.1 200) 9 headers in 358 bytes (2 switches on core 0)
Mar 30 18:19:20.170226 dv-cinder-835879-1-iscsi devstack@n-api.service[116935]: INFO nova.api.openstack.requestlog [None req-11141f1a-6b10-4cc1-9a8f-a0a6ac783565 tempest-VolumesTestJSON-177658084 tempest-VolumesTestJSON-177658084-project] 10.222.0.18 "GET /compute/v2.1/os-volumes/detail?offset=1&limit=1" status: 200 len: 354 microversion: 2.1 time: 0.243785
Mar 30 18:19:20.171320 dv-cinder-835879-1-iscsi devstack@n-api.service[116935]: [pid: 116935|app: 0|req: 8/21] 10.222.0.18 () {58 vars in 1187 bytes} [Wed Mar 30 18:19:19 2022] GET /compute/v2.1/os-volumes/detail?offset=1&limit=1 => generated 354 bytes in 245 msecs (HTTP/1.1 200) 9 headers in 357 bytes (1 switches on core 0)
Mar 30 18:19:20.182366 dv-cinder-835879-1-iscsi devstack@n-api.service[116936]: DEBUG nova.api.openstack.wsgi [None req-26688b0c-4c8d-4512-bfc2-f33c24cf7a2a tempest-VolumesTestJSON-177658084 tempest-VolumesTestJSON-177658084-project] Calling method '.version_select at 0x7f0fe75ec310>' {{(pid=116936) _process_stack /opt/stack/nova/nova/api/openstack/wsgi.py:513}}
Mar 30 18:19:20.409738 dv-cinder-835879-1-iscsi devstack@n-api.service[116936]: INFO nova.api.openstack.requestlog [None req-26688b0c-4c8d-4512-bfc2-f33c24cf7a2a tempest-VolumesTestJSON-177658084 tempest-VolumesTestJSON-177658084-project] 10.222.0.18 "GET /compute/v2.1/os-volumes/detail" status: 200 len: 1036 microversion: 2.1 time: 0.230209
Mar 30 18:19:20.411249 dv-cinder-835879-1-iscsi devstack@n-api.service[116936]: [pid: 116936|app: 0|req: 14/22] 10.222.0.18 () {58 vars in 1154 bytes} [Wed Mar 30 18:19:20 2022] GET /compute/v2.1/os-volumes/detail => generated 1036 bytes in 233 msecs (HTTP/1.1 200) 9 headers in 358 bytes (1 switches on core 0)
Mar 30 18:19:21.015129 dv-cinder-835879-1-iscsi devstack@n-api.service[116935]: DEBUG nova.api.openstack.wsgi [None req-1f6cfaee-4504-4cd0-a0ae-b1420800780f tempest-DeleteServersTestJSON-234682796 tempest-DeleteServersTestJSON-234682796-project] Calling method '>' {{(pid=116935) _process_stack /opt/stack/nova/nova/api/openstack/wsgi.py:513}}
Mar 30 18:19:21.017928 dv-cinder-835879-1-iscsi devstack@n-api.service[116935]: DEBUG nova.compute.api [None req-1f6cfaee-4504-4cd0-a0ae-b1420800780f tempest-DeleteServersTestJSON-234682796 tempest-DeleteServersTestJSON-234682796-project] [instance: bab77262-1737-4df0-938b-bfd824e24f04] Fetching instance by UUID {{(pid=116935) get /opt/stack/nova/nova/compute/api.py:2918}}
Mar 30 18:19:21.059022 dv-cinder-835879-1-iscsi devstack@n-api.service[116935]: DEBUG oslo_concurrency.lockutils [None req-1f6cfaee-4504-4cd0-a0ae-b1420800780f tempest-DeleteServersTestJSON-234682796 tempest-DeleteServersTestJSON-234682796-project] Lock "58d815f5-6af3-4d8e-a566-922beb7c8012" acquired by "nova.context.set_target_cell..get_or_set_cached_cell_and_set_connections" :: waited 0.000s {{(pid=116935) inner /usr/local/lib/python3.8/dist-packages/oslo_concurrency/lockutils.py:386}}
Mar 30 18:19:21.061187 dv-cinder-835879-1-iscsi devstack@n-api.service[116935]: DEBUG oslo_concurrency.lockutils [None req-1f6cfaee-4504-4cd0-a0ae-b1420800780f tempest-DeleteServersTestJSON-234682796 tempest-DeleteServersTestJSON-234682796-project] Lock "58d815f5-6af3-4d8e-a566-922beb7c8012" "released" by "nova.context.set_target_cell..get_or_set_cached_cell_and_set_connections" :: held 0.001s {{(pid=116935) inner /usr/local/lib/python3.8/dist-packages/oslo_concurrency/lockutils.py:400}}
Mar 30 18:19:21.063548 dv-cinder-835879-1-iscsi devstack@n-api.service[116935]: DEBUG oslo_concurrency.lockutils [None req-1f6cfaee-4504-4cd0-a0ae-b1420800780f tempest-DeleteServersTestJSON-234682796 tempest-DeleteServersTestJSON-234682796-project] Lock "58d815f5-6af3-4d8e-a566-922beb7c8012" acquired by "nova.context.set_target_cell..get_or_set_cached_cell_and_set_connections" :: waited 0.000s {{(pid=116935) inner /usr/local/lib/python3.8/dist-packages/oslo_concurrency/lockutils.py:386}}
Mar 30 18:19:21.065665 dv-cinder-835879-1-iscsi devstack@n-api.service[116935]: DEBUG oslo_concurrency.lockutils [None req-1f6cfaee-4504-4cd0-a0ae-b1420800780f tempest-DeleteServersTestJSON-234682796 tempest-DeleteServersTestJSON-234682796-project] Lock "58d815f5-6af3-4d8e-a566-922beb7c8012" "released" by "nova.context.set_target_cell..get_or_set_cached_cell_and_set_connections" :: held 0.002s {{(pid=116935) inner /usr/local/lib/python3.8/dist-packages/oslo_concurrency/lockutils.py:400}}
Mar 30 18:19:21.689581 dv-cinder-835879-1-iscsi devstack@n-api.service[116935]: DEBUG nova.policy [None req-1f6cfaee-4504-4cd0-a0ae-b1420800780f tempest-DeleteServersTestJSON-234682796 tempest-DeleteServersTestJSON-234682796-project] Policy check for os_compute_api:os-extended-server-attributes failed with credentials {'is_admin': False, 'user_id': 'fb7d6b1a8b7c45179c8a86ee333e092e', 'user_domain_id': 'default', 'system_scope': None, 'domain_id': None, 'project_id': '5c253b62a3ca4dbaabca985336025439', 'project_domain_id': 'default', 'roles': ['member', 'reader'], 'is_admin_project': True, 'service_user_id': None, 'service_user_domain_id': None, 'service_project_id': None, 'service_project_domain_id': None, 'service_roles': []} {{(pid=116935) authorize /opt/stack/nova/nova/policy.py:199}}
Mar 30 18:19:21.729018 dv-cinder-835879-1-iscsi devstack@n-api.service[116935]: INFO nova.api.openstack.requestlog [None req-1f6cfaee-4504-4cd0-a0ae-b1420800780f tempest-DeleteServersTestJSON-234682796 tempest-DeleteServersTestJSON-234682796-project] 10.222.0.18 "GET /compute/v2.1/servers/bab77262-1737-4df0-938b-bfd824e24f04" status: 200 len: 1275 microversion: 2.1 time: 0.718276
Mar 30 18:19:21.738661 dv-cinder-835879-1-iscsi devstack@n-api.service[116935]: [pid: 116935|app: 0|req: 9/23] 10.222.0.18 () {58 vars in 1235 bytes} [Wed Mar 30 18:19:21 2022] GET /compute/v2.1/servers/bab77262-1737-4df0-938b-bfd824e24f04 => generated 1275 bytes in 720 msecs (HTTP/1.1 200) 9 headers in 358 bytes (1 switches on core 0)
Mar 30 18:19:22.746482 dv-cinder-835879-1-iscsi devstack@n-api.service[116936]: DEBUG nova.api.openstack.wsgi [None req-a2c8cea3-8a12-4d27-a714-32b0224afd9a tempest-DeleteServersTestJSON-234682796 tempest-DeleteServersTestJSON-234682796-project] Calling method '>' {{(pid=116936) _process_stack /opt/stack/nova/nova/api/openstack/wsgi.py:513}}
Mar 30 18:19:22.747183 dv-cinder-835879-1-iscsi devstack@n-api.service[116936]: DEBUG nova.compute.api [None req-a2c8cea3-8a12-4d27-a714-32b0224afd9a tempest-DeleteServersTestJSON-234682796 tempest-DeleteServersTestJSON-234682796-project] [instance: bab77262-1737-4df0-938b-bfd824e24f04] Fetching instance by UUID {{(pid=116936) get /opt/stack/nova/nova/compute/api.py:2918}}
Mar 30 18:19:22.763966 dv-cinder-835879-1-iscsi devstack@n-api.service[116936]: DEBUG oslo_concurrency.lockutils [None req-a2c8cea3-8a12-4d27-a714-32b0224afd9a tempest-DeleteServersTestJSON-234682796 tempest-DeleteServersTestJSON-234682796-project] Lock "58d815f5-6af3-4d8e-a566-922beb7c8012" acquired by "nova.context.set_target_cell..get_or_set_cached_cell_and_set_connections" :: waited 0.000s {{(pid=116936) inner /usr/local/lib/python3.8/dist-packages/oslo_concurrency/lockutils.py:386}}
Mar 30 18:19:22.764474 dv-cinder-835879-1-iscsi devstack@n-api.service[116936]: DEBUG oslo_concurrency.lockutils [None req-a2c8cea3-8a12-4d27-a714-32b0224afd9a tempest-DeleteServersTestJSON-234682796 tempest-DeleteServersTestJSON-234682796-project] Lock "58d815f5-6af3-4d8e-a566-922beb7c8012" "released" by "nova.context.set_target_cell..get_or_set_cached_cell_and_set_connections" :: held 0.004s {{(pid=116936) inner /usr/local/lib/python3.8/dist-packages/oslo_concurrency/lockutils.py:400}}
Mar 30 18:19:22.765357 dv-cinder-835879-1-iscsi devstack@n-api.service[116936]: DEBUG oslo_concurrency.lockutils [None req-a2c8cea3-8a12-4d27-a714-32b0224afd9a tempest-DeleteServersTestJSON-234682796 tempest-DeleteServersTestJSON-234682796-project] Lock "58d815f5-6af3-4d8e-a566-922beb7c8012" acquired by "nova.context.set_target_cell..get_or_set_cached_cell_and_set_connections" :: waited 0.000s {{(pid=116936) inner /usr/local/lib/python3.8/dist-packages/oslo_concurrency/lockutils.py:386}}
Mar 30 18:19:22.770643 dv-cinder-835879-1-iscsi devstack@n-api.service[116936]: DEBUG oslo_concurrency.lockutils [None req-a2c8cea3-8a12-4d27-a714-32b0224afd9a tempest-DeleteServersTestJSON-234682796 tempest-DeleteServersTestJSON-234682796-project] Lock "58d815f5-6af3-4d8e-a566-922beb7c8012" "released" by "nova.context.set_target_cell..get_or_set_cached_cell_and_set_connections" :: held 0.000s {{(pid=116936) inner /usr/local/lib/python3.8/dist-packages/oslo_concurrency/lockutils.py:400}}
Mar 30 18:19:23.822872 dv-cinder-835879-1-iscsi devstack@n-api.service[116936]: DEBUG nova.policy [None req-a2c8cea3-8a12-4d27-a714-32b0224afd9a tempest-DeleteServersTestJSON-234682796 tempest-DeleteServersTestJSON-234682796-project] Policy check for os_compute_api:os-extended-server-attributes failed with credentials {'is_admin': False, 'user_id': 'fb7d6b1a8b7c45179c8a86ee333e092e', 'user_domain_id': 'default', 'system_scope': None, 'domain_id': None, 'project_id': '5c253b62a3ca4dbaabca985336025439', 'project_domain_id': 'default', 'roles': ['member', 'reader'], 'is_admin_project': True, 'service_user_id': None, 'service_user_domain_id': None, 'service_project_id': None, 'service_project_domain_id': None, 'service_roles': []} {{(pid=116936) authorize /opt/stack/nova/nova/policy.py:199}}
Mar 30 18:19:23.867418 dv-cinder-835879-1-iscsi devstack@n-api.service[116936]: INFO nova.api.openstack.requestlog [None req-a2c8cea3-8a12-4d27-a714-32b0224afd9a tempest-DeleteServersTestJSON-234682796 tempest-DeleteServersTestJSON-234682796-project] 10.222.0.18 "GET /compute/v2.1/servers/bab77262-1737-4df0-938b-bfd824e24f04" status: 200 len: 1273 microversion: 2.1 time: 1.120498
Mar 30 18:19:23.871804 dv-cinder-835879-1-iscsi devstack@n-api.service[116936]: [pid: 116936|app: 0|req: 15/24] 10.222.0.18 () {58 vars in 1235 bytes} [Wed Mar 30 18:19:22 2022] GET /compute/v2.1/servers/bab77262-1737-4df0-938b-bfd824e24f04 => generated 1273 bytes in 1130 msecs (HTTP/1.1 200) 9 headers in 358 bytes (1 switches on core 0)
Mar 30 18:19:24.896489 dv-cinder-835879-1-iscsi devstack@n-api.service[116935]: DEBUG nova.api.openstack.wsgi [None req-09cef3c0-6228-4787-b580-1eca0d809792 tempest-DeleteServersTestJSON-234682796 tempest-DeleteServersTestJSON-234682796-project] Calling method '>' {{(pid=116935) _process_stack /opt/stack/nova/nova/api/openstack/wsgi.py:513}}
Mar 30 18:19:24.903373 dv-cinder-835879-1-iscsi devstack@n-api.service[116935]: DEBUG nova.compute.api [None req-09cef3c0-6228-4787-b580-1eca0d809792 tempest-DeleteServersTestJSON-234682796 tempest-DeleteServersTestJSON-234682796-project] [instance: bab77262-1737-4df0-938b-bfd824e24f04] Fetching instance by UUID {{(pid=116935) get /opt/stack/nova/nova/compute/api.py:2918}}
Mar 30 18:19:24.913290 dv-cinder-835879-1-iscsi devstack@n-api.service[116935]: DEBUG oslo_concurrency.lockutils [None req-09cef3c0-6228-4787-b580-1eca0d809792 tempest-DeleteServersTestJSON-234682796 tempest-DeleteServersTestJSON-234682796-project] Lock "58d815f5-6af3-4d8e-a566-922beb7c8012" acquired by "nova.context.set_target_cell..get_or_set_cached_cell_and_set_connections" :: waited 0.000s {{(pid=116935) inner /usr/local/lib/python3.8/dist-packages/oslo_concurrency/lockutils.py:386}}
Mar 30 18:19:24.916217 dv-cinder-835879-1-iscsi devstack@n-api.service[116935]: DEBUG oslo_concurrency.lockutils [None req-09cef3c0-6228-4787-b580-1eca0d809792 tempest-DeleteServersTestJSON-234682796 tempest-DeleteServersTestJSON-234682796-project] Lock "58d815f5-6af3-4d8e-a566-922beb7c8012" "released" by "nova.context.set_target_cell..get_or_set_cached_cell_and_set_connections" :: held 0.004s {{(pid=116935) inner /usr/local/lib/python3.8/dist-packages/oslo_concurrency/lockutils.py:400}}
Mar 30 18:19:24.925097 dv-cinder-835879-1-iscsi devstack@n-api.service[116935]: DEBUG oslo_concurrency.lockutils [None req-09cef3c0-6228-4787-b580-1eca0d809792 tempest-DeleteServersTestJSON-234682796 tempest-DeleteServersTestJSON-234682796-project] Lock "58d815f5-6af3-4d8e-a566-922beb7c8012" acquired by "nova.context.set_target_cell..get_or_set_cached_cell_and_set_connections" :: waited 0.000s {{(pid=116935) inner /usr/local/lib/python3.8/dist-packages/oslo_concurrency/lockutils.py:386}}
Mar 30 18:19:24.928191 dv-cinder-835879-1-iscsi devstack@n-api.service[116935]: DEBUG oslo_concurrency.lockutils [None req-09cef3c0-6228-4787-b580-1eca0d809792 tempest-DeleteServersTestJSON-234682796 tempest-DeleteServersTestJSON-234682796-project] Lock "58d815f5-6af3-4d8e-a566-922beb7c8012" "released" by "nova.context.set_target_cell..get_or_set_cached_cell_and_set_connections" :: held 0.003s {{(pid=116935) inner /usr/local/lib/python3.8/dist-packages/oslo_concurrency/lockutils.py:400}}
Mar 30 18:19:25.261270 dv-cinder-835879-1-iscsi devstack@n-api.service[116935]: DEBUG nova.policy [None req-09cef3c0-6228-4787-b580-1eca0d809792 tempest-DeleteServersTestJSON-234682796 tempest-DeleteServersTestJSON-234682796-project] Policy check for os_compute_api:os-extended-server-attributes failed with credentials {'is_admin': False, 'user_id': 'fb7d6b1a8b7c45179c8a86ee333e092e', 'user_domain_id': 'default', 'system_scope': None, 'domain_id': None, 'project_id': '5c253b62a3ca4dbaabca985336025439', 'project_domain_id': 'default', 'roles': ['member', 'reader'], 'is_admin_project': True, 'service_user_id': None, 'service_user_domain_id': None, 'service_project_id': None, 'service_project_domain_id': None, 'service_roles': []} {{(pid=116935) authorize /opt/stack/nova/nova/policy.py:199}}
Mar 30 18:19:25.273758 dv-cinder-835879-1-iscsi devstack@n-api.service[116935]: INFO nova.api.openstack.requestlog [None req-09cef3c0-6228-4787-b580-1eca0d809792 tempest-DeleteServersTestJSON-234682796 tempest-DeleteServersTestJSON-234682796-project] 10.222.0.18 "GET /compute/v2.1/servers/bab77262-1737-4df0-938b-bfd824e24f04" status: 200 len: 1273 microversion: 2.1 time: 0.379769
Mar 30 18:19:25.274978 dv-cinder-835879-1-iscsi devstack@n-api.service[116935]: [pid: 116935|app: 0|req: 10/25] 10.222.0.18 () {58 vars in 1235 bytes} [Wed Mar 30 18:19:24 2022] GET /compute/v2.1/servers/bab77262-1737-4df0-938b-bfd824e24f04 => generated 1273 bytes in 384 msecs (HTTP/1.1 200) 9 headers in 358 bytes (1 switches on core 0)
Mar 30 18:19:26.502622 dv-cinder-835879-1-iscsi devstack@n-api.service[116936]: DEBUG nova.api.openstack.wsgi [None req-8d14a786-8e80-4369-b4b9-d8cb5e89a43c tempest-AttachVolumeTestJSON-353182780 tempest-AttachVolumeTestJSON-353182780-project] Action: 'create', calling method: .version_select at 0x7f0fe7574d30>, body: {"keypair": {"name": "tempest-keypair-2098263934"}} {{(pid=116936) _process_stack /opt/stack/nova/nova/api/openstack/wsgi.py:511}}
Mar 30 18:19:26.668423 dv-cinder-835879-1-iscsi devstack@n-api.service[116935]: DEBUG nova.api.openstack.wsgi [None req-3f62ad2d-2a32-4537-94aa-f74fe1edbee5 tempest-AttachVolumeShelveTestJSON-665910471 tempest-AttachVolumeShelveTestJSON-665910471-project] Action: 'create', calling method: .version_select at 0x7f0fe640e700>, body: {"keypair": {"name": "tempest-keypair-150197243"}} {{(pid=116935) _process_stack /opt/stack/nova/nova/api/openstack/wsgi.py:511}}
Mar 30 18:19:26.669921 dv-cinder-835879-1-iscsi devstack@n-api.service[116936]: DEBUG nova.quota [None req-8d14a786-8e80-4369-b4b9-d8cb5e89a43c tempest-AttachVolumeTestJSON-353182780 tempest-AttachVolumeTestJSON-353182780-project] Getting quotas for project f6636f8a031548d18e3429de74b004e9. Resources: {'key_pairs'} {{(pid=116936) _get_quotas /opt/stack/nova/nova/quota.py:393}}
Mar 30 18:19:26.693577 dv-cinder-835879-1-iscsi devstack@n-api.service[116936]: DEBUG nova.quota [None req-8d14a786-8e80-4369-b4b9-d8cb5e89a43c tempest-AttachVolumeTestJSON-353182780 tempest-AttachVolumeTestJSON-353182780-project] Getting quotas for user cc832befd213412285a67d8829b9ac79 and project f6636f8a031548d18e3429de74b004e9. Resources: {'key_pairs'} {{(pid=116936) _get_quotas /opt/stack/nova/nova/quota.py:383}}
Mar 30 18:19:26.730564 dv-cinder-835879-1-iscsi devstack@n-api.service[116935]: DEBUG nova.quota [None req-3f62ad2d-2a32-4537-94aa-f74fe1edbee5 tempest-AttachVolumeShelveTestJSON-665910471 tempest-AttachVolumeShelveTestJSON-665910471-project] Getting quotas for project 160e10afe45b4c309f409b0d9735b01b. Resources: {'key_pairs'} {{(pid=116935) _get_quotas /opt/stack/nova/nova/quota.py:393}}
Mar 30 18:19:26.742339 dv-cinder-835879-1-iscsi devstack@n-api.service[116935]: DEBUG nova.quota [None req-3f62ad2d-2a32-4537-94aa-f74fe1edbee5 tempest-AttachVolumeShelveTestJSON-665910471 tempest-AttachVolumeShelveTestJSON-665910471-project] Getting quotas for user 3b21caa041f044bfabb9a23cbcd0ab27 and project 160e10afe45b4c309f409b0d9735b01b. Resources: {'key_pairs'} {{(pid=116935) _get_quotas /opt/stack/nova/nova/quota.py:383}}
Mar 30 18:19:27.492697 dv-cinder-835879-1-iscsi devstack@n-api.service[116936]: DEBUG nova.quota [None req-8d14a786-8e80-4369-b4b9-d8cb5e89a43c tempest-AttachVolumeTestJSON-353182780 tempest-AttachVolumeTestJSON-353182780-project] Getting quotas for project f6636f8a031548d18e3429de74b004e9. Resources: {'key_pairs'} {{(pid=116936) _get_quotas /opt/stack/nova/nova/quota.py:393}}
Mar 30 18:19:27.506251 dv-cinder-835879-1-iscsi devstack@n-api.service[116936]: DEBUG nova.quota [None req-8d14a786-8e80-4369-b4b9-d8cb5e89a43c tempest-AttachVolumeTestJSON-353182780 tempest-AttachVolumeTestJSON-353182780-project] Getting quotas for user cc832befd213412285a67d8829b9ac79 and project f6636f8a031548d18e3429de74b004e9. Resources: {'key_pairs'} {{(pid=116936) _get_quotas /opt/stack/nova/nova/quota.py:383}}
Mar 30 18:19:27.572331 dv-cinder-835879-1-iscsi devstack@n-api.service[116936]: INFO nova.api.openstack.requestlog [None req-8d14a786-8e80-4369-b4b9-d8cb5e89a43c tempest-AttachVolumeTestJSON-353182780 tempest-AttachVolumeTestJSON-353182780-project] 10.222.0.18 "POST /compute/v2.1/os-keypairs" status: 200 len: 2305 microversion: 2.1 time: 1.608273
Mar 30 18:19:27.582320 dv-cinder-835879-1-iscsi devstack@n-api.service[116936]: [pid: 116936|app: 0|req: 16/26] 10.222.0.18 () {60 vars in 1157 bytes} [Wed Mar 30 18:19:25 2022] POST /compute/v2.1/os-keypairs => generated 2305 bytes in 1619 msecs (HTTP/1.1 200) 9 headers in 358 bytes (1 switches on core 0)
Mar 30 18:19:27.597539 dv-cinder-835879-1-iscsi devstack@n-api.service[116936]: DEBUG nova.api.openstack.wsgi [None req-4116f1c2-8e11-46cc-83d4-3be21dc28ee4 tempest-DeleteServersTestJSON-234682796 tempest-DeleteServersTestJSON-234682796-project] Calling method '>' {{(pid=116936) _process_stack /opt/stack/nova/nova/api/openstack/wsgi.py:513}}
Mar 30 18:19:27.600033 dv-cinder-835879-1-iscsi devstack@n-api.service[116936]: DEBUG nova.compute.api [None req-4116f1c2-8e11-46cc-83d4-3be21dc28ee4 tempest-DeleteServersTestJSON-234682796 tempest-DeleteServersTestJSON-234682796-project] [instance: bab77262-1737-4df0-938b-bfd824e24f04] Fetching instance by UUID {{(pid=116936) get /opt/stack/nova/nova/compute/api.py:2918}}
Mar 30 18:19:27.613627 dv-cinder-835879-1-iscsi devstack@n-api.service[116936]: DEBUG oslo_concurrency.lockutils [None req-4116f1c2-8e11-46cc-83d4-3be21dc28ee4 tempest-DeleteServersTestJSON-234682796 tempest-DeleteServersTestJSON-234682796-project] Lock "58d815f5-6af3-4d8e-a566-922beb7c8012" acquired by "nova.context.set_target_cell..get_or_set_cached_cell_and_set_connections" :: waited 0.000s {{(pid=116936) inner /usr/local/lib/python3.8/dist-packages/oslo_concurrency/lockutils.py:386}}
Mar 30 18:19:27.615565 dv-cinder-835879-1-iscsi devstack@n-api.service[116936]: DEBUG oslo_concurrency.lockutils [None req-4116f1c2-8e11-46cc-83d4-3be21dc28ee4 tempest-DeleteServersTestJSON-234682796 tempest-DeleteServersTestJSON-234682796-project] Lock "58d815f5-6af3-4d8e-a566-922beb7c8012" "released" by "nova.context.set_target_cell..get_or_set_cached_cell_and_set_connections" :: held 0.002s {{(pid=116936) inner /usr/local/lib/python3.8/dist-packages/oslo_concurrency/lockutils.py:400}}
Mar 30 18:19:27.617234 dv-cinder-835879-1-iscsi devstack@n-api.service[116936]: DEBUG oslo_concurrency.lockutils [None req-4116f1c2-8e11-46cc-83d4-3be21dc28ee4 tempest-DeleteServersTestJSON-234682796 tempest-DeleteServersTestJSON-234682796-project] Lock "58d815f5-6af3-4d8e-a566-922beb7c8012" acquired by "nova.context.set_target_cell..get_or_set_cached_cell_and_set_connections" :: waited 0.000s {{(pid=116936) inner /usr/local/lib/python3.8/dist-packages/oslo_concurrency/lockutils.py:386}}
Mar 30 18:19:27.618884 dv-cinder-835879-1-iscsi devstack@n-api.service[116936]: DEBUG oslo_concurrency.lockutils [None req-4116f1c2-8e11-46cc-83d4-3be21dc28ee4 tempest-DeleteServersTestJSON-234682796 tempest-DeleteServersTestJSON-234682796-project] Lock "58d815f5-6af3-4d8e-a566-922beb7c8012" "released" by "nova.context.set_target_cell..get_or_set_cached_cell_and_set_connections" :: held 0.001s {{(pid=116936) inner /usr/local/lib/python3.8/dist-packages/oslo_concurrency/lockutils.py:400}}
Mar 30 18:19:27.754664 dv-cinder-835879-1-iscsi devstack@n-api.service[116935]: DEBUG nova.quota [None req-3f62ad2d-2a32-4537-94aa-f74fe1edbee5 tempest-AttachVolumeShelveTestJSON-665910471 tempest-AttachVolumeShelveTestJSON-665910471-project] Getting quotas for project 160e10afe45b4c309f409b0d9735b01b. Resources: {'key_pairs'} {{(pid=116935) _get_quotas /opt/stack/nova/nova/quota.py:393}}
Mar 30 18:19:27.771184 dv-cinder-835879-1-iscsi devstack@n-api.service[116935]: DEBUG nova.quota [None req-3f62ad2d-2a32-4537-94aa-f74fe1edbee5 tempest-AttachVolumeShelveTestJSON-665910471 tempest-AttachVolumeShelveTestJSON-665910471-project] Getting quotas for user 3b21caa041f044bfabb9a23cbcd0ab27 and project 160e10afe45b4c309f409b0d9735b01b. Resources: {'key_pairs'} {{(pid=116935) _get_quotas /opt/stack/nova/nova/quota.py:383}}
Mar 30 18:19:27.814895 dv-cinder-835879-1-iscsi devstack@n-api.service[116935]: INFO nova.api.openstack.requestlog [None req-3f62ad2d-2a32-4537-94aa-f74fe1edbee5 tempest-AttachVolumeShelveTestJSON-665910471 tempest-AttachVolumeShelveTestJSON-665910471-project] 10.222.0.18 "POST /compute/v2.1/os-keypairs" status: 201 len: 2315 microversion: 2.20 time: 1.698139
Mar 30 18:19:27.816439 dv-cinder-835879-1-iscsi devstack@n-api.service[116935]: [pid: 116935|app: 0|req: 11/27] 10.222.0.18 () {62 vars in 1198 bytes} [Wed Mar 30 18:19:26 2022] POST /compute/v2.1/os-keypairs => generated 2315 bytes in 1701 msecs (HTTP/1.1 201) 9 headers in 365 bytes (1 switches on core 0)
Mar 30 18:19:28.411785 dv-cinder-835879-1-iscsi devstack@n-api.service[116936]: DEBUG nova.policy [None req-4116f1c2-8e11-46cc-83d4-3be21dc28ee4 tempest-DeleteServersTestJSON-234682796 tempest-DeleteServersTestJSON-234682796-project] Policy check for os_compute_api:os-extended-server-attributes failed with credentials {'is_admin': False, 'user_id': 'fb7d6b1a8b7c45179c8a86ee333e092e', 'user_domain_id': 'default', 'system_scope': None, 'domain_id': None, 'project_id': '5c253b62a3ca4dbaabca985336025439', 'project_domain_id': 'default', 'roles': ['member', 'reader'], 'is_admin_project': True, 'service_user_id': None, 'service_user_domain_id': None, 'service_project_id': None, 'service_project_domain_id': None, 'service_roles': []} {{(pid=116936) authorize /opt/stack/nova/nova/policy.py:199}}
Mar 30 18:19:28.422739 dv-cinder-835879-1-iscsi devstack@n-api.service[116936]: INFO nova.api.openstack.requestlog [None req-4116f1c2-8e11-46cc-83d4-3be21dc28ee4 tempest-DeleteServersTestJSON-234682796 tempest-DeleteServersTestJSON-234682796-project] 10.222.0.18 "GET /compute/v2.1/servers/bab77262-1737-4df0-938b-bfd824e24f04" status: 200 len: 1315 microversion: 2.1 time: 0.838832
Mar 30 18:19:28.424561 dv-cinder-835879-1-iscsi devstack@n-api.service[116936]: [pid: 116936|app: 0|req: 17/28] 10.222.0.18 () {58 vars in 1235 bytes} [Wed Mar 30 18:19:27 2022] GET /compute/v2.1/servers/bab77262-1737-4df0-938b-bfd824e24f04 => generated 1315 bytes in 842 msecs (HTTP/1.1 200) 9 headers in 358 bytes (1 switches on core 0)
Mar 30 18:19:29.443231 dv-cinder-835879-1-iscsi devstack@n-api.service[116935]: DEBUG nova.api.openstack.wsgi [None req-c8c10d9f-9d9b-4893-977b-478b603b43bc tempest-DeleteServersTestJSON-234682796 tempest-DeleteServersTestJSON-234682796-project] Calling method '>' {{(pid=116935) _process_stack /opt/stack/nova/nova/api/openstack/wsgi.py:513}}
Mar 30 18:19:29.444000 dv-cinder-835879-1-iscsi devstack@n-api.service[116935]: DEBUG nova.compute.api [None req-c8c10d9f-9d9b-4893-977b-478b603b43bc tempest-DeleteServersTestJSON-234682796 tempest-DeleteServersTestJSON-234682796-project] [instance: bab77262-1737-4df0-938b-bfd824e24f04] Fetching instance by UUID {{(pid=116935) get /opt/stack/nova/nova/compute/api.py:2918}}
Mar 30 18:19:29.479544 dv-cinder-835879-1-iscsi devstack@n-api.service[116935]: DEBUG oslo_concurrency.lockutils [None req-c8c10d9f-9d9b-4893-977b-478b603b43bc tempest-DeleteServersTestJSON-234682796 tempest-DeleteServersTestJSON-234682796-project] Lock "58d815f5-6af3-4d8e-a566-922beb7c8012" acquired by "nova.context.set_target_cell..get_or_set_cached_cell_and_set_connections" :: waited 0.000s {{(pid=116935) inner /usr/local/lib/python3.8/dist-packages/oslo_concurrency/lockutils.py:386}}
Mar 30 18:19:29.480004 dv-cinder-835879-1-iscsi devstack@n-api.service[116935]: DEBUG oslo_concurrency.lockutils [None req-c8c10d9f-9d9b-4893-977b-478b603b43bc tempest-DeleteServersTestJSON-234682796 tempest-DeleteServersTestJSON-234682796-project] Lock "58d815f5-6af3-4d8e-a566-922beb7c8012" "released" by "nova.context.set_target_cell..get_or_set_cached_cell_and_set_connections" :: held 0.001s {{(pid=116935) inner /usr/local/lib/python3.8/dist-packages/oslo_concurrency/lockutils.py:400}}
Mar 30 18:19:29.480797 dv-cinder-835879-1-iscsi devstack@n-api.service[116935]: DEBUG oslo_concurrency.lockutils [None req-c8c10d9f-9d9b-4893-977b-478b603b43bc tempest-DeleteServersTestJSON-234682796 tempest-DeleteServersTestJSON-234682796-project] Lock "58d815f5-6af3-4d8e-a566-922beb7c8012" acquired by "nova.context.set_target_cell..get_or_set_cached_cell_and_set_connections" :: waited 0.000s {{(pid=116935) inner /usr/local/lib/python3.8/dist-packages/oslo_concurrency/lockutils.py:386}}
Mar 30 18:19:29.509836 dv-cinder-835879-1-iscsi devstack@n-api.service[116935]: DEBUG oslo_concurrency.lockutils [None req-c8c10d9f-9d9b-4893-977b-478b603b43bc tempest-DeleteServersTestJSON-234682796 tempest-DeleteServersTestJSON-234682796-project] Lock "58d815f5-6af3-4d8e-a566-922beb7c8012" "released" by "nova.context.set_target_cell..get_or_set_cached_cell_and_set_connections" :: held 0.028s {{(pid=116935) inner /usr/local/lib/python3.8/dist-packages/oslo_concurrency/lockutils.py:400}}
Mar 30 18:19:32.329527 dv-cinder-835879-1-iscsi devstack@n-api.service[116935]: DEBUG nova.policy [None req-c8c10d9f-9d9b-4893-977b-478b603b43bc tempest-DeleteServersTestJSON-234682796 tempest-DeleteServersTestJSON-234682796-project] Policy check for os_compute_api:os-extended-server-attributes failed with credentials {'is_admin': False, 'user_id': 'fb7d6b1a8b7c45179c8a86ee333e092e', 'user_domain_id': 'default', 'system_scope': None, 'domain_id': None, 'project_id': '5c253b62a3ca4dbaabca985336025439', 'project_domain_id': 'default', 'roles': ['member', 'reader'], 'is_admin_project': True, 'service_user_id': None, 'service_user_domain_id': None, 'service_project_id': None, 'service_project_domain_id': None, 'service_roles': []} {{(pid=116935) authorize /opt/stack/nova/nova/policy.py:199}}
Mar 30 18:19:32.346076 dv-cinder-835879-1-iscsi devstack@n-api.service[116935]: INFO nova.api.openstack.requestlog [None req-c8c10d9f-9d9b-4893-977b-478b603b43bc tempest-DeleteServersTestJSON-234682796 tempest-DeleteServersTestJSON-234682796-project] 10.222.0.18 "GET /compute/v2.1/servers/bab77262-1737-4df0-938b-bfd824e24f04" status: 200 len: 1315 microversion: 2.1 time: 2.907537
Mar 30 18:19:32.346735 dv-cinder-835879-1-iscsi devstack@n-api.service[116935]: [pid: 116935|app: 0|req: 12/29] 10.222.0.18 () {58 vars in 1235 bytes} [Wed Mar 30 18:19:29 2022] GET /compute/v2.1/servers/bab77262-1737-4df0-938b-bfd824e24f04 => generated 1315 bytes in 2909 msecs (HTTP/1.1 200) 9 headers in 358 bytes (1 switches on core 0)
Mar 30 18:19:33.367856 dv-cinder-835879-1-iscsi devstack@n-api.service[116936]: DEBUG nova.api.openstack.wsgi [None req-b1140d74-412a-4227-8034-3633ff5897a8 tempest-DeleteServersTestJSON-234682796 tempest-DeleteServersTestJSON-234682796-project] Calling method '>' {{(pid=116936) _process_stack /opt/stack/nova/nova/api/openstack/wsgi.py:513}}
Mar 30 18:19:33.369098 dv-cinder-835879-1-iscsi devstack@n-api.service[116936]: DEBUG nova.compute.api [None req-b1140d74-412a-4227-8034-3633ff5897a8 tempest-DeleteServersTestJSON-234682796 tempest-DeleteServersTestJSON-234682796-project] [instance: bab77262-1737-4df0-938b-bfd824e24f04] Fetching instance by UUID {{(pid=116936) get /opt/stack/nova/nova/compute/api.py:2918}}
Mar 30 18:19:33.382665 dv-cinder-835879-1-iscsi devstack@n-api.service[116936]: DEBUG oslo_concurrency.lockutils [None req-b1140d74-412a-4227-8034-3633ff5897a8 tempest-DeleteServersTestJSON-234682796 tempest-DeleteServersTestJSON-234682796-project] Lock "58d815f5-6af3-4d8e-a566-922beb7c8012" acquired by "nova.context.set_target_cell..get_or_set_cached_cell_and_set_connections" :: waited 0.000s {{(pid=116936) inner /usr/local/lib/python3.8/dist-packages/oslo_concurrency/lockutils.py:386}}
Mar 30 18:19:33.383530 dv-cinder-835879-1-iscsi devstack@n-api.service[116936]: DEBUG oslo_concurrency.lockutils [None req-b1140d74-412a-4227-8034-3633ff5897a8 tempest-DeleteServersTestJSON-234682796 tempest-DeleteServersTestJSON-234682796-project] Lock "58d815f5-6af3-4d8e-a566-922beb7c8012" "released" by "nova.context.set_target_cell..get_or_set_cached_cell_and_set_connections" :: held 0.007s {{(pid=116936) inner /usr/local/lib/python3.8/dist-packages/oslo_concurrency/lockutils.py:400}}
Mar 30 18:19:33.387089 dv-cinder-835879-1-iscsi devstack@n-api.service[116936]: DEBUG oslo_concurrency.lockutils [None req-b1140d74-412a-4227-8034-3633ff5897a8 tempest-DeleteServersTestJSON-234682796 tempest-DeleteServersTestJSON-234682796-project] Lock "58d815f5-6af3-4d8e-a566-922beb7c8012" acquired by "nova.context.set_target_cell..get_or_set_cached_cell_and_set_connections" :: waited 0.000s {{(pid=116936) inner /usr/local/lib/python3.8/dist-packages/oslo_concurrency/lockutils.py:386}}
Mar 30 18:19:33.389291 dv-cinder-835879-1-iscsi devstack@n-api.service[116936]: DEBUG oslo_concurrency.lockutils [None req-b1140d74-412a-4227-8034-3633ff5897a8 tempest-DeleteServersTestJSON-234682796 tempest-DeleteServersTestJSON-234682796-project] Lock "58d815f5-6af3-4d8e-a566-922beb7c8012" "released" by "nova.context.set_target_cell..get_or_set_cached_cell_and_set_connections" :: held 0.002s {{(pid=116936) inner /usr/local/lib/python3.8/dist-packages/oslo_concurrency/lockutils.py:400}}
Mar 30 18:19:34.331490 dv-cinder-835879-1-iscsi devstack@n-api.service[116935]: DEBUG nova.api.openstack.wsgi [req-a3c10269-e339-4b93-9c75-2ea8e9acd6c0 req-a895c788-5c26-464d-b4f4-fe6cb99fea8e service nova] Action: 'create', calling method: >, body: {"events": [{"name": "network-changed", "server_uuid": "bab77262-1737-4df0-938b-bfd824e24f04", "tag": "b48d7b59-abab-445b-89b6-d8c83392a8b6"}]} {{(pid=116935) _process_stack /opt/stack/nova/nova/api/openstack/wsgi.py:511}}
Mar 30 18:19:34.360901 dv-cinder-835879-1-iscsi devstack@n-api.service[116935]: DEBUG oslo_concurrency.lockutils [req-a3c10269-e339-4b93-9c75-2ea8e9acd6c0 req-a895c788-5c26-464d-b4f4-fe6cb99fea8e service nova] Lock "58d815f5-6af3-4d8e-a566-922beb7c8012" acquired by "nova.context.set_target_cell..get_or_set_cached_cell_and_set_connections" :: waited 0.000s {{(pid=116935) inner /usr/local/lib/python3.8/dist-packages/oslo_concurrency/lockutils.py:386}}
