Mar 30 18:14:30.537620 dv-cinder-835878-1-iscsi devstack@c-api.service[110230]: DEBUG cinder.api.openstack.wsgi [None req-d1ad81a5-82eb-4135-8c98-0b323058ae3a tempest-VolumeSnapshotQuotasNegativeTestJSON-815192915 tempest-VolumeSnapshotQuotasNegativeTestJSON-815192915-project] Calling method 'show' {{(pid=110230) _process_stack /opt/stack/cinder/cinder/api/openstack/wsgi.py:868}}
Mar 30 18:14:30.547403 dv-cinder-835878-1-iscsi devstack@c-api.service[110230]: /usr/local/lib/python3.8/dist-packages/oslo_context/context.py:100: DeprecationWarning: Policy enforcement is depending on the value of is_admin. This key is deprecated. Please update your policy file to use the standard policy values.
Mar 30 18:14:30.547403 dv-cinder-835878-1-iscsi devstack@c-api.service[110230]: warnings.warn('Policy enforcement is depending on the value of '
Mar 30 18:14:30.548429 dv-cinder-835878-1-iscsi devstack@c-api.service[110230]: INFO cinder.volume.api [None req-d1ad81a5-82eb-4135-8c98-0b323058ae3a tempest-VolumeSnapshotQuotasNegativeTestJSON-815192915 tempest-VolumeSnapshotQuotasNegativeTestJSON-815192915-project] Snapshot retrieved successfully.
Mar 30 18:14:30.550397 dv-cinder-835878-1-iscsi devstack@c-api.service[110230]: INFO cinder.api.openstack.wsgi [None req-d1ad81a5-82eb-4135-8c98-0b323058ae3a tempest-VolumeSnapshotQuotasNegativeTestJSON-815192915 tempest-VolumeSnapshotQuotasNegativeTestJSON-815192915-project] http://10.222.0.24/volume/v3/99ff4810745c4881909ee9aff9c535d9/snapshots/bb70a5b9-d7a8-4f89-aa6e-5e9d900fd9c4 returned with HTTP 200
Mar 30 18:14:30.551148 dv-cinder-835878-1-iscsi devstack@c-api.service[110230]: [pid: 110230|app: 0|req: 164/344] 10.222.0.24 () {58 vars in 1330 bytes} [Wed Mar 30 18:14:30 2022] GET /volume/v3/99ff4810745c4881909ee9aff9c535d9/snapshots/bb70a5b9-d7a8-4f89-aa6e-5e9d900fd9c4 => generated 481 bytes in 21 msecs (HTTP/1.1 200) 7 headers in 285 bytes (1 switches on core 0)
Mar 30 18:14:30.933345 dv-cinder-835878-1-iscsi devstack@c-api.service[110231]: DEBUG cinder.api.middleware.request_id [None req-8ef47894-d7c4-4029-a5fd-33e6fe9cf5d2 None None] RequestId filter calling following filter/app {{(pid=110231) _context_setter /opt/stack/cinder/cinder/api/middleware/request_id.py:62}}
Mar 30 18:14:30.937327 dv-cinder-835878-1-iscsi devstack@c-api.service[110231]: INFO cinder.api.openstack.wsgi [None req-8ef47894-d7c4-4029-a5fd-33e6fe9cf5d2 tempest-VolumesServicesTestJSON-12931455 tempest-VolumesServicesTestJSON-12931455-project] GET http://10.222.0.24/volume/v3/b2b85ca8ecfa4e4fa3d7d7d91a83fa82/volumes/043c5012-b74e-495c-8b74-561563981ab6
Mar 30 18:14:30.937836 dv-cinder-835878-1-iscsi devstack@c-api.service[110231]: DEBUG cinder.api.openstack.wsgi [None req-8ef47894-d7c4-4029-a5fd-33e6fe9cf5d2 tempest-VolumesServicesTestJSON-12931455 tempest-VolumesServicesTestJSON-12931455-project] Empty body provided in request {{(pid=110231) get_body /opt/stack/cinder/cinder/api/openstack/wsgi.py:715}}
Mar 30 18:14:30.938355 dv-cinder-835878-1-iscsi devstack@c-api.service[110231]: DEBUG cinder.api.openstack.wsgi [None req-8ef47894-d7c4-4029-a5fd-33e6fe9cf5d2 tempest-VolumesServicesTestJSON-12931455 tempest-VolumesServicesTestJSON-12931455-project] Calling method 'show' {{(pid=110231) _process_stack /opt/stack/cinder/cinder/api/openstack/wsgi.py:868}}
Mar 30 18:14:30.951544 dv-cinder-835878-1-iscsi devstack@c-api.service[110231]: /usr/local/lib/python3.8/dist-packages/oslo_context/context.py:100: DeprecationWarning: Policy enforcement is depending on the value of is_admin. This key is deprecated. Please update your policy file to use the standard policy values.
Mar 30 18:14:30.951544 dv-cinder-835878-1-iscsi devstack@c-api.service[110231]: warnings.warn('Policy enforcement is depending on the value of '
Mar 30 18:14:30.958949 dv-cinder-835878-1-iscsi devstack@c-api.service[110231]: INFO cinder.volume.api [None req-8ef47894-d7c4-4029-a5fd-33e6fe9cf5d2 tempest-VolumesServicesTestJSON-12931455 tempest-VolumesServicesTestJSON-12931455-project] Volume info retrieved successfully.
Mar 30 18:14:30.967474 dv-cinder-835878-1-iscsi devstack@c-api.service[110231]: INFO cinder.api.openstack.wsgi [None req-8ef47894-d7c4-4029-a5fd-33e6fe9cf5d2 tempest-VolumesServicesTestJSON-12931455 tempest-VolumesServicesTestJSON-12931455-project] http://10.222.0.24/volume/v3/b2b85ca8ecfa4e4fa3d7d7d91a83fa82/volumes/043c5012-b74e-495c-8b74-561563981ab6 returned with HTTP 200
Mar 30 18:14:30.968183 dv-cinder-835878-1-iscsi devstack@c-api.service[110231]: [pid: 110231|app: 0|req: 181/345] 10.222.0.24 () {58 vars in 1324 bytes} [Wed Mar 30 18:14:30 2022] GET /volume/v3/b2b85ca8ecfa4e4fa3d7d7d91a83fa82/volumes/043c5012-b74e-495c-8b74-561563981ab6 => generated 916 bytes in 36 msecs (HTTP/1.1 200) 7 headers in 285 bytes (1 switches on core 0)
Mar 30 18:14:30.980412 dv-cinder-835878-1-iscsi devstack@c-api.service[110230]: DEBUG cinder.api.middleware.request_id [None req-b0b59163-21fe-42e8-a120-3d653fe81e40 None None] RequestId filter calling following filter/app {{(pid=110230) _context_setter /opt/stack/cinder/cinder/api/middleware/request_id.py:62}}
Mar 30 18:14:30.983886 dv-cinder-835878-1-iscsi devstack@c-api.service[110230]: INFO cinder.api.openstack.wsgi [None req-b0b59163-21fe-42e8-a120-3d653fe81e40 tempest-VolumesServicesTestJSON-760927299 tempest-VolumesServicesTestJSON-760927299-project-admin] GET http://10.222.0.24/volume/v3/f6b78099d1d64e93a5c7f6a63ac1f7d3/volumes/043c5012-b74e-495c-8b74-561563981ab6
Mar 30 18:14:30.984344 dv-cinder-835878-1-iscsi devstack@c-api.service[110230]: DEBUG cinder.api.openstack.wsgi [None req-b0b59163-21fe-42e8-a120-3d653fe81e40 tempest-VolumesServicesTestJSON-760927299 tempest-VolumesServicesTestJSON-760927299-project-admin] Empty body provided in request {{(pid=110230) get_body /opt/stack/cinder/cinder/api/openstack/wsgi.py:715}}
Mar 30 18:14:30.984791 dv-cinder-835878-1-iscsi devstack@c-api.service[110230]: DEBUG cinder.api.openstack.wsgi [None req-b0b59163-21fe-42e8-a120-3d653fe81e40 tempest-VolumesServicesTestJSON-760927299 tempest-VolumesServicesTestJSON-760927299-project-admin] Calling method 'show' {{(pid=110230) _process_stack /opt/stack/cinder/cinder/api/openstack/wsgi.py:868}}
Mar 30 18:14:30.998965 dv-cinder-835878-1-iscsi devstack@c-api.service[110230]: /usr/local/lib/python3.8/dist-packages/oslo_context/context.py:100: DeprecationWarning: Policy enforcement is depending on the value of is_admin. This key is deprecated. Please update your policy file to use the standard policy values.
Mar 30 18:14:30.998965 dv-cinder-835878-1-iscsi devstack@c-api.service[110230]: warnings.warn('Policy enforcement is depending on the value of '
Mar 30 18:14:31.006414 dv-cinder-835878-1-iscsi devstack@c-api.service[110230]: INFO cinder.volume.api [None req-b0b59163-21fe-42e8-a120-3d653fe81e40 tempest-VolumesServicesTestJSON-760927299 tempest-VolumesServicesTestJSON-760927299-project-admin] Volume info retrieved successfully.
Mar 30 18:14:31.014397 dv-cinder-835878-1-iscsi devstack@c-api.service[110230]: INFO cinder.api.openstack.wsgi [None req-b0b59163-21fe-42e8-a120-3d653fe81e40 tempest-VolumesServicesTestJSON-760927299 tempest-VolumesServicesTestJSON-760927299-project-admin] http://10.222.0.24/volume/v3/f6b78099d1d64e93a5c7f6a63ac1f7d3/volumes/043c5012-b74e-495c-8b74-561563981ab6 returned with HTTP 200
Mar 30 18:14:31.016140 dv-cinder-835878-1-iscsi devstack@c-api.service[110230]: [pid: 110230|app: 0|req: 165/346] 10.222.0.24 () {58 vars in 1324 bytes} [Wed Mar 30 18:14:30 2022] GET /volume/v3/f6b78099d1d64e93a5c7f6a63ac1f7d3/volumes/043c5012-b74e-495c-8b74-561563981ab6 => generated 1092 bytes in 37 msecs (HTTP/1.1 200) 7 headers in 286 bytes (1 switches on core 0)
Mar 30 18:14:31.032723 dv-cinder-835878-1-iscsi devstack@c-api.service[110231]: DEBUG cinder.api.middleware.request_id [None req-e23a4cf3-3636-433e-9028-97d3eb49b4d6 None None] RequestId filter calling following filter/app {{(pid=110231) _context_setter /opt/stack/cinder/cinder/api/middleware/request_id.py:62}}
Mar 30 18:14:31.038935 dv-cinder-835878-1-iscsi devstack@c-api.service[110231]: INFO cinder.api.openstack.wsgi [None req-e23a4cf3-3636-433e-9028-97d3eb49b4d6 tempest-VolumesServicesTestJSON-760927299 tempest-VolumesServicesTestJSON-760927299-project-admin] GET http://10.222.0.24/volume/v3/f6b78099d1d64e93a5c7f6a63ac1f7d3/os-services?host=hv-cinder-83587&binary=cinder-volume
Mar 30 18:14:31.039514 dv-cinder-835878-1-iscsi devstack@c-api.service[110231]: DEBUG cinder.api.openstack.wsgi [None req-e23a4cf3-3636-433e-9028-97d3eb49b4d6 tempest-VolumesServicesTestJSON-760927299 tempest-VolumesServicesTestJSON-760927299-project-admin] Empty body provided in request {{(pid=110231) get_body /opt/stack/cinder/cinder/api/openstack/wsgi.py:715}}
Mar 30 18:14:31.040126 dv-cinder-835878-1-iscsi devstack@c-api.service[110231]: DEBUG cinder.api.openstack.wsgi [None req-e23a4cf3-3636-433e-9028-97d3eb49b4d6 tempest-VolumesServicesTestJSON-760927299 tempest-VolumesServicesTestJSON-760927299-project-admin] Calling method 'index' {{(pid=110231) _process_stack /opt/stack/cinder/cinder/api/openstack/wsgi.py:868}}
Mar 30 18:14:31.050248 dv-cinder-835878-1-iscsi devstack@c-api.service[110231]: INFO cinder.api.openstack.wsgi [None req-e23a4cf3-3636-433e-9028-97d3eb49b4d6 tempest-VolumesServicesTestJSON-760927299 tempest-VolumesServicesTestJSON-760927299-project-admin] http://10.222.0.24/volume/v3/f6b78099d1d64e93a5c7f6a63ac1f7d3/os-services?host=hv-cinder-83587&binary=cinder-volume returned with HTTP 200
Mar 30 18:14:31.051639 dv-cinder-835878-1-iscsi devstack@c-api.service[110231]: [pid: 110231|app: 0|req: 182/347] 10.222.0.24 () {58 vars in 1308 bytes} [Wed Mar 30 18:14:31 2022] GET /volume/v3/f6b78099d1d64e93a5c7f6a63ac1f7d3/os-services?host=hv-cinder-83587&binary=cinder-volume => generated 276 bytes in 25 msecs (HTTP/1.1 200) 7 headers in 285 bytes (1 switches on core 0)
Mar 30 18:14:31.060510 dv-cinder-835878-1-iscsi devstack@c-api.service[110230]: DEBUG cinder.api.middleware.request_id [None req-c1da48a1-d25a-44fe-8a4e-71e92e199dca None None] RequestId filter calling following filter/app {{(pid=110230) _context_setter /opt/stack/cinder/cinder/api/middleware/request_id.py:62}}
Mar 30 18:14:31.065025 dv-cinder-835878-1-iscsi devstack@c-api.service[110230]: INFO cinder.api.openstack.wsgi [None req-c1da48a1-d25a-44fe-8a4e-71e92e199dca tempest-VolumesServicesTestJSON-760927299 tempest-VolumesServicesTestJSON-760927299-project-admin] GET http://10.222.0.24/volume/v3/f6b78099d1d64e93a5c7f6a63ac1f7d3/os-services
Mar 30 18:14:31.065468 dv-cinder-835878-1-iscsi devstack@c-api.service[110230]: DEBUG cinder.api.openstack.wsgi [None req-c1da48a1-d25a-44fe-8a4e-71e92e199dca tempest-VolumesServicesTestJSON-760927299 tempest-VolumesServicesTestJSON-760927299-project-admin] Empty body provided in request {{(pid=110230) get_body /opt/stack/cinder/cinder/api/openstack/wsgi.py:715}}
Mar 30 18:14:31.065922 dv-cinder-835878-1-iscsi devstack@c-api.service[110230]: DEBUG cinder.api.openstack.wsgi [None req-c1da48a1-d25a-44fe-8a4e-71e92e199dca tempest-VolumesServicesTestJSON-760927299 tempest-VolumesServicesTestJSON-760927299-project-admin] Calling method 'index' {{(pid=110230) _process_stack /opt/stack/cinder/cinder/api/openstack/wsgi.py:868}}
Mar 30 18:14:31.073380 dv-cinder-835878-1-iscsi devstack@c-api.service[110230]: INFO cinder.api.openstack.wsgi [None req-c1da48a1-d25a-44fe-8a4e-71e92e199dca tempest-VolumesServicesTestJSON-760927299 tempest-VolumesServicesTestJSON-760927299-project-admin] http://10.222.0.24/volume/v3/f6b78099d1d64e93a5c7f6a63ac1f7d3/os-services returned with HTTP 200
Mar 30 18:14:31.074225 dv-cinder-835878-1-iscsi devstack@c-api.service[110230]: [pid: 110230|app: 0|req: 166/348] 10.222.0.24 () {58 vars in 1225 bytes} [Wed Mar 30 18:14:31 2022] GET /volume/v3/f6b78099d1d64e93a5c7f6a63ac1f7d3/os-services => generated 642 bytes in 15 msecs (HTTP/1.1 200) 7 headers in 285 bytes (1 switches on core 0)
Mar 30 18:14:31.082584 dv-cinder-835878-1-iscsi devstack@c-api.service[110231]: DEBUG cinder.api.middleware.request_id [None req-e0a6256e-ceba-4947-ae5b-19b3e68f0742 None None] RequestId filter calling following filter/app {{(pid=110231) _context_setter /opt/stack/cinder/cinder/api/middleware/request_id.py:62}}
Mar 30 18:14:31.086419 dv-cinder-835878-1-iscsi devstack@c-api.service[110231]: INFO cinder.api.openstack.wsgi [None req-e0a6256e-ceba-4947-ae5b-19b3e68f0742 tempest-VolumesServicesTestJSON-12931455 tempest-VolumesServicesTestJSON-12931455-project] DELETE http://10.222.0.24/volume/v3/b2b85ca8ecfa4e4fa3d7d7d91a83fa82/volumes/043c5012-b74e-495c-8b74-561563981ab6
Mar 30 18:14:31.086859 dv-cinder-835878-1-iscsi devstack@c-api.service[110231]: DEBUG cinder.api.openstack.wsgi [None req-e0a6256e-ceba-4947-ae5b-19b3e68f0742 tempest-VolumesServicesTestJSON-12931455 tempest-VolumesServicesTestJSON-12931455-project] Empty body provided in request {{(pid=110231) get_body /opt/stack/cinder/cinder/api/openstack/wsgi.py:715}}
Mar 30 18:14:31.087314 dv-cinder-835878-1-iscsi devstack@c-api.service[110231]: DEBUG cinder.api.openstack.wsgi [None req-e0a6256e-ceba-4947-ae5b-19b3e68f0742 tempest-VolumesServicesTestJSON-12931455 tempest-VolumesServicesTestJSON-12931455-project] Calling method 'delete' {{(pid=110231) _process_stack /opt/stack/cinder/cinder/api/openstack/wsgi.py:868}}
Mar 30 18:14:31.087727 dv-cinder-835878-1-iscsi devstack@c-api.service[110231]: INFO cinder.api.v3.volumes [None req-e0a6256e-ceba-4947-ae5b-19b3e68f0742 tempest-VolumesServicesTestJSON-12931455 tempest-VolumesServicesTestJSON-12931455-project] Delete volume with id: 043c5012-b74e-495c-8b74-561563981ab6
Mar 30 18:14:31.102501 dv-cinder-835878-1-iscsi devstack@c-api.service[110231]: /usr/local/lib/python3.8/dist-packages/oslo_context/context.py:100: DeprecationWarning: Policy enforcement is depending on the value of is_admin. This key is deprecated. Please update your policy file to use the standard policy values.
Mar 30 18:14:31.102501 dv-cinder-835878-1-iscsi devstack@c-api.service[110231]: warnings.warn('Policy enforcement is depending on the value of '
Mar 30 18:14:31.103742 dv-cinder-835878-1-iscsi devstack@c-api.service[110231]: INFO cinder.volume.api [None req-e0a6256e-ceba-4947-ae5b-19b3e68f0742 tempest-VolumesServicesTestJSON-12931455 tempest-VolumesServicesTestJSON-12931455-project] Volume info retrieved successfully.
Mar 30 18:14:31.122469 dv-cinder-835878-1-iscsi devstack@c-api.service[110230]: DEBUG cinder.api.middleware.request_id [None req-e84c6ef1-10cd-44d6-bf7f-d9eb57b0bb1b None None] RequestId filter calling following filter/app {{(pid=110230) _context_setter /opt/stack/cinder/cinder/api/middleware/request_id.py:62}}
Mar 30 18:14:31.128683 dv-cinder-835878-1-iscsi devstack@c-api.service[110230]: INFO cinder.api.openstack.wsgi [None req-e84c6ef1-10cd-44d6-bf7f-d9eb57b0bb1b tempest-GroupSnapshotsV319Test-1315026875 tempest-GroupSnapshotsV319Test-1315026875-project] GET http://10.222.0.24/volume/v3/a8941ff802264d9e88fb6a0475f8843a/volumes/80fe4b21-9278-4136-8958-7a7d13d7771b
Mar 30 18:14:31.130017 dv-cinder-835878-1-iscsi devstack@c-api.service[110230]: DEBUG cinder.api.openstack.wsgi [None req-e84c6ef1-10cd-44d6-bf7f-d9eb57b0bb1b tempest-GroupSnapshotsV319Test-1315026875 tempest-GroupSnapshotsV319Test-1315026875-project] Empty body provided in request {{(pid=110230) get_body /opt/stack/cinder/cinder/api/openstack/wsgi.py:715}}
Mar 30 18:14:31.131200 dv-cinder-835878-1-iscsi devstack@c-api.service[110230]: DEBUG cinder.api.openstack.wsgi [None req-e84c6ef1-10cd-44d6-bf7f-d9eb57b0bb1b tempest-GroupSnapshotsV319Test-1315026875 tempest-GroupSnapshotsV319Test-1315026875-project] Calling method 'show' {{(pid=110230) _process_stack /opt/stack/cinder/cinder/api/openstack/wsgi.py:868}}
Mar 30 18:14:31.145339 dv-cinder-835878-1-iscsi devstack@c-api.service[110230]: INFO cinder.api.openstack.wsgi [None req-e84c6ef1-10cd-44d6-bf7f-d9eb57b0bb1b tempest-GroupSnapshotsV319Test-1315026875 tempest-GroupSnapshotsV319Test-1315026875-project] http://10.222.0.24/volume/v3/a8941ff802264d9e88fb6a0475f8843a/volumes/80fe4b21-9278-4136-8958-7a7d13d7771b returned with HTTP 404
Mar 30 18:14:31.148244 dv-cinder-835878-1-iscsi devstack@c-api.service[110230]: [pid: 110230|app: 0|req: 167/349] 10.222.0.24 () {60 vars in 1365 bytes} [Wed Mar 30 18:14:31 2022] GET /volume/v3/a8941ff802264d9e88fb6a0475f8843a/volumes/80fe4b21-9278-4136-8958-7a7d13d7771b => generated 109 bytes in 27 msecs (HTTP/1.1 404) 7 headers in 293 bytes (1 switches on core 0)
Mar 30 18:14:31.153236 dv-cinder-835878-1-iscsi devstack@c-api.service[110230]: DEBUG cinder.api.middleware.request_id [None req-6376bc1a-9999-47a4-91a4-99d1117e6bdb None None] RequestId filter calling following filter/app {{(pid=110230) _context_setter /opt/stack/cinder/cinder/api/middleware/request_id.py:62}}
Mar 30 18:14:31.156022 dv-cinder-835878-1-iscsi devstack@c-api.service[110231]: INFO cinder.volume.api [None req-e0a6256e-ceba-4947-ae5b-19b3e68f0742 tempest-VolumesServicesTestJSON-12931455 tempest-VolumesServicesTestJSON-12931455-project] Delete volume request issued successfully.
Mar 30 18:14:31.157185 dv-cinder-835878-1-iscsi devstack@c-api.service[110231]: INFO cinder.api.openstack.wsgi [None req-e0a6256e-ceba-4947-ae5b-19b3e68f0742 tempest-VolumesServicesTestJSON-12931455 tempest-VolumesServicesTestJSON-12931455-project] http://10.222.0.24/volume/v3/b2b85ca8ecfa4e4fa3d7d7d91a83fa82/volumes/043c5012-b74e-495c-8b74-561563981ab6 returned with HTTP 202
Mar 30 18:14:31.157767 dv-cinder-835878-1-iscsi devstack@c-api.service[110230]: INFO cinder.api.openstack.wsgi [None req-6376bc1a-9999-47a4-91a4-99d1117e6bdb tempest-GroupSnapshotsV319Test-1315026875 tempest-GroupSnapshotsV319Test-1315026875-project] GET http://10.222.0.24/volume/v3/a8941ff802264d9e88fb6a0475f8843a/groups/2b6a69d8-28db-4957-bf60-66e2e723f3ff
Mar 30 18:14:31.158448 dv-cinder-835878-1-iscsi devstack@c-api.service[110230]: DEBUG cinder.api.openstack.wsgi [None req-6376bc1a-9999-47a4-91a4-99d1117e6bdb tempest-GroupSnapshotsV319Test-1315026875 tempest-GroupSnapshotsV319Test-1315026875-project] Empty body provided in request {{(pid=110230) get_body /opt/stack/cinder/cinder/api/openstack/wsgi.py:715}}
Mar 30 18:14:31.159047 dv-cinder-835878-1-iscsi devstack@c-api.service[110231]: [pid: 110231|app: 0|req: 183/350] 10.222.0.24 () {58 vars in 1327 bytes} [Wed Mar 30 18:14:31 2022] DELETE /volume/v3/b2b85ca8ecfa4e4fa3d7d7d91a83fa82/volumes/043c5012-b74e-495c-8b74-561563981ab6 => generated 0 bytes in 77 msecs (HTTP/1.1 202) 6 headers in 233 bytes (1 switches on core 0)
Mar 30 18:14:31.159553 dv-cinder-835878-1-iscsi devstack@c-api.service[110230]: DEBUG cinder.api.openstack.wsgi [None req-6376bc1a-9999-47a4-91a4-99d1117e6bdb tempest-GroupSnapshotsV319Test-1315026875 tempest-GroupSnapshotsV319Test-1315026875-project] Calling method 'version_select' {{(pid=110230) _process_stack /opt/stack/cinder/cinder/api/openstack/wsgi.py:868}}
Mar 30 18:14:31.159903 dv-cinder-835878-1-iscsi devstack@c-api.service[110230]: DEBUG cinder.api.v3.groups [None req-6376bc1a-9999-47a4-91a4-99d1117e6bdb tempest-GroupSnapshotsV319Test-1315026875 tempest-GroupSnapshotsV319Test-1315026875-project] show called for member 2b6a69d8-28db-4957-bf60-66e2e723f3ff {{(pid=110230) show /opt/stack/cinder/cinder/api/v3/groups.py:58}}
Mar 30 18:14:31.164272 dv-cinder-835878-1-iscsi devstack@c-api.service[110231]: DEBUG cinder.api.middleware.request_id [None req-57581196-0103-493a-9a3e-75676d9771bc None None] RequestId filter calling following filter/app {{(pid=110231) _context_setter /opt/stack/cinder/cinder/api/middleware/request_id.py:62}}
Mar 30 18:14:31.167892 dv-cinder-835878-1-iscsi devstack@c-api.service[110230]: INFO cinder.api.openstack.wsgi [None req-6376bc1a-9999-47a4-91a4-99d1117e6bdb tempest-GroupSnapshotsV319Test-1315026875 tempest-GroupSnapshotsV319Test-1315026875-project] http://10.222.0.24/volume/v3/a8941ff802264d9e88fb6a0475f8843a/groups/2b6a69d8-28db-4957-bf60-66e2e723f3ff returned with HTTP 404
Mar 30 18:14:31.169092 dv-cinder-835878-1-iscsi devstack@c-api.service[110230]: [pid: 110230|app: 0|req: 168/351] 10.222.0.24 () {60 vars in 1362 bytes} [Wed Mar 30 18:14:31 2022] GET /volume/v3/a8941ff802264d9e88fb6a0475f8843a/groups/2b6a69d8-28db-4957-bf60-66e2e723f3ff => generated 108 bytes in 17 msecs (HTTP/1.1 404) 7 headers in 293 bytes (1 switches on core 0)
Mar 30 18:14:31.173855 dv-cinder-835878-1-iscsi devstack@c-api.service[110230]: DEBUG cinder.api.middleware.request_id [None req-a889dbe9-553e-439b-ad65-ff6bd5424ba5 None None] RequestId filter calling following filter/app {{(pid=110230) _context_setter /opt/stack/cinder/cinder/api/middleware/request_id.py:62}}
Mar 30 18:14:31.175131 dv-cinder-835878-1-iscsi devstack@c-api.service[110231]: INFO cinder.api.openstack.wsgi [None req-57581196-0103-493a-9a3e-75676d9771bc tempest-VolumesServicesTestJSON-12931455 tempest-VolumesServicesTestJSON-12931455-project] GET http://10.222.0.24/volume/v3/b2b85ca8ecfa4e4fa3d7d7d91a83fa82/volumes/043c5012-b74e-495c-8b74-561563981ab6
Mar 30 18:14:31.176542 dv-cinder-835878-1-iscsi devstack@c-api.service[110231]: DEBUG cinder.api.openstack.wsgi [None req-57581196-0103-493a-9a3e-75676d9771bc tempest-VolumesServicesTestJSON-12931455 tempest-VolumesServicesTestJSON-12931455-project] Empty body provided in request {{(pid=110231) get_body /opt/stack/cinder/cinder/api/openstack/wsgi.py:715}}
Mar 30 18:14:31.177209 dv-cinder-835878-1-iscsi devstack@c-api.service[110231]: DEBUG cinder.api.openstack.wsgi [None req-57581196-0103-493a-9a3e-75676d9771bc tempest-VolumesServicesTestJSON-12931455 tempest-VolumesServicesTestJSON-12931455-project] Calling method 'show' {{(pid=110231) _process_stack /opt/stack/cinder/cinder/api/openstack/wsgi.py:868}}
Mar 30 18:14:31.177726 dv-cinder-835878-1-iscsi devstack@c-api.service[110230]: INFO cinder.api.openstack.wsgi [None req-a889dbe9-553e-439b-ad65-ff6bd5424ba5 tempest-GroupSnapshotsV319Test-83418669 tempest-GroupSnapshotsV319Test-83418669-project-admin] DELETE http://10.222.0.24/volume/v3/d403a7451484445a9544541e81cc091c/group_types/27662f4b-59c2-497b-a343-0534ab8c876b
Mar 30 18:14:31.178759 dv-cinder-835878-1-iscsi devstack@c-api.service[110230]: DEBUG cinder.api.openstack.wsgi [None req-a889dbe9-553e-439b-ad65-ff6bd5424ba5 tempest-GroupSnapshotsV319Test-83418669 tempest-GroupSnapshotsV319Test-83418669-project-admin] Empty body provided in request {{(pid=110230) get_body /opt/stack/cinder/cinder/api/openstack/wsgi.py:715}}
Mar 30 18:14:31.179237 dv-cinder-835878-1-iscsi devstack@c-api.service[110230]: DEBUG cinder.api.openstack.wsgi [None req-a889dbe9-553e-439b-ad65-ff6bd5424ba5 tempest-GroupSnapshotsV319Test-83418669 tempest-GroupSnapshotsV319Test-83418669-project-admin] Calling method 'version_select' {{(pid=110230) _process_stack /opt/stack/cinder/cinder/api/openstack/wsgi.py:868}}
Mar 30 18:14:31.203945 dv-cinder-835878-1-iscsi devstack@c-api.service[110231]: /usr/local/lib/python3.8/dist-packages/oslo_context/context.py:100: DeprecationWarning: Policy enforcement is depending on the value of is_admin. This key is deprecated. Please update your policy file to use the standard policy values.
Mar 30 18:14:31.203945 dv-cinder-835878-1-iscsi devstack@c-api.service[110231]: warnings.warn('Policy enforcement is depending on the value of '
Mar 30 18:14:31.204500 dv-cinder-835878-1-iscsi devstack@c-api.service[110230]: INFO cinder.api.openstack.wsgi [None req-a889dbe9-553e-439b-ad65-ff6bd5424ba5 tempest-GroupSnapshotsV319Test-83418669 tempest-GroupSnapshotsV319Test-83418669-project-admin] http://10.222.0.24/volume/v3/d403a7451484445a9544541e81cc091c/group_types/27662f4b-59c2-497b-a343-0534ab8c876b returned with HTTP 202
Mar 30 18:14:31.205865 dv-cinder-835878-1-iscsi devstack@c-api.service[110230]: [pid: 110230|app: 0|req: 169/352] 10.222.0.24 () {60 vars in 1380 bytes} [Wed Mar 30 18:14:31 2022] DELETE /volume/v3/d403a7451484445a9544541e81cc091c/group_types/27662f4b-59c2-497b-a343-0534ab8c876b => generated 0 bytes in 33 msecs (HTTP/1.1 202) 6 headers in 234 bytes (1 switches on core 0)
Mar 30 18:14:31.216193 dv-cinder-835878-1-iscsi devstack@c-api.service[110230]: DEBUG cinder.api.middleware.request_id [None req-6436bebf-c419-46d5-a439-b689007e7e23 None None] RequestId filter calling following filter/app {{(pid=110230) _context_setter /opt/stack/cinder/cinder/api/middleware/request_id.py:62}}
Mar 30 18:14:31.220074 dv-cinder-835878-1-iscsi devstack@c-api.service[110230]: INFO cinder.api.openstack.wsgi [None req-6436bebf-c419-46d5-a439-b689007e7e23 tempest-GroupSnapshotsV319Test-1315026875 tempest-GroupSnapshotsV319Test-1315026875-project] DELETE http://10.222.0.24/volume/v3/a8941ff802264d9e88fb6a0475f8843a/volumes/80fe4b21-9278-4136-8958-7a7d13d7771b
Mar 30 18:14:31.220536 dv-cinder-835878-1-iscsi devstack@c-api.service[110231]: INFO cinder.volume.api [None req-57581196-0103-493a-9a3e-75676d9771bc tempest-VolumesServicesTestJSON-12931455 tempest-VolumesServicesTestJSON-12931455-project] Volume info retrieved successfully.
Mar 30 18:14:31.220638 dv-cinder-835878-1-iscsi devstack@c-api.service[110230]: DEBUG cinder.api.openstack.wsgi [None req-6436bebf-c419-46d5-a439-b689007e7e23 tempest-GroupSnapshotsV319Test-1315026875 tempest-GroupSnapshotsV319Test-1315026875-project] Empty body provided in request {{(pid=110230) get_body /opt/stack/cinder/cinder/api/openstack/wsgi.py:715}}
Mar 30 18:14:31.221076 dv-cinder-835878-1-iscsi devstack@c-api.service[110230]: DEBUG cinder.api.openstack.wsgi [None req-6436bebf-c419-46d5-a439-b689007e7e23 tempest-GroupSnapshotsV319Test-1315026875 tempest-GroupSnapshotsV319Test-1315026875-project] Calling method 'delete' {{(pid=110230) _process_stack /opt/stack/cinder/cinder/api/openstack/wsgi.py:868}}
Mar 30 18:14:31.221462 dv-cinder-835878-1-iscsi devstack@c-api.service[110230]: INFO cinder.api.v3.volumes [None req-6436bebf-c419-46d5-a439-b689007e7e23 tempest-GroupSnapshotsV319Test-1315026875 tempest-GroupSnapshotsV319Test-1315026875-project] Delete volume with id: 80fe4b21-9278-4136-8958-7a7d13d7771b
Mar 30 18:14:31.234167 dv-cinder-835878-1-iscsi devstack@c-api.service[110230]: INFO cinder.api.openstack.wsgi [None req-6436bebf-c419-46d5-a439-b689007e7e23 tempest-GroupSnapshotsV319Test-1315026875 tempest-GroupSnapshotsV319Test-1315026875-project] http://10.222.0.24/volume/v3/a8941ff802264d9e88fb6a0475f8843a/volumes/80fe4b21-9278-4136-8958-7a7d13d7771b returned with HTTP 404
Mar 30 18:14:31.235428 dv-cinder-835878-1-iscsi devstack@c-api.service[110230]: [pid: 110230|app: 0|req: 170/353] 10.222.0.24 () {60 vars in 1368 bytes} [Wed Mar 30 18:14:31 2022] DELETE /volume/v3/a8941ff802264d9e88fb6a0475f8843a/volumes/80fe4b21-9278-4136-8958-7a7d13d7771b => generated 109 bytes in 21 msecs (HTTP/1.1 404) 7 headers in 293 bytes (1 switches on core 0)
Mar 30 18:14:31.238624 dv-cinder-835878-1-iscsi devstack@c-api.service[110231]: INFO cinder.api.openstack.wsgi [None req-57581196-0103-493a-9a3e-75676d9771bc tempest-VolumesServicesTestJSON-12931455 tempest-VolumesServicesTestJSON-12931455-project] http://10.222.0.24/volume/v3/b2b85ca8ecfa4e4fa3d7d7d91a83fa82/volumes/043c5012-b74e-495c-8b74-561563981ab6 returned with HTTP 200
Mar 30 18:14:31.239447 dv-cinder-835878-1-iscsi devstack@c-api.service[110231]: [pid: 110231|app: 0|req: 184/354] 10.222.0.24 () {58 vars in 1324 bytes} [Wed Mar 30 18:14:31 2022] GET /volume/v3/b2b85ca8ecfa4e4fa3d7d7d91a83fa82/volumes/043c5012-b74e-495c-8b74-561563981ab6 => generated 915 bytes in 77 msecs (HTTP/1.1 200) 7 headers in 285 bytes (2 switches on core 0)
Mar 30 18:14:31.240140 dv-cinder-835878-1-iscsi devstack@c-api.service[110230]: DEBUG cinder.api.middleware.request_id [None req-5f9f5ffb-78cb-4fa9-b287-37e7cfceda04 None None] RequestId filter calling following filter/app {{(pid=110230) _context_setter /opt/stack/cinder/cinder/api/middleware/request_id.py:62}}
Mar 30 18:14:31.244276 dv-cinder-835878-1-iscsi devstack@c-api.service[110230]: INFO cinder.api.openstack.wsgi [None req-5f9f5ffb-78cb-4fa9-b287-37e7cfceda04 tempest-GroupSnapshotsV319Test-83418669 tempest-GroupSnapshotsV319Test-83418669-project-admin] DELETE http://10.222.0.24/volume/v3/d403a7451484445a9544541e81cc091c/types/61a43779-8cfd-4017-980e-34517e36261b
Mar 30 18:14:31.244827 dv-cinder-835878-1-iscsi devstack@c-api.service[110230]: DEBUG cinder.api.openstack.wsgi [None req-5f9f5ffb-78cb-4fa9-b287-37e7cfceda04 tempest-GroupSnapshotsV319Test-83418669 tempest-GroupSnapshotsV319Test-83418669-project-admin] Empty body provided in request {{(pid=110230) get_body /opt/stack/cinder/cinder/api/openstack/wsgi.py:715}}
Mar 30 18:14:31.245302 dv-cinder-835878-1-iscsi devstack@c-api.service[110230]: DEBUG cinder.api.openstack.wsgi [None req-5f9f5ffb-78cb-4fa9-b287-37e7cfceda04 tempest-GroupSnapshotsV319Test-83418669 tempest-GroupSnapshotsV319Test-83418669-project-admin] Calling method '_delete' {{(pid=110230) _process_stack /opt/stack/cinder/cinder/api/openstack/wsgi.py:868}}
Mar 30 18:14:31.302264 dv-cinder-835878-1-iscsi devstack@c-api.service[110230]: INFO cinder.api.openstack.wsgi [None req-5f9f5ffb-78cb-4fa9-b287-37e7cfceda04 tempest-GroupSnapshotsV319Test-83418669 tempest-GroupSnapshotsV319Test-83418669-project-admin] http://10.222.0.24/volume/v3/d403a7451484445a9544541e81cc091c/types/61a43779-8cfd-4017-980e-34517e36261b returned with HTTP 202
Mar 30 18:14:31.303848 dv-cinder-835878-1-iscsi devstack@c-api.service[110230]: [pid: 110230|app: 0|req: 171/355] 10.222.0.24 () {58 vars in 1321 bytes} [Wed Mar 30 18:14:31 2022] DELETE /volume/v3/d403a7451484445a9544541e81cc091c/types/61a43779-8cfd-4017-980e-34517e36261b => generated 0 bytes in 65 msecs (HTTP/1.1 202) 6 headers in 233 bytes (2 switches on core 0)
Mar 30 18:14:31.309018 dv-cinder-835878-1-iscsi devstack@c-api.service[110231]: DEBUG cinder.api.middleware.request_id [None req-409cc1dc-989a-4f3e-b0e9-8bd191ff87ba None None] RequestId filter calling following filter/app {{(pid=110231) _context_setter /opt/stack/cinder/cinder/api/middleware/request_id.py:62}}
Mar 30 18:14:31.312802 dv-cinder-835878-1-iscsi devstack@c-api.service[110231]: INFO cinder.api.openstack.wsgi [None req-409cc1dc-989a-4f3e-b0e9-8bd191ff87ba tempest-GroupSnapshotsV319Test-83418669 tempest-GroupSnapshotsV319Test-83418669-project-admin] GET http://10.222.0.24/volume/v3/d403a7451484445a9544541e81cc091c/types/61a43779-8cfd-4017-980e-34517e36261b
Mar 30 18:14:31.313259 dv-cinder-835878-1-iscsi devstack@c-api.service[110231]: DEBUG cinder.api.openstack.wsgi [None req-409cc1dc-989a-4f3e-b0e9-8bd191ff87ba tempest-GroupSnapshotsV319Test-83418669 tempest-GroupSnapshotsV319Test-83418669-project-admin] Empty body provided in request {{(pid=110231) get_body /opt/stack/cinder/cinder/api/openstack/wsgi.py:715}}
Mar 30 18:14:31.313713 dv-cinder-835878-1-iscsi devstack@c-api.service[110231]: DEBUG cinder.api.openstack.wsgi [None req-409cc1dc-989a-4f3e-b0e9-8bd191ff87ba tempest-GroupSnapshotsV319Test-83418669 tempest-GroupSnapshotsV319Test-83418669-project-admin] Calling method 'show' {{(pid=110231) _process_stack /opt/stack/cinder/cinder/api/openstack/wsgi.py:868}}
Mar 30 18:14:31.318374 dv-cinder-835878-1-iscsi devstack@c-api.service[110231]: INFO cinder.api.openstack.wsgi [None req-409cc1dc-989a-4f3e-b0e9-8bd191ff87ba tempest-GroupSnapshotsV319Test-83418669 tempest-GroupSnapshotsV319Test-83418669-project-admin] http://10.222.0.24/volume/v3/d403a7451484445a9544541e81cc091c/types/61a43779-8cfd-4017-980e-34517e36261b returned with HTTP 404
Mar 30 18:14:31.321856 dv-cinder-835878-1-iscsi devstack@c-api.service[110231]: [pid: 110231|app: 0|req: 185/356] 10.222.0.24 () {58 vars in 1318 bytes} [Wed Mar 30 18:14:31 2022] GET /volume/v3/d403a7451484445a9544541e81cc091c/types/61a43779-8cfd-4017-980e-34517e36261b => generated 114 bytes in 14 msecs (HTTP/1.1 404) 7 headers in 292 bytes (1 switches on core 0)
Mar 30 18:14:31.394398 dv-cinder-835878-1-iscsi devstack@c-api.service[110230]: DEBUG cinder.api.middleware.request_id [None req-d1b21bb8-84e3-4529-9d81-8aca5f03ce5e None None] RequestId filter calling following filter/app {{(pid=110230) _context_setter /opt/stack/cinder/cinder/api/middleware/request_id.py:62}}
Mar 30 18:14:31.401283 dv-cinder-835878-1-iscsi devstack@c-api.service[110230]: INFO cinder.api.openstack.wsgi [None req-d1b21bb8-84e3-4529-9d81-8aca5f03ce5e tempest-GroupSnapshotsTest-1442540162 tempest-GroupSnapshotsTest-1442540162-project] GET http://10.222.0.24/volume/v3/0ac245565f084314b59df740d1bd4dc8/groups/8d7e3c74-316d-4ffc-95f8-c3ede410514e
Mar 30 18:14:31.401952 dv-cinder-835878-1-iscsi devstack@c-api.service[110230]: DEBUG cinder.api.openstack.wsgi [None req-d1b21bb8-84e3-4529-9d81-8aca5f03ce5e tempest-GroupSnapshotsTest-1442540162 tempest-GroupSnapshotsTest-1442540162-project] Empty body provided in request {{(pid=110230) get_body /opt/stack/cinder/cinder/api/openstack/wsgi.py:715}}
Mar 30 18:14:31.402423 dv-cinder-835878-1-iscsi devstack@c-api.service[110230]: DEBUG cinder.api.openstack.wsgi [None req-d1b21bb8-84e3-4529-9d81-8aca5f03ce5e tempest-GroupSnapshotsTest-1442540162 tempest-GroupSnapshotsTest-1442540162-project] Calling method 'version_select' {{(pid=110230) _process_stack /opt/stack/cinder/cinder/api/openstack/wsgi.py:868}}
Mar 30 18:14:31.402960 dv-cinder-835878-1-iscsi devstack@c-api.service[110230]: DEBUG cinder.api.v3.groups [None req-d1b21bb8-84e3-4529-9d81-8aca5f03ce5e tempest-GroupSnapshotsTest-1442540162 tempest-GroupSnapshotsTest-1442540162-project] show called for member 8d7e3c74-316d-4ffc-95f8-c3ede410514e {{(pid=110230) show /opt/stack/cinder/cinder/api/v3/groups.py:58}}
Mar 30 18:14:31.409337 dv-cinder-835878-1-iscsi devstack@c-api.service[110230]: /usr/local/lib/python3.8/dist-packages/oslo_context/context.py:100: DeprecationWarning: Policy enforcement is depending on the value of is_admin. This key is deprecated. Please update your policy file to use the standard policy values.
Mar 30 18:14:31.409337 dv-cinder-835878-1-iscsi devstack@c-api.service[110230]: warnings.warn('Policy enforcement is depending on the value of '
Mar 30 18:14:31.431890 dv-cinder-835878-1-iscsi devstack@c-api.service[110230]: INFO cinder.api.openstack.wsgi [None req-d1b21bb8-84e3-4529-9d81-8aca5f03ce5e tempest-GroupSnapshotsTest-1442540162 tempest-GroupSnapshotsTest-1442540162-project] http://10.222.0.24/volume/v3/0ac245565f084314b59df740d1bd4dc8/groups/8d7e3c74-316d-4ffc-95f8-c3ede410514e returned with HTTP 200
Mar 30 18:14:31.432839 dv-cinder-835878-1-iscsi devstack@c-api.service[110230]: [pid: 110230|app: 0|req: 172/357] 10.222.0.24 () {60 vars in 1362 bytes} [Wed Mar 30 18:14:31 2022] GET /volume/v3/0ac245565f084314b59df740d1bd4dc8/groups/8d7e3c74-316d-4ffc-95f8-c3ede410514e => generated 392 bytes in 40 msecs (HTTP/1.1 200) 7 headers in 286 bytes (1 switches on core 0)
Mar 30 18:14:31.440491 dv-cinder-835878-1-iscsi devstack@c-api.service[110231]: DEBUG cinder.api.middleware.request_id [None req-19bb1499-6ed5-436a-8736-180ce22cc546 None None] RequestId filter calling following filter/app {{(pid=110231) _context_setter /opt/stack/cinder/cinder/api/middleware/request_id.py:62}}
Mar 30 18:14:31.444160 dv-cinder-835878-1-iscsi devstack@c-api.service[110231]: INFO cinder.api.openstack.wsgi [None req-19bb1499-6ed5-436a-8736-180ce22cc546 tempest-GroupSnapshotsTest-1442540162 tempest-GroupSnapshotsTest-1442540162-project] POST http://10.222.0.24/volume/v3/0ac245565f084314b59df740d1bd4dc8/volumes
Mar 30 18:14:31.445460 dv-cinder-835878-1-iscsi devstack@c-api.service[110231]: DEBUG cinder.api.openstack.wsgi [None req-19bb1499-6ed5-436a-8736-180ce22cc546 tempest-GroupSnapshotsTest-1442540162 tempest-GroupSnapshotsTest-1442540162-project] Action: 'create', calling method: create, body: {"volume": {"volume_type": "56bbd46e-8653-40c6-aff4-c423c5754525", "group_id": "8d7e3c74-316d-4ffc-95f8-c3ede410514e", "size": 1, "name": "tempest-GroupSnapshotsTest-Volume-1644714411"}} {{(pid=110231) _process_stack /opt/stack/cinder/cinder/api/openstack/wsgi.py:866}}
Mar 30 18:14:31.446668 dv-cinder-835878-1-iscsi devstack@c-api.service[110231]: DEBUG cinder.api.v3.volumes [None req-19bb1499-6ed5-436a-8736-180ce22cc546 tempest-GroupSnapshotsTest-1442540162 tempest-GroupSnapshotsTest-1442540162-project] Create volume request body: {'volume': {'volume_type': '56bbd46e-8653-40c6-aff4-c423c5754525', 'group_id': '8d7e3c74-316d-4ffc-95f8-c3ede410514e', 'size': 1, 'name': 'tempest-GroupSnapshotsTest-Volume-1644714411'}} {{(pid=110231) create /opt/stack/cinder/cinder/api/v3/volumes.py:298}}
Mar 30 18:14:31.460927 dv-cinder-835878-1-iscsi devstack@c-api.service[110231]: /usr/local/lib/python3.8/dist-packages/oslo_context/context.py:100: DeprecationWarning: Policy enforcement is depending on the value of is_admin. This key is deprecated. Please update your policy file to use the standard policy values.
Mar 30 18:14:31.460927 dv-cinder-835878-1-iscsi devstack@c-api.service[110231]: warnings.warn('Policy enforcement is depending on the value of '
Mar 30 18:14:31.462245 dv-cinder-835878-1-iscsi devstack@c-api.service[110231]: INFO cinder.api.v3.volumes [None req-19bb1499-6ed5-436a-8736-180ce22cc546 tempest-GroupSnapshotsTest-1442540162 tempest-GroupSnapshotsTest-1442540162-project] Create volume of 1 GB
Mar 30 18:14:31.473160 dv-cinder-835878-1-iscsi devstack@c-api.service[110231]: INFO cinder.volume.api [None req-19bb1499-6ed5-436a-8736-180ce22cc546 tempest-GroupSnapshotsTest-1442540162 tempest-GroupSnapshotsTest-1442540162-project] Availability Zones retrieved successfully.
Mar 30 18:14:31.489398 dv-cinder-835878-1-iscsi devstack@c-api.service[110231]: DEBUG cinder.volume.api [None req-19bb1499-6ed5-436a-8736-180ce22cc546 tempest-GroupSnapshotsTest-1442540162 tempest-GroupSnapshotsTest-1442540162-project] Flow 'volume_create_api' (0309eb7b-e71d-43a6-bf23-c84ed37de716) transitioned into state 'RUNNING' from state 'PENDING' {{(pid=110231) _flow_receiver /usr/local/lib/python3.8/dist-packages/taskflow/listeners/logging.py:141}}
Mar 30 18:14:31.492894 dv-cinder-835878-1-iscsi devstack@c-api.service[110231]: DEBUG cinder.volume.api [None req-19bb1499-6ed5-436a-8736-180ce22cc546 tempest-GroupSnapshotsTest-1442540162 tempest-GroupSnapshotsTest-1442540162-project] Task 'cinder.volume.flows.api.create_volume.ExtractVolumeRequestTask;volume:create' (38bee0fe-b640-4380-9314-ba5584172401) transitioned into state 'RUNNING' from state 'PENDING' {{(pid=110231) _task_receiver /usr/local/lib/python3.8/dist-packages/taskflow/listeners/logging.py:190}}
Mar 30 18:14:31.494540 dv-cinder-835878-1-iscsi devstack@c-api.service[110231]: /usr/local/lib/python3.8/dist-packages/oslo_context/context.py:100: DeprecationWarning: Policy enforcement is depending on the value of is_admin. This key is deprecated. Please update your policy file to use the standard policy values.
Mar 30 18:14:31.494540 dv-cinder-835878-1-iscsi devstack@c-api.service[110231]: warnings.warn('Policy enforcement is depending on the value of '
Mar 30 18:14:31.495572 dv-cinder-835878-1-iscsi devstack@c-api.service[110231]: DEBUG cinder.volume.flows.api.create_volume [None req-19bb1499-6ed5-436a-8736-180ce22cc546 tempest-GroupSnapshotsTest-1442540162 tempest-GroupSnapshotsTest-1442540162-project] Validating volume size '1' using validate_int {{(pid=110231) _extract_size /opt/stack/cinder/cinder/volume/flows/api/create_volume.py:225}}
Mar 30 18:14:31.518664 dv-cinder-835878-1-iscsi devstack@c-api.service[110231]: DEBUG cinder.volume.api [None req-19bb1499-6ed5-436a-8736-180ce22cc546 tempest-GroupSnapshotsTest-1442540162 tempest-GroupSnapshotsTest-1442540162-project] Task 'cinder.volume.flows.api.create_volume.ExtractVolumeRequestTask;volume:create' (38bee0fe-b640-4380-9314-ba5584172401) transitioned into state 'SUCCESS' from state 'RUNNING' with result '{'size': 1, 'snapshot_id': None, 'source_volid': None, 'volume_type': VolumeType(created_at=2022-03-30T18:14:30Z,deleted=False,deleted_at=None,description=None,extra_specs={},id=56bbd46e-8653-40c6-aff4-c423c5754525,is_public=True,name='tempest-GroupSnapshotsTest-volume-type-1245432212',projects=[],qos_specs=,qos_specs_id=None,updated_at=None), 'volume_type_id': '56bbd46e-8653-40c6-aff4-c423c5754525', 'encryption_key_id': None, 'qos_specs': None, 'consistencygroup_id': None, 'cgsnapshot_id': None, 'group_id': '8d7e3c74-316d-4ffc-95f8-c3ede410514e', 'replication_status': 'disabled', 'refresh_az': False, 'backup_id': None, 'multiattach': False, 'availability_zones': ['nova']}' {{(pid=110231) _task_receiver /usr/local/lib/python3.8/dist-packages/taskflow/listeners/logging.py:178}}
Mar 30 18:14:31.523461 dv-cinder-835878-1-iscsi devstack@c-api.service[110231]: DEBUG cinder.volume.api [None req-19bb1499-6ed5-436a-8736-180ce22cc546 tempest-GroupSnapshotsTest-1442540162 tempest-GroupSnapshotsTest-1442540162-project] Task 'cinder.volume.flows.api.create_volume.QuotaReserveTask;volume:create' (dc683da2-11a5-4491-ada9-77cf2c86c31d) transitioned into state 'RUNNING' from state 'PENDING' {{(pid=110231) _task_receiver /usr/local/lib/python3.8/dist-packages/taskflow/listeners/logging.py:190}}
Mar 30 18:14:31.561195 dv-cinder-835878-1-iscsi devstack@c-api.service[110230]: DEBUG cinder.api.middleware.request_id [None req-bce2fa6a-c88c-4583-92b4-3b234ce8f8da None None] RequestId filter calling following filter/app {{(pid=110230) _context_setter /opt/stack/cinder/cinder/api/middleware/request_id.py:62}}
Mar 30 18:14:31.567466 dv-cinder-835878-1-iscsi devstack@c-api.service[110230]: INFO cinder.api.openstack.wsgi [None req-bce2fa6a-c88c-4583-92b4-3b234ce8f8da tempest-VolumeSnapshotQuotasNegativeTestJSON-815192915 tempest-VolumeSnapshotQuotasNegativeTestJSON-815192915-project] GET http://10.222.0.24/volume/v3/99ff4810745c4881909ee9aff9c535d9/snapshots/bb70a5b9-d7a8-4f89-aa6e-5e9d900fd9c4
Mar 30 18:14:31.569188 dv-cinder-835878-1-iscsi devstack@c-api.service[110230]: DEBUG cinder.api.openstack.wsgi [None req-bce2fa6a-c88c-4583-92b4-3b234ce8f8da tempest-VolumeSnapshotQuotasNegativeTestJSON-815192915 tempest-VolumeSnapshotQuotasNegativeTestJSON-815192915-project] Empty body provided in request {{(pid=110230) get_body /opt/stack/cinder/cinder/api/openstack/wsgi.py:715}}
Mar 30 18:14:31.570433 dv-cinder-835878-1-iscsi devstack@c-api.service[110230]: DEBUG cinder.api.openstack.wsgi [None req-bce2fa6a-c88c-4583-92b4-3b234ce8f8da tempest-VolumeSnapshotQuotasNegativeTestJSON-815192915 tempest-VolumeSnapshotQuotasNegativeTestJSON-815192915-project] Calling method 'show' {{(pid=110230) _process_stack /opt/stack/cinder/cinder/api/openstack/wsgi.py:868}}
Mar 30 18:14:31.581606 dv-cinder-835878-1-iscsi devstack@c-api.service[110230]: INFO cinder.api.openstack.wsgi [None req-bce2fa6a-c88c-4583-92b4-3b234ce8f8da tempest-VolumeSnapshotQuotasNegativeTestJSON-815192915 tempest-VolumeSnapshotQuotasNegativeTestJSON-815192915-project] http://10.222.0.24/volume/v3/99ff4810745c4881909ee9aff9c535d9/snapshots/bb70a5b9-d7a8-4f89-aa6e-5e9d900fd9c4 returned with HTTP 404
Mar 30 18:14:31.584491 dv-cinder-835878-1-iscsi devstack@c-api.service[110230]: [pid: 110230|app: 0|req: 173/358] 10.222.0.24 () {58 vars in 1330 bytes} [Wed Mar 30 18:14:31 2022] GET /volume/v3/99ff4810745c4881909ee9aff9c535d9/snapshots/bb70a5b9-d7a8-4f89-aa6e-5e9d900fd9c4 => generated 111 bytes in 26 msecs (HTTP/1.1 404) 7 headers in 292 bytes (1 switches on core 0)
Mar 30 18:14:31.589359 dv-cinder-835878-1-iscsi devstack@c-api.service[110230]: DEBUG cinder.api.middleware.request_id [None req-821d8685-b738-4381-8f83-780e54556270 None None] RequestId filter calling following filter/app {{(pid=110230) _context_setter /opt/stack/cinder/cinder/api/middleware/request_id.py:62}}
Mar 30 18:14:31.594228 dv-cinder-835878-1-iscsi devstack@c-api.service[110230]: INFO cinder.api.openstack.wsgi [None req-821d8685-b738-4381-8f83-780e54556270 tempest-VolumeSnapshotQuotasNegativeTestJSON-815192915 tempest-VolumeSnapshotQuotasNegativeTestJSON-815192915-project] DELETE http://10.222.0.24/volume/v3/99ff4810745c4881909ee9aff9c535d9/volumes/e500e9ea-c64c-4410-a57c-98610e04c1f4
Mar 30 18:14:31.595524 dv-cinder-835878-1-iscsi devstack@c-api.service[110230]: DEBUG cinder.api.openstack.wsgi [None req-821d8685-b738-4381-8f83-780e54556270 tempest-VolumeSnapshotQuotasNegativeTestJSON-815192915 tempest-VolumeSnapshotQuotasNegativeTestJSON-815192915-project] Empty body provided in request {{(pid=110230) get_body /opt/stack/cinder/cinder/api/openstack/wsgi.py:715}}
Mar 30 18:14:31.596332 dv-cinder-835878-1-iscsi devstack@c-api.service[110230]: DEBUG cinder.api.openstack.wsgi [None req-821d8685-b738-4381-8f83-780e54556270 tempest-VolumeSnapshotQuotasNegativeTestJSON-815192915 tempest-VolumeSnapshotQuotasNegativeTestJSON-815192915-project] Calling method 'delete' {{(pid=110230) _process_stack /opt/stack/cinder/cinder/api/openstack/wsgi.py:868}}
Mar 30 18:14:31.597268 dv-cinder-835878-1-iscsi devstack@c-api.service[110230]: INFO cinder.api.v3.volumes [None req-821d8685-b738-4381-8f83-780e54556270 tempest-VolumeSnapshotQuotasNegativeTestJSON-815192915 tempest-VolumeSnapshotQuotasNegativeTestJSON-815192915-project] Delete volume with id: e500e9ea-c64c-4410-a57c-98610e04c1f4
Mar 30 18:14:31.616174 dv-cinder-835878-1-iscsi devstack@c-api.service[110230]: /usr/local/lib/python3.8/dist-packages/oslo_context/context.py:100: DeprecationWarning: Policy enforcement is depending on the value of is_admin. This key is deprecated. Please update your policy file to use the standard policy values.
Mar 30 18:14:31.616174 dv-cinder-835878-1-iscsi devstack@c-api.service[110230]: warnings.warn('Policy enforcement is depending on the value of '
Mar 30 18:14:31.618490 dv-cinder-835878-1-iscsi devstack@c-api.service[110230]: INFO cinder.volume.api [None req-821d8685-b738-4381-8f83-780e54556270 tempest-VolumeSnapshotQuotasNegativeTestJSON-815192915 tempest-VolumeSnapshotQuotasNegativeTestJSON-815192915-project] Volume info retrieved successfully.
Mar 30 18:14:31.655842 dv-cinder-835878-1-iscsi devstack@c-api.service[110231]: DEBUG cinder.quota [None req-19bb1499-6ed5-436a-8736-180ce22cc546 tempest-GroupSnapshotsTest-1442540162 tempest-GroupSnapshotsTest-1442540162-project] Created reservations ['5fb9b694-15dc-45ec-87c5-cfc667767a29', '92bc57d2-0bb0-4b2e-84ad-c9d942bb6d83', 'c9e546aa-1fa5-406e-921b-fe1ad7d2a686', '760c00e9-75d2-42cd-8d59-98ecb38ed6c0'] {{(pid=110231) reserve /opt/stack/cinder/cinder/quota.py:755}}
Mar 30 18:14:31.658008 dv-cinder-835878-1-iscsi devstack@c-api.service[110231]: DEBUG cinder.volume.api [None req-19bb1499-6ed5-436a-8736-180ce22cc546 tempest-GroupSnapshotsTest-1442540162 tempest-GroupSnapshotsTest-1442540162-project] Task 'cinder.volume.flows.api.create_volume.QuotaReserveTask;volume:create' (dc683da2-11a5-4491-ada9-77cf2c86c31d) transitioned into state 'SUCCESS' from state 'RUNNING' with result '{'reservations': ['5fb9b694-15dc-45ec-87c5-cfc667767a29', '92bc57d2-0bb0-4b2e-84ad-c9d942bb6d83', 'c9e546aa-1fa5-406e-921b-fe1ad7d2a686', '760c00e9-75d2-42cd-8d59-98ecb38ed6c0']}' {{(pid=110231) _task_receiver /usr/local/lib/python3.8/dist-packages/taskflow/listeners/logging.py:178}}
Mar 30 18:14:31.659784 dv-cinder-835878-1-iscsi devstack@c-api.service[110230]: INFO cinder.volume.api [None req-821d8685-b738-4381-8f83-780e54556270 tempest-VolumeSnapshotQuotasNegativeTestJSON-815192915 tempest-VolumeSnapshotQuotasNegativeTestJSON-815192915-project] Delete volume request issued successfully.
Mar 30 18:14:31.660460 dv-cinder-835878-1-iscsi devstack@c-api.service[110230]: INFO cinder.api.openstack.wsgi [None req-821d8685-b738-4381-8f83-780e54556270 tempest-VolumeSnapshotQuotasNegativeTestJSON-815192915 tempest-VolumeSnapshotQuotasNegativeTestJSON-815192915-project] http://10.222.0.24/volume/v3/99ff4810745c4881909ee9aff9c535d9/volumes/e500e9ea-c64c-4410-a57c-98610e04c1f4 returned with HTTP 202
Mar 30 18:14:31.661341 dv-cinder-835878-1-iscsi devstack@c-api.service[110230]: [pid: 110230|app: 0|req: 174/359] 10.222.0.24 () {58 vars in 1327 bytes} [Wed Mar 30 18:14:31 2022] DELETE /volume/v3/99ff4810745c4881909ee9aff9c535d9/volumes/e500e9ea-c64c-4410-a57c-98610e04c1f4 => generated 0 bytes in 73 msecs (HTTP/1.1 202) 6 headers in 233 bytes (2 switches on core 0)
Mar 30 18:14:31.662299 dv-cinder-835878-1-iscsi devstack@c-api.service[110231]: DEBUG cinder.volume.api [None req-19bb1499-6ed5-436a-8736-180ce22cc546 tempest-GroupSnapshotsTest-1442540162 tempest-GroupSnapshotsTest-1442540162-project] Task 'cinder.volume.flows.api.create_volume.EntryCreateTask;volume:create' (9d170988-1c1a-4c36-af9c-fdcc6e7dc6e1) transitioned into state 'RUNNING' from state 'PENDING' {{(pid=110231) _task_receiver /usr/local/lib/python3.8/dist-packages/taskflow/listeners/logging.py:190}}
Mar 30 18:14:31.667636 dv-cinder-835878-1-iscsi devstack@c-api.service[110230]: DEBUG cinder.api.middleware.request_id [None req-6d081c55-0558-4bcc-9f91-5ee03c47f97c None None] RequestId filter calling following filter/app {{(pid=110230) _context_setter /opt/stack/cinder/cinder/api/middleware/request_id.py:62}}
Mar 30 18:14:31.672070 dv-cinder-835878-1-iscsi devstack@c-api.service[110230]: INFO cinder.api.openstack.wsgi [None req-6d081c55-0558-4bcc-9f91-5ee03c47f97c tempest-VolumeSnapshotQuotasNegativeTestJSON-815192915 tempest-VolumeSnapshotQuotasNegativeTestJSON-815192915-project] GET http://10.222.0.24/volume/v3/99ff4810745c4881909ee9aff9c535d9/volumes/e500e9ea-c64c-4410-a57c-98610e04c1f4
Mar 30 18:14:31.672891 dv-cinder-835878-1-iscsi devstack@c-api.service[110230]: DEBUG cinder.api.openstack.wsgi [None req-6d081c55-0558-4bcc-9f91-5ee03c47f97c tempest-VolumeSnapshotQuotasNegativeTestJSON-815192915 tempest-VolumeSnapshotQuotasNegativeTestJSON-815192915-project] Empty body provided in request {{(pid=110230) get_body /opt/stack/cinder/cinder/api/openstack/wsgi.py:715}}
