Mar 29 21:07:51.615825 dv-cinder-835761-1-smb devstack@c-api.service[108811]: DEBUG cinder.quota [None req-17ec6c62-44ce-463d-83aa-3e812600e641 tempest-DeleteServersTestJSON-1616691577 tempest-DeleteServersTestJSON-1616691577-project] Created reservations ['733863cb-9ede-45ec-80e2-1d70cfa5db6e', '5bcaf390-e248-4b47-868b-66a6cc8df3fd', '50c6c9c5-97b1-458c-96ee-a8662e5441e2', '6d3dbc72-a212-45c6-aef5-f976a8b3efa4'] {{(pid=108811) reserve /opt/stack/cinder/cinder/quota.py:755}}
Mar 29 21:07:51.617561 dv-cinder-835761-1-smb devstack@c-api.service[108811]: DEBUG cinder.volume.api [None req-17ec6c62-44ce-463d-83aa-3e812600e641 tempest-DeleteServersTestJSON-1616691577 tempest-DeleteServersTestJSON-1616691577-project] Task 'cinder.volume.flows.api.create_volume.QuotaReserveTask;volume:create' (6a228144-9ea2-47e9-95c5-5749917700d1) transitioned into state 'SUCCESS' from state 'RUNNING' with result '{'reservations': ['733863cb-9ede-45ec-80e2-1d70cfa5db6e', '5bcaf390-e248-4b47-868b-66a6cc8df3fd', '50c6c9c5-97b1-458c-96ee-a8662e5441e2', '6d3dbc72-a212-45c6-aef5-f976a8b3efa4']}' {{(pid=108811) _task_receiver /usr/local/lib/python3.8/dist-packages/taskflow/listeners/logging.py:178}}
Mar 29 21:07:51.619568 dv-cinder-835761-1-smb devstack@c-api.service[108811]: DEBUG cinder.volume.api [None req-17ec6c62-44ce-463d-83aa-3e812600e641 tempest-DeleteServersTestJSON-1616691577 tempest-DeleteServersTestJSON-1616691577-project] Task 'cinder.volume.flows.api.create_volume.EntryCreateTask;volume:create' (4664edb7-d710-4cd5-a6d1-413dff352717) transitioned into state 'RUNNING' from state 'PENDING' {{(pid=108811) _task_receiver /usr/local/lib/python3.8/dist-packages/taskflow/listeners/logging.py:190}}
Mar 29 21:07:51.633157 dv-cinder-835761-1-smb devstack@c-api.service[108810]: INFO cinder.api.openstack.wsgi [None req-95d7bc8e-3e57-4bf9-8dd8-ea971a02e8fb tempest-SnapshotMetadataTestJSON-2112566904 tempest-SnapshotMetadataTestJSON-2112566904-project] GET http://10.222.0.37/volume/v3/54e90e2e582a4c0192d47f2ce5e0b07b/snapshots/3abe35b0-5668-4290-87ee-7072471e08a9
Mar 29 21:07:51.634156 dv-cinder-835761-1-smb devstack@c-api.service[108810]: DEBUG cinder.api.openstack.wsgi [None req-95d7bc8e-3e57-4bf9-8dd8-ea971a02e8fb tempest-SnapshotMetadataTestJSON-2112566904 tempest-SnapshotMetadataTestJSON-2112566904-project] Empty body provided in request {{(pid=108810) get_body /opt/stack/cinder/cinder/api/openstack/wsgi.py:703}}
Mar 29 21:07:51.634534 dv-cinder-835761-1-smb devstack@c-api.service[108810]: /usr/local/lib/python3.8/dist-packages/webob/acceptparse.py:1047: DeprecationWarning: The behavior of AcceptValidHeader.best_match is currently being maintained for backward compatibility, but it will be deprecated in the future, as it does not conform to the RFC.
Mar 29 21:07:51.634534 dv-cinder-835761-1-smb devstack@c-api.service[108810]: warnings.warn(
Mar 29 21:07:51.635579 dv-cinder-835761-1-smb devstack@c-api.service[108810]: DEBUG cinder.api.openstack.wsgi [None req-95d7bc8e-3e57-4bf9-8dd8-ea971a02e8fb tempest-SnapshotMetadataTestJSON-2112566904 tempest-SnapshotMetadataTestJSON-2112566904-project] Calling method 'show' {{(pid=108810) _process_stack /opt/stack/cinder/cinder/api/openstack/wsgi.py:856}}
Mar 29 21:07:51.649480 dv-cinder-835761-1-smb devstack@c-api.service[108811]: DEBUG cinder.volume.api [None req-17ec6c62-44ce-463d-83aa-3e812600e641 tempest-DeleteServersTestJSON-1616691577 tempest-DeleteServersTestJSON-1616691577-project] Task 'cinder.volume.flows.api.create_volume.EntryCreateTask;volume:create' (4664edb7-d710-4cd5-a6d1-413dff352717) transitioned into state 'SUCCESS' from state 'RUNNING' with result '{'volume_id': '846ece3f-aa55-4bba-b51a-f056ff7c9400', 'volume_properties': VolumeProperties(attach_status='detached',availability_zone='nova',cgsnapshot_id=None,consistencygroup_id=None,display_description=None,display_name='tempest-DeleteServersTestJSON-volume-835557333',encryption_key_id=None,group_id=None,group_type_id=,metadata={},multiattach=False,project_id='a1d10e2ba226416ca2ffb6eadc07afad',qos_specs=None,replication_status=,reservations=['733863cb-9ede-45ec-80e2-1d70cfa5db6e','5bcaf390-e248-4b47-868b-66a6cc8df3fd','50c6c9c5-97b1-458c-96ee-a8662e5441e2','6d3dbc72-a212-45c6-aef5-f976a8b3efa4'],size=1,snapshot_id=None,source_replicaid=,source_volid=None,status='creating',user_id='dc12886c56d740f9aca3670c9829c476',volume_type_id=5ab6de1c-13f0-4cf6-9d6c-7a5174328387), 'volume': Volume(_name_id=None,admin_metadata=,attach_status='detached',availability_zone='nova',bootable=False,cluster=,cluster_name=None,consistencygroup=,consistencygroup_id=None,created_at=2022-03-29T21:07:51Z,deleted=False,deleted_at=None,display_description=None,display_name='tempest-DeleteServersTestJSON-volume-835557333',ec2_id=None,encryption_key_id=None,glance_metadata=,group=,group_id=None,host=None,id=846ece3f-aa55-4bba-b51a-f056ff7c9400,launched_at=None,metadata={},migration_status=None,multiattach=False,previous_status=None,project_id='a1d10e2ba226416ca2ffb6eadc07afad',provider_auth=None,provider_geometry=None,provider_id=None,provider_location=None,replication_driver_data=None,replication_extended_status=None,replication_status=None,scheduled_at=None,service_uuid=None,shared_targets=True,size=1,snapshot_id=None,snapshots=,source_volid=None,status='creating',terminated_at=None,updated_at=None,use_quota=True,user_id='dc12886c56d740f9aca3670c9829c476',volume_attachment=VolumeAttachmentList,volume_type=VolumeType(5ab6de1c-13f0-4cf6-9d6c-7a5174328387),volume_type_id=5ab6de1c-13f0-4cf6-9d6c-7a5174328387)}' {{(pid=108811) _task_receiver /usr/local/lib/python3.8/dist-packages/taskflow/listeners/logging.py:178}}
Mar 29 21:07:51.649989 dv-cinder-835761-1-smb devstack@c-api.service[108810]: /usr/local/lib/python3.8/dist-packages/oslo_context/context.py:105: DeprecationWarning: Policy enforcement is depending on the value of is_admin. This key is deprecated. Please update your policy file to use the standard policy values.
Mar 29 21:07:51.649989 dv-cinder-835761-1-smb devstack@c-api.service[108810]: warnings.warn('Policy enforcement is depending on the value of '
Mar 29 21:07:51.651346 dv-cinder-835761-1-smb devstack@c-api.service[108810]: INFO cinder.volume.api [None req-95d7bc8e-3e57-4bf9-8dd8-ea971a02e8fb tempest-SnapshotMetadataTestJSON-2112566904 tempest-SnapshotMetadataTestJSON-2112566904-project] Snapshot retrieved successfully.
Mar 29 21:07:51.654578 dv-cinder-835761-1-smb devstack@c-api.service[108810]: INFO cinder.api.openstack.wsgi [None req-95d7bc8e-3e57-4bf9-8dd8-ea971a02e8fb tempest-SnapshotMetadataTestJSON-2112566904 tempest-SnapshotMetadataTestJSON-2112566904-project] http://10.222.0.37/volume/v3/54e90e2e582a4c0192d47f2ce5e0b07b/snapshots/3abe35b0-5668-4290-87ee-7072471e08a9 returned with HTTP 200
Mar 29 21:07:51.654705 dv-cinder-835761-1-smb devstack@c-api.service[108811]: DEBUG cinder.volume.api [None req-17ec6c62-44ce-463d-83aa-3e812600e641 tempest-DeleteServersTestJSON-1616691577 tempest-DeleteServersTestJSON-1616691577-project] Task 'cinder.volume.flows.api.create_volume.QuotaCommitTask;volume:create' (faea45ab-9111-4266-8978-9d388f125999) transitioned into state 'RUNNING' from state 'PENDING' {{(pid=108811) _task_receiver /usr/local/lib/python3.8/dist-packages/taskflow/listeners/logging.py:190}}
Mar 29 21:07:51.657370 dv-cinder-835761-1-smb devstack@c-api.service[108810]: [pid: 108810|app: 0|req: 133/251] 10.222.0.37 () {58 vars in 1330 bytes} [Tue Mar 29 21:07:51 2022] GET /volume/v3/54e90e2e582a4c0192d47f2ce5e0b07b/snapshots/3abe35b0-5668-4290-87ee-7072471e08a9 => generated 535 bytes in 28 msecs (HTTP/1.1 200) 7 headers in 285 bytes (2 switches on core 0)
Mar 29 21:07:51.665929 dv-cinder-835761-1-smb devstack@c-api.service[108810]: INFO cinder.api.openstack.wsgi [None req-07e0f46d-9b22-427c-8bff-9a4870003f57 tempest-SnapshotsActionsTest-1779713002 tempest-SnapshotsActionsTest-1779713002-project] GET http://10.222.0.37/volume/v3/98bb510d1cf148f1b9959005fd74f50b/snapshots/667fb201-f609-4bc9-93d0-31f6b80f0f62
Mar 29 21:07:51.668308 dv-cinder-835761-1-smb devstack@c-api.service[108810]: DEBUG cinder.api.openstack.wsgi [None req-07e0f46d-9b22-427c-8bff-9a4870003f57 tempest-SnapshotsActionsTest-1779713002 tempest-SnapshotsActionsTest-1779713002-project] Empty body provided in request {{(pid=108810) get_body /opt/stack/cinder/cinder/api/openstack/wsgi.py:703}}
Mar 29 21:07:51.668690 dv-cinder-835761-1-smb devstack@c-api.service[108810]: /usr/local/lib/python3.8/dist-packages/webob/acceptparse.py:1047: DeprecationWarning: The behavior of AcceptValidHeader.best_match is currently being maintained for backward compatibility, but it will be deprecated in the future, as it does not conform to the RFC.
Mar 29 21:07:51.668690 dv-cinder-835761-1-smb devstack@c-api.service[108810]: warnings.warn(
Mar 29 21:07:51.670040 dv-cinder-835761-1-smb devstack@c-api.service[108810]: DEBUG cinder.api.openstack.wsgi [None req-07e0f46d-9b22-427c-8bff-9a4870003f57 tempest-SnapshotsActionsTest-1779713002 tempest-SnapshotsActionsTest-1779713002-project] Calling method 'show' {{(pid=108810) _process_stack /opt/stack/cinder/cinder/api/openstack/wsgi.py:856}}
Mar 29 21:07:51.683695 dv-cinder-835761-1-smb devstack@c-api.service[108810]: /usr/local/lib/python3.8/dist-packages/oslo_context/context.py:105: DeprecationWarning: Policy enforcement is depending on the value of is_admin. This key is deprecated. Please update your policy file to use the standard policy values.
Mar 29 21:07:51.683695 dv-cinder-835761-1-smb devstack@c-api.service[108810]: warnings.warn('Policy enforcement is depending on the value of '
Mar 29 21:07:51.687085 dv-cinder-835761-1-smb devstack@c-api.service[108810]: INFO cinder.volume.api [None req-07e0f46d-9b22-427c-8bff-9a4870003f57 tempest-SnapshotsActionsTest-1779713002 tempest-SnapshotsActionsTest-1779713002-project] Snapshot retrieved successfully.
Mar 29 21:07:51.691642 dv-cinder-835761-1-smb devstack@c-api.service[108810]: INFO cinder.api.openstack.wsgi [None req-07e0f46d-9b22-427c-8bff-9a4870003f57 tempest-SnapshotsActionsTest-1779713002 tempest-SnapshotsActionsTest-1779713002-project] http://10.222.0.37/volume/v3/98bb510d1cf148f1b9959005fd74f50b/snapshots/667fb201-f609-4bc9-93d0-31f6b80f0f62 returned with HTTP 200
Mar 29 21:07:51.694253 dv-cinder-835761-1-smb devstack@c-api.service[108810]: [pid: 108810|app: 0|req: 134/252] 10.222.0.37 () {58 vars in 1330 bytes} [Tue Mar 29 21:07:51 2022] GET /volume/v3/98bb510d1cf148f1b9959005fd74f50b/snapshots/667fb201-f609-4bc9-93d0-31f6b80f0f62 => generated 569 bytes in 36 msecs (HTTP/1.1 200) 7 headers in 285 bytes (1 switches on core 0)
Mar 29 21:07:51.697041 dv-cinder-835761-1-smb devstack@c-api.service[108811]: DEBUG cinder.volume.api [None req-17ec6c62-44ce-463d-83aa-3e812600e641 tempest-DeleteServersTestJSON-1616691577 tempest-DeleteServersTestJSON-1616691577-project] Task 'cinder.volume.flows.api.create_volume.QuotaCommitTask;volume:create' (faea45ab-9111-4266-8978-9d388f125999) transitioned into state 'SUCCESS' from state 'RUNNING' with result '{'volume_properties': VolumeProperties(attach_status='detached',availability_zone='nova',cgsnapshot_id=None,consistencygroup_id=None,display_description=None,display_name='tempest-DeleteServersTestJSON-volume-835557333',encryption_key_id=None,group_id=None,group_type_id=,metadata={},multiattach=False,project_id='a1d10e2ba226416ca2ffb6eadc07afad',qos_specs=None,replication_status=,reservations=['733863cb-9ede-45ec-80e2-1d70cfa5db6e','5bcaf390-e248-4b47-868b-66a6cc8df3fd','50c6c9c5-97b1-458c-96ee-a8662e5441e2','6d3dbc72-a212-45c6-aef5-f976a8b3efa4'],size=1,snapshot_id=None,source_replicaid=,source_volid=None,status='creating',user_id='dc12886c56d740f9aca3670c9829c476',volume_type_id=5ab6de1c-13f0-4cf6-9d6c-7a5174328387)}' {{(pid=108811) _task_receiver /usr/local/lib/python3.8/dist-packages/taskflow/listeners/logging.py:178}}
Mar 29 21:07:51.700257 dv-cinder-835761-1-smb devstack@c-api.service[108810]: INFO cinder.api.openstack.wsgi [None req-4deed045-abee-4880-947e-9ba7235a0cb8 tempest-SnapshotMetadataTestJSON-2112566904 tempest-SnapshotMetadataTestJSON-2112566904-project] POST http://10.222.0.37/volume/v3/54e90e2e582a4c0192d47f2ce5e0b07b/snapshots/3abe35b0-5668-4290-87ee-7072471e08a9/metadata
Mar 29 21:07:51.700884 dv-cinder-835761-1-smb devstack@c-api.service[108810]: /usr/local/lib/python3.8/dist-packages/webob/acceptparse.py:1047: DeprecationWarning: The behavior of AcceptValidHeader.best_match is currently being maintained for backward compatibility, but it will be deprecated in the future, as it does not conform to the RFC.
Mar 29 21:07:51.700884 dv-cinder-835761-1-smb devstack@c-api.service[108810]: warnings.warn(
Mar 29 21:07:51.701360 dv-cinder-835761-1-smb devstack@c-api.service[108810]: DEBUG cinder.api.openstack.wsgi [None req-4deed045-abee-4880-947e-9ba7235a0cb8 tempest-SnapshotMetadataTestJSON-2112566904 tempest-SnapshotMetadataTestJSON-2112566904-project] Action: 'create', calling method: create, body: {"metadata": {"key1": "value1", "key2": "value2", "key3": "value3"}} {{(pid=108810) _process_stack /opt/stack/cinder/cinder/api/openstack/wsgi.py:854}}
Mar 29 21:07:51.704959 dv-cinder-835761-1-smb devstack@c-api.service[108811]: DEBUG cinder.volume.api [None req-17ec6c62-44ce-463d-83aa-3e812600e641 tempest-DeleteServersTestJSON-1616691577 tempest-DeleteServersTestJSON-1616691577-project] Task 'cinder.volume.flows.api.create_volume.VolumeCastTask;volume:create' (59a82483-94d9-4797-81cf-9d299016b649) transitioned into state 'RUNNING' from state 'PENDING' {{(pid=108811) _task_receiver /usr/local/lib/python3.8/dist-packages/taskflow/listeners/logging.py:190}}
Mar 29 21:07:51.711225 dv-cinder-835761-1-smb devstack@c-api.service[108810]: /usr/local/lib/python3.8/dist-packages/oslo_context/context.py:105: DeprecationWarning: Policy enforcement is depending on the value of is_admin. This key is deprecated. Please update your policy file to use the standard policy values.
Mar 29 21:07:51.711225 dv-cinder-835761-1-smb devstack@c-api.service[108810]: warnings.warn('Policy enforcement is depending on the value of '
Mar 29 21:07:51.713043 dv-cinder-835761-1-smb devstack@c-api.service[108810]: INFO cinder.volume.api [None req-4deed045-abee-4880-947e-9ba7235a0cb8 tempest-SnapshotMetadataTestJSON-2112566904 tempest-SnapshotMetadataTestJSON-2112566904-project] Snapshot retrieved successfully.
Mar 29 21:07:51.753749 dv-cinder-835761-1-smb devstack@c-api.service[108811]: DEBUG cinder.volume.api [None req-17ec6c62-44ce-463d-83aa-3e812600e641 tempest-DeleteServersTestJSON-1616691577 tempest-DeleteServersTestJSON-1616691577-project] Task 'cinder.volume.flows.api.create_volume.VolumeCastTask;volume:create' (59a82483-94d9-4797-81cf-9d299016b649) transitioned into state 'SUCCESS' from state 'RUNNING' with result 'None' {{(pid=108811) _task_receiver /usr/local/lib/python3.8/dist-packages/taskflow/listeners/logging.py:178}}
Mar 29 21:07:51.765586 dv-cinder-835761-1-smb devstack@c-api.service[108811]: DEBUG cinder.volume.api [None req-17ec6c62-44ce-463d-83aa-3e812600e641 tempest-DeleteServersTestJSON-1616691577 tempest-DeleteServersTestJSON-1616691577-project] Flow 'volume_create_api' (fd774623-df98-4df9-b8da-388e3261f28b) transitioned into state 'SUCCESS' from state 'RUNNING' {{(pid=108811) _flow_receiver /usr/local/lib/python3.8/dist-packages/taskflow/listeners/logging.py:141}}
Mar 29 21:07:51.766512 dv-cinder-835761-1-smb devstack@c-api.service[108811]: INFO cinder.volume.api [None req-17ec6c62-44ce-463d-83aa-3e812600e641 tempest-DeleteServersTestJSON-1616691577 tempest-DeleteServersTestJSON-1616691577-project] Create volume request issued successfully.
Mar 29 21:07:51.767908 dv-cinder-835761-1-smb devstack@c-api.service[108811]: INFO cinder.api.openstack.wsgi [None req-17ec6c62-44ce-463d-83aa-3e812600e641 tempest-DeleteServersTestJSON-1616691577 tempest-DeleteServersTestJSON-1616691577-project] http://10.222.0.37/volume/v3/a1d10e2ba226416ca2ffb6eadc07afad/volumes returned with HTTP 202
Mar 29 21:07:51.769305 dv-cinder-835761-1-smb devstack@c-api.service[108811]: [pid: 108811|app: 0|req: 119/253] 10.222.0.37 () {60 vars in 1234 bytes} [Tue Mar 29 21:07:51 2022] POST /volume/v3/a1d10e2ba226416ca2ffb6eadc07afad/volumes => generated 820 bytes in 354 msecs (HTTP/1.1 202) 7 headers in 291 bytes (1 switches on core 0)
Mar 29 21:07:51.783313 dv-cinder-835761-1-smb devstack@c-api.service[108811]: INFO cinder.api.openstack.wsgi [None req-71e9b25d-129a-4c46-bf7c-b7c8410ee019 tempest-SnapshotsActionsTest-495889769 tempest-SnapshotsActionsTest-495889769-project-admin] POST http://10.222.0.37/volume/v3/d108b3eddbf44107a1fd48f431fed2ed/snapshots/667fb201-f609-4bc9-93d0-31f6b80f0f62/action
Mar 29 21:07:51.783907 dv-cinder-835761-1-smb devstack@c-api.service[108811]: /usr/local/lib/python3.8/dist-packages/webob/acceptparse.py:1047: DeprecationWarning: The behavior of AcceptValidHeader.best_match is currently being maintained for backward compatibility, but it will be deprecated in the future, as it does not conform to the RFC.
Mar 29 21:07:51.783907 dv-cinder-835761-1-smb devstack@c-api.service[108811]: warnings.warn(
Mar 29 21:07:51.784512 dv-cinder-835761-1-smb devstack@c-api.service[108811]: DEBUG cinder.api.openstack.wsgi [None req-71e9b25d-129a-4c46-bf7c-b7c8410ee019 tempest-SnapshotsActionsTest-495889769 tempest-SnapshotsActionsTest-495889769-project-admin] Action body: b'{"os-reset_status": {"status": "error_deleting"}}' {{(pid=108811) get_method /opt/stack/cinder/cinder/api/openstack/wsgi.py:971}}
Mar 29 21:07:51.784972 dv-cinder-835761-1-smb devstack@c-api.service[108811]: DEBUG cinder.api.openstack.wsgi [None req-71e9b25d-129a-4c46-bf7c-b7c8410ee019 tempest-SnapshotsActionsTest-495889769 tempest-SnapshotsActionsTest-495889769-project-admin] Action: 'action', calling method: _reset_status, body: {"os-reset_status": {"status": "error_deleting"}} {{(pid=108811) _process_stack /opt/stack/cinder/cinder/api/openstack/wsgi.py:854}}
Mar 29 21:07:51.786229 dv-cinder-835761-1-smb devstack@c-api.service[108811]: DEBUG cinder.api.contrib.admin_actions [None req-71e9b25d-129a-4c46-bf7c-b7c8410ee019 tempest-SnapshotsActionsTest-495889769 tempest-SnapshotsActionsTest-495889769-project-admin] Updating snapshot '667fb201-f609-4bc9-93d0-31f6b80f0f62' with '{'status': 'error_deleting'}' {{(pid=108811) _reset_status /opt/stack/cinder/cinder/api/contrib/admin_actions.py:100}}
Mar 29 21:07:51.807850 dv-cinder-835761-1-smb devstack@c-api.service[108810]: INFO cinder.volume.api [None req-4deed045-abee-4880-947e-9ba7235a0cb8 tempest-SnapshotMetadataTestJSON-2112566904 tempest-SnapshotMetadataTestJSON-2112566904-project] Update snapshot metadata completed successfully.
Mar 29 21:07:51.808629 dv-cinder-835761-1-smb devstack@c-api.service[108810]: INFO cinder.api.openstack.wsgi [None req-4deed045-abee-4880-947e-9ba7235a0cb8 tempest-SnapshotMetadataTestJSON-2112566904 tempest-SnapshotMetadataTestJSON-2112566904-project] http://10.222.0.37/volume/v3/54e90e2e582a4c0192d47f2ce5e0b07b/snapshots/3abe35b0-5668-4290-87ee-7072471e08a9/metadata returned with HTTP 200
Mar 29 21:07:51.810502 dv-cinder-835761-1-smb devstack@c-api.service[108810]: [pid: 108810|app: 0|req: 135/254] 10.222.0.37 () {60 vars in 1378 bytes} [Tue Mar 29 21:07:51 2022] POST /volume/v3/54e90e2e582a4c0192d47f2ce5e0b07b/snapshots/3abe35b0-5668-4290-87ee-7072471e08a9/metadata => generated 136 bytes in 115 msecs (HTTP/1.1 200) 7 headers in 285 bytes (1 switches on core 0)
Mar 29 21:07:51.814867 dv-cinder-835761-1-smb devstack@c-api.service[108810]: INFO cinder.api.openstack.wsgi [None req-c1d43abb-b907-4cfa-ac18-14845f44c5f8 tempest-DeleteServersTestJSON-1616691577 tempest-DeleteServersTestJSON-1616691577-project] GET http://10.222.0.37/volume/v3/a1d10e2ba226416ca2ffb6eadc07afad/volumes/846ece3f-aa55-4bba-b51a-f056ff7c9400
Mar 29 21:07:51.815522 dv-cinder-835761-1-smb devstack@c-api.service[108810]: DEBUG cinder.api.openstack.wsgi [None req-c1d43abb-b907-4cfa-ac18-14845f44c5f8 tempest-DeleteServersTestJSON-1616691577 tempest-DeleteServersTestJSON-1616691577-project] Empty body provided in request {{(pid=108810) get_body /opt/stack/cinder/cinder/api/openstack/wsgi.py:703}}
Mar 29 21:07:51.815828 dv-cinder-835761-1-smb devstack@c-api.service[108810]: /usr/local/lib/python3.8/dist-packages/webob/acceptparse.py:1047: DeprecationWarning: The behavior of AcceptValidHeader.best_match is currently being maintained for backward compatibility, but it will be deprecated in the future, as it does not conform to the RFC.
Mar 29 21:07:51.815828 dv-cinder-835761-1-smb devstack@c-api.service[108810]: warnings.warn(
Mar 29 21:07:51.816488 dv-cinder-835761-1-smb devstack@c-api.service[108810]: DEBUG cinder.api.openstack.wsgi [None req-c1d43abb-b907-4cfa-ac18-14845f44c5f8 tempest-DeleteServersTestJSON-1616691577 tempest-DeleteServersTestJSON-1616691577-project] Calling method 'show' {{(pid=108810) _process_stack /opt/stack/cinder/cinder/api/openstack/wsgi.py:856}}
Mar 29 21:07:51.826676 dv-cinder-835761-1-smb devstack@c-api.service[108811]: /usr/local/lib/python3.8/dist-packages/oslo_context/context.py:105: DeprecationWarning: Policy enforcement is depending on the value of is_admin. This key is deprecated. Please update your policy file to use the standard policy values.
Mar 29 21:07:51.826676 dv-cinder-835761-1-smb devstack@c-api.service[108811]: warnings.warn('Policy enforcement is depending on the value of '
Mar 29 21:07:51.851670 dv-cinder-835761-1-smb devstack@c-api.service[108810]: /usr/local/lib/python3.8/dist-packages/oslo_context/context.py:105: DeprecationWarning: Policy enforcement is depending on the value of is_admin. This key is deprecated. Please update your policy file to use the standard policy values.
Mar 29 21:07:51.851670 dv-cinder-835761-1-smb devstack@c-api.service[108810]: warnings.warn('Policy enforcement is depending on the value of '
Mar 29 21:07:51.864503 dv-cinder-835761-1-smb devstack@c-api.service[108810]: INFO cinder.volume.api [None req-c1d43abb-b907-4cfa-ac18-14845f44c5f8 tempest-DeleteServersTestJSON-1616691577 tempest-DeleteServersTestJSON-1616691577-project] Volume info retrieved successfully.
Mar 29 21:07:51.875460 dv-cinder-835761-1-smb devstack@c-api.service[108811]: INFO cinder.api.openstack.wsgi [None req-71e9b25d-129a-4c46-bf7c-b7c8410ee019 tempest-SnapshotsActionsTest-495889769 tempest-SnapshotsActionsTest-495889769-project-admin] http://10.222.0.37/volume/v3/d108b3eddbf44107a1fd48f431fed2ed/snapshots/667fb201-f609-4bc9-93d0-31f6b80f0f62/action returned with HTTP 202
Mar 29 21:07:51.879076 dv-cinder-835761-1-smb devstack@c-api.service[108811]: [pid: 108811|app: 0|req: 120/255] 10.222.0.37 () {60 vars in 1372 bytes} [Tue Mar 29 21:07:51 2022] POST /volume/v3/d108b3eddbf44107a1fd48f431fed2ed/snapshots/667fb201-f609-4bc9-93d0-31f6b80f0f62/action => generated 0 bytes in 106 msecs (HTTP/1.1 202) 7 headers in 289 bytes (1 switches on core 0)
Mar 29 21:07:51.881292 dv-cinder-835761-1-smb devstack@c-api.service[108810]: INFO cinder.api.openstack.wsgi [None req-c1d43abb-b907-4cfa-ac18-14845f44c5f8 tempest-DeleteServersTestJSON-1616691577 tempest-DeleteServersTestJSON-1616691577-project] http://10.222.0.37/volume/v3/a1d10e2ba226416ca2ffb6eadc07afad/volumes/846ece3f-aa55-4bba-b51a-f056ff7c9400 returned with HTTP 200
Mar 29 21:07:51.882619 dv-cinder-835761-1-smb devstack@c-api.service[108811]: INFO cinder.api.openstack.wsgi [None req-32c9d4e2-cd7e-4ea5-b136-835cc7cb1421 tempest-SnapshotMetadataTestJSON-2112566904 tempest-SnapshotMetadataTestJSON-2112566904-project] GET http://10.222.0.37/volume/v3/54e90e2e582a4c0192d47f2ce5e0b07b/snapshots/3abe35b0-5668-4290-87ee-7072471e08a9/metadata
Mar 29 21:07:51.883060 dv-cinder-835761-1-smb devstack@c-api.service[108811]: DEBUG cinder.api.openstack.wsgi [None req-32c9d4e2-cd7e-4ea5-b136-835cc7cb1421 tempest-SnapshotMetadataTestJSON-2112566904 tempest-SnapshotMetadataTestJSON-2112566904-project] Empty body provided in request {{(pid=108811) get_body /opt/stack/cinder/cinder/api/openstack/wsgi.py:703}}
Mar 29 21:07:51.883227 dv-cinder-835761-1-smb devstack@c-api.service[108811]: /usr/local/lib/python3.8/dist-packages/webob/acceptparse.py:1047: DeprecationWarning: The behavior of AcceptValidHeader.best_match is currently being maintained for backward compatibility, but it will be deprecated in the future, as it does not conform to the RFC.
Mar 29 21:07:51.883227 dv-cinder-835761-1-smb devstack@c-api.service[108811]: warnings.warn(
Mar 29 21:07:51.883597 dv-cinder-835761-1-smb devstack@c-api.service[108811]: DEBUG cinder.api.openstack.wsgi [None req-32c9d4e2-cd7e-4ea5-b136-835cc7cb1421 tempest-SnapshotMetadataTestJSON-2112566904 tempest-SnapshotMetadataTestJSON-2112566904-project] Calling method 'index' {{(pid=108811) _process_stack /opt/stack/cinder/cinder/api/openstack/wsgi.py:856}}
Mar 29 21:07:51.886119 dv-cinder-835761-1-smb devstack@c-api.service[108810]: [pid: 108810|app: 0|req: 136/256] 10.222.0.37 () {58 vars in 1324 bytes} [Tue Mar 29 21:07:51 2022] GET /volume/v3/a1d10e2ba226416ca2ffb6eadc07afad/volumes/846ece3f-aa55-4bba-b51a-f056ff7c9400 => generated 888 bytes in 75 msecs (HTTP/1.1 200) 7 headers in 285 bytes (1 switches on core 0)
Mar 29 21:07:51.904954 dv-cinder-835761-1-smb devstack@c-api.service[108810]: INFO cinder.api.openstack.wsgi [None req-40b66887-58f2-46e0-8925-9406cef16ddb tempest-SnapshotsActionsTest-1779713002 tempest-SnapshotsActionsTest-1779713002-project] GET http://10.222.0.37/volume/v3/98bb510d1cf148f1b9959005fd74f50b/snapshots/667fb201-f609-4bc9-93d0-31f6b80f0f62
Mar 29 21:07:51.905410 dv-cinder-835761-1-smb devstack@c-api.service[108810]: DEBUG cinder.api.openstack.wsgi [None req-40b66887-58f2-46e0-8925-9406cef16ddb tempest-SnapshotsActionsTest-1779713002 tempest-SnapshotsActionsTest-1779713002-project] Empty body provided in request {{(pid=108810) get_body /opt/stack/cinder/cinder/api/openstack/wsgi.py:703}}
Mar 29 21:07:51.905579 dv-cinder-835761-1-smb devstack@c-api.service[108810]: /usr/local/lib/python3.8/dist-packages/webob/acceptparse.py:1047: DeprecationWarning: The behavior of AcceptValidHeader.best_match is currently being maintained for backward compatibility, but it will be deprecated in the future, as it does not conform to the RFC.
Mar 29 21:07:51.905579 dv-cinder-835761-1-smb devstack@c-api.service[108810]: warnings.warn(
Mar 29 21:07:51.905893 dv-cinder-835761-1-smb devstack@c-api.service[108810]: DEBUG cinder.api.openstack.wsgi [None req-40b66887-58f2-46e0-8925-9406cef16ddb tempest-SnapshotsActionsTest-1779713002 tempest-SnapshotsActionsTest-1779713002-project] Calling method 'show' {{(pid=108810) _process_stack /opt/stack/cinder/cinder/api/openstack/wsgi.py:856}}
Mar 29 21:07:51.912659 dv-cinder-835761-1-smb devstack@c-api.service[108811]: /usr/local/lib/python3.8/dist-packages/oslo_context/context.py:105: DeprecationWarning: Policy enforcement is depending on the value of is_admin. This key is deprecated. Please update your policy file to use the standard policy values.
Mar 29 21:07:51.912659 dv-cinder-835761-1-smb devstack@c-api.service[108811]: warnings.warn('Policy enforcement is depending on the value of '
Mar 29 21:07:51.913667 dv-cinder-835761-1-smb devstack@c-api.service[108811]: INFO cinder.volume.api [None req-32c9d4e2-cd7e-4ea5-b136-835cc7cb1421 tempest-SnapshotMetadataTestJSON-2112566904 tempest-SnapshotMetadataTestJSON-2112566904-project] Snapshot retrieved successfully.
Mar 29 21:07:51.923232 dv-cinder-835761-1-smb devstack@c-api.service[108811]: INFO cinder.volume.api [None req-32c9d4e2-cd7e-4ea5-b136-835cc7cb1421 tempest-SnapshotMetadataTestJSON-2112566904 tempest-SnapshotMetadataTestJSON-2112566904-project] Get snapshot metadata completed successfully.
Mar 29 21:07:51.924097 dv-cinder-835761-1-smb devstack@c-api.service[108811]: INFO cinder.api.openstack.wsgi [None req-32c9d4e2-cd7e-4ea5-b136-835cc7cb1421 tempest-SnapshotMetadataTestJSON-2112566904 tempest-SnapshotMetadataTestJSON-2112566904-project] http://10.222.0.37/volume/v3/54e90e2e582a4c0192d47f2ce5e0b07b/snapshots/3abe35b0-5668-4290-87ee-7072471e08a9/metadata returned with HTTP 200
Mar 29 21:07:51.925530 dv-cinder-835761-1-smb devstack@c-api.service[108811]: [pid: 108811|app: 0|req: 121/257] 10.222.0.37 () {58 vars in 1357 bytes} [Tue Mar 29 21:07:51 2022] GET /volume/v3/54e90e2e582a4c0192d47f2ce5e0b07b/snapshots/3abe35b0-5668-4290-87ee-7072471e08a9/metadata => generated 136 bytes in 48 msecs (HTTP/1.1 200) 7 headers in 285 bytes (1 switches on core 0)
Mar 29 21:07:51.937253 dv-cinder-835761-1-smb devstack@c-api.service[108810]: /usr/local/lib/python3.8/dist-packages/oslo_context/context.py:105: DeprecationWarning: Policy enforcement is depending on the value of is_admin. This key is deprecated. Please update your policy file to use the standard policy values.
Mar 29 21:07:51.937253 dv-cinder-835761-1-smb devstack@c-api.service[108810]: warnings.warn('Policy enforcement is depending on the value of '
Mar 29 21:07:51.939512 dv-cinder-835761-1-smb devstack@c-api.service[108810]: INFO cinder.volume.api [None req-40b66887-58f2-46e0-8925-9406cef16ddb tempest-SnapshotsActionsTest-1779713002 tempest-SnapshotsActionsTest-1779713002-project] Snapshot retrieved successfully.
Mar 29 21:07:51.955741 dv-cinder-835761-1-smb devstack@c-api.service[108811]: INFO cinder.api.openstack.wsgi [None req-2cb7bcad-d53b-48cf-8505-98f28534ba47 tempest-SnapshotMetadataTestJSON-2112566904 tempest-SnapshotMetadataTestJSON-2112566904-project] PUT http://10.222.0.37/volume/v3/54e90e2e582a4c0192d47f2ce5e0b07b/snapshots/3abe35b0-5668-4290-87ee-7072471e08a9/metadata
Mar 29 21:07:51.956275 dv-cinder-835761-1-smb devstack@c-api.service[108811]: /usr/local/lib/python3.8/dist-packages/webob/acceptparse.py:1047: DeprecationWarning: The behavior of AcceptValidHeader.best_match is currently being maintained for backward compatibility, but it will be deprecated in the future, as it does not conform to the RFC.
Mar 29 21:07:51.956275 dv-cinder-835761-1-smb devstack@c-api.service[108811]: warnings.warn(
Mar 29 21:07:51.956723 dv-cinder-835761-1-smb devstack@c-api.service[108811]: DEBUG cinder.api.openstack.wsgi [None req-2cb7bcad-d53b-48cf-8505-98f28534ba47 tempest-SnapshotMetadataTestJSON-2112566904 tempest-SnapshotMetadataTestJSON-2112566904-project] Action: 'update_all', calling method: update_all, body: {"metadata": {"key3": "value3_update", "key4": "value4"}} {{(pid=108811) _process_stack /opt/stack/cinder/cinder/api/openstack/wsgi.py:854}}
Mar 29 21:07:51.964968 dv-cinder-835761-1-smb devstack@c-api.service[108810]: INFO cinder.api.openstack.wsgi [None req-40b66887-58f2-46e0-8925-9406cef16ddb tempest-SnapshotsActionsTest-1779713002 tempest-SnapshotsActionsTest-1779713002-project] http://10.222.0.37/volume/v3/98bb510d1cf148f1b9959005fd74f50b/snapshots/667fb201-f609-4bc9-93d0-31f6b80f0f62 returned with HTTP 200
Mar 29 21:07:51.966285 dv-cinder-835761-1-smb devstack@c-api.service[108810]: [pid: 108810|app: 0|req: 137/258] 10.222.0.37 () {58 vars in 1330 bytes} [Tue Mar 29 21:07:51 2022] GET /volume/v3/98bb510d1cf148f1b9959005fd74f50b/snapshots/667fb201-f609-4bc9-93d0-31f6b80f0f62 => generated 574 bytes in 79 msecs (HTTP/1.1 200) 7 headers in 285 bytes (1 switches on core 0)
Mar 29 21:07:51.980905 dv-cinder-835761-1-smb devstack@c-api.service[108811]: /usr/local/lib/python3.8/dist-packages/oslo_context/context.py:105: DeprecationWarning: Policy enforcement is depending on the value of is_admin. This key is deprecated. Please update your policy file to use the standard policy values.
Mar 29 21:07:51.980905 dv-cinder-835761-1-smb devstack@c-api.service[108811]: warnings.warn('Policy enforcement is depending on the value of '
Mar 29 21:07:51.983356 dv-cinder-835761-1-smb devstack@c-api.service[108811]: INFO cinder.volume.api [None req-2cb7bcad-d53b-48cf-8505-98f28534ba47 tempest-SnapshotMetadataTestJSON-2112566904 tempest-SnapshotMetadataTestJSON-2112566904-project] Snapshot retrieved successfully.
Mar 29 21:07:51.995774 dv-cinder-835761-1-smb devstack@c-api.service[108810]: INFO cinder.api.openstack.wsgi [None req-618c5964-d5c2-4c76-9eec-52785113658e tempest-SnapshotsActionsTest-495889769 tempest-SnapshotsActionsTest-495889769-project-admin] POST http://10.222.0.37/volume/v3/d108b3eddbf44107a1fd48f431fed2ed/snapshots/667fb201-f609-4bc9-93d0-31f6b80f0f62/action
Mar 29 21:07:51.996761 dv-cinder-835761-1-smb devstack@c-api.service[108810]: /usr/local/lib/python3.8/dist-packages/webob/acceptparse.py:1047: DeprecationWarning: The behavior of AcceptValidHeader.best_match is currently being maintained for backward compatibility, but it will be deprecated in the future, as it does not conform to the RFC.
Mar 29 21:07:51.996761 dv-cinder-835761-1-smb devstack@c-api.service[108810]: warnings.warn(
Mar 29 21:07:51.997653 dv-cinder-835761-1-smb devstack@c-api.service[108810]: DEBUG cinder.api.openstack.wsgi [None req-618c5964-d5c2-4c76-9eec-52785113658e tempest-SnapshotsActionsTest-495889769 tempest-SnapshotsActionsTest-495889769-project-admin] Action body: b'{"os-force_delete": {}}' {{(pid=108810) get_method /opt/stack/cinder/cinder/api/openstack/wsgi.py:971}}
Mar 29 21:07:51.998305 dv-cinder-835761-1-smb devstack@c-api.service[108810]: DEBUG cinder.api.openstack.wsgi [None req-618c5964-d5c2-4c76-9eec-52785113658e tempest-SnapshotsActionsTest-495889769 tempest-SnapshotsActionsTest-495889769-project-admin] Action: 'action', calling method: _force_delete, body: {"os-force_delete": {}} {{(pid=108810) _process_stack /opt/stack/cinder/cinder/api/openstack/wsgi.py:854}}
Mar 29 21:07:52.009228 dv-cinder-835761-1-smb devstack@c-api.service[108810]: /usr/local/lib/python3.8/dist-packages/oslo_context/context.py:105: DeprecationWarning: Policy enforcement is depending on the value of is_admin. This key is deprecated. Please update your policy file to use the standard policy values.
Mar 29 21:07:52.009228 dv-cinder-835761-1-smb devstack@c-api.service[108810]: warnings.warn('Policy enforcement is depending on the value of '
Mar 29 21:07:52.010409 dv-cinder-835761-1-smb devstack@c-api.service[108810]: INFO cinder.volume.api [None req-618c5964-d5c2-4c76-9eec-52785113658e tempest-SnapshotsActionsTest-495889769 tempest-SnapshotsActionsTest-495889769-project-admin] Snapshot retrieved successfully.
Mar 29 21:07:52.056542 dv-cinder-835761-1-smb devstack@c-api.service[108810]: INFO cinder.volume.api [None req-618c5964-d5c2-4c76-9eec-52785113658e tempest-SnapshotsActionsTest-495889769 tempest-SnapshotsActionsTest-495889769-project-admin] Snapshot delete request issued successfully.
Mar 29 21:07:52.057005 dv-cinder-835761-1-smb devstack@c-api.service[108810]: INFO cinder.api.openstack.wsgi [None req-618c5964-d5c2-4c76-9eec-52785113658e tempest-SnapshotsActionsTest-495889769 tempest-SnapshotsActionsTest-495889769-project-admin] http://10.222.0.37/volume/v3/d108b3eddbf44107a1fd48f431fed2ed/snapshots/667fb201-f609-4bc9-93d0-31f6b80f0f62/action returned with HTTP 202
Mar 29 21:07:52.057703 dv-cinder-835761-1-smb devstack@c-api.service[108811]: INFO cinder.volume.api [None req-2cb7bcad-d53b-48cf-8505-98f28534ba47 tempest-SnapshotMetadataTestJSON-2112566904 tempest-SnapshotMetadataTestJSON-2112566904-project] Update snapshot metadata completed successfully.
Mar 29 21:07:52.058152 dv-cinder-835761-1-smb devstack@c-api.service[108810]: [pid: 108810|app: 0|req: 138/259] 10.222.0.37 () {60 vars in 1372 bytes} [Tue Mar 29 21:07:51 2022] POST /volume/v3/d108b3eddbf44107a1fd48f431fed2ed/snapshots/667fb201-f609-4bc9-93d0-31f6b80f0f62/action => generated 0 bytes in 70 msecs (HTTP/1.1 202) 7 headers in 289 bytes (1 switches on core 0)
Mar 29 21:07:52.062055 dv-cinder-835761-1-smb devstack@c-api.service[108811]: INFO cinder.api.openstack.wsgi [None req-2cb7bcad-d53b-48cf-8505-98f28534ba47 tempest-SnapshotMetadataTestJSON-2112566904 tempest-SnapshotMetadataTestJSON-2112566904-project] http://10.222.0.37/volume/v3/54e90e2e582a4c0192d47f2ce5e0b07b/snapshots/3abe35b0-5668-4290-87ee-7072471e08a9/metadata returned with HTTP 200
Mar 29 21:07:52.064102 dv-cinder-835761-1-smb devstack@c-api.service[108811]: [pid: 108811|app: 0|req: 122/260] 10.222.0.37 () {60 vars in 1377 bytes} [Tue Mar 29 21:07:51 2022] PUT /volume/v3/54e90e2e582a4c0192d47f2ce5e0b07b/snapshots/3abe35b0-5668-4290-87ee-7072471e08a9/metadata => generated 57 bytes in 132 msecs (HTTP/1.1 200) 7 headers in 284 bytes (1 switches on core 0)
Mar 29 21:07:52.066986 dv-cinder-835761-1-smb devstack@c-api.service[108810]: INFO cinder.api.openstack.wsgi [None req-000f7214-d435-4a1a-bd67-bc2055fbb2e1 tempest-SnapshotsActionsTest-1779713002 tempest-SnapshotsActionsTest-1779713002-project] GET http://10.222.0.37/volume/v3/98bb510d1cf148f1b9959005fd74f50b/snapshots/667fb201-f609-4bc9-93d0-31f6b80f0f62
Mar 29 21:07:52.067130 dv-cinder-835761-1-smb devstack@c-api.service[108810]: DEBUG cinder.api.openstack.wsgi [None req-000f7214-d435-4a1a-bd67-bc2055fbb2e1 tempest-SnapshotsActionsTest-1779713002 tempest-SnapshotsActionsTest-1779713002-project] Empty body provided in request {{(pid=108810) get_body /opt/stack/cinder/cinder/api/openstack/wsgi.py:703}}
Mar 29 21:07:52.067285 dv-cinder-835761-1-smb devstack@c-api.service[108810]: /usr/local/lib/python3.8/dist-packages/webob/acceptparse.py:1047: DeprecationWarning: The behavior of AcceptValidHeader.best_match is currently being maintained for backward compatibility, but it will be deprecated in the future, as it does not conform to the RFC.
Mar 29 21:07:52.067285 dv-cinder-835761-1-smb devstack@c-api.service[108810]: warnings.warn(
Mar 29 21:07:52.067819 dv-cinder-835761-1-smb devstack@c-api.service[108810]: DEBUG cinder.api.openstack.wsgi [None req-000f7214-d435-4a1a-bd67-bc2055fbb2e1 tempest-SnapshotsActionsTest-1779713002 tempest-SnapshotsActionsTest-1779713002-project] Calling method 'show' {{(pid=108810) _process_stack /opt/stack/cinder/cinder/api/openstack/wsgi.py:856}}
Mar 29 21:07:52.072006 dv-cinder-835761-1-smb devstack@c-api.service[108811]: INFO cinder.api.openstack.wsgi [None req-fc6af1bf-8b22-4366-bfba-026f50313473 tempest-SnapshotMetadataTestJSON-2112566904 tempest-SnapshotMetadataTestJSON-2112566904-project] GET http://10.222.0.37/volume/v3/54e90e2e582a4c0192d47f2ce5e0b07b/snapshots/3abe35b0-5668-4290-87ee-7072471e08a9/metadata
Mar 29 21:07:52.072523 dv-cinder-835761-1-smb devstack@c-api.service[108811]: DEBUG cinder.api.openstack.wsgi [None req-fc6af1bf-8b22-4366-bfba-026f50313473 tempest-SnapshotMetadataTestJSON-2112566904 tempest-SnapshotMetadataTestJSON-2112566904-project] Empty body provided in request {{(pid=108811) get_body /opt/stack/cinder/cinder/api/openstack/wsgi.py:703}}
Mar 29 21:07:52.072725 dv-cinder-835761-1-smb devstack@c-api.service[108811]: /usr/local/lib/python3.8/dist-packages/webob/acceptparse.py:1047: DeprecationWarning: The behavior of AcceptValidHeader.best_match is currently being maintained for backward compatibility, but it will be deprecated in the future, as it does not conform to the RFC.
Mar 29 21:07:52.072725 dv-cinder-835761-1-smb devstack@c-api.service[108811]: warnings.warn(
Mar 29 21:07:52.073161 dv-cinder-835761-1-smb devstack@c-api.service[108811]: DEBUG cinder.api.openstack.wsgi [None req-fc6af1bf-8b22-4366-bfba-026f50313473 tempest-SnapshotMetadataTestJSON-2112566904 tempest-SnapshotMetadataTestJSON-2112566904-project] Calling method 'index' {{(pid=108811) _process_stack /opt/stack/cinder/cinder/api/openstack/wsgi.py:856}}
Mar 29 21:07:52.082242 dv-cinder-835761-1-smb devstack@c-api.service[108810]: /usr/local/lib/python3.8/dist-packages/oslo_context/context.py:105: DeprecationWarning: Policy enforcement is depending on the value of is_admin. This key is deprecated. Please update your policy file to use the standard policy values.
Mar 29 21:07:52.082242 dv-cinder-835761-1-smb devstack@c-api.service[108810]: warnings.warn('Policy enforcement is depending on the value of '
Mar 29 21:07:52.083486 dv-cinder-835761-1-smb devstack@c-api.service[108810]: INFO cinder.volume.api [None req-000f7214-d435-4a1a-bd67-bc2055fbb2e1 tempest-SnapshotsActionsTest-1779713002 tempest-SnapshotsActionsTest-1779713002-project] Snapshot retrieved successfully.
Mar 29 21:07:52.086129 dv-cinder-835761-1-smb devstack@c-api.service[108810]: INFO cinder.api.openstack.wsgi [None req-000f7214-d435-4a1a-bd67-bc2055fbb2e1 tempest-SnapshotsActionsTest-1779713002 tempest-SnapshotsActionsTest-1779713002-project] http://10.222.0.37/volume/v3/98bb510d1cf148f1b9959005fd74f50b/snapshots/667fb201-f609-4bc9-93d0-31f6b80f0f62 returned with HTTP 200
Mar 29 21:07:52.086318 dv-cinder-835761-1-smb devstack@c-api.service[108811]: /usr/local/lib/python3.8/dist-packages/oslo_context/context.py:105: DeprecationWarning: Policy enforcement is depending on the value of is_admin. This key is deprecated. Please update your policy file to use the standard policy values.
Mar 29 21:07:52.086318 dv-cinder-835761-1-smb devstack@c-api.service[108811]: warnings.warn('Policy enforcement is depending on the value of '
Mar 29 21:07:52.087086 dv-cinder-835761-1-smb devstack@c-api.service[108810]: [pid: 108810|app: 0|req: 139/261] 10.222.0.37 () {58 vars in 1330 bytes} [Tue Mar 29 21:07:52 2022] GET /volume/v3/98bb510d1cf148f1b9959005fd74f50b/snapshots/667fb201-f609-4bc9-93d0-31f6b80f0f62 => generated 568 bytes in 25 msecs (HTTP/1.1 200) 7 headers in 285 bytes (2 switches on core 0)
Mar 29 21:07:52.091345 dv-cinder-835761-1-smb devstack@c-api.service[108811]: INFO cinder.volume.api [None req-fc6af1bf-8b22-4366-bfba-026f50313473 tempest-SnapshotMetadataTestJSON-2112566904 tempest-SnapshotMetadataTestJSON-2112566904-project] Snapshot retrieved successfully.
Mar 29 21:07:52.093597 dv-cinder-835761-1-smb devstack@c-api.service[108811]: INFO cinder.volume.api [None req-fc6af1bf-8b22-4366-bfba-026f50313473 tempest-SnapshotMetadataTestJSON-2112566904 tempest-SnapshotMetadataTestJSON-2112566904-project] Get snapshot metadata completed successfully.
Mar 29 21:07:52.094162 dv-cinder-835761-1-smb devstack@c-api.service[108811]: INFO cinder.api.openstack.wsgi [None req-fc6af1bf-8b22-4366-bfba-026f50313473 tempest-SnapshotMetadataTestJSON-2112566904 tempest-SnapshotMetadataTestJSON-2112566904-project] http://10.222.0.37/volume/v3/54e90e2e582a4c0192d47f2ce5e0b07b/snapshots/3abe35b0-5668-4290-87ee-7072471e08a9/metadata returned with HTTP 200
Mar 29 21:07:52.095276 dv-cinder-835761-1-smb devstack@c-api.service[108811]: [pid: 108811|app: 0|req: 123/262] 10.222.0.37 () {58 vars in 1357 bytes} [Tue Mar 29 21:07:52 2022] GET /volume/v3/54e90e2e582a4c0192d47f2ce5e0b07b/snapshots/3abe35b0-5668-4290-87ee-7072471e08a9/metadata => generated 57 bytes in 27 msecs (HTTP/1.1 200) 7 headers in 284 bytes (1 switches on core 0)
Mar 29 21:07:52.103485 dv-cinder-835761-1-smb devstack@c-api.service[108810]: INFO cinder.api.openstack.wsgi [None req-f5ffe757-dbdb-43f4-b15b-27b270bb57ec tempest-SnapshotMetadataTestJSON-2112566904 tempest-SnapshotMetadataTestJSON-2112566904-project] DELETE http://10.222.0.37/volume/v3/54e90e2e582a4c0192d47f2ce5e0b07b/snapshots/3abe35b0-5668-4290-87ee-7072471e08a9/metadata/key3
Mar 29 21:07:52.104115 dv-cinder-835761-1-smb devstack@c-api.service[108810]: DEBUG cinder.api.openstack.wsgi [None req-f5ffe757-dbdb-43f4-b15b-27b270bb57ec tempest-SnapshotMetadataTestJSON-2112566904 tempest-SnapshotMetadataTestJSON-2112566904-project] Empty body provided in request {{(pid=108810) get_body /opt/stack/cinder/cinder/api/openstack/wsgi.py:703}}
Mar 29 21:07:52.107386 dv-cinder-835761-1-smb devstack@c-api.service[108810]: /usr/local/lib/python3.8/dist-packages/webob/acceptparse.py:1047: DeprecationWarning: The behavior of AcceptValidHeader.best_match is currently being maintained for backward compatibility, but it will be deprecated in the future, as it does not conform to the RFC.
Mar 29 21:07:52.107386 dv-cinder-835761-1-smb devstack@c-api.service[108810]: warnings.warn(
Mar 29 21:07:52.108169 dv-cinder-835761-1-smb devstack@c-api.service[108810]: DEBUG cinder.api.openstack.wsgi [None req-f5ffe757-dbdb-43f4-b15b-27b270bb57ec tempest-SnapshotMetadataTestJSON-2112566904 tempest-SnapshotMetadataTestJSON-2112566904-project] Calling method 'delete' {{(pid=108810) _process_stack /opt/stack/cinder/cinder/api/openstack/wsgi.py:856}}
Mar 29 21:07:52.117476 dv-cinder-835761-1-smb devstack@c-api.service[108810]: /usr/local/lib/python3.8/dist-packages/oslo_context/context.py:105: DeprecationWarning: Policy enforcement is depending on the value of is_admin. This key is deprecated. Please update your policy file to use the standard policy values.
Mar 29 21:07:52.117476 dv-cinder-835761-1-smb devstack@c-api.service[108810]: warnings.warn('Policy enforcement is depending on the value of '
Mar 29 21:07:52.118754 dv-cinder-835761-1-smb devstack@c-api.service[108810]: INFO cinder.volume.api [None req-f5ffe757-dbdb-43f4-b15b-27b270bb57ec tempest-SnapshotMetadataTestJSON-2112566904 tempest-SnapshotMetadataTestJSON-2112566904-project] Snapshot retrieved successfully.
Mar 29 21:07:52.120572 dv-cinder-835761-1-smb devstack@c-api.service[108810]: INFO cinder.volume.api [None req-f5ffe757-dbdb-43f4-b15b-27b270bb57ec tempest-SnapshotMetadataTestJSON-2112566904 tempest-SnapshotMetadataTestJSON-2112566904-project] Get snapshot metadata completed successfully.
Mar 29 21:07:52.135689 dv-cinder-835761-1-smb devstack@c-api.service[108810]: INFO cinder.volume.api [None req-f5ffe757-dbdb-43f4-b15b-27b270bb57ec tempest-SnapshotMetadataTestJSON-2112566904 tempest-SnapshotMetadataTestJSON-2112566904-project] Delete snapshot metadata completed successfully.
Mar 29 21:07:52.136098 dv-cinder-835761-1-smb devstack@c-api.service[108810]: INFO cinder.api.openstack.wsgi [None req-f5ffe757-dbdb-43f4-b15b-27b270bb57ec tempest-SnapshotMetadataTestJSON-2112566904 tempest-SnapshotMetadataTestJSON-2112566904-project] http://10.222.0.37/volume/v3/54e90e2e582a4c0192d47f2ce5e0b07b/snapshots/3abe35b0-5668-4290-87ee-7072471e08a9/metadata/key3 returned with HTTP 200
Mar 29 21:07:52.138119 dv-cinder-835761-1-smb devstack@c-api.service[108810]: [pid: 108810|app: 0|req: 140/263] 10.222.0.37 () {58 vars in 1375 bytes} [Tue Mar 29 21:07:52 2022] DELETE /volume/v3/54e90e2e582a4c0192d47f2ce5e0b07b/snapshots/3abe35b0-5668-4290-87ee-7072471e08a9/metadata/key3 => generated 0 bytes in 39 msecs (HTTP/1.1 200) 6 headers in 227 bytes (1 switches on core 0)
Mar 29 21:07:52.146495 dv-cinder-835761-1-smb devstack@c-api.service[108811]: INFO cinder.api.openstack.wsgi [None req-3c6e2de3-8954-47d0-8924-1aebbb434e75 tempest-SnapshotMetadataTestJSON-2112566904 tempest-SnapshotMetadataTestJSON-2112566904-project] GET http://10.222.0.37/volume/v3/54e90e2e582a4c0192d47f2ce5e0b07b/snapshots/3abe35b0-5668-4290-87ee-7072471e08a9/metadata
Mar 29 21:07:52.147075 dv-cinder-835761-1-smb devstack@c-api.service[108811]: DEBUG cinder.api.openstack.wsgi [None req-3c6e2de3-8954-47d0-8924-1aebbb434e75 tempest-SnapshotMetadataTestJSON-2112566904 tempest-SnapshotMetadataTestJSON-2112566904-project] Empty body provided in request {{(pid=108811) get_body /opt/stack/cinder/cinder/api/openstack/wsgi.py:703}}
Mar 29 21:07:52.147377 dv-cinder-835761-1-smb devstack@c-api.service[108811]: /usr/local/lib/python3.8/dist-packages/webob/acceptparse.py:1047: DeprecationWarning: The behavior of AcceptValidHeader.best_match is currently being maintained for backward compatibility, but it will be deprecated in the future, as it does not conform to the RFC.
Mar 29 21:07:52.147377 dv-cinder-835761-1-smb devstack@c-api.service[108811]: warnings.warn(
Mar 29 21:07:52.148021 dv-cinder-835761-1-smb devstack@c-api.service[108811]: DEBUG cinder.api.openstack.wsgi [None req-3c6e2de3-8954-47d0-8924-1aebbb434e75 tempest-SnapshotMetadataTestJSON-2112566904 tempest-SnapshotMetadataTestJSON-2112566904-project] Calling method 'index' {{(pid=108811) _process_stack /opt/stack/cinder/cinder/api/openstack/wsgi.py:856}}
Mar 29 21:07:52.159085 dv-cinder-835761-1-smb devstack@c-api.service[108811]: /usr/local/lib/python3.8/dist-packages/oslo_context/context.py:105: DeprecationWarning: Policy enforcement is depending on the value of is_admin. This key is deprecated. Please update your policy file to use the standard policy values.
Mar 29 21:07:52.159085 dv-cinder-835761-1-smb devstack@c-api.service[108811]: warnings.warn('Policy enforcement is depending on the value of '
Mar 29 21:07:52.160327 dv-cinder-835761-1-smb devstack@c-api.service[108811]: INFO cinder.volume.api [None req-3c6e2de3-8954-47d0-8924-1aebbb434e75 tempest-SnapshotMetadataTestJSON-2112566904 tempest-SnapshotMetadataTestJSON-2112566904-project] Snapshot retrieved successfully.
Mar 29 21:07:52.162270 dv-cinder-835761-1-smb devstack@c-api.service[108811]: INFO cinder.volume.api [None req-3c6e2de3-8954-47d0-8924-1aebbb434e75 tempest-SnapshotMetadataTestJSON-2112566904 tempest-SnapshotMetadataTestJSON-2112566904-project] Get snapshot metadata completed successfully.
Mar 29 21:07:52.162934 dv-cinder-835761-1-smb devstack@c-api.service[108811]: INFO cinder.api.openstack.wsgi [None req-3c6e2de3-8954-47d0-8924-1aebbb434e75 tempest-SnapshotMetadataTestJSON-2112566904 tempest-SnapshotMetadataTestJSON-2112566904-project] http://10.222.0.37/volume/v3/54e90e2e582a4c0192d47f2ce5e0b07b/snapshots/3abe35b0-5668-4290-87ee-7072471e08a9/metadata returned with HTTP 200
Mar 29 21:07:52.168373 dv-cinder-835761-1-smb devstack@c-api.service[108811]: [pid: 108811|app: 0|req: 124/264] 10.222.0.37 () {58 vars in 1357 bytes} [Tue Mar 29 21:07:52 2022] GET /volume/v3/54e90e2e582a4c0192d47f2ce5e0b07b/snapshots/3abe35b0-5668-4290-87ee-7072471e08a9/metadata => generated 32 bytes in 27 msecs (HTTP/1.1 200) 7 headers in 284 bytes (2 switches on core 0)
