Mar 29 08:54:23.691694 dv-cinder-835552-1-iscsi devstack@c-api.service[116974]: INFO cinder.volume.api [None req-98b9caea-a3ee-40b4-bc1d-333caa2f695c tempest-GroupSnapshotsTest-594001072 tempest-GroupSnapshotsTest-594001072-project] Snapshot retrieved successfully.
Mar 29 08:54:23.693560 dv-cinder-835552-1-iscsi devstack@c-api.service[116974]: INFO cinder.api.openstack.wsgi [None req-98b9caea-a3ee-40b4-bc1d-333caa2f695c tempest-GroupSnapshotsTest-594001072 tempest-GroupSnapshotsTest-594001072-project] http://10.222.0.16/volume/v3/a0871c2d8feb4002af35b5909cf00a5d/snapshots/70b74200-17c1-42f1-ba4c-e3962af112c8 returned with HTTP 200
Mar 29 08:54:23.700535 dv-cinder-835552-1-iscsi devstack@c-api.service[116974]: [pid: 116974|app: 0|req: 41/123] 10.222.0.16 () {58 vars in 1330 bytes} [Tue Mar 29 08:54:23 2022] GET /volume/v3/a0871c2d8feb4002af35b5909cf00a5d/snapshots/70b74200-17c1-42f1-ba4c-e3962af112c8 => generated 449 bytes in 46 msecs (HTTP/1.1 200) 7 headers in 285 bytes (1 switches on core 0)
Mar 29 08:54:24.290725 dv-cinder-835552-1-iscsi devstack@c-api.service[116975]: DEBUG cinder.api.middleware.request_id [None req-c7ed9a0d-0c45-4ca2-9d02-2f5f33b7716b None None] RequestId filter calling following filter/app {{(pid=116975) _context_setter /opt/stack/cinder/cinder/api/middleware/request_id.py:62}}
Mar 29 08:54:24.294992 dv-cinder-835552-1-iscsi devstack@c-api.service[116975]: INFO cinder.api.openstack.wsgi [None req-c7ed9a0d-0c45-4ca2-9d02-2f5f33b7716b tempest-VolumeRetypeWithoutMigrationTest-694673979 tempest-VolumeRetypeWithoutMigrationTest-694673979-project] GET http://10.222.0.16/volume/v3/d5eaa7033fc24fa89d9bcc11c6b03c76/volumes/eefaecd1-84c1-4026-9dc7-b831198d0bb0
Mar 29 08:54:24.295601 dv-cinder-835552-1-iscsi devstack@c-api.service[116975]: DEBUG cinder.api.openstack.wsgi [None req-c7ed9a0d-0c45-4ca2-9d02-2f5f33b7716b tempest-VolumeRetypeWithoutMigrationTest-694673979 tempest-VolumeRetypeWithoutMigrationTest-694673979-project] Empty body provided in request {{(pid=116975) get_body /opt/stack/cinder/cinder/api/openstack/wsgi.py:715}}
Mar 29 08:54:24.296196 dv-cinder-835552-1-iscsi devstack@c-api.service[116975]: DEBUG cinder.api.openstack.wsgi [None req-c7ed9a0d-0c45-4ca2-9d02-2f5f33b7716b tempest-VolumeRetypeWithoutMigrationTest-694673979 tempest-VolumeRetypeWithoutMigrationTest-694673979-project] Calling method 'show' {{(pid=116975) _process_stack /opt/stack/cinder/cinder/api/openstack/wsgi.py:868}}
Mar 29 08:54:24.327937 dv-cinder-835552-1-iscsi devstack@c-api.service[116975]: INFO cinder.api.openstack.wsgi [None req-c7ed9a0d-0c45-4ca2-9d02-2f5f33b7716b tempest-VolumeRetypeWithoutMigrationTest-694673979 tempest-VolumeRetypeWithoutMigrationTest-694673979-project] http://10.222.0.16/volume/v3/d5eaa7033fc24fa89d9bcc11c6b03c76/volumes/eefaecd1-84c1-4026-9dc7-b831198d0bb0 returned with HTTP 404
Mar 29 08:54:24.329571 dv-cinder-835552-1-iscsi devstack@c-api.service[116975]: [pid: 116975|app: 0|req: 83/124] 10.222.0.16 () {58 vars in 1324 bytes} [Tue Mar 29 08:54:24 2022] GET /volume/v3/d5eaa7033fc24fa89d9bcc11c6b03c76/volumes/eefaecd1-84c1-4026-9dc7-b831198d0bb0 => generated 109 bytes in 40 msecs (HTTP/1.1 404) 7 headers in 292 bytes (1 switches on core 0)
Mar 29 08:54:24.333956 dv-cinder-835552-1-iscsi devstack@c-api.service[116974]: DEBUG cinder.api.middleware.request_id [None req-31530bca-87a7-4566-8ded-802941fb52ac None None] RequestId filter calling following filter/app {{(pid=116974) _context_setter /opt/stack/cinder/cinder/api/middleware/request_id.py:62}}
Mar 29 08:54:24.337986 dv-cinder-835552-1-iscsi devstack@c-api.service[116974]: INFO cinder.api.openstack.wsgi [None req-31530bca-87a7-4566-8ded-802941fb52ac tempest-VolumeRetypeWithoutMigrationTest-953242339 tempest-VolumeRetypeWithoutMigrationTest-953242339-project-admin] DELETE http://10.222.0.16/volume/v3/d11970661b3a44efaee5258e95cebf87/types/12f9fda3-f34f-494d-bcdf-4acdb9dc869c
Mar 29 08:54:24.338743 dv-cinder-835552-1-iscsi devstack@c-api.service[116974]: DEBUG cinder.api.openstack.wsgi [None req-31530bca-87a7-4566-8ded-802941fb52ac tempest-VolumeRetypeWithoutMigrationTest-953242339 tempest-VolumeRetypeWithoutMigrationTest-953242339-project-admin] Empty body provided in request {{(pid=116974) get_body /opt/stack/cinder/cinder/api/openstack/wsgi.py:715}}
Mar 29 08:54:24.339367 dv-cinder-835552-1-iscsi devstack@c-api.service[116974]: DEBUG cinder.api.openstack.wsgi [None req-31530bca-87a7-4566-8ded-802941fb52ac tempest-VolumeRetypeWithoutMigrationTest-953242339 tempest-VolumeRetypeWithoutMigrationTest-953242339-project-admin] Calling method '_delete' {{(pid=116974) _process_stack /opt/stack/cinder/cinder/api/openstack/wsgi.py:868}}
Mar 29 08:54:24.679884 dv-cinder-835552-1-iscsi devstack@c-api.service[116974]: INFO cinder.api.openstack.wsgi [None req-31530bca-87a7-4566-8ded-802941fb52ac tempest-VolumeRetypeWithoutMigrationTest-953242339 tempest-VolumeRetypeWithoutMigrationTest-953242339-project-admin] http://10.222.0.16/volume/v3/d11970661b3a44efaee5258e95cebf87/types/12f9fda3-f34f-494d-bcdf-4acdb9dc869c returned with HTTP 202
Mar 29 08:54:24.681086 dv-cinder-835552-1-iscsi devstack@c-api.service[116974]: [pid: 116974|app: 0|req: 42/125] 10.222.0.16 () {58 vars in 1321 bytes} [Tue Mar 29 08:54:24 2022] DELETE /volume/v3/d11970661b3a44efaee5258e95cebf87/types/12f9fda3-f34f-494d-bcdf-4acdb9dc869c => generated 0 bytes in 348 msecs (HTTP/1.1 202) 6 headers in 233 bytes (2 switches on core 0)
Mar 29 08:54:24.685813 dv-cinder-835552-1-iscsi devstack@c-api.service[116975]: DEBUG cinder.api.middleware.request_id [None req-ff36e775-4eb9-4685-b9c3-81a7eb34c520 None None] RequestId filter calling following filter/app {{(pid=116975) _context_setter /opt/stack/cinder/cinder/api/middleware/request_id.py:62}}
Mar 29 08:54:24.691854 dv-cinder-835552-1-iscsi devstack@c-api.service[116975]: INFO cinder.api.openstack.wsgi [None req-ff36e775-4eb9-4685-b9c3-81a7eb34c520 tempest-VolumeRetypeWithoutMigrationTest-953242339 tempest-VolumeRetypeWithoutMigrationTest-953242339-project-admin] GET http://10.222.0.16/volume/v3/d11970661b3a44efaee5258e95cebf87/types/12f9fda3-f34f-494d-bcdf-4acdb9dc869c
Mar 29 08:54:24.691854 dv-cinder-835552-1-iscsi devstack@c-api.service[116975]: DEBUG cinder.api.openstack.wsgi [None req-ff36e775-4eb9-4685-b9c3-81a7eb34c520 tempest-VolumeRetypeWithoutMigrationTest-953242339 tempest-VolumeRetypeWithoutMigrationTest-953242339-project-admin] Empty body provided in request {{(pid=116975) get_body /opt/stack/cinder/cinder/api/openstack/wsgi.py:715}}
Mar 29 08:54:24.691854 dv-cinder-835552-1-iscsi devstack@c-api.service[116975]: DEBUG cinder.api.openstack.wsgi [None req-ff36e775-4eb9-4685-b9c3-81a7eb34c520 tempest-VolumeRetypeWithoutMigrationTest-953242339 tempest-VolumeRetypeWithoutMigrationTest-953242339-project-admin] Calling method 'show' {{(pid=116975) _process_stack /opt/stack/cinder/cinder/api/openstack/wsgi.py:868}}
Mar 29 08:54:24.703704 dv-cinder-835552-1-iscsi devstack@c-api.service[116974]: DEBUG cinder.api.middleware.request_id [None req-96d9817d-e79f-454b-b9e4-28fb1c0aa639 None None] RequestId filter calling following filter/app {{(pid=116974) _context_setter /opt/stack/cinder/cinder/api/middleware/request_id.py:62}}
Mar 29 08:54:24.708535 dv-cinder-835552-1-iscsi devstack@c-api.service[116974]: INFO cinder.api.openstack.wsgi [None req-96d9817d-e79f-454b-b9e4-28fb1c0aa639 tempest-GroupSnapshotsTest-594001072 tempest-GroupSnapshotsTest-594001072-project] GET http://10.222.0.16/volume/v3/a0871c2d8feb4002af35b5909cf00a5d/snapshots/70b74200-17c1-42f1-ba4c-e3962af112c8
Mar 29 08:54:24.709310 dv-cinder-835552-1-iscsi devstack@c-api.service[116974]: DEBUG cinder.api.openstack.wsgi [None req-96d9817d-e79f-454b-b9e4-28fb1c0aa639 tempest-GroupSnapshotsTest-594001072 tempest-GroupSnapshotsTest-594001072-project] Empty body provided in request {{(pid=116974) get_body /opt/stack/cinder/cinder/api/openstack/wsgi.py:715}}
Mar 29 08:54:24.709920 dv-cinder-835552-1-iscsi devstack@c-api.service[116974]: DEBUG cinder.api.openstack.wsgi [None req-96d9817d-e79f-454b-b9e4-28fb1c0aa639 tempest-GroupSnapshotsTest-594001072 tempest-GroupSnapshotsTest-594001072-project] Calling method 'show' {{(pid=116974) _process_stack /opt/stack/cinder/cinder/api/openstack/wsgi.py:868}}
Mar 29 08:54:24.726963 dv-cinder-835552-1-iscsi devstack@c-api.service[116975]: INFO cinder.api.openstack.wsgi [None req-ff36e775-4eb9-4685-b9c3-81a7eb34c520 tempest-VolumeRetypeWithoutMigrationTest-953242339 tempest-VolumeRetypeWithoutMigrationTest-953242339-project-admin] http://10.222.0.16/volume/v3/d11970661b3a44efaee5258e95cebf87/types/12f9fda3-f34f-494d-bcdf-4acdb9dc869c returned with HTTP 404
Mar 29 08:54:24.732275 dv-cinder-835552-1-iscsi devstack@c-api.service[116975]: [pid: 116975|app: 0|req: 84/126] 10.222.0.16 () {58 vars in 1318 bytes} [Tue Mar 29 08:54:24 2022] GET /volume/v3/d11970661b3a44efaee5258e95cebf87/types/12f9fda3-f34f-494d-bcdf-4acdb9dc869c => generated 114 bytes in 47 msecs (HTTP/1.1 404) 7 headers in 292 bytes (1 switches on core 0)
Mar 29 08:54:24.733935 dv-cinder-835552-1-iscsi devstack@c-api.service[116975]: DEBUG cinder.api.middleware.request_id [None req-47f9592d-6bd9-4536-8d46-5ce44cc99847 None None] RequestId filter calling following filter/app {{(pid=116975) _context_setter /opt/stack/cinder/cinder/api/middleware/request_id.py:62}}
Mar 29 08:54:24.737189 dv-cinder-835552-1-iscsi devstack@c-api.service[116974]: INFO cinder.api.openstack.wsgi [None req-96d9817d-e79f-454b-b9e4-28fb1c0aa639 tempest-GroupSnapshotsTest-594001072 tempest-GroupSnapshotsTest-594001072-project] http://10.222.0.16/volume/v3/a0871c2d8feb4002af35b5909cf00a5d/snapshots/70b74200-17c1-42f1-ba4c-e3962af112c8 returned with HTTP 404
Mar 29 08:54:24.740838 dv-cinder-835552-1-iscsi devstack@c-api.service[116974]: [pid: 116974|app: 0|req: 43/127] 10.222.0.16 () {58 vars in 1330 bytes} [Tue Mar 29 08:54:24 2022] GET /volume/v3/a0871c2d8feb4002af35b5909cf00a5d/snapshots/70b74200-17c1-42f1-ba4c-e3962af112c8 => generated 111 bytes in 38 msecs (HTTP/1.1 404) 7 headers in 292 bytes (2 switches on core 0)
Mar 29 08:54:24.746713 dv-cinder-835552-1-iscsi devstack@c-api.service[116975]: INFO cinder.api.openstack.wsgi [None req-47f9592d-6bd9-4536-8d46-5ce44cc99847 tempest-VolumeRetypeWithoutMigrationTest-953242339 tempest-VolumeRetypeWithoutMigrationTest-953242339-project-admin] DELETE http://10.222.0.16/volume/v3/d11970661b3a44efaee5258e95cebf87/types/dd1f5e2e-852d-4042-bc34-a1cef6f64415
Mar 29 08:54:24.749388 dv-cinder-835552-1-iscsi devstack@c-api.service[116974]: DEBUG cinder.api.middleware.request_id [None req-d81e8cf3-3a0e-457e-8783-a9cb8214d6bc None None] RequestId filter calling following filter/app {{(pid=116974) _context_setter /opt/stack/cinder/cinder/api/middleware/request_id.py:62}}
Mar 29 08:54:24.757607 dv-cinder-835552-1-iscsi devstack@c-api.service[116975]: DEBUG cinder.api.openstack.wsgi [None req-47f9592d-6bd9-4536-8d46-5ce44cc99847 tempest-VolumeRetypeWithoutMigrationTest-953242339 tempest-VolumeRetypeWithoutMigrationTest-953242339-project-admin] Empty body provided in request {{(pid=116975) get_body /opt/stack/cinder/cinder/api/openstack/wsgi.py:715}}
Mar 29 08:54:24.759247 dv-cinder-835552-1-iscsi devstack@c-api.service[116975]: DEBUG cinder.api.openstack.wsgi [None req-47f9592d-6bd9-4536-8d46-5ce44cc99847 tempest-VolumeRetypeWithoutMigrationTest-953242339 tempest-VolumeRetypeWithoutMigrationTest-953242339-project-admin] Calling method '_delete' {{(pid=116975) _process_stack /opt/stack/cinder/cinder/api/openstack/wsgi.py:868}}
Mar 29 08:54:24.764140 dv-cinder-835552-1-iscsi devstack@c-api.service[116974]: INFO cinder.api.openstack.wsgi [None req-d81e8cf3-3a0e-457e-8783-a9cb8214d6bc tempest-GroupSnapshotsTest-594001072 tempest-GroupSnapshotsTest-594001072-project] GET http://10.222.0.16/volume/v3/a0871c2d8feb4002af35b5909cf00a5d/group_snapshots/93618da7-7e17-445f-a39e-2a060f79cece
Mar 29 08:54:24.782825 dv-cinder-835552-1-iscsi devstack@c-api.service[116974]: DEBUG cinder.api.openstack.wsgi [None req-d81e8cf3-3a0e-457e-8783-a9cb8214d6bc tempest-GroupSnapshotsTest-594001072 tempest-GroupSnapshotsTest-594001072-project] Empty body provided in request {{(pid=116974) get_body /opt/stack/cinder/cinder/api/openstack/wsgi.py:715}}
Mar 29 08:54:24.782995 dv-cinder-835552-1-iscsi devstack@c-api.service[116974]: DEBUG cinder.api.openstack.wsgi [None req-d81e8cf3-3a0e-457e-8783-a9cb8214d6bc tempest-GroupSnapshotsTest-594001072 tempest-GroupSnapshotsTest-594001072-project] Calling method 'version_select' {{(pid=116974) _process_stack /opt/stack/cinder/cinder/api/openstack/wsgi.py:868}}
Mar 29 08:54:24.783327 dv-cinder-835552-1-iscsi devstack@c-api.service[116974]: DEBUG cinder.api.v3.group_snapshots [None req-d81e8cf3-3a0e-457e-8783-a9cb8214d6bc tempest-GroupSnapshotsTest-594001072 tempest-GroupSnapshotsTest-594001072-project] show called for member 93618da7-7e17-445f-a39e-2a060f79cece {{(pid=116974) show /opt/stack/cinder/cinder/api/v3/group_snapshots.py:58}}
Mar 29 08:54:24.803131 dv-cinder-835552-1-iscsi devstack@c-api.service[116974]: INFO cinder.api.openstack.wsgi [None req-d81e8cf3-3a0e-457e-8783-a9cb8214d6bc tempest-GroupSnapshotsTest-594001072 tempest-GroupSnapshotsTest-594001072-project] http://10.222.0.16/volume/v3/a0871c2d8feb4002af35b5909cf00a5d/group_snapshots/93618da7-7e17-445f-a39e-2a060f79cece returned with HTTP 404
Mar 29 08:54:24.807225 dv-cinder-835552-1-iscsi devstack@c-api.service[116974]: [pid: 116974|app: 0|req: 44/128] 10.222.0.16 () {60 vars in 1389 bytes} [Tue Mar 29 08:54:24 2022] GET /volume/v3/a0871c2d8feb4002af35b5909cf00a5d/group_snapshots/93618da7-7e17-445f-a39e-2a060f79cece => generated 116 bytes in 59 msecs (HTTP/1.1 404) 7 headers in 293 bytes (1 switches on core 0)
Mar 29 08:54:24.809853 dv-cinder-835552-1-iscsi devstack@c-api.service[116974]: DEBUG cinder.api.middleware.request_id [None req-e7e7ef6d-bcce-4714-9dfa-9d14148c7b32 None None] RequestId filter calling following filter/app {{(pid=116974) _context_setter /opt/stack/cinder/cinder/api/middleware/request_id.py:62}}
Mar 29 08:54:24.825220 dv-cinder-835552-1-iscsi devstack@c-api.service[116974]: INFO cinder.api.openstack.wsgi [None req-e7e7ef6d-bcce-4714-9dfa-9d14148c7b32 tempest-GroupSnapshotsTest-594001072 tempest-GroupSnapshotsTest-594001072-project] GET http://10.222.0.16/volume/v3/a0871c2d8feb4002af35b5909cf00a5d/volumes/detail
Mar 29 08:54:24.825490 dv-cinder-835552-1-iscsi devstack@c-api.service[116974]: DEBUG cinder.api.openstack.wsgi [None req-e7e7ef6d-bcce-4714-9dfa-9d14148c7b32 tempest-GroupSnapshotsTest-594001072 tempest-GroupSnapshotsTest-594001072-project] Empty body provided in request {{(pid=116974) get_body /opt/stack/cinder/cinder/api/openstack/wsgi.py:715}}
Mar 29 08:54:24.825965 dv-cinder-835552-1-iscsi devstack@c-api.service[116974]: DEBUG cinder.api.openstack.wsgi [None req-e7e7ef6d-bcce-4714-9dfa-9d14148c7b32 tempest-GroupSnapshotsTest-594001072 tempest-GroupSnapshotsTest-594001072-project] Calling method 'detail' {{(pid=116974) _process_stack /opt/stack/cinder/cinder/api/openstack/wsgi.py:868}}
Mar 29 08:54:24.826526 dv-cinder-835552-1-iscsi devstack@c-api.service[116974]: DEBUG cinder.api.api_utils [None req-e7e7ef6d-bcce-4714-9dfa-9d14148c7b32 tempest-GroupSnapshotsTest-594001072 tempest-GroupSnapshotsTest-594001072-project] Removing options '' from query. {{(pid=116974) remove_invalid_filter_options /opt/stack/cinder/cinder/api/api_utils.py:73}}
Mar 29 08:54:24.828233 dv-cinder-835552-1-iscsi devstack@c-api.service[116974]: DEBUG cinder.volume.api [None req-e7e7ef6d-bcce-4714-9dfa-9d14148c7b32 tempest-GroupSnapshotsTest-594001072 tempest-GroupSnapshotsTest-594001072-project] Searching by: MultiDict([('no_migration_targets', True)]). {{(pid=116974) get_all /opt/stack/cinder/cinder/volume/api.py:662}}
Mar 29 08:54:24.999782 dv-cinder-835552-1-iscsi devstack@c-api.service[116975]: INFO cinder.api.openstack.wsgi [None req-47f9592d-6bd9-4536-8d46-5ce44cc99847 tempest-VolumeRetypeWithoutMigrationTest-953242339 tempest-VolumeRetypeWithoutMigrationTest-953242339-project-admin] http://10.222.0.16/volume/v3/d11970661b3a44efaee5258e95cebf87/types/dd1f5e2e-852d-4042-bc34-a1cef6f64415 returned with HTTP 202
Mar 29 08:54:25.001804 dv-cinder-835552-1-iscsi devstack@c-api.service[116975]: [pid: 116975|app: 0|req: 85/129] 10.222.0.16 () {58 vars in 1321 bytes} [Tue Mar 29 08:54:24 2022] DELETE /volume/v3/d11970661b3a44efaee5258e95cebf87/types/dd1f5e2e-852d-4042-bc34-a1cef6f64415 => generated 0 bytes in 268 msecs (HTTP/1.1 202) 6 headers in 233 bytes (1 switches on core 0)
Mar 29 08:54:25.005006 dv-cinder-835552-1-iscsi devstack@c-api.service[116975]: DEBUG cinder.api.middleware.request_id [None req-f81f78d3-35e1-404e-a109-cafb91de9020 None None] RequestId filter calling following filter/app {{(pid=116975) _context_setter /opt/stack/cinder/cinder/api/middleware/request_id.py:62}}
Mar 29 08:54:25.009173 dv-cinder-835552-1-iscsi devstack@c-api.service[116975]: INFO cinder.api.openstack.wsgi [None req-f81f78d3-35e1-404e-a109-cafb91de9020 tempest-VolumeRetypeWithoutMigrationTest-953242339 tempest-VolumeRetypeWithoutMigrationTest-953242339-project-admin] GET http://10.222.0.16/volume/v3/d11970661b3a44efaee5258e95cebf87/types/dd1f5e2e-852d-4042-bc34-a1cef6f64415
Mar 29 08:54:25.009495 dv-cinder-835552-1-iscsi devstack@c-api.service[116975]: DEBUG cinder.api.openstack.wsgi [None req-f81f78d3-35e1-404e-a109-cafb91de9020 tempest-VolumeRetypeWithoutMigrationTest-953242339 tempest-VolumeRetypeWithoutMigrationTest-953242339-project-admin] Empty body provided in request {{(pid=116975) get_body /opt/stack/cinder/cinder/api/openstack/wsgi.py:715}}
Mar 29 08:54:25.009956 dv-cinder-835552-1-iscsi devstack@c-api.service[116975]: DEBUG cinder.api.openstack.wsgi [None req-f81f78d3-35e1-404e-a109-cafb91de9020 tempest-VolumeRetypeWithoutMigrationTest-953242339 tempest-VolumeRetypeWithoutMigrationTest-953242339-project-admin] Calling method 'show' {{(pid=116975) _process_stack /opt/stack/cinder/cinder/api/openstack/wsgi.py:868}}
Mar 29 08:54:25.014338 dv-cinder-835552-1-iscsi devstack@c-api.service[116974]: INFO cinder.volume.api [None req-e7e7ef6d-bcce-4714-9dfa-9d14148c7b32 tempest-GroupSnapshotsTest-594001072 tempest-GroupSnapshotsTest-594001072-project] Get all volumes completed successfully.
Mar 29 08:54:25.021456 dv-cinder-835552-1-iscsi devstack@c-api.service[116975]: INFO cinder.api.openstack.wsgi [None req-f81f78d3-35e1-404e-a109-cafb91de9020 tempest-VolumeRetypeWithoutMigrationTest-953242339 tempest-VolumeRetypeWithoutMigrationTest-953242339-project-admin] http://10.222.0.16/volume/v3/d11970661b3a44efaee5258e95cebf87/types/dd1f5e2e-852d-4042-bc34-a1cef6f64415 returned with HTTP 404
Mar 29 08:54:25.024451 dv-cinder-835552-1-iscsi devstack@c-api.service[116974]: WARNING stevedore.named [None req-e7e7ef6d-bcce-4714-9dfa-9d14148c7b32 tempest-GroupSnapshotsTest-594001072 tempest-GroupSnapshotsTest-594001072-project] Could not load cinder.keymgr.conf_key_mgr.ConfKeyManager
Mar 29 08:54:25.025126 dv-cinder-835552-1-iscsi devstack@c-api.service[116974]: WARNING castellan.key_manager [None req-e7e7ef6d-bcce-4714-9dfa-9d14148c7b32 tempest-GroupSnapshotsTest-594001072 tempest-GroupSnapshotsTest-594001072-project] Deprecation Warning : cinder.keymgr.conf_key_mgr.ConfKeyManager is not a stevedore based driver, trying to load it as a class: stevedore.exception.NoMatches: No 'castellan.drivers' driver found, looking for 'cinder.keymgr.conf_key_mgr.ConfKeyManager'
Mar 29 08:54:25.027469 dv-cinder-835552-1-iscsi devstack@c-api.service[116975]: [pid: 116975|app: 0|req: 86/130] 10.222.0.16 () {58 vars in 1318 bytes} [Tue Mar 29 08:54:25 2022] GET /volume/v3/d11970661b3a44efaee5258e95cebf87/types/dd1f5e2e-852d-4042-bc34-a1cef6f64415 => generated 114 bytes in 23 msecs (HTTP/1.1 404) 7 headers in 292 bytes (1 switches on core 0)
Mar 29 08:54:25.049272 dv-cinder-835552-1-iscsi devstack@c-api.service[116974]: DEBUG oslo_db.sqlalchemy.engines [None req-e7e7ef6d-bcce-4714-9dfa-9d14148c7b32 tempest-GroupSnapshotsTest-594001072 tempest-GroupSnapshotsTest-594001072-project] MySQL server mode set to STRICT_TRANS_TABLES,STRICT_ALL_TABLES,NO_ZERO_IN_DATE,NO_ZERO_DATE,ERROR_FOR_DIVISION_BY_ZERO,TRADITIONAL,NO_ENGINE_SUBSTITUTION {{(pid=116974) _check_effective_sql_mode /usr/local/lib/python3.8/dist-packages/oslo_db/sqlalchemy/engines.py:314}}
Mar 29 08:54:25.074769 dv-cinder-835552-1-iscsi devstack@c-api.service[116974]: /usr/local/lib/python3.8/dist-packages/oslo_context/context.py:100: DeprecationWarning: Policy enforcement is depending on the value of is_admin. This key is deprecated. Please update your policy file to use the standard policy values.
Mar 29 08:54:25.074769 dv-cinder-835552-1-iscsi devstack@c-api.service[116974]: warnings.warn('Policy enforcement is depending on the value of '
Mar 29 08:54:25.127676 dv-cinder-835552-1-iscsi devstack@c-api.service[116974]: INFO cinder.api.openstack.wsgi [None req-e7e7ef6d-bcce-4714-9dfa-9d14148c7b32 tempest-GroupSnapshotsTest-594001072 tempest-GroupSnapshotsTest-594001072-project] http://10.222.0.16/volume/v3/a0871c2d8feb4002af35b5909cf00a5d/volumes/detail returned with HTTP 200
Mar 29 08:54:25.130092 dv-cinder-835552-1-iscsi devstack@c-api.service[116974]: [pid: 116974|app: 0|req: 45/131] 10.222.0.16 () {60 vars in 1275 bytes} [Tue Mar 29 08:54:24 2022] GET /volume/v3/a0871c2d8feb4002af35b5909cf00a5d/volumes/detail => generated 1001 bytes in 322 msecs (HTTP/1.1 200) 7 headers in 287 bytes (1 switches on core 0)
Mar 29 08:54:25.142414 dv-cinder-835552-1-iscsi devstack@c-api.service[116975]: DEBUG cinder.api.middleware.request_id [None req-92da18df-334a-4050-9e01-090b14550069 None None] RequestId filter calling following filter/app {{(pid=116975) _context_setter /opt/stack/cinder/cinder/api/middleware/request_id.py:62}}
Mar 29 08:54:25.147459 dv-cinder-835552-1-iscsi devstack@c-api.service[116975]: INFO cinder.api.openstack.wsgi [None req-92da18df-334a-4050-9e01-090b14550069 tempest-GroupSnapshotsTest-594001072 tempest-GroupSnapshotsTest-594001072-project] POST http://10.222.0.16/volume/v3/a0871c2d8feb4002af35b5909cf00a5d/groups/2191c529-2aec-42f7-b1ad-4b81a7fd6d99/action
Mar 29 08:54:25.206983 dv-cinder-835552-1-iscsi devstack@c-api.service[116975]: DEBUG cinder.api.openstack.wsgi [None req-92da18df-334a-4050-9e01-090b14550069 tempest-GroupSnapshotsTest-594001072 tempest-GroupSnapshotsTest-594001072-project] Action body: b'{"delete": {"delete-volumes": true}}' {{(pid=116975) get_method /opt/stack/cinder/cinder/api/openstack/wsgi.py:983}}
Mar 29 08:54:25.206983 dv-cinder-835552-1-iscsi devstack@c-api.service[116975]: DEBUG cinder.api.openstack.wsgi [None req-92da18df-334a-4050-9e01-090b14550069 tempest-GroupSnapshotsTest-594001072 tempest-GroupSnapshotsTest-594001072-project] Action: 'action', calling method: delete_group, body: {"delete": {"delete-volumes": true}} {{(pid=116975) _process_stack /opt/stack/cinder/cinder/api/openstack/wsgi.py:866}}
Mar 29 08:54:25.206983 dv-cinder-835552-1-iscsi devstack@c-api.service[116975]: DEBUG cinder.api.v3.groups [None req-92da18df-334a-4050-9e01-090b14550069 tempest-GroupSnapshotsTest-594001072 tempest-GroupSnapshotsTest-594001072-project] delete called for group 2191c529-2aec-42f7-b1ad-4b81a7fd6d99 {{(pid=116975) _delete /opt/stack/cinder/cinder/api/v3/groups.py:117}}
Mar 29 08:54:25.206983 dv-cinder-835552-1-iscsi devstack@c-api.service[116975]: INFO cinder.api.v3.groups [None req-92da18df-334a-4050-9e01-090b14550069 tempest-GroupSnapshotsTest-594001072 tempest-GroupSnapshotsTest-594001072-project] Delete group with id: 2191c529-2aec-42f7-b1ad-4b81a7fd6d99
Mar 29 08:54:25.206983 dv-cinder-835552-1-iscsi devstack@c-api.service[116975]: /usr/local/lib/python3.8/dist-packages/oslo_context/context.py:100: DeprecationWarning: Policy enforcement is depending on the value of is_admin. This key is deprecated. Please update your policy file to use the standard policy values.
Mar 29 08:54:25.206983 dv-cinder-835552-1-iscsi devstack@c-api.service[116975]: warnings.warn('Policy enforcement is depending on the value of '
Mar 29 08:54:25.705849 dv-cinder-835552-1-iscsi devstack@c-api.service[116975]: INFO cinder.api.openstack.wsgi [None req-92da18df-334a-4050-9e01-090b14550069 tempest-GroupSnapshotsTest-594001072 tempest-GroupSnapshotsTest-594001072-project] http://10.222.0.16/volume/v3/a0871c2d8feb4002af35b5909cf00a5d/groups/2191c529-2aec-42f7-b1ad-4b81a7fd6d99/action returned with HTTP 202
Mar 29 08:54:25.708858 dv-cinder-835552-1-iscsi devstack@c-api.service[116975]: [pid: 116975|app: 0|req: 87/132] 10.222.0.16 () {62 vars in 1404 bytes} [Tue Mar 29 08:54:25 2022] POST /volume/v3/a0871c2d8feb4002af35b5909cf00a5d/groups/2191c529-2aec-42f7-b1ad-4b81a7fd6d99/action => generated 0 bytes in 568 msecs (HTTP/1.1 202) 6 headers in 234 bytes (1 switches on core 0)
Mar 29 08:54:25.715987 dv-cinder-835552-1-iscsi devstack@c-api.service[116974]: DEBUG cinder.api.middleware.request_id [None req-d2c187df-e061-4f9d-aad0-e09b962d7637 None None] RequestId filter calling following filter/app {{(pid=116974) _context_setter /opt/stack/cinder/cinder/api/middleware/request_id.py:62}}
Mar 29 08:54:25.718065 dv-cinder-835552-1-iscsi devstack@c-api.service[116974]: INFO cinder.api.openstack.wsgi [None req-d2c187df-e061-4f9d-aad0-e09b962d7637 tempest-GroupSnapshotsTest-594001072 tempest-GroupSnapshotsTest-594001072-project] GET http://10.222.0.16/volume/v3/a0871c2d8feb4002af35b5909cf00a5d/volumes/31632185-c50b-4c77-a102-5b5f1ff02c0b
Mar 29 08:54:25.718674 dv-cinder-835552-1-iscsi devstack@c-api.service[116974]: DEBUG cinder.api.openstack.wsgi [None req-d2c187df-e061-4f9d-aad0-e09b962d7637 tempest-GroupSnapshotsTest-594001072 tempest-GroupSnapshotsTest-594001072-project] Empty body provided in request {{(pid=116974) get_body /opt/stack/cinder/cinder/api/openstack/wsgi.py:715}}
Mar 29 08:54:25.719236 dv-cinder-835552-1-iscsi devstack@c-api.service[116974]: DEBUG cinder.api.openstack.wsgi [None req-d2c187df-e061-4f9d-aad0-e09b962d7637 tempest-GroupSnapshotsTest-594001072 tempest-GroupSnapshotsTest-594001072-project] Calling method 'show' {{(pid=116974) _process_stack /opt/stack/cinder/cinder/api/openstack/wsgi.py:868}}
Mar 29 08:54:25.738403 dv-cinder-835552-1-iscsi devstack@c-api.service[116974]: /usr/local/lib/python3.8/dist-packages/oslo_context/context.py:100: DeprecationWarning: Policy enforcement is depending on the value of is_admin. This key is deprecated. Please update your policy file to use the standard policy values.
Mar 29 08:54:25.738403 dv-cinder-835552-1-iscsi devstack@c-api.service[116974]: warnings.warn('Policy enforcement is depending on the value of '
Mar 29 08:54:25.749270 dv-cinder-835552-1-iscsi devstack@c-api.service[116974]: INFO cinder.volume.api [None req-d2c187df-e061-4f9d-aad0-e09b962d7637 tempest-GroupSnapshotsTest-594001072 tempest-GroupSnapshotsTest-594001072-project] Volume info retrieved successfully.
Mar 29 08:54:25.751135 dv-cinder-835552-1-iscsi devstack@c-api.service[116974]: WARNING stevedore.named [None req-d2c187df-e061-4f9d-aad0-e09b962d7637 tempest-GroupSnapshotsTest-594001072 tempest-GroupSnapshotsTest-594001072-project] Could not load cinder.keymgr.conf_key_mgr.ConfKeyManager
Mar 29 08:54:25.751671 dv-cinder-835552-1-iscsi devstack@c-api.service[116974]: WARNING castellan.key_manager [None req-d2c187df-e061-4f9d-aad0-e09b962d7637 tempest-GroupSnapshotsTest-594001072 tempest-GroupSnapshotsTest-594001072-project] Deprecation Warning : cinder.keymgr.conf_key_mgr.ConfKeyManager is not a stevedore based driver, trying to load it as a class: stevedore.exception.NoMatches: No 'castellan.drivers' driver found, looking for 'cinder.keymgr.conf_key_mgr.ConfKeyManager'
Mar 29 08:54:25.760989 dv-cinder-835552-1-iscsi devstack@c-api.service[116974]: DEBUG oslo_db.sqlalchemy.engines [None req-d2c187df-e061-4f9d-aad0-e09b962d7637 tempest-GroupSnapshotsTest-594001072 tempest-GroupSnapshotsTest-594001072-project] MySQL server mode set to STRICT_TRANS_TABLES,STRICT_ALL_TABLES,NO_ZERO_IN_DATE,NO_ZERO_DATE,ERROR_FOR_DIVISION_BY_ZERO,TRADITIONAL,NO_ENGINE_SUBSTITUTION {{(pid=116974) _check_effective_sql_mode /usr/local/lib/python3.8/dist-packages/oslo_db/sqlalchemy/engines.py:314}}
Mar 29 08:54:25.785562 dv-cinder-835552-1-iscsi devstack@c-api.service[116974]: /usr/local/lib/python3.8/dist-packages/oslo_context/context.py:100: DeprecationWarning: Policy enforcement is depending on the value of is_admin. This key is deprecated. Please update your policy file to use the standard policy values.
Mar 29 08:54:25.785562 dv-cinder-835552-1-iscsi devstack@c-api.service[116974]: warnings.warn('Policy enforcement is depending on the value of '
Mar 29 08:54:25.833234 dv-cinder-835552-1-iscsi devstack@c-api.service[116974]: INFO cinder.api.openstack.wsgi [None req-d2c187df-e061-4f9d-aad0-e09b962d7637 tempest-GroupSnapshotsTest-594001072 tempest-GroupSnapshotsTest-594001072-project] http://10.222.0.16/volume/v3/a0871c2d8feb4002af35b5909cf00a5d/volumes/31632185-c50b-4c77-a102-5b5f1ff02c0b returned with HTTP 200
Mar 29 08:54:25.840736 dv-cinder-835552-1-iscsi devstack@c-api.service[116974]: [pid: 116974|app: 0|req: 46/133] 10.222.0.16 () {60 vars in 1365 bytes} [Tue Mar 29 08:54:25 2022] GET /volume/v3/a0871c2d8feb4002af35b5909cf00a5d/volumes/31632185-c50b-4c77-a102-5b5f1ff02c0b => generated 997 bytes in 128 msecs (HTTP/1.1 200) 7 headers in 286 bytes (1 switches on core 0)
Mar 29 08:54:26.847844 dv-cinder-835552-1-iscsi devstack@c-api.service[116975]: DEBUG cinder.api.middleware.request_id [None req-af407839-2b7f-4d3b-9b90-aa3cef3c0306 None None] RequestId filter calling following filter/app {{(pid=116975) _context_setter /opt/stack/cinder/cinder/api/middleware/request_id.py:62}}
Mar 29 08:54:26.851967 dv-cinder-835552-1-iscsi devstack@c-api.service[116975]: INFO cinder.api.openstack.wsgi [None req-af407839-2b7f-4d3b-9b90-aa3cef3c0306 tempest-GroupSnapshotsTest-594001072 tempest-GroupSnapshotsTest-594001072-project] GET http://10.222.0.16/volume/v3/a0871c2d8feb4002af35b5909cf00a5d/volumes/31632185-c50b-4c77-a102-5b5f1ff02c0b
Mar 29 08:54:26.852506 dv-cinder-835552-1-iscsi devstack@c-api.service[116975]: DEBUG cinder.api.openstack.wsgi [None req-af407839-2b7f-4d3b-9b90-aa3cef3c0306 tempest-GroupSnapshotsTest-594001072 tempest-GroupSnapshotsTest-594001072-project] Empty body provided in request {{(pid=116975) get_body /opt/stack/cinder/cinder/api/openstack/wsgi.py:715}}
Mar 29 08:54:26.852964 dv-cinder-835552-1-iscsi devstack@c-api.service[116975]: DEBUG cinder.api.openstack.wsgi [None req-af407839-2b7f-4d3b-9b90-aa3cef3c0306 tempest-GroupSnapshotsTest-594001072 tempest-GroupSnapshotsTest-594001072-project] Calling method 'show' {{(pid=116975) _process_stack /opt/stack/cinder/cinder/api/openstack/wsgi.py:868}}
Mar 29 08:54:26.872958 dv-cinder-835552-1-iscsi devstack@c-api.service[116975]: INFO cinder.api.openstack.wsgi [None req-af407839-2b7f-4d3b-9b90-aa3cef3c0306 tempest-GroupSnapshotsTest-594001072 tempest-GroupSnapshotsTest-594001072-project] http://10.222.0.16/volume/v3/a0871c2d8feb4002af35b5909cf00a5d/volumes/31632185-c50b-4c77-a102-5b5f1ff02c0b returned with HTTP 404
Mar 29 08:54:26.874292 dv-cinder-835552-1-iscsi devstack@c-api.service[116975]: [pid: 116975|app: 0|req: 88/134] 10.222.0.16 () {60 vars in 1365 bytes} [Tue Mar 29 08:54:26 2022] GET /volume/v3/a0871c2d8feb4002af35b5909cf00a5d/volumes/31632185-c50b-4c77-a102-5b5f1ff02c0b => generated 109 bytes in 28 msecs (HTTP/1.1 404) 7 headers in 293 bytes (2 switches on core 0)
Mar 29 08:54:26.879803 dv-cinder-835552-1-iscsi devstack@c-api.service[116974]: DEBUG cinder.api.middleware.request_id [None req-4cfe8f3e-ab9b-4b71-85f6-c95427db1705 None None] RequestId filter calling following filter/app {{(pid=116974) _context_setter /opt/stack/cinder/cinder/api/middleware/request_id.py:62}}
Mar 29 08:54:26.884227 dv-cinder-835552-1-iscsi devstack@c-api.service[116974]: INFO cinder.api.openstack.wsgi [None req-4cfe8f3e-ab9b-4b71-85f6-c95427db1705 tempest-GroupSnapshotsTest-594001072 tempest-GroupSnapshotsTest-594001072-project] GET http://10.222.0.16/volume/v3/a0871c2d8feb4002af35b5909cf00a5d/groups/2191c529-2aec-42f7-b1ad-4b81a7fd6d99
Mar 29 08:54:26.884845 dv-cinder-835552-1-iscsi devstack@c-api.service[116974]: DEBUG cinder.api.openstack.wsgi [None req-4cfe8f3e-ab9b-4b71-85f6-c95427db1705 tempest-GroupSnapshotsTest-594001072 tempest-GroupSnapshotsTest-594001072-project] Empty body provided in request {{(pid=116974) get_body /opt/stack/cinder/cinder/api/openstack/wsgi.py:715}}
Mar 29 08:54:26.889779 dv-cinder-835552-1-iscsi devstack@c-api.service[116974]: DEBUG cinder.api.openstack.wsgi [None req-4cfe8f3e-ab9b-4b71-85f6-c95427db1705 tempest-GroupSnapshotsTest-594001072 tempest-GroupSnapshotsTest-594001072-project] Calling method 'version_select' {{(pid=116974) _process_stack /opt/stack/cinder/cinder/api/openstack/wsgi.py:868}}
Mar 29 08:54:26.896897 dv-cinder-835552-1-iscsi devstack@c-api.service[116974]: DEBUG cinder.api.v3.groups [None req-4cfe8f3e-ab9b-4b71-85f6-c95427db1705 tempest-GroupSnapshotsTest-594001072 tempest-GroupSnapshotsTest-594001072-project] show called for member 2191c529-2aec-42f7-b1ad-4b81a7fd6d99 {{(pid=116974) show /opt/stack/cinder/cinder/api/v3/groups.py:58}}
Mar 29 08:54:26.906284 dv-cinder-835552-1-iscsi devstack@c-api.service[116974]: INFO cinder.api.openstack.wsgi [None req-4cfe8f3e-ab9b-4b71-85f6-c95427db1705 tempest-GroupSnapshotsTest-594001072 tempest-GroupSnapshotsTest-594001072-project] http://10.222.0.16/volume/v3/a0871c2d8feb4002af35b5909cf00a5d/groups/2191c529-2aec-42f7-b1ad-4b81a7fd6d99 returned with HTTP 404
Mar 29 08:54:26.909353 dv-cinder-835552-1-iscsi devstack@c-api.service[116974]: [pid: 116974|app: 0|req: 47/135] 10.222.0.16 () {60 vars in 1362 bytes} [Tue Mar 29 08:54:26 2022] GET /volume/v3/a0871c2d8feb4002af35b5909cf00a5d/groups/2191c529-2aec-42f7-b1ad-4b81a7fd6d99 => generated 108 bytes in 30 msecs (HTTP/1.1 404) 7 headers in 293 bytes (1 switches on core 0)
Mar 29 08:54:26.913332 dv-cinder-835552-1-iscsi devstack@c-api.service[116975]: DEBUG cinder.api.middleware.request_id [None req-75bde6a6-0af9-4625-a024-ec1a946c9dd5 None None] RequestId filter calling following filter/app {{(pid=116975) _context_setter /opt/stack/cinder/cinder/api/middleware/request_id.py:62}}
Mar 29 08:54:26.917292 dv-cinder-835552-1-iscsi devstack@c-api.service[116975]: INFO cinder.api.openstack.wsgi [None req-75bde6a6-0af9-4625-a024-ec1a946c9dd5 tempest-GroupSnapshotsTest-1674465451 tempest-GroupSnapshotsTest-1674465451-project-admin] DELETE http://10.222.0.16/volume/v3/3872147364984ce196939136717185c0/group_types/9b01efd8-16a1-4218-9627-95fcbd63f31c
Mar 29 08:54:26.917775 dv-cinder-835552-1-iscsi devstack@c-api.service[116975]: DEBUG cinder.api.openstack.wsgi [None req-75bde6a6-0af9-4625-a024-ec1a946c9dd5 tempest-GroupSnapshotsTest-1674465451 tempest-GroupSnapshotsTest-1674465451-project-admin] Empty body provided in request {{(pid=116975) get_body /opt/stack/cinder/cinder/api/openstack/wsgi.py:715}}
Mar 29 08:54:26.918237 dv-cinder-835552-1-iscsi devstack@c-api.service[116975]: DEBUG cinder.api.openstack.wsgi [None req-75bde6a6-0af9-4625-a024-ec1a946c9dd5 tempest-GroupSnapshotsTest-1674465451 tempest-GroupSnapshotsTest-1674465451-project-admin] Calling method 'version_select' {{(pid=116975) _process_stack /opt/stack/cinder/cinder/api/openstack/wsgi.py:868}}
Mar 29 08:54:27.049229 dv-cinder-835552-1-iscsi devstack@c-api.service[116975]: INFO cinder.api.openstack.wsgi [None req-75bde6a6-0af9-4625-a024-ec1a946c9dd5 tempest-GroupSnapshotsTest-1674465451 tempest-GroupSnapshotsTest-1674465451-project-admin] http://10.222.0.16/volume/v3/3872147364984ce196939136717185c0/group_types/9b01efd8-16a1-4218-9627-95fcbd63f31c returned with HTTP 202
Mar 29 08:54:27.051744 dv-cinder-835552-1-iscsi devstack@c-api.service[116975]: [pid: 116975|app: 0|req: 89/136] 10.222.0.16 () {60 vars in 1380 bytes} [Tue Mar 29 08:54:26 2022] DELETE /volume/v3/3872147364984ce196939136717185c0/group_types/9b01efd8-16a1-4218-9627-95fcbd63f31c => generated 0 bytes in 138 msecs (HTTP/1.1 202) 6 headers in 234 bytes (1 switches on core 0)
Mar 29 08:54:27.058757 dv-cinder-835552-1-iscsi devstack@c-api.service[116974]: DEBUG cinder.api.middleware.request_id [None req-75e12814-c3ff-4b3a-87a5-53ba80aa4d42 None None] RequestId filter calling following filter/app {{(pid=116974) _context_setter /opt/stack/cinder/cinder/api/middleware/request_id.py:62}}
Mar 29 08:54:27.063072 dv-cinder-835552-1-iscsi devstack@c-api.service[116974]: INFO cinder.api.openstack.wsgi [None req-75e12814-c3ff-4b3a-87a5-53ba80aa4d42 tempest-GroupSnapshotsTest-1674465451 tempest-GroupSnapshotsTest-1674465451-project-admin] POST http://10.222.0.16/volume/v3/3872147364984ce196939136717185c0/types
Mar 29 08:54:27.063882 dv-cinder-835552-1-iscsi devstack@c-api.service[116974]: DEBUG cinder.api.openstack.wsgi [None req-75e12814-c3ff-4b3a-87a5-53ba80aa4d42 tempest-GroupSnapshotsTest-1674465451 tempest-GroupSnapshotsTest-1674465451-project-admin] Action: 'create', calling method: _create, body: {"volume_type": {"name": "tempest-GroupSnapshotsTest-volume-type-2120550674"}} {{(pid=116974) _process_stack /opt/stack/cinder/cinder/api/openstack/wsgi.py:866}}
Mar 29 08:54:27.179037 dv-cinder-835552-1-iscsi devstack@c-api.service[116974]: INFO cinder.api.openstack.wsgi [None req-75e12814-c3ff-4b3a-87a5-53ba80aa4d42 tempest-GroupSnapshotsTest-1674465451 tempest-GroupSnapshotsTest-1674465451-project-admin] http://10.222.0.16/volume/v3/3872147364984ce196939136717185c0/types returned with HTTP 200
Mar 29 08:54:27.179037 dv-cinder-835552-1-iscsi devstack@c-api.service[116974]: [pid: 116974|app: 0|req: 48/137] 10.222.0.16 () {60 vars in 1228 bytes} [Tue Mar 29 08:54:27 2022] POST /volume/v3/3872147364984ce196939136717185c0/types => generated 224 bytes in 118 msecs (HTTP/1.1 200) 7 headers in 285 bytes (1 switches on core 0)
Mar 29 08:54:27.184545 dv-cinder-835552-1-iscsi devstack@c-api.service[116975]: DEBUG cinder.api.middleware.request_id [None req-66ddc44f-4ad0-4f9d-a6d2-1b277cbbd213 None None] RequestId filter calling following filter/app {{(pid=116975) _context_setter /opt/stack/cinder/cinder/api/middleware/request_id.py:62}}
Mar 29 08:54:27.189808 dv-cinder-835552-1-iscsi devstack@c-api.service[116975]: INFO cinder.api.openstack.wsgi [None req-66ddc44f-4ad0-4f9d-a6d2-1b277cbbd213 tempest-GroupSnapshotsTest-1674465451 tempest-GroupSnapshotsTest-1674465451-project-admin] POST http://10.222.0.16/volume/v3/3872147364984ce196939136717185c0/group_types
Mar 29 08:54:27.189808 dv-cinder-835552-1-iscsi devstack@c-api.service[116975]: DEBUG cinder.api.openstack.wsgi [None req-66ddc44f-4ad0-4f9d-a6d2-1b277cbbd213 tempest-GroupSnapshotsTest-1674465451 tempest-GroupSnapshotsTest-1674465451-project-admin] Action: 'create', calling method: version_select, body: {"group_type": {"name": "tempest-GroupSnapshotsTest-group-type-782468495"}} {{(pid=116975) _process_stack /opt/stack/cinder/cinder/api/openstack/wsgi.py:866}}
Mar 29 08:54:27.282008 dv-cinder-835552-1-iscsi devstack@c-api.service[116975]: INFO cinder.api.openstack.wsgi [None req-66ddc44f-4ad0-4f9d-a6d2-1b277cbbd213 tempest-GroupSnapshotsTest-1674465451 tempest-GroupSnapshotsTest-1674465451-project-admin] http://10.222.0.16/volume/v3/3872147364984ce196939136717185c0/group_types returned with HTTP 202
Mar 29 08:54:27.284416 dv-cinder-835552-1-iscsi devstack@c-api.service[116975]: [pid: 116975|app: 0|req: 90/138] 10.222.0.16 () {62 vars in 1287 bytes} [Tue Mar 29 08:54:27 2022] POST /volume/v3/3872147364984ce196939136717185c0/group_types => generated 180 bytes in 103 msecs (HTTP/1.1 202) 7 headers in 292 bytes (1 switches on core 0)
Mar 29 08:54:27.290309 dv-cinder-835552-1-iscsi devstack@c-api.service[116974]: DEBUG cinder.api.middleware.request_id [None req-43949b7c-9cd1-425b-868e-292d34d25eb3 None None] RequestId filter calling following filter/app {{(pid=116974) _context_setter /opt/stack/cinder/cinder/api/middleware/request_id.py:62}}
Mar 29 08:54:27.294137 dv-cinder-835552-1-iscsi devstack@c-api.service[116974]: INFO cinder.api.openstack.wsgi [None req-43949b7c-9cd1-425b-868e-292d34d25eb3 tempest-GroupSnapshotsTest-594001072 tempest-GroupSnapshotsTest-594001072-project] POST http://10.222.0.16/volume/v3/a0871c2d8feb4002af35b5909cf00a5d/groups
Mar 29 08:54:27.294900 dv-cinder-835552-1-iscsi devstack@c-api.service[116974]: DEBUG cinder.api.openstack.wsgi [None req-43949b7c-9cd1-425b-868e-292d34d25eb3 tempest-GroupSnapshotsTest-594001072 tempest-GroupSnapshotsTest-594001072-project] Action: 'create', calling method: version_select, body: {"group": {"group_type": "e505db1d-2afa-4f71-8101-2d2641b6fbb1", "volume_types": ["a2c99197-225f-4597-9da6-bf155adbf7be"], "name": "tempest-GroupSnapshotsTest-Group-2000871621"}} {{(pid=116974) _process_stack /opt/stack/cinder/cinder/api/openstack/wsgi.py:866}}
Mar 29 08:54:27.295822 dv-cinder-835552-1-iscsi devstack@c-api.service[116974]: DEBUG cinder.api.v3.groups [None req-43949b7c-9cd1-425b-868e-292d34d25eb3 tempest-GroupSnapshotsTest-594001072 tempest-GroupSnapshotsTest-594001072-project] Creating new group {'group': {'group_type': 'e505db1d-2afa-4f71-8101-2d2641b6fbb1', 'volume_types': ['a2c99197-225f-4597-9da6-bf155adbf7be'], 'name': 'tempest-GroupSnapshotsTest-Group-2000871621'}} {{(pid=116974) create /opt/stack/cinder/cinder/api/v3/groups.py:190}}
Mar 29 08:54:27.301549 dv-cinder-835552-1-iscsi devstack@c-api.service[116974]: INFO cinder.api.v3.groups [None req-43949b7c-9cd1-425b-868e-292d34d25eb3 tempest-GroupSnapshotsTest-594001072 tempest-GroupSnapshotsTest-594001072-project] Creating group tempest-GroupSnapshotsTest-Group-2000871621.
Mar 29 08:54:27.325759 dv-cinder-835552-1-iscsi devstack@c-api.service[116974]: INFO cinder.volume.api [None req-43949b7c-9cd1-425b-868e-292d34d25eb3 tempest-GroupSnapshotsTest-594001072 tempest-GroupSnapshotsTest-594001072-project] Availability Zones retrieved successfully.
Mar 29 08:54:27.465018 dv-cinder-835552-1-iscsi devstack@c-api.service[116974]: DEBUG cinder.quota [None req-43949b7c-9cd1-425b-868e-292d34d25eb3 tempest-GroupSnapshotsTest-594001072 tempest-GroupSnapshotsTest-594001072-project] Created reservations ['3160e1f1-2239-4eb8-8b67-7fd4bb4df754'] {{(pid=116974) reserve /opt/stack/cinder/cinder/quota.py:755}}
Mar 29 08:54:27.663577 dv-cinder-835552-1-iscsi devstack@c-api.service[116974]: INFO cinder.api.openstack.wsgi [None req-43949b7c-9cd1-425b-868e-292d34d25eb3 tempest-GroupSnapshotsTest-594001072 tempest-GroupSnapshotsTest-594001072-project] http://10.222.0.16/volume/v3/a0871c2d8feb4002af35b5909cf00a5d/groups returned with HTTP 202
Mar 29 08:54:27.664963 dv-cinder-835552-1-iscsi devstack@c-api.service[116974]: [pid: 116974|app: 0|req: 49/139] 10.222.0.16 () {62 vars in 1273 bytes} [Tue Mar 29 08:54:27 2022] POST /volume/v3/a0871c2d8feb4002af35b5909cf00a5d/groups => generated 112 bytes in 376 msecs (HTTP/1.1 202) 7 headers in 292 bytes (1 switches on core 0)
Mar 29 08:54:27.672710 dv-cinder-835552-1-iscsi devstack@c-api.service[116975]: DEBUG cinder.api.middleware.request_id [None req-68764815-55bf-40da-b830-14219b6c337a None None] RequestId filter calling following filter/app {{(pid=116975) _context_setter /opt/stack/cinder/cinder/api/middleware/request_id.py:62}}
Mar 29 08:54:27.682566 dv-cinder-835552-1-iscsi devstack@c-api.service[116975]: INFO cinder.api.openstack.wsgi [None req-68764815-55bf-40da-b830-14219b6c337a tempest-GroupSnapshotsTest-594001072 tempest-GroupSnapshotsTest-594001072-project] GET http://10.222.0.16/volume/v3/a0871c2d8feb4002af35b5909cf00a5d/groups/7c956eca-298f-4178-a913-98f8c368f6c4
Mar 29 08:54:27.684001 dv-cinder-835552-1-iscsi devstack@c-api.service[116975]: DEBUG cinder.api.openstack.wsgi [None req-68764815-55bf-40da-b830-14219b6c337a tempest-GroupSnapshotsTest-594001072 tempest-GroupSnapshotsTest-594001072-project] Empty body provided in request {{(pid=116975) get_body /opt/stack/cinder/cinder/api/openstack/wsgi.py:715}}
Mar 29 08:54:27.686955 dv-cinder-835552-1-iscsi devstack@c-api.service[116975]: DEBUG cinder.api.openstack.wsgi [None req-68764815-55bf-40da-b830-14219b6c337a tempest-GroupSnapshotsTest-594001072 tempest-GroupSnapshotsTest-594001072-project] Calling method 'version_select' {{(pid=116975) _process_stack /opt/stack/cinder/cinder/api/openstack/wsgi.py:868}}
Mar 29 08:54:27.687333 dv-cinder-835552-1-iscsi devstack@c-api.service[116975]: DEBUG cinder.api.v3.groups [None req-68764815-55bf-40da-b830-14219b6c337a tempest-GroupSnapshotsTest-594001072 tempest-GroupSnapshotsTest-594001072-project] show called for member 7c956eca-298f-4178-a913-98f8c368f6c4 {{(pid=116975) show /opt/stack/cinder/cinder/api/v3/groups.py:58}}
Mar 29 08:54:27.731729 dv-cinder-835552-1-iscsi devstack@c-api.service[116975]: /usr/local/lib/python3.8/dist-packages/oslo_context/context.py:100: DeprecationWarning: Policy enforcement is depending on the value of is_admin. This key is deprecated. Please update your policy file to use the standard policy values.
Mar 29 08:54:27.731729 dv-cinder-835552-1-iscsi devstack@c-api.service[116975]: warnings.warn('Policy enforcement is depending on the value of '
Mar 29 08:54:27.842452 dv-cinder-835552-1-iscsi devstack@c-api.service[116975]: INFO cinder.api.openstack.wsgi [None req-68764815-55bf-40da-b830-14219b6c337a tempest-GroupSnapshotsTest-594001072 tempest-GroupSnapshotsTest-594001072-project] http://10.222.0.16/volume/v3/a0871c2d8feb4002af35b5909cf00a5d/groups/7c956eca-298f-4178-a913-98f8c368f6c4 returned with HTTP 200
Mar 29 08:54:27.868331 dv-cinder-835552-1-iscsi devstack@c-api.service[116975]: [pid: 116975|app: 0|req: 91/140] 10.222.0.16 () {60 vars in 1362 bytes} [Tue Mar 29 08:54:27 2022] GET /volume/v3/a0871c2d8feb4002af35b5909cf00a5d/groups/7c956eca-298f-4178-a913-98f8c368f6c4 => generated 392 bytes in 198 msecs (HTTP/1.1 200) 7 headers in 286 bytes (1 switches on core 0)
Mar 29 08:54:28.877354 dv-cinder-835552-1-iscsi devstack@c-api.service[116974]: DEBUG cinder.api.middleware.request_id [None req-d4b1ffa0-0dfc-43e4-bcb3-1d1fa46d39fe None None] RequestId filter calling following filter/app {{(pid=116974) _context_setter /opt/stack/cinder/cinder/api/middleware/request_id.py:62}}
Mar 29 08:54:28.883779 dv-cinder-835552-1-iscsi devstack@c-api.service[116974]: INFO cinder.api.openstack.wsgi [None req-d4b1ffa0-0dfc-43e4-bcb3-1d1fa46d39fe tempest-GroupSnapshotsTest-594001072 tempest-GroupSnapshotsTest-594001072-project] GET http://10.222.0.16/volume/v3/a0871c2d8feb4002af35b5909cf00a5d/groups/7c956eca-298f-4178-a913-98f8c368f6c4
Mar 29 08:54:28.884520 dv-cinder-835552-1-iscsi devstack@c-api.service[116974]: DEBUG cinder.api.openstack.wsgi [None req-d4b1ffa0-0dfc-43e4-bcb3-1d1fa46d39fe tempest-GroupSnapshotsTest-594001072 tempest-GroupSnapshotsTest-594001072-project] Empty body provided in request {{(pid=116974) get_body /opt/stack/cinder/cinder/api/openstack/wsgi.py:715}}
Mar 29 08:54:28.885148 dv-cinder-835552-1-iscsi devstack@c-api.service[116974]: DEBUG cinder.api.openstack.wsgi [None req-d4b1ffa0-0dfc-43e4-bcb3-1d1fa46d39fe tempest-GroupSnapshotsTest-594001072 tempest-GroupSnapshotsTest-594001072-project] Calling method 'version_select' {{(pid=116974) _process_stack /opt/stack/cinder/cinder/api/openstack/wsgi.py:868}}
Mar 29 08:54:28.885779 dv-cinder-835552-1-iscsi devstack@c-api.service[116974]: DEBUG cinder.api.v3.groups [None req-d4b1ffa0-0dfc-43e4-bcb3-1d1fa46d39fe tempest-GroupSnapshotsTest-594001072 tempest-GroupSnapshotsTest-594001072-project] show called for member 7c956eca-298f-4178-a913-98f8c368f6c4 {{(pid=116974) show /opt/stack/cinder/cinder/api/v3/groups.py:58}}
Mar 29 08:54:28.904009 dv-cinder-835552-1-iscsi devstack@c-api.service[116974]: /usr/local/lib/python3.8/dist-packages/oslo_context/context.py:100: DeprecationWarning: Policy enforcement is depending on the value of is_admin. This key is deprecated. Please update your policy file to use the standard policy values.
Mar 29 08:54:28.904009 dv-cinder-835552-1-iscsi devstack@c-api.service[116974]: warnings.warn('Policy enforcement is depending on the value of '
Mar 29 08:54:28.927368 dv-cinder-835552-1-iscsi devstack@c-api.service[116974]: INFO cinder.api.openstack.wsgi [None req-d4b1ffa0-0dfc-43e4-bcb3-1d1fa46d39fe tempest-GroupSnapshotsTest-594001072 tempest-GroupSnapshotsTest-594001072-project] http://10.222.0.16/volume/v3/a0871c2d8feb4002af35b5909cf00a5d/groups/7c956eca-298f-4178-a913-98f8c368f6c4 returned with HTTP 200
Mar 29 08:54:28.928963 dv-cinder-835552-1-iscsi devstack@c-api.service[116974]: [pid: 116974|app: 0|req: 50/141] 10.222.0.16 () {60 vars in 1362 bytes} [Tue Mar 29 08:54:28 2022] GET /volume/v3/a0871c2d8feb4002af35b5909cf00a5d/groups/7c956eca-298f-4178-a913-98f8c368f6c4 => generated 393 bytes in 53 msecs (HTTP/1.1 200) 7 headers in 286 bytes (1 switches on core 0)
Mar 29 08:54:28.938278 dv-cinder-835552-1-iscsi devstack@c-api.service[116975]: DEBUG cinder.api.middleware.request_id [None req-303491ca-87f3-482e-b58c-0b7e409d7005 None None] RequestId filter calling following filter/app {{(pid=116975) _context_setter /opt/stack/cinder/cinder/api/middleware/request_id.py:62}}
Mar 29 08:54:28.948250 dv-cinder-835552-1-iscsi devstack@c-api.service[116975]: INFO cinder.api.openstack.wsgi [None req-303491ca-87f3-482e-b58c-0b7e409d7005 tempest-GroupSnapshotsTest-594001072 tempest-GroupSnapshotsTest-594001072-project] POST http://10.222.0.16/volume/v3/a0871c2d8feb4002af35b5909cf00a5d/volumes
