Mar 29 08:53:55.834201 dv-cinder-835552-1-iscsi devstack@c-api.service[116975]: [pid: 116975|app: 0|req: 13/16] 10.222.0.16 () {58 vars in 1457 bytes} [Tue Mar 29 08:53:55 2022] GET /volume/v3/170bb076fda94ef38debc26625c2a1cd/qos-specs/9371a5a2-a7f2-4a2f-aa76-3d58aa2a3dfe/associate?vol_type_id=a8f0f10c-0f4c-4651-ab1b-edf15014094c => generated 0 bytes in 227 msecs (HTTP/1.1 202) 6 headers in 233 bytes (1 switches on core 0)
Mar 29 08:53:55.839108 dv-cinder-835552-1-iscsi devstack@c-api.service[116975]: DEBUG cinder.api.middleware.request_id [None req-80516e03-9cf7-4518-87f0-a481a21d9380 None None] RequestId filter calling following filter/app {{(pid=116975) _context_setter /opt/stack/cinder/cinder/api/middleware/request_id.py:62}}
Mar 29 08:53:55.851464 dv-cinder-835552-1-iscsi devstack@c-api.service[116974]: DEBUG cinder.volume.api [req-949938ba-b500-4c01-89d8-bdd73c22bedb req-cd3967c2-1887-44cc-a957-a82a5ebb3a69 tempest-VolumesGetTestJSON-1209739665 tempest-VolumesGetTestJSON-1209739665-project] Task 'cinder.volume.flows.api.create_volume.VolumeCastTask;volume:create' (3a257fd9-fc68-43ee-b262-e8cc760f098d) transitioned into state 'SUCCESS' from state 'RUNNING' with result 'None' {{(pid=116974) _task_receiver /usr/local/lib/python3.8/dist-packages/taskflow/listeners/logging.py:178}}
Mar 29 08:53:55.855396 dv-cinder-835552-1-iscsi devstack@c-api.service[116975]: INFO cinder.api.openstack.wsgi [None req-80516e03-9cf7-4518-87f0-a481a21d9380 tempest-QosSpecsTestJSON-959712048 tempest-QosSpecsTestJSON-959712048-project-admin] GET http://10.222.0.16/volume/v3/170bb076fda94ef38debc26625c2a1cd/qos-specs/9371a5a2-a7f2-4a2f-aa76-3d58aa2a3dfe/associate?vol_type_id=2e7688e7-0e62-491e-b513-2591e74b16a8
Mar 29 08:53:55.858867 dv-cinder-835552-1-iscsi devstack@c-api.service[116974]: DEBUG cinder.volume.api [req-949938ba-b500-4c01-89d8-bdd73c22bedb req-cd3967c2-1887-44cc-a957-a82a5ebb3a69 tempest-VolumesGetTestJSON-1209739665 tempest-VolumesGetTestJSON-1209739665-project] Flow 'volume_create_api' (90dda37f-fffc-489b-a699-4ae30bec3a82) transitioned into state 'SUCCESS' from state 'RUNNING' {{(pid=116974) _flow_receiver /usr/local/lib/python3.8/dist-packages/taskflow/listeners/logging.py:141}}
Mar 29 08:53:55.859793 dv-cinder-835552-1-iscsi devstack@c-api.service[116974]: INFO cinder.volume.api [req-949938ba-b500-4c01-89d8-bdd73c22bedb req-cd3967c2-1887-44cc-a957-a82a5ebb3a69 tempest-VolumesGetTestJSON-1209739665 tempest-VolumesGetTestJSON-1209739665-project] Create volume request issued successfully.
Mar 29 08:53:55.861149 dv-cinder-835552-1-iscsi devstack@c-api.service[116975]: DEBUG cinder.api.openstack.wsgi [None req-80516e03-9cf7-4518-87f0-a481a21d9380 tempest-QosSpecsTestJSON-959712048 tempest-QosSpecsTestJSON-959712048-project-admin] Empty body provided in request {{(pid=116975) get_body /opt/stack/cinder/cinder/api/openstack/wsgi.py:715}}
Mar 29 08:53:55.861931 dv-cinder-835552-1-iscsi devstack@c-api.service[116974]: INFO cinder.api.openstack.wsgi [req-949938ba-b500-4c01-89d8-bdd73c22bedb req-cd3967c2-1887-44cc-a957-a82a5ebb3a69 tempest-VolumesGetTestJSON-1209739665 tempest-VolumesGetTestJSON-1209739665-project] http://10.222.0.16/volume/v3/59d9b7025072400b9794e5faca692cd2/volumes returned with HTTP 202
Mar 29 08:53:55.862716 dv-cinder-835552-1-iscsi devstack@c-api.service[116975]: DEBUG cinder.api.openstack.wsgi [None req-80516e03-9cf7-4518-87f0-a481a21d9380 tempest-QosSpecsTestJSON-959712048 tempest-QosSpecsTestJSON-959712048-project-admin] Calling method 'associate' {{(pid=116975) _process_stack /opt/stack/cinder/cinder/api/openstack/wsgi.py:868}}
Mar 29 08:53:55.863737 dv-cinder-835552-1-iscsi devstack@c-api.service[116975]: /usr/local/lib/python3.8/dist-packages/oslo_context/context.py:100: DeprecationWarning: Policy enforcement is depending on the value of is_admin. This key is deprecated. Please update your policy file to use the standard policy values.
Mar 29 08:53:55.863737 dv-cinder-835552-1-iscsi devstack@c-api.service[116975]: warnings.warn('Policy enforcement is depending on the value of '
Mar 29 08:53:55.864740 dv-cinder-835552-1-iscsi devstack@c-api.service[116974]: [pid: 116974|app: 0|req: 4/17] 10.222.0.16 () {64 vars in 1521 bytes} [Tue Mar 29 08:53:54 2022] POST /volume/v3/59d9b7025072400b9794e5faca692cd2/volumes => generated 832 bytes in 1640 msecs (HTTP/1.1 202) 7 headers in 291 bytes (1 switches on core 0)
Mar 29 08:53:55.865364 dv-cinder-835552-1-iscsi devstack@c-api.service[116975]: DEBUG cinder.api.contrib.qos_specs_manage [None req-80516e03-9cf7-4518-87f0-a481a21d9380 tempest-QosSpecsTestJSON-959712048 tempest-QosSpecsTestJSON-959712048-project-admin] Associate qos_spec: 9371a5a2-a7f2-4a2f-aa76-3d58aa2a3dfe with type: 2e7688e7-0e62-491e-b513-2591e74b16a8 {{(pid=116975) associate /opt/stack/cinder/cinder/api/contrib/qos_specs_manage.py:275}}
Mar 29 08:53:55.876729 dv-cinder-835552-1-iscsi devstack@c-api.service[116974]: DEBUG cinder.api.middleware.request_id [req-949938ba-b500-4c01-89d8-bdd73c22bedb req-801955e1-461b-4147-b769-44ca4b0359e1 None None] RequestId filter calling following filter/app {{(pid=116974) _context_setter /opt/stack/cinder/cinder/api/middleware/request_id.py:62}}
Mar 29 08:53:55.884171 dv-cinder-835552-1-iscsi devstack@c-api.service[116974]: INFO cinder.api.openstack.wsgi [req-949938ba-b500-4c01-89d8-bdd73c22bedb req-801955e1-461b-4147-b769-44ca4b0359e1 tempest-VolumesGetTestJSON-1209739665 tempest-VolumesGetTestJSON-1209739665-project] GET http://10.222.0.16/volume/v3/59d9b7025072400b9794e5faca692cd2/volumes/3e5c1e9f-6c43-4562-940e-058f92d67dac
Mar 29 08:53:55.884664 dv-cinder-835552-1-iscsi devstack@c-api.service[116974]: DEBUG cinder.api.openstack.wsgi [req-949938ba-b500-4c01-89d8-bdd73c22bedb req-801955e1-461b-4147-b769-44ca4b0359e1 tempest-VolumesGetTestJSON-1209739665 tempest-VolumesGetTestJSON-1209739665-project] Empty body provided in request {{(pid=116974) get_body /opt/stack/cinder/cinder/api/openstack/wsgi.py:715}}
Mar 29 08:53:55.885141 dv-cinder-835552-1-iscsi devstack@c-api.service[116974]: DEBUG cinder.api.openstack.wsgi [req-949938ba-b500-4c01-89d8-bdd73c22bedb req-801955e1-461b-4147-b769-44ca4b0359e1 tempest-VolumesGetTestJSON-1209739665 tempest-VolumesGetTestJSON-1209739665-project] Calling method 'show' {{(pid=116974) _process_stack /opt/stack/cinder/cinder/api/openstack/wsgi.py:868}}
Mar 29 08:53:55.924345 dv-cinder-835552-1-iscsi devstack@c-api.service[116974]: /usr/local/lib/python3.8/dist-packages/oslo_context/context.py:100: DeprecationWarning: Policy enforcement is depending on the value of is_admin. This key is deprecated. Please update your policy file to use the standard policy values.
Mar 29 08:53:55.924345 dv-cinder-835552-1-iscsi devstack@c-api.service[116974]: warnings.warn('Policy enforcement is depending on the value of '
Mar 29 08:53:55.969084 dv-cinder-835552-1-iscsi devstack@c-api.service[116974]: INFO cinder.volume.api [req-949938ba-b500-4c01-89d8-bdd73c22bedb req-801955e1-461b-4147-b769-44ca4b0359e1 tempest-VolumesGetTestJSON-1209739665 tempest-VolumesGetTestJSON-1209739665-project] Volume info retrieved successfully.
Mar 29 08:53:55.998139 dv-cinder-835552-1-iscsi devstack@c-api.service[116975]: INFO cinder.api.openstack.wsgi [None req-80516e03-9cf7-4518-87f0-a481a21d9380 tempest-QosSpecsTestJSON-959712048 tempest-QosSpecsTestJSON-959712048-project-admin] http://10.222.0.16/volume/v3/170bb076fda94ef38debc26625c2a1cd/qos-specs/9371a5a2-a7f2-4a2f-aa76-3d58aa2a3dfe/associate?vol_type_id=2e7688e7-0e62-491e-b513-2591e74b16a8 returned with HTTP 202
Mar 29 08:53:55.999461 dv-cinder-835552-1-iscsi devstack@c-api.service[116975]: [pid: 116975|app: 0|req: 14/18] 10.222.0.16 () {58 vars in 1457 bytes} [Tue Mar 29 08:53:55 2022] GET /volume/v3/170bb076fda94ef38debc26625c2a1cd/qos-specs/9371a5a2-a7f2-4a2f-aa76-3d58aa2a3dfe/associate?vol_type_id=2e7688e7-0e62-491e-b513-2591e74b16a8 => generated 0 bytes in 161 msecs (HTTP/1.1 202) 6 headers in 233 bytes (1 switches on core 0)
Mar 29 08:53:56.003722 dv-cinder-835552-1-iscsi devstack@c-api.service[116975]: DEBUG cinder.api.middleware.request_id [None req-2bc73734-8c61-4753-895f-a124d555e679 None None] RequestId filter calling following filter/app {{(pid=116975) _context_setter /opt/stack/cinder/cinder/api/middleware/request_id.py:62}}
Mar 29 08:53:56.008960 dv-cinder-835552-1-iscsi devstack@c-api.service[116975]: INFO cinder.api.openstack.wsgi [None req-2bc73734-8c61-4753-895f-a124d555e679 tempest-QosSpecsTestJSON-959712048 tempest-QosSpecsTestJSON-959712048-project-admin] GET http://10.222.0.16/volume/v3/170bb076fda94ef38debc26625c2a1cd/qos-specs/9371a5a2-a7f2-4a2f-aa76-3d58aa2a3dfe/associate?vol_type_id=4c72261f-8691-4dd9-9bfc-1d6d69ca729d
Mar 29 08:53:56.009598 dv-cinder-835552-1-iscsi devstack@c-api.service[116975]: DEBUG cinder.api.openstack.wsgi [None req-2bc73734-8c61-4753-895f-a124d555e679 tempest-QosSpecsTestJSON-959712048 tempest-QosSpecsTestJSON-959712048-project-admin] Empty body provided in request {{(pid=116975) get_body /opt/stack/cinder/cinder/api/openstack/wsgi.py:715}}
Mar 29 08:53:56.010233 dv-cinder-835552-1-iscsi devstack@c-api.service[116975]: DEBUG cinder.api.openstack.wsgi [None req-2bc73734-8c61-4753-895f-a124d555e679 tempest-QosSpecsTestJSON-959712048 tempest-QosSpecsTestJSON-959712048-project-admin] Calling method 'associate' {{(pid=116975) _process_stack /opt/stack/cinder/cinder/api/openstack/wsgi.py:868}}
Mar 29 08:53:56.011064 dv-cinder-835552-1-iscsi devstack@c-api.service[116975]: /usr/local/lib/python3.8/dist-packages/oslo_context/context.py:100: DeprecationWarning: Policy enforcement is depending on the value of is_admin. This key is deprecated. Please update your policy file to use the standard policy values.
Mar 29 08:53:56.011064 dv-cinder-835552-1-iscsi devstack@c-api.service[116975]: warnings.warn('Policy enforcement is depending on the value of '
Mar 29 08:53:56.012457 dv-cinder-835552-1-iscsi devstack@c-api.service[116975]: DEBUG cinder.api.contrib.qos_specs_manage [None req-2bc73734-8c61-4753-895f-a124d555e679 tempest-QosSpecsTestJSON-959712048 tempest-QosSpecsTestJSON-959712048-project-admin] Associate qos_spec: 9371a5a2-a7f2-4a2f-aa76-3d58aa2a3dfe with type: 4c72261f-8691-4dd9-9bfc-1d6d69ca729d {{(pid=116975) associate /opt/stack/cinder/cinder/api/contrib/qos_specs_manage.py:275}}
Mar 29 08:53:56.019500 dv-cinder-835552-1-iscsi devstack@c-api.service[116974]: INFO cinder.api.openstack.wsgi [req-949938ba-b500-4c01-89d8-bdd73c22bedb req-801955e1-461b-4147-b769-44ca4b0359e1 tempest-VolumesGetTestJSON-1209739665 tempest-VolumesGetTestJSON-1209739665-project] http://10.222.0.16/volume/v3/59d9b7025072400b9794e5faca692cd2/volumes/3e5c1e9f-6c43-4562-940e-058f92d67dac returned with HTTP 200
Mar 29 08:53:56.027465 dv-cinder-835552-1-iscsi devstack@c-api.service[116974]: [pid: 116974|app: 0|req: 5/19] 10.222.0.16 () {60 vars in 1578 bytes} [Tue Mar 29 08:53:55 2022] GET /volume/v3/59d9b7025072400b9794e5faca692cd2/volumes/3e5c1e9f-6c43-4562-940e-058f92d67dac => generated 900 bytes in 151 msecs (HTTP/1.1 200) 7 headers in 285 bytes (1 switches on core 0)
Mar 29 08:53:56.188668 dv-cinder-835552-1-iscsi devstack@c-api.service[116975]: INFO cinder.api.openstack.wsgi [None req-2bc73734-8c61-4753-895f-a124d555e679 tempest-QosSpecsTestJSON-959712048 tempest-QosSpecsTestJSON-959712048-project-admin] http://10.222.0.16/volume/v3/170bb076fda94ef38debc26625c2a1cd/qos-specs/9371a5a2-a7f2-4a2f-aa76-3d58aa2a3dfe/associate?vol_type_id=4c72261f-8691-4dd9-9bfc-1d6d69ca729d returned with HTTP 202
Mar 29 08:53:56.189763 dv-cinder-835552-1-iscsi devstack@c-api.service[116975]: [pid: 116975|app: 0|req: 15/20] 10.222.0.16 () {58 vars in 1457 bytes} [Tue Mar 29 08:53:56 2022] GET /volume/v3/170bb076fda94ef38debc26625c2a1cd/qos-specs/9371a5a2-a7f2-4a2f-aa76-3d58aa2a3dfe/associate?vol_type_id=4c72261f-8691-4dd9-9bfc-1d6d69ca729d => generated 0 bytes in 187 msecs (HTTP/1.1 202) 6 headers in 233 bytes (2 switches on core 0)
Mar 29 08:53:56.203288 dv-cinder-835552-1-iscsi devstack@c-api.service[116974]: DEBUG cinder.api.middleware.request_id [None req-76749290-6a76-4245-8aa5-633bcc3b4ca9 None None] RequestId filter calling following filter/app {{(pid=116974) _context_setter /opt/stack/cinder/cinder/api/middleware/request_id.py:62}}
Mar 29 08:53:56.210494 dv-cinder-835552-1-iscsi devstack@c-api.service[116974]: INFO cinder.api.openstack.wsgi [None req-76749290-6a76-4245-8aa5-633bcc3b4ca9 tempest-QosSpecsTestJSON-959712048 tempest-QosSpecsTestJSON-959712048-project-admin] GET http://10.222.0.16/volume/v3/170bb076fda94ef38debc26625c2a1cd/qos-specs/9371a5a2-a7f2-4a2f-aa76-3d58aa2a3dfe/associations
Mar 29 08:53:56.211600 dv-cinder-835552-1-iscsi devstack@c-api.service[116974]: DEBUG cinder.api.openstack.wsgi [None req-76749290-6a76-4245-8aa5-633bcc3b4ca9 tempest-QosSpecsTestJSON-959712048 tempest-QosSpecsTestJSON-959712048-project-admin] Empty body provided in request {{(pid=116974) get_body /opt/stack/cinder/cinder/api/openstack/wsgi.py:715}}
Mar 29 08:53:56.212232 dv-cinder-835552-1-iscsi devstack@c-api.service[116974]: DEBUG cinder.api.openstack.wsgi [None req-76749290-6a76-4245-8aa5-633bcc3b4ca9 tempest-QosSpecsTestJSON-959712048 tempest-QosSpecsTestJSON-959712048-project-admin] Calling method 'associations' {{(pid=116974) _process_stack /opt/stack/cinder/cinder/api/openstack/wsgi.py:868}}
Mar 29 08:53:56.213830 dv-cinder-835552-1-iscsi devstack@c-api.service[116974]: DEBUG cinder.api.contrib.qos_specs_manage [None req-76749290-6a76-4245-8aa5-633bcc3b4ca9 tempest-QosSpecsTestJSON-959712048 tempest-QosSpecsTestJSON-959712048-project-admin] Get associations for qos_spec id: 9371a5a2-a7f2-4a2f-aa76-3d58aa2a3dfe {{(pid=116974) associations /opt/stack/cinder/cinder/api/contrib/qos_specs_manage.py:233}}
Mar 29 08:53:56.283327 dv-cinder-835552-1-iscsi devstack@c-api.service[116974]: INFO cinder.api.openstack.wsgi [None req-76749290-6a76-4245-8aa5-633bcc3b4ca9 tempest-QosSpecsTestJSON-959712048 tempest-QosSpecsTestJSON-959712048-project-admin] http://10.222.0.16/volume/v3/170bb076fda94ef38debc26625c2a1cd/qos-specs/9371a5a2-a7f2-4a2f-aa76-3d58aa2a3dfe/associations returned with HTTP 200
Mar 29 08:53:56.287947 dv-cinder-835552-1-iscsi devstack@c-api.service[116974]: [pid: 116974|app: 0|req: 6/21] 10.222.0.16 () {58 vars in 1369 bytes} [Tue Mar 29 08:53:56 2022] GET /volume/v3/170bb076fda94ef38debc26625c2a1cd/qos-specs/9371a5a2-a7f2-4a2f-aa76-3d58aa2a3dfe/associations => generated 446 bytes in 87 msecs (HTTP/1.1 200) 7 headers in 285 bytes (1 switches on core 0)
Mar 29 08:53:56.295767 dv-cinder-835552-1-iscsi devstack@c-api.service[116975]: DEBUG cinder.api.middleware.request_id [None req-b5e131ac-65ae-44e0-83e2-204031de508d None None] RequestId filter calling following filter/app {{(pid=116975) _context_setter /opt/stack/cinder/cinder/api/middleware/request_id.py:62}}
Mar 29 08:53:56.301291 dv-cinder-835552-1-iscsi devstack@c-api.service[116975]: INFO cinder.api.openstack.wsgi [None req-b5e131ac-65ae-44e0-83e2-204031de508d tempest-QosSpecsTestJSON-959712048 tempest-QosSpecsTestJSON-959712048-project-admin] GET http://10.222.0.16/volume/v3/170bb076fda94ef38debc26625c2a1cd/qos-specs/9371a5a2-a7f2-4a2f-aa76-3d58aa2a3dfe/disassociate?vol_type_id=a8f0f10c-0f4c-4651-ab1b-edf15014094c
Mar 29 08:53:56.307111 dv-cinder-835552-1-iscsi devstack@c-api.service[116975]: DEBUG cinder.api.openstack.wsgi [None req-b5e131ac-65ae-44e0-83e2-204031de508d tempest-QosSpecsTestJSON-959712048 tempest-QosSpecsTestJSON-959712048-project-admin] Empty body provided in request {{(pid=116975) get_body /opt/stack/cinder/cinder/api/openstack/wsgi.py:715}}
Mar 29 08:53:56.307111 dv-cinder-835552-1-iscsi devstack@c-api.service[116975]: DEBUG cinder.api.openstack.wsgi [None req-b5e131ac-65ae-44e0-83e2-204031de508d tempest-QosSpecsTestJSON-959712048 tempest-QosSpecsTestJSON-959712048-project-admin] Calling method 'disassociate' {{(pid=116975) _process_stack /opt/stack/cinder/cinder/api/openstack/wsgi.py:868}}
Mar 29 08:53:56.307111 dv-cinder-835552-1-iscsi devstack@c-api.service[116975]: /usr/local/lib/python3.8/dist-packages/oslo_context/context.py:100: DeprecationWarning: Policy enforcement is depending on the value of is_admin. This key is deprecated. Please update your policy file to use the standard policy values.
Mar 29 08:53:56.307111 dv-cinder-835552-1-iscsi devstack@c-api.service[116975]: warnings.warn('Policy enforcement is depending on the value of '
Mar 29 08:53:56.307111 dv-cinder-835552-1-iscsi devstack@c-api.service[116975]: DEBUG cinder.api.contrib.qos_specs_manage [None req-b5e131ac-65ae-44e0-83e2-204031de508d tempest-QosSpecsTestJSON-959712048 tempest-QosSpecsTestJSON-959712048-project-admin] Disassociate qos_spec: 9371a5a2-a7f2-4a2f-aa76-3d58aa2a3dfe from type: a8f0f10c-0f4c-4651-ab1b-edf15014094c {{(pid=116975) disassociate /opt/stack/cinder/cinder/api/contrib/qos_specs_manage.py:327}}
Mar 29 08:53:56.435285 dv-cinder-835552-1-iscsi devstack@c-api.service[116975]: INFO cinder.api.openstack.wsgi [None req-b5e131ac-65ae-44e0-83e2-204031de508d tempest-QosSpecsTestJSON-959712048 tempest-QosSpecsTestJSON-959712048-project-admin] http://10.222.0.16/volume/v3/170bb076fda94ef38debc26625c2a1cd/qos-specs/9371a5a2-a7f2-4a2f-aa76-3d58aa2a3dfe/disassociate?vol_type_id=a8f0f10c-0f4c-4651-ab1b-edf15014094c returned with HTTP 202
Mar 29 08:53:56.438662 dv-cinder-835552-1-iscsi devstack@c-api.service[116975]: [pid: 116975|app: 0|req: 16/22] 10.222.0.16 () {58 vars in 1466 bytes} [Tue Mar 29 08:53:56 2022] GET /volume/v3/170bb076fda94ef38debc26625c2a1cd/qos-specs/9371a5a2-a7f2-4a2f-aa76-3d58aa2a3dfe/disassociate?vol_type_id=a8f0f10c-0f4c-4651-ab1b-edf15014094c => generated 0 bytes in 144 msecs (HTTP/1.1 202) 6 headers in 233 bytes (1 switches on core 0)
Mar 29 08:53:56.443016 dv-cinder-835552-1-iscsi devstack@c-api.service[116974]: DEBUG cinder.api.middleware.request_id [None req-8c299f8b-948c-4db4-8291-0ec11896c81f None None] RequestId filter calling following filter/app {{(pid=116974) _context_setter /opt/stack/cinder/cinder/api/middleware/request_id.py:62}}
Mar 29 08:53:56.452420 dv-cinder-835552-1-iscsi devstack@c-api.service[116974]: INFO cinder.api.openstack.wsgi [None req-8c299f8b-948c-4db4-8291-0ec11896c81f tempest-QosSpecsTestJSON-959712048 tempest-QosSpecsTestJSON-959712048-project-admin] GET http://10.222.0.16/volume/v3/170bb076fda94ef38debc26625c2a1cd/qos-specs/9371a5a2-a7f2-4a2f-aa76-3d58aa2a3dfe/associations
Mar 29 08:53:56.453272 dv-cinder-835552-1-iscsi devstack@c-api.service[116974]: DEBUG cinder.api.openstack.wsgi [None req-8c299f8b-948c-4db4-8291-0ec11896c81f tempest-QosSpecsTestJSON-959712048 tempest-QosSpecsTestJSON-959712048-project-admin] Empty body provided in request {{(pid=116974) get_body /opt/stack/cinder/cinder/api/openstack/wsgi.py:715}}
Mar 29 08:53:56.454020 dv-cinder-835552-1-iscsi devstack@c-api.service[116974]: DEBUG cinder.api.openstack.wsgi [None req-8c299f8b-948c-4db4-8291-0ec11896c81f tempest-QosSpecsTestJSON-959712048 tempest-QosSpecsTestJSON-959712048-project-admin] Calling method 'associations' {{(pid=116974) _process_stack /opt/stack/cinder/cinder/api/openstack/wsgi.py:868}}
Mar 29 08:53:56.455014 dv-cinder-835552-1-iscsi devstack@c-api.service[116974]: /usr/local/lib/python3.8/dist-packages/oslo_context/context.py:100: DeprecationWarning: Policy enforcement is depending on the value of is_admin. This key is deprecated. Please update your policy file to use the standard policy values.
Mar 29 08:53:56.455014 dv-cinder-835552-1-iscsi devstack@c-api.service[116974]: warnings.warn('Policy enforcement is depending on the value of '
Mar 29 08:53:56.455940 dv-cinder-835552-1-iscsi devstack@c-api.service[116974]: DEBUG cinder.api.contrib.qos_specs_manage [None req-8c299f8b-948c-4db4-8291-0ec11896c81f tempest-QosSpecsTestJSON-959712048 tempest-QosSpecsTestJSON-959712048-project-admin] Get associations for qos_spec id: 9371a5a2-a7f2-4a2f-aa76-3d58aa2a3dfe {{(pid=116974) associations /opt/stack/cinder/cinder/api/contrib/qos_specs_manage.py:233}}
Mar 29 08:53:56.474020 dv-cinder-835552-1-iscsi devstack@c-api.service[116974]: INFO cinder.api.openstack.wsgi [None req-8c299f8b-948c-4db4-8291-0ec11896c81f tempest-QosSpecsTestJSON-959712048 tempest-QosSpecsTestJSON-959712048-project-admin] http://10.222.0.16/volume/v3/170bb076fda94ef38debc26625c2a1cd/qos-specs/9371a5a2-a7f2-4a2f-aa76-3d58aa2a3dfe/associations returned with HTTP 200
Mar 29 08:53:56.481788 dv-cinder-835552-1-iscsi devstack@c-api.service[116975]: DEBUG cinder.api.middleware.request_id [None req-23400ac9-6cc3-4f5b-afea-6547b8f1dcb0 None None] RequestId filter calling following filter/app {{(pid=116975) _context_setter /opt/stack/cinder/cinder/api/middleware/request_id.py:62}}
Mar 29 08:53:56.488940 dv-cinder-835552-1-iscsi devstack@c-api.service[116975]: INFO cinder.api.openstack.wsgi [None req-23400ac9-6cc3-4f5b-afea-6547b8f1dcb0 tempest-QosSpecsTestJSON-959712048 tempest-QosSpecsTestJSON-959712048-project-admin] GET http://10.222.0.16/volume/v3/170bb076fda94ef38debc26625c2a1cd/qos-specs/9371a5a2-a7f2-4a2f-aa76-3d58aa2a3dfe/disassociate_all
Mar 29 08:53:56.489494 dv-cinder-835552-1-iscsi devstack@c-api.service[116975]: DEBUG cinder.api.openstack.wsgi [None req-23400ac9-6cc3-4f5b-afea-6547b8f1dcb0 tempest-QosSpecsTestJSON-959712048 tempest-QosSpecsTestJSON-959712048-project-admin] Empty body provided in request {{(pid=116975) get_body /opt/stack/cinder/cinder/api/openstack/wsgi.py:715}}
Mar 29 08:53:56.490150 dv-cinder-835552-1-iscsi devstack@c-api.service[116975]: DEBUG cinder.api.openstack.wsgi [None req-23400ac9-6cc3-4f5b-afea-6547b8f1dcb0 tempest-QosSpecsTestJSON-959712048 tempest-QosSpecsTestJSON-959712048-project-admin] Calling method 'disassociate_all' {{(pid=116975) _process_stack /opt/stack/cinder/cinder/api/openstack/wsgi.py:868}}
Mar 29 08:53:56.491144 dv-cinder-835552-1-iscsi devstack@c-api.service[116975]: /usr/local/lib/python3.8/dist-packages/oslo_context/context.py:100: DeprecationWarning: Policy enforcement is depending on the value of is_admin. This key is deprecated. Please update your policy file to use the standard policy values.
Mar 29 08:53:56.491144 dv-cinder-835552-1-iscsi devstack@c-api.service[116975]: warnings.warn('Policy enforcement is depending on the value of '
Mar 29 08:53:56.492046 dv-cinder-835552-1-iscsi devstack@c-api.service[116974]: [pid: 116974|app: 0|req: 7/23] 10.222.0.16 () {58 vars in 1369 bytes} [Tue Mar 29 08:53:56 2022] GET /volume/v3/170bb076fda94ef38debc26625c2a1cd/qos-specs/9371a5a2-a7f2-4a2f-aa76-3d58aa2a3dfe/associations => generated 304 bytes in 50 msecs (HTTP/1.1 200) 7 headers in 285 bytes (1 switches on core 0)
Mar 29 08:53:56.492909 dv-cinder-835552-1-iscsi devstack@c-api.service[116975]: DEBUG cinder.api.contrib.qos_specs_manage [None req-23400ac9-6cc3-4f5b-afea-6547b8f1dcb0 tempest-QosSpecsTestJSON-959712048 tempest-QosSpecsTestJSON-959712048-project-admin] Disassociate qos_spec: 9371a5a2-a7f2-4a2f-aa76-3d58aa2a3dfe from all. {{(pid=116975) disassociate_all /opt/stack/cinder/cinder/api/contrib/qos_specs_manage.py:361}}
Mar 29 08:53:56.629747 dv-cinder-835552-1-iscsi devstack@c-api.service[116975]: INFO cinder.api.openstack.wsgi [None req-23400ac9-6cc3-4f5b-afea-6547b8f1dcb0 tempest-QosSpecsTestJSON-959712048 tempest-QosSpecsTestJSON-959712048-project-admin] http://10.222.0.16/volume/v3/170bb076fda94ef38debc26625c2a1cd/qos-specs/9371a5a2-a7f2-4a2f-aa76-3d58aa2a3dfe/disassociate_all returned with HTTP 202
Mar 29 08:53:56.635935 dv-cinder-835552-1-iscsi devstack@c-api.service[116974]: DEBUG cinder.api.middleware.request_id [None req-58f0e093-9ff1-48a4-b9ea-1c45aef4d8cf None None] RequestId filter calling following filter/app {{(pid=116974) _context_setter /opt/stack/cinder/cinder/api/middleware/request_id.py:62}}
Mar 29 08:53:56.636818 dv-cinder-835552-1-iscsi devstack@c-api.service[116975]: [pid: 116975|app: 0|req: 17/24] 10.222.0.16 () {58 vars in 1381 bytes} [Tue Mar 29 08:53:56 2022] GET /volume/v3/170bb076fda94ef38debc26625c2a1cd/qos-specs/9371a5a2-a7f2-4a2f-aa76-3d58aa2a3dfe/disassociate_all => generated 0 bytes in 153 msecs (HTTP/1.1 202) 6 headers in 233 bytes (1 switches on core 0)
Mar 29 08:53:56.642640 dv-cinder-835552-1-iscsi devstack@c-api.service[116974]: INFO cinder.api.openstack.wsgi [None req-58f0e093-9ff1-48a4-b9ea-1c45aef4d8cf tempest-QosSpecsTestJSON-959712048 tempest-QosSpecsTestJSON-959712048-project-admin] GET http://10.222.0.16/volume/v3/170bb076fda94ef38debc26625c2a1cd/qos-specs/9371a5a2-a7f2-4a2f-aa76-3d58aa2a3dfe/associations
Mar 29 08:53:56.643357 dv-cinder-835552-1-iscsi devstack@c-api.service[116974]: DEBUG cinder.api.openstack.wsgi [None req-58f0e093-9ff1-48a4-b9ea-1c45aef4d8cf tempest-QosSpecsTestJSON-959712048 tempest-QosSpecsTestJSON-959712048-project-admin] Empty body provided in request {{(pid=116974) get_body /opt/stack/cinder/cinder/api/openstack/wsgi.py:715}}
Mar 29 08:53:56.644036 dv-cinder-835552-1-iscsi devstack@c-api.service[116974]: DEBUG cinder.api.openstack.wsgi [None req-58f0e093-9ff1-48a4-b9ea-1c45aef4d8cf tempest-QosSpecsTestJSON-959712048 tempest-QosSpecsTestJSON-959712048-project-admin] Calling method 'associations' {{(pid=116974) _process_stack /opt/stack/cinder/cinder/api/openstack/wsgi.py:868}}
Mar 29 08:53:56.645726 dv-cinder-835552-1-iscsi devstack@c-api.service[116974]: /usr/local/lib/python3.8/dist-packages/oslo_context/context.py:100: DeprecationWarning: Policy enforcement is depending on the value of is_admin. This key is deprecated. Please update your policy file to use the standard policy values.
Mar 29 08:53:56.645726 dv-cinder-835552-1-iscsi devstack@c-api.service[116974]: warnings.warn('Policy enforcement is depending on the value of '
Mar 29 08:53:56.646789 dv-cinder-835552-1-iscsi devstack@c-api.service[116974]: DEBUG cinder.api.contrib.qos_specs_manage [None req-58f0e093-9ff1-48a4-b9ea-1c45aef4d8cf tempest-QosSpecsTestJSON-959712048 tempest-QosSpecsTestJSON-959712048-project-admin] Get associations for qos_spec id: 9371a5a2-a7f2-4a2f-aa76-3d58aa2a3dfe {{(pid=116974) associations /opt/stack/cinder/cinder/api/contrib/qos_specs_manage.py:233}}
Mar 29 08:53:56.691176 dv-cinder-835552-1-iscsi devstack@c-api.service[116974]: INFO cinder.api.openstack.wsgi [None req-58f0e093-9ff1-48a4-b9ea-1c45aef4d8cf tempest-QosSpecsTestJSON-959712048 tempest-QosSpecsTestJSON-959712048-project-admin] http://10.222.0.16/volume/v3/170bb076fda94ef38debc26625c2a1cd/qos-specs/9371a5a2-a7f2-4a2f-aa76-3d58aa2a3dfe/associations returned with HTTP 200
Mar 29 08:53:56.693014 dv-cinder-835552-1-iscsi devstack@c-api.service[116974]: [pid: 116974|app: 0|req: 8/25] 10.222.0.16 () {58 vars in 1369 bytes} [Tue Mar 29 08:53:56 2022] GET /volume/v3/170bb076fda94ef38debc26625c2a1cd/qos-specs/9371a5a2-a7f2-4a2f-aa76-3d58aa2a3dfe/associations => generated 24 bytes in 58 msecs (HTTP/1.1 200) 7 headers in 284 bytes (1 switches on core 0)
Mar 29 08:53:56.699906 dv-cinder-835552-1-iscsi devstack@c-api.service[116975]: DEBUG cinder.api.middleware.request_id [None req-ea269416-48cf-4a44-9068-599d9685b3f6 None None] RequestId filter calling following filter/app {{(pid=116975) _context_setter /opt/stack/cinder/cinder/api/middleware/request_id.py:62}}
Mar 29 08:53:56.706286 dv-cinder-835552-1-iscsi devstack@c-api.service[116975]: INFO cinder.api.openstack.wsgi [None req-ea269416-48cf-4a44-9068-599d9685b3f6 tempest-QosSpecsTestJSON-959712048 tempest-QosSpecsTestJSON-959712048-project-admin] POST http://10.222.0.16/volume/v3/170bb076fda94ef38debc26625c2a1cd/qos-specs
Mar 29 08:53:56.707599 dv-cinder-835552-1-iscsi devstack@c-api.service[116975]: DEBUG cinder.api.openstack.wsgi [None req-ea269416-48cf-4a44-9068-599d9685b3f6 tempest-QosSpecsTestJSON-959712048 tempest-QosSpecsTestJSON-959712048-project-admin] Action: 'create', calling method: create, body: {"qos_specs": {"name": "tempest-QosSpecsTestJSON-qos-940243768", "consumer": "back-end"}} {{(pid=116975) _process_stack /opt/stack/cinder/cinder/api/openstack/wsgi.py:866}}
Mar 29 08:53:56.709119 dv-cinder-835552-1-iscsi devstack@c-api.service[116975]: /usr/local/lib/python3.8/dist-packages/oslo_context/context.py:100: DeprecationWarning: Policy enforcement is depending on the value of is_admin. This key is deprecated. Please update your policy file to use the standard policy values.
Mar 29 08:53:56.709119 dv-cinder-835552-1-iscsi devstack@c-api.service[116975]: warnings.warn('Policy enforcement is depending on the value of '
Mar 29 08:53:56.710139 dv-cinder-835552-1-iscsi devstack@c-api.service[116975]: DEBUG cinder.volume.qos_specs [None req-ea269416-48cf-4a44-9068-599d9685b3f6 tempest-QosSpecsTestJSON-959712048 tempest-QosSpecsTestJSON-959712048-project-admin] Dict for qos_specs: {'name': 'tempest-QosSpecsTestJSON-qos-940243768', 'consumer': 'back-end', 'specs': {}} {{(pid=116975) create /opt/stack/cinder/cinder/volume/qos_specs.py:64}}
Mar 29 08:53:56.725505 dv-cinder-835552-1-iscsi devstack@c-api.service[116975]: DEBUG cinder.db.sqlalchemy.api [None req-ea269416-48cf-4a44-9068-599d9685b3f6 tempest-QosSpecsTestJSON-959712048 tempest-QosSpecsTestJSON-959712048-project-admin] DB qos_specs_create(): root {'id': 'eb47ccb9-7122-4262-bc7d-4f35396131d3', 'key': 'QoS_Specs_Name', 'value': 'tempest-QosSpecsTestJSON-qos-940243768'} {{(pid=116975) qos_specs_create /opt/stack/cinder/cinder/db/sqlalchemy/api.py:4852}}
Mar 29 08:53:56.817210 dv-cinder-835552-1-iscsi devstack@c-api.service[116974]: DEBUG cinder.api.middleware.request_id [req-aa851f62-28db-4775-8c96-97e5241c05af req-7d78b389-7e79-4845-ba45-fa144df1cf3e None None] RequestId filter calling following filter/app {{(pid=116974) _context_setter /opt/stack/cinder/cinder/api/middleware/request_id.py:62}}
Mar 29 08:53:56.817896 dv-cinder-835552-1-iscsi devstack@c-api.service[116975]: INFO cinder.api.openstack.wsgi [None req-ea269416-48cf-4a44-9068-599d9685b3f6 tempest-QosSpecsTestJSON-959712048 tempest-QosSpecsTestJSON-959712048-project-admin] http://10.222.0.16/volume/v3/170bb076fda94ef38debc26625c2a1cd/qos-specs returned with HTTP 200
Mar 29 08:53:56.818679 dv-cinder-835552-1-iscsi devstack@c-api.service[116975]: [pid: 116975|app: 0|req: 18/26] 10.222.0.16 () {60 vars in 1240 bytes} [Tue Mar 29 08:53:56 2022] POST /volume/v3/170bb076fda94ef38debc26625c2a1cd/qos-specs => generated 434 bytes in 120 msecs (HTTP/1.1 200) 7 headers in 285 bytes (1 switches on core 0)
Mar 29 08:53:56.825941 dv-cinder-835552-1-iscsi devstack@c-api.service[116975]: DEBUG cinder.api.middleware.request_id [None req-a299f80d-8bb7-4e6a-a185-59025eadc421 None None] RequestId filter calling following filter/app {{(pid=116975) _context_setter /opt/stack/cinder/cinder/api/middleware/request_id.py:62}}
Mar 29 08:53:56.833960 dv-cinder-835552-1-iscsi devstack@c-api.service[116975]: INFO cinder.api.openstack.wsgi [None req-a299f80d-8bb7-4e6a-a185-59025eadc421 tempest-QosSpecsTestJSON-959712048 tempest-QosSpecsTestJSON-959712048-project-admin] DELETE http://10.222.0.16/volume/v3/170bb076fda94ef38debc26625c2a1cd/qos-specs/eb47ccb9-7122-4262-bc7d-4f35396131d3?force=False
Mar 29 08:53:56.833960 dv-cinder-835552-1-iscsi devstack@c-api.service[116975]: DEBUG cinder.api.openstack.wsgi [None req-a299f80d-8bb7-4e6a-a185-59025eadc421 tempest-QosSpecsTestJSON-959712048 tempest-QosSpecsTestJSON-959712048-project-admin] Empty body provided in request {{(pid=116975) get_body /opt/stack/cinder/cinder/api/openstack/wsgi.py:715}}
Mar 29 08:53:56.833960 dv-cinder-835552-1-iscsi devstack@c-api.service[116975]: DEBUG cinder.api.openstack.wsgi [None req-a299f80d-8bb7-4e6a-a185-59025eadc421 tempest-QosSpecsTestJSON-959712048 tempest-QosSpecsTestJSON-959712048-project-admin] Calling method 'delete' {{(pid=116975) _process_stack /opt/stack/cinder/cinder/api/openstack/wsgi.py:868}}
Mar 29 08:53:56.835068 dv-cinder-835552-1-iscsi devstack@c-api.service[116975]: /usr/local/lib/python3.8/dist-packages/oslo_context/context.py:100: DeprecationWarning: Policy enforcement is depending on the value of is_admin. This key is deprecated. Please update your policy file to use the standard policy values.
Mar 29 08:53:56.835068 dv-cinder-835552-1-iscsi devstack@c-api.service[116975]: warnings.warn('Policy enforcement is depending on the value of '
Mar 29 08:53:56.839798 dv-cinder-835552-1-iscsi devstack@c-api.service[116975]: DEBUG cinder.api.contrib.qos_specs_manage [None req-a299f80d-8bb7-4e6a-a185-59025eadc421 tempest-QosSpecsTestJSON-959712048 tempest-QosSpecsTestJSON-959712048-project-admin] Delete qos_spec: eb47ccb9-7122-4262-bc7d-4f35396131d3, force: False {{(pid=116975) delete /opt/stack/cinder/cinder/api/contrib/qos_specs_manage.py:168}}
Mar 29 08:53:56.951117 dv-cinder-835552-1-iscsi devstack@c-api.service[116974]: INFO cinder.api.openstack.wsgi [req-aa851f62-28db-4775-8c96-97e5241c05af req-7d78b389-7e79-4845-ba45-fa144df1cf3e tempest-VolumesGetTestJSON-1209739665 tempest-VolumesGetTestJSON-1209739665-project] GET http://10.222.0.16/volume/v3/59d9b7025072400b9794e5faca692cd2/volumes/3e5c1e9f-6c43-4562-940e-058f92d67dac
Mar 29 08:53:56.951801 dv-cinder-835552-1-iscsi devstack@c-api.service[116974]: DEBUG cinder.api.openstack.wsgi [req-aa851f62-28db-4775-8c96-97e5241c05af req-7d78b389-7e79-4845-ba45-fa144df1cf3e tempest-VolumesGetTestJSON-1209739665 tempest-VolumesGetTestJSON-1209739665-project] Empty body provided in request {{(pid=116974) get_body /opt/stack/cinder/cinder/api/openstack/wsgi.py:715}}
Mar 29 08:53:56.952420 dv-cinder-835552-1-iscsi devstack@c-api.service[116974]: DEBUG cinder.api.openstack.wsgi [req-aa851f62-28db-4775-8c96-97e5241c05af req-7d78b389-7e79-4845-ba45-fa144df1cf3e tempest-VolumesGetTestJSON-1209739665 tempest-VolumesGetTestJSON-1209739665-project] Calling method 'show' {{(pid=116974) _process_stack /opt/stack/cinder/cinder/api/openstack/wsgi.py:868}}
Mar 29 08:53:56.972900 dv-cinder-835552-1-iscsi devstack@c-api.service[116974]: /usr/local/lib/python3.8/dist-packages/oslo_context/context.py:100: DeprecationWarning: Policy enforcement is depending on the value of is_admin. This key is deprecated. Please update your policy file to use the standard policy values.
Mar 29 08:53:56.972900 dv-cinder-835552-1-iscsi devstack@c-api.service[116974]: warnings.warn('Policy enforcement is depending on the value of '
Mar 29 08:53:56.977446 dv-cinder-835552-1-iscsi devstack@c-api.service[116975]: INFO cinder.api.openstack.wsgi [None req-a299f80d-8bb7-4e6a-a185-59025eadc421 tempest-QosSpecsTestJSON-959712048 tempest-QosSpecsTestJSON-959712048-project-admin] http://10.222.0.16/volume/v3/170bb076fda94ef38debc26625c2a1cd/qos-specs/eb47ccb9-7122-4262-bc7d-4f35396131d3?force=False returned with HTTP 202
Mar 29 08:53:56.978234 dv-cinder-835552-1-iscsi devstack@c-api.service[116975]: [pid: 116975|app: 0|req: 19/27] 10.222.0.16 () {58 vars in 1356 bytes} [Tue Mar 29 08:53:56 2022] DELETE /volume/v3/170bb076fda94ef38debc26625c2a1cd/qos-specs/eb47ccb9-7122-4262-bc7d-4f35396131d3?force=False => generated 0 bytes in 154 msecs (HTTP/1.1 202) 6 headers in 233 bytes (2 switches on core 0)
Mar 29 08:53:56.983371 dv-cinder-835552-1-iscsi devstack@c-api.service[116975]: DEBUG cinder.api.middleware.request_id [None req-c65f6ea5-09de-4cd4-9b9c-3215adf0a57d None None] RequestId filter calling following filter/app {{(pid=116975) _context_setter /opt/stack/cinder/cinder/api/middleware/request_id.py:62}}
Mar 29 08:53:56.989109 dv-cinder-835552-1-iscsi devstack@c-api.service[116974]: INFO cinder.volume.api [req-aa851f62-28db-4775-8c96-97e5241c05af req-7d78b389-7e79-4845-ba45-fa144df1cf3e tempest-VolumesGetTestJSON-1209739665 tempest-VolumesGetTestJSON-1209739665-project] Volume info retrieved successfully.
Mar 29 08:53:56.989394 dv-cinder-835552-1-iscsi devstack@c-api.service[116975]: INFO cinder.api.openstack.wsgi [None req-c65f6ea5-09de-4cd4-9b9c-3215adf0a57d tempest-QosSpecsTestJSON-959712048 tempest-QosSpecsTestJSON-959712048-project-admin] GET http://10.222.0.16/volume/v3/170bb076fda94ef38debc26625c2a1cd/qos-specs/eb47ccb9-7122-4262-bc7d-4f35396131d3
Mar 29 08:53:56.989853 dv-cinder-835552-1-iscsi devstack@c-api.service[116975]: DEBUG cinder.api.openstack.wsgi [None req-c65f6ea5-09de-4cd4-9b9c-3215adf0a57d tempest-QosSpecsTestJSON-959712048 tempest-QosSpecsTestJSON-959712048-project-admin] Empty body provided in request {{(pid=116975) get_body /opt/stack/cinder/cinder/api/openstack/wsgi.py:715}}
Mar 29 08:53:56.990326 dv-cinder-835552-1-iscsi devstack@c-api.service[116975]: DEBUG cinder.api.openstack.wsgi [None req-c65f6ea5-09de-4cd4-9b9c-3215adf0a57d tempest-QosSpecsTestJSON-959712048 tempest-QosSpecsTestJSON-959712048-project-admin] Calling method 'show' {{(pid=116975) _process_stack /opt/stack/cinder/cinder/api/openstack/wsgi.py:868}}
Mar 29 08:53:56.991120 dv-cinder-835552-1-iscsi devstack@c-api.service[116975]: /usr/local/lib/python3.8/dist-packages/oslo_context/context.py:100: DeprecationWarning: Policy enforcement is depending on the value of is_admin. This key is deprecated. Please update your policy file to use the standard policy values.
Mar 29 08:53:56.991120 dv-cinder-835552-1-iscsi devstack@c-api.service[116975]: warnings.warn('Policy enforcement is depending on the value of '
Mar 29 08:53:57.000202 dv-cinder-835552-1-iscsi devstack@c-api.service[116974]: INFO cinder.api.openstack.wsgi [req-aa851f62-28db-4775-8c96-97e5241c05af req-7d78b389-7e79-4845-ba45-fa144df1cf3e tempest-VolumesGetTestJSON-1209739665 tempest-VolumesGetTestJSON-1209739665-project] http://10.222.0.16/volume/v3/59d9b7025072400b9794e5faca692cd2/volumes/3e5c1e9f-6c43-4562-940e-058f92d67dac returned with HTTP 200
Mar 29 08:53:57.001380 dv-cinder-835552-1-iscsi devstack@c-api.service[116975]: INFO cinder.api.openstack.wsgi [None req-c65f6ea5-09de-4cd4-9b9c-3215adf0a57d tempest-QosSpecsTestJSON-959712048 tempest-QosSpecsTestJSON-959712048-project-admin] http://10.222.0.16/volume/v3/170bb076fda94ef38debc26625c2a1cd/qos-specs/eb47ccb9-7122-4262-bc7d-4f35396131d3 returned with HTTP 404
Mar 29 08:53:57.001533 dv-cinder-835552-1-iscsi devstack@c-api.service[116974]: [pid: 116974|app: 0|req: 9/28] 10.222.0.16 () {60 vars in 1578 bytes} [Tue Mar 29 08:53:56 2022] GET /volume/v3/59d9b7025072400b9794e5faca692cd2/volumes/3e5c1e9f-6c43-4562-940e-058f92d67dac => generated 924 bytes in 186 msecs (HTTP/1.1 200) 7 headers in 285 bytes (2 switches on core 0)
Mar 29 08:53:57.002633 dv-cinder-835552-1-iscsi devstack@c-api.service[116975]: [pid: 116975|app: 0|req: 20/29] 10.222.0.16 () {58 vars in 1330 bytes} [Tue Mar 29 08:53:56 2022] GET /volume/v3/170bb076fda94ef38debc26625c2a1cd/qos-specs/eb47ccb9-7122-4262-bc7d-4f35396131d3 => generated 100 bytes in 21 msecs (HTTP/1.1 404) 7 headers in 292 bytes (2 switches on core 0)
Mar 29 08:53:57.007942 dv-cinder-835552-1-iscsi devstack@c-api.service[116974]: DEBUG cinder.api.middleware.request_id [None req-b53a6bc4-8306-4801-93ad-29cfe38389aa None None] RequestId filter calling following filter/app {{(pid=116974) _context_setter /opt/stack/cinder/cinder/api/middleware/request_id.py:62}}
Mar 29 08:53:57.012999 dv-cinder-835552-1-iscsi devstack@c-api.service[116974]: INFO cinder.api.openstack.wsgi [None req-b53a6bc4-8306-4801-93ad-29cfe38389aa tempest-QosSpecsTestJSON-959712048 tempest-QosSpecsTestJSON-959712048-project-admin] GET http://10.222.0.16/volume/v3/170bb076fda94ef38debc26625c2a1cd/qos-specs
Mar 29 08:53:57.013542 dv-cinder-835552-1-iscsi devstack@c-api.service[116974]: DEBUG cinder.api.openstack.wsgi [None req-b53a6bc4-8306-4801-93ad-29cfe38389aa tempest-QosSpecsTestJSON-959712048 tempest-QosSpecsTestJSON-959712048-project-admin] Empty body provided in request {{(pid=116974) get_body /opt/stack/cinder/cinder/api/openstack/wsgi.py:715}}
Mar 29 08:53:57.014005 dv-cinder-835552-1-iscsi devstack@c-api.service[116974]: DEBUG cinder.api.openstack.wsgi [None req-b53a6bc4-8306-4801-93ad-29cfe38389aa tempest-QosSpecsTestJSON-959712048 tempest-QosSpecsTestJSON-959712048-project-admin] Calling method 'index' {{(pid=116974) _process_stack /opt/stack/cinder/cinder/api/openstack/wsgi.py:868}}
Mar 29 08:53:57.033761 dv-cinder-835552-1-iscsi devstack@c-api.service[116974]: INFO cinder.api.openstack.wsgi [None req-b53a6bc4-8306-4801-93ad-29cfe38389aa tempest-QosSpecsTestJSON-959712048 tempest-QosSpecsTestJSON-959712048-project-admin] http://10.222.0.16/volume/v3/170bb076fda94ef38debc26625c2a1cd/qos-specs returned with HTTP 200
Mar 29 08:53:57.038488 dv-cinder-835552-1-iscsi devstack@c-api.service[116974]: [pid: 116974|app: 0|req: 10/30] 10.222.0.16 () {58 vars in 1219 bytes} [Tue Mar 29 08:53:57 2022] GET /volume/v3/170bb076fda94ef38debc26625c2a1cd/qos-specs => generated 175 bytes in 29 msecs (HTTP/1.1 200) 7 headers in 285 bytes (1 switches on core 0)
Mar 29 08:53:57.046255 dv-cinder-835552-1-iscsi devstack@c-api.service[116975]: DEBUG cinder.api.middleware.request_id [None req-7d243bc0-f58a-48ad-b03f-57c2bf9e7b2e None None] RequestId filter calling following filter/app {{(pid=116975) _context_setter /opt/stack/cinder/cinder/api/middleware/request_id.py:62}}
Mar 29 08:53:57.064464 dv-cinder-835552-1-iscsi devstack@c-api.service[116975]: INFO cinder.api.openstack.wsgi [None req-7d243bc0-f58a-48ad-b03f-57c2bf9e7b2e tempest-QosSpecsTestJSON-959712048 tempest-QosSpecsTestJSON-959712048-project-admin] POST http://10.222.0.16/volume/v3/170bb076fda94ef38debc26625c2a1cd/qos-specs
Mar 29 08:53:57.072596 dv-cinder-835552-1-iscsi devstack@c-api.service[116975]: DEBUG cinder.api.openstack.wsgi [None req-7d243bc0-f58a-48ad-b03f-57c2bf9e7b2e tempest-QosSpecsTestJSON-959712048 tempest-QosSpecsTestJSON-959712048-project-admin] Action: 'create', calling method: create, body: {"qos_specs": {"name": "tempest-QosSpecsTestJSON-qos-1430222084", "consumer": "both"}} {{(pid=116975) _process_stack /opt/stack/cinder/cinder/api/openstack/wsgi.py:866}}
Mar 29 08:53:57.077072 dv-cinder-835552-1-iscsi devstack@c-api.service[116975]: DEBUG cinder.volume.qos_specs [None req-7d243bc0-f58a-48ad-b03f-57c2bf9e7b2e tempest-QosSpecsTestJSON-959712048 tempest-QosSpecsTestJSON-959712048-project-admin] Dict for qos_specs: {'name': 'tempest-QosSpecsTestJSON-qos-1430222084', 'consumer': 'both', 'specs': {}} {{(pid=116975) create /opt/stack/cinder/cinder/volume/qos_specs.py:64}}
Mar 29 08:53:57.085813 dv-cinder-835552-1-iscsi devstack@c-api.service[116975]: DEBUG cinder.db.sqlalchemy.api [None req-7d243bc0-f58a-48ad-b03f-57c2bf9e7b2e tempest-QosSpecsTestJSON-959712048 tempest-QosSpecsTestJSON-959712048-project-admin] DB qos_specs_create(): root {'id': '4e7e53ec-ae85-4a7a-bde4-49ffedcd153e', 'key': 'QoS_Specs_Name', 'value': 'tempest-QosSpecsTestJSON-qos-1430222084'} {{(pid=116975) qos_specs_create /opt/stack/cinder/cinder/db/sqlalchemy/api.py:4852}}
Mar 29 08:53:57.170399 dv-cinder-835552-1-iscsi devstack@c-api.service[116975]: INFO cinder.api.openstack.wsgi [None req-7d243bc0-f58a-48ad-b03f-57c2bf9e7b2e tempest-QosSpecsTestJSON-959712048 tempest-QosSpecsTestJSON-959712048-project-admin] http://10.222.0.16/volume/v3/170bb076fda94ef38debc26625c2a1cd/qos-specs returned with HTTP 200
Mar 29 08:53:57.180122 dv-cinder-835552-1-iscsi devstack@c-api.service[116974]: DEBUG cinder.api.middleware.request_id [None req-2b0263ea-dc6d-47b3-a0a4-91753f6e1755 None None] RequestId filter calling following filter/app {{(pid=116974) _context_setter /opt/stack/cinder/cinder/api/middleware/request_id.py:62}}
Mar 29 08:53:57.183392 dv-cinder-835552-1-iscsi devstack@c-api.service[116975]: [pid: 116975|app: 0|req: 21/31] 10.222.0.16 () {60 vars in 1240 bytes} [Tue Mar 29 08:53:57 2022] POST /volume/v3/170bb076fda94ef38debc26625c2a1cd/qos-specs => generated 431 bytes in 136 msecs (HTTP/1.1 200) 7 headers in 285 bytes (1 switches on core 0)
Mar 29 08:53:57.188447 dv-cinder-835552-1-iscsi devstack@c-api.service[116974]: INFO cinder.api.openstack.wsgi [None req-2b0263ea-dc6d-47b3-a0a4-91753f6e1755 tempest-QosSpecsTestJSON-959712048 tempest-QosSpecsTestJSON-959712048-project-admin] DELETE http://10.222.0.16/volume/v3/170bb076fda94ef38debc26625c2a1cd/qos-specs/4e7e53ec-ae85-4a7a-bde4-49ffedcd153e?force=False
Mar 29 08:53:57.189283 dv-cinder-835552-1-iscsi devstack@c-api.service[116974]: DEBUG cinder.api.openstack.wsgi [None req-2b0263ea-dc6d-47b3-a0a4-91753f6e1755 tempest-QosSpecsTestJSON-959712048 tempest-QosSpecsTestJSON-959712048-project-admin] Empty body provided in request {{(pid=116974) get_body /opt/stack/cinder/cinder/api/openstack/wsgi.py:715}}
Mar 29 08:53:57.189935 dv-cinder-835552-1-iscsi devstack@c-api.service[116974]: DEBUG cinder.api.openstack.wsgi [None req-2b0263ea-dc6d-47b3-a0a4-91753f6e1755 tempest-QosSpecsTestJSON-959712048 tempest-QosSpecsTestJSON-959712048-project-admin] Calling method 'delete' {{(pid=116974) _process_stack /opt/stack/cinder/cinder/api/openstack/wsgi.py:868}}
Mar 29 08:53:57.191581 dv-cinder-835552-1-iscsi devstack@c-api.service[116974]: /usr/local/lib/python3.8/dist-packages/oslo_context/context.py:100: DeprecationWarning: Policy enforcement is depending on the value of is_admin. This key is deprecated. Please update your policy file to use the standard policy values.
Mar 29 08:53:57.191581 dv-cinder-835552-1-iscsi devstack@c-api.service[116974]: warnings.warn('Policy enforcement is depending on the value of '
Mar 29 08:53:57.192695 dv-cinder-835552-1-iscsi devstack@c-api.service[116974]: DEBUG cinder.api.contrib.qos_specs_manage [None req-2b0263ea-dc6d-47b3-a0a4-91753f6e1755 tempest-QosSpecsTestJSON-959712048 tempest-QosSpecsTestJSON-959712048-project-admin] Delete qos_spec: 4e7e53ec-ae85-4a7a-bde4-49ffedcd153e, force: False {{(pid=116974) delete /opt/stack/cinder/cinder/api/contrib/qos_specs_manage.py:168}}
Mar 29 08:53:57.369331 dv-cinder-835552-1-iscsi devstack@c-api.service[116974]: INFO cinder.api.openstack.wsgi [None req-2b0263ea-dc6d-47b3-a0a4-91753f6e1755 tempest-QosSpecsTestJSON-959712048 tempest-QosSpecsTestJSON-959712048-project-admin] http://10.222.0.16/volume/v3/170bb076fda94ef38debc26625c2a1cd/qos-specs/4e7e53ec-ae85-4a7a-bde4-49ffedcd153e?force=False returned with HTTP 202
Mar 29 08:53:57.370859 dv-cinder-835552-1-iscsi devstack@c-api.service[116974]: [pid: 116974|app: 0|req: 11/32] 10.222.0.16 () {58 vars in 1356 bytes} [Tue Mar 29 08:53:57 2022] DELETE /volume/v3/170bb076fda94ef38debc26625c2a1cd/qos-specs/4e7e53ec-ae85-4a7a-bde4-49ffedcd153e?force=False => generated 0 bytes in 193 msecs (HTTP/1.1 202) 6 headers in 233 bytes (1 switches on core 0)
Mar 29 08:53:57.376069 dv-cinder-835552-1-iscsi devstack@c-api.service[116975]: DEBUG cinder.api.middleware.request_id [None req-477e84d7-eb41-48f8-83f8-38893954638b None None] RequestId filter calling following filter/app {{(pid=116975) _context_setter /opt/stack/cinder/cinder/api/middleware/request_id.py:62}}
Mar 29 08:53:57.381773 dv-cinder-835552-1-iscsi devstack@c-api.service[116975]: INFO cinder.api.openstack.wsgi [None req-477e84d7-eb41-48f8-83f8-38893954638b tempest-QosSpecsTestJSON-959712048 tempest-QosSpecsTestJSON-959712048-project-admin] GET http://10.222.0.16/volume/v3/170bb076fda94ef38debc26625c2a1cd/qos-specs/4e7e53ec-ae85-4a7a-bde4-49ffedcd153e
Mar 29 08:53:57.382519 dv-cinder-835552-1-iscsi devstack@c-api.service[116975]: DEBUG cinder.api.openstack.wsgi [None req-477e84d7-eb41-48f8-83f8-38893954638b tempest-QosSpecsTestJSON-959712048 tempest-QosSpecsTestJSON-959712048-project-admin] Empty body provided in request {{(pid=116975) get_body /opt/stack/cinder/cinder/api/openstack/wsgi.py:715}}
Mar 29 08:53:57.383166 dv-cinder-835552-1-iscsi devstack@c-api.service[116975]: DEBUG cinder.api.openstack.wsgi [None req-477e84d7-eb41-48f8-83f8-38893954638b tempest-QosSpecsTestJSON-959712048 tempest-QosSpecsTestJSON-959712048-project-admin] Calling method 'show' {{(pid=116975) _process_stack /opt/stack/cinder/cinder/api/openstack/wsgi.py:868}}
Mar 29 08:53:57.383957 dv-cinder-835552-1-iscsi devstack@c-api.service[116975]: /usr/local/lib/python3.8/dist-packages/oslo_context/context.py:100: DeprecationWarning: Policy enforcement is depending on the value of is_admin. This key is deprecated. Please update your policy file to use the standard policy values.
Mar 29 08:53:57.383957 dv-cinder-835552-1-iscsi devstack@c-api.service[116975]: warnings.warn('Policy enforcement is depending on the value of '
Mar 29 08:53:57.395215 dv-cinder-835552-1-iscsi devstack@c-api.service[116975]: INFO cinder.api.openstack.wsgi [None req-477e84d7-eb41-48f8-83f8-38893954638b tempest-QosSpecsTestJSON-959712048 tempest-QosSpecsTestJSON-959712048-project-admin] http://10.222.0.16/volume/v3/170bb076fda94ef38debc26625c2a1cd/qos-specs/4e7e53ec-ae85-4a7a-bde4-49ffedcd153e returned with HTTP 404
Mar 29 08:53:57.399508 dv-cinder-835552-1-iscsi devstack@c-api.service[116975]: [pid: 116975|app: 0|req: 22/33] 10.222.0.16 () {58 vars in 1330 bytes} [Tue Mar 29 08:53:57 2022] GET /volume/v3/170bb076fda94ef38debc26625c2a1cd/qos-specs/4e7e53ec-ae85-4a7a-bde4-49ffedcd153e => generated 100 bytes in 25 msecs (HTTP/1.1 404) 7 headers in 292 bytes (1 switches on core 0)
Mar 29 08:53:57.405410 dv-cinder-835552-1-iscsi devstack@c-api.service[116974]: DEBUG cinder.api.middleware.request_id [None req-075b543d-b91f-44b6-93a1-4c16cb6c4982 None None] RequestId filter calling following filter/app {{(pid=116974) _context_setter /opt/stack/cinder/cinder/api/middleware/request_id.py:62}}
Mar 29 08:53:57.412242 dv-cinder-835552-1-iscsi devstack@c-api.service[116974]: INFO cinder.api.openstack.wsgi [None req-075b543d-b91f-44b6-93a1-4c16cb6c4982 tempest-QosSpecsTestJSON-959712048 tempest-QosSpecsTestJSON-959712048-project-admin] GET http://10.222.0.16/volume/v3/170bb076fda94ef38debc26625c2a1cd/qos-specs
Mar 29 08:53:57.412945 dv-cinder-835552-1-iscsi devstack@c-api.service[116974]: DEBUG cinder.api.openstack.wsgi [None req-075b543d-b91f-44b6-93a1-4c16cb6c4982 tempest-QosSpecsTestJSON-959712048 tempest-QosSpecsTestJSON-959712048-project-admin] Empty body provided in request {{(pid=116974) get_body /opt/stack/cinder/cinder/api/openstack/wsgi.py:715}}
