Mar 28 23:38:10.528495 dv-cinder-835525-1-smb devstack@c-api.service[113830]: DEBUG cinder.volume.api [None req-127a494f-371f-4e3a-a146-7d88dbe8f398 tempest-VolumeQuotasAdminTestJSON-2044888151 tempest-VolumeQuotasAdminTestJSON-2044888151-project] Task 'cinder.volume.flows.api.create_volume.EntryCreateTask;volume:create' (ef4d0a55-3a40-4d01-ae43-dd94215c053b) transitioned into state 'SUCCESS' from state 'RUNNING' with result '{'volume_id': '40ec046b-d020-4835-9c63-87ab3d3ff41e', 'volume_properties': VolumeProperties(attach_status='detached',availability_zone='nova',cgsnapshot_id=None,consistencygroup_id=None,display_description=None,display_name='tempest-VolumeQuotasAdminTestJSON-Volume-1594180596',encryption_key_id=None,group_id=None,group_type_id=,metadata={},multiattach=False,project_id='6352b2b47b634debaf94c3d9b5093c76',qos_specs=None,replication_status=,reservations=['dffe3663-5538-4722-8bd9-9d2923281aa8','aae64df7-34ed-47f3-a8b8-7701365236e9','43e0903b-7feb-4848-9ef4-b20630a5ef69','ee3f7edf-ae44-472b-af26-2b5e5062d19c'],size=1,snapshot_id=None,source_replicaid=,source_volid=None,status='creating',user_id='a73d912078a446e49f88dd48018d9b95',volume_type_id=ff6e0281-101d-4cec-9f1f-0dc122215980), 'volume': Volume(_name_id=None,admin_metadata=,attach_status='detached',availability_zone='nova',bootable=False,cluster=,cluster_name=None,consistencygroup=,consistencygroup_id=None,created_at=2022-03-28T23:38:10Z,deleted=False,deleted_at=None,display_description=None,display_name='tempest-VolumeQuotasAdminTestJSON-Volume-1594180596',ec2_id=None,encryption_key_id=None,glance_metadata=,group=,group_id=None,host=None,id=40ec046b-d020-4835-9c63-87ab3d3ff41e,launched_at=None,metadata={},migration_status=None,multiattach=False,previous_status=None,project_id='6352b2b47b634debaf94c3d9b5093c76',provider_auth=None,provider_geometry=None,provider_id=None,provider_location=None,replication_driver_data=None,replication_extended_status=None,replication_status=None,scheduled_at=None,service_uuid=None,shared_targets=True,size=1,snapshot_id=None,snapshots=,source_volid=None,status='creating',terminated_at=None,updated_at=None,use_quota=True,user_id='a73d912078a446e49f88dd48018d9b95',volume_attachment=VolumeAttachmentList,volume_type=VolumeType(ff6e0281-101d-4cec-9f1f-0dc122215980),volume_type_id=ff6e0281-101d-4cec-9f1f-0dc122215980)}' {{(pid=113830) _task_receiver /usr/local/lib/python3.8/dist-packages/taskflow/listeners/logging.py:178}}
Mar 28 23:38:10.532136 dv-cinder-835525-1-smb devstack@c-api.service[113830]: DEBUG cinder.volume.api [None req-127a494f-371f-4e3a-a146-7d88dbe8f398 tempest-VolumeQuotasAdminTestJSON-2044888151 tempest-VolumeQuotasAdminTestJSON-2044888151-project] Task 'cinder.volume.flows.api.create_volume.QuotaCommitTask;volume:create' (e667ed5f-b07d-44ee-9885-a0bcce25a2fb) transitioned into state 'RUNNING' from state 'PENDING' {{(pid=113830) _task_receiver /usr/local/lib/python3.8/dist-packages/taskflow/listeners/logging.py:190}}
Mar 28 23:38:10.593310 dv-cinder-835525-1-smb devstack@c-api.service[113830]: DEBUG cinder.volume.api [None req-127a494f-371f-4e3a-a146-7d88dbe8f398 tempest-VolumeQuotasAdminTestJSON-2044888151 tempest-VolumeQuotasAdminTestJSON-2044888151-project] Task 'cinder.volume.flows.api.create_volume.QuotaCommitTask;volume:create' (e667ed5f-b07d-44ee-9885-a0bcce25a2fb) transitioned into state 'SUCCESS' from state 'RUNNING' with result '{'volume_properties': VolumeProperties(attach_status='detached',availability_zone='nova',cgsnapshot_id=None,consistencygroup_id=None,display_description=None,display_name='tempest-VolumeQuotasAdminTestJSON-Volume-1594180596',encryption_key_id=None,group_id=None,group_type_id=,metadata={},multiattach=False,project_id='6352b2b47b634debaf94c3d9b5093c76',qos_specs=None,replication_status=,reservations=['dffe3663-5538-4722-8bd9-9d2923281aa8','aae64df7-34ed-47f3-a8b8-7701365236e9','43e0903b-7feb-4848-9ef4-b20630a5ef69','ee3f7edf-ae44-472b-af26-2b5e5062d19c'],size=1,snapshot_id=None,source_replicaid=,source_volid=None,status='creating',user_id='a73d912078a446e49f88dd48018d9b95',volume_type_id=ff6e0281-101d-4cec-9f1f-0dc122215980)}' {{(pid=113830) _task_receiver /usr/local/lib/python3.8/dist-packages/taskflow/listeners/logging.py:178}}
Mar 28 23:38:10.596714 dv-cinder-835525-1-smb devstack@c-api.service[113830]: DEBUG cinder.volume.api [None req-127a494f-371f-4e3a-a146-7d88dbe8f398 tempest-VolumeQuotasAdminTestJSON-2044888151 tempest-VolumeQuotasAdminTestJSON-2044888151-project] Task 'cinder.volume.flows.api.create_volume.VolumeCastTask;volume:create' (5f24189b-62a8-4af1-ae4b-beee3f9e05f9) transitioned into state 'RUNNING' from state 'PENDING' {{(pid=113830) _task_receiver /usr/local/lib/python3.8/dist-packages/taskflow/listeners/logging.py:190}}
Mar 28 23:38:10.647936 dv-cinder-835525-1-smb devstack@c-api.service[113830]: DEBUG cinder.volume.api [None req-127a494f-371f-4e3a-a146-7d88dbe8f398 tempest-VolumeQuotasAdminTestJSON-2044888151 tempest-VolumeQuotasAdminTestJSON-2044888151-project] Task 'cinder.volume.flows.api.create_volume.VolumeCastTask;volume:create' (5f24189b-62a8-4af1-ae4b-beee3f9e05f9) transitioned into state 'SUCCESS' from state 'RUNNING' with result 'None' {{(pid=113830) _task_receiver /usr/local/lib/python3.8/dist-packages/taskflow/listeners/logging.py:178}}
Mar 28 23:38:10.659271 dv-cinder-835525-1-smb devstack@c-api.service[113830]: DEBUG cinder.volume.api [None req-127a494f-371f-4e3a-a146-7d88dbe8f398 tempest-VolumeQuotasAdminTestJSON-2044888151 tempest-VolumeQuotasAdminTestJSON-2044888151-project] Flow 'volume_create_api' (9fe798c9-a227-44a9-bf79-6503fa67a1a4) transitioned into state 'SUCCESS' from state 'RUNNING' {{(pid=113830) _flow_receiver /usr/local/lib/python3.8/dist-packages/taskflow/listeners/logging.py:141}}
Mar 28 23:38:10.661823 dv-cinder-835525-1-smb devstack@c-api.service[113830]: INFO cinder.volume.api [None req-127a494f-371f-4e3a-a146-7d88dbe8f398 tempest-VolumeQuotasAdminTestJSON-2044888151 tempest-VolumeQuotasAdminTestJSON-2044888151-project] Create volume request issued successfully.
Mar 28 23:38:10.666876 dv-cinder-835525-1-smb devstack@c-api.service[113830]: INFO cinder.api.openstack.wsgi [None req-127a494f-371f-4e3a-a146-7d88dbe8f398 tempest-VolumeQuotasAdminTestJSON-2044888151 tempest-VolumeQuotasAdminTestJSON-2044888151-project] http://10.222.0.16/volume/v3/6352b2b47b634debaf94c3d9b5093c76/volumes returned with HTTP 202
Mar 28 23:38:10.671651 dv-cinder-835525-1-smb devstack@c-api.service[113830]: [pid: 113830|app: 0|req: 62/123] 10.222.0.16 () {60 vars in 1234 bytes} [Mon Mar 28 23:38:10 2022] POST /volume/v3/6352b2b47b634debaf94c3d9b5093c76/volumes => generated 825 bytes in 617 msecs (HTTP/1.1 202) 7 headers in 291 bytes (1 switches on core 0)
Mar 28 23:38:10.681924 dv-cinder-835525-1-smb devstack@c-api.service[113829]: DEBUG cinder.api.middleware.request_id [None req-8dc5698b-a736-435b-bc6f-c596b8ffce03 None None] RequestId filter calling following filter/app {{(pid=113829) _context_setter /opt/stack/cinder/cinder/api/middleware/request_id.py:62}}
Mar 28 23:38:10.688604 dv-cinder-835525-1-smb devstack@c-api.service[113829]: INFO cinder.api.openstack.wsgi [None req-8dc5698b-a736-435b-bc6f-c596b8ffce03 tempest-VolumeQuotasAdminTestJSON-2044888151 tempest-VolumeQuotasAdminTestJSON-2044888151-project] GET http://10.222.0.16/volume/v3/6352b2b47b634debaf94c3d9b5093c76/volumes/40ec046b-d020-4835-9c63-87ab3d3ff41e
Mar 28 23:38:10.689180 dv-cinder-835525-1-smb devstack@c-api.service[113829]: DEBUG cinder.api.openstack.wsgi [None req-8dc5698b-a736-435b-bc6f-c596b8ffce03 tempest-VolumeQuotasAdminTestJSON-2044888151 tempest-VolumeQuotasAdminTestJSON-2044888151-project] Empty body provided in request {{(pid=113829) get_body /opt/stack/cinder/cinder/api/openstack/wsgi.py:715}}
Mar 28 23:38:10.690363 dv-cinder-835525-1-smb devstack@c-api.service[113829]: DEBUG cinder.api.openstack.wsgi [None req-8dc5698b-a736-435b-bc6f-c596b8ffce03 tempest-VolumeQuotasAdminTestJSON-2044888151 tempest-VolumeQuotasAdminTestJSON-2044888151-project] Calling method 'show' {{(pid=113829) _process_stack /opt/stack/cinder/cinder/api/openstack/wsgi.py:868}}
Mar 28 23:38:10.714311 dv-cinder-835525-1-smb devstack@c-api.service[113829]: /usr/local/lib/python3.8/dist-packages/oslo_context/context.py:100: DeprecationWarning: Policy enforcement is depending on the value of is_admin. This key is deprecated. Please update your policy file to use the standard policy values.
Mar 28 23:38:10.714311 dv-cinder-835525-1-smb devstack@c-api.service[113829]: warnings.warn('Policy enforcement is depending on the value of '
Mar 28 23:38:10.733996 dv-cinder-835525-1-smb devstack@c-api.service[113830]: DEBUG cinder.api.middleware.request_id [None req-9b33bfbf-1d63-4e2c-b39c-65f3a5b01443 None None] RequestId filter calling following filter/app {{(pid=113830) _context_setter /opt/stack/cinder/cinder/api/middleware/request_id.py:62}}
Mar 28 23:38:10.752386 dv-cinder-835525-1-smb devstack@c-api.service[113829]: INFO cinder.volume.api [None req-8dc5698b-a736-435b-bc6f-c596b8ffce03 tempest-VolumeQuotasAdminTestJSON-2044888151 tempest-VolumeQuotasAdminTestJSON-2044888151-project] Volume info retrieved successfully.
Mar 28 23:38:10.762273 dv-cinder-835525-1-smb devstack@c-api.service[113829]: INFO cinder.api.openstack.wsgi [None req-8dc5698b-a736-435b-bc6f-c596b8ffce03 tempest-VolumeQuotasAdminTestJSON-2044888151 tempest-VolumeQuotasAdminTestJSON-2044888151-project] http://10.222.0.16/volume/v3/6352b2b47b634debaf94c3d9b5093c76/volumes/40ec046b-d020-4835-9c63-87ab3d3ff41e returned with HTTP 200
Mar 28 23:38:10.763471 dv-cinder-835525-1-smb devstack@c-api.service[113829]: [pid: 113829|app: 0|req: 62/124] 10.222.0.16 () {58 vars in 1324 bytes} [Mon Mar 28 23:38:10 2022] GET /volume/v3/6352b2b47b634debaf94c3d9b5093c76/volumes/40ec046b-d020-4835-9c63-87ab3d3ff41e => generated 893 bytes in 83 msecs (HTTP/1.1 200) 7 headers in 285 bytes (1 switches on core 0)
Mar 28 23:38:11.372284 dv-cinder-835525-1-smb devstack@c-api.service[113830]: INFO cinder.api.openstack.wsgi [None req-9b33bfbf-1d63-4e2c-b39c-65f3a5b01443 tempest-VolumesListAdminTestJSON-1506698428 tempest-VolumesListAdminTestJSON-1506698428-project] GET http://10.222.0.16/volume/v3/7ce02f9af5764105ad2335e08b917996/volumes
Mar 28 23:38:11.373976 dv-cinder-835525-1-smb devstack@c-api.service[113830]: DEBUG cinder.api.openstack.wsgi [None req-9b33bfbf-1d63-4e2c-b39c-65f3a5b01443 tempest-VolumesListAdminTestJSON-1506698428 tempest-VolumesListAdminTestJSON-1506698428-project] Empty body provided in request {{(pid=113830) get_body /opt/stack/cinder/cinder/api/openstack/wsgi.py:715}}
Mar 28 23:38:11.374553 dv-cinder-835525-1-smb devstack@c-api.service[113830]: DEBUG cinder.api.openstack.wsgi [None req-9b33bfbf-1d63-4e2c-b39c-65f3a5b01443 tempest-VolumesListAdminTestJSON-1506698428 tempest-VolumesListAdminTestJSON-1506698428-project] Calling method 'index' {{(pid=113830) _process_stack /opt/stack/cinder/cinder/api/openstack/wsgi.py:868}}
Mar 28 23:38:11.375343 dv-cinder-835525-1-smb devstack@c-api.service[113830]: DEBUG cinder.api.api_utils [None req-9b33bfbf-1d63-4e2c-b39c-65f3a5b01443 tempest-VolumesListAdminTestJSON-1506698428 tempest-VolumesListAdminTestJSON-1506698428-project] Removing options '' from query. {{(pid=113830) remove_invalid_filter_options /opt/stack/cinder/cinder/api/api_utils.py:73}}
Mar 28 23:38:11.376293 dv-cinder-835525-1-smb devstack@c-api.service[113830]: /usr/local/lib/python3.8/dist-packages/oslo_context/context.py:100: DeprecationWarning: Policy enforcement is depending on the value of is_admin. This key is deprecated. Please update your policy file to use the standard policy values.
Mar 28 23:38:11.376293 dv-cinder-835525-1-smb devstack@c-api.service[113830]: warnings.warn('Policy enforcement is depending on the value of '
Mar 28 23:38:11.377607 dv-cinder-835525-1-smb devstack@c-api.service[113830]: DEBUG cinder.volume.api [None req-9b33bfbf-1d63-4e2c-b39c-65f3a5b01443 tempest-VolumesListAdminTestJSON-1506698428 tempest-VolumesListAdminTestJSON-1506698428-project] Searching by: MultiDict([('no_migration_targets', True)]). {{(pid=113830) get_all /opt/stack/cinder/cinder/volume/api.py:662}}
Mar 28 23:38:11.516251 dv-cinder-835525-1-smb devstack@c-api.service[113830]: INFO cinder.volume.api [None req-9b33bfbf-1d63-4e2c-b39c-65f3a5b01443 tempest-VolumesListAdminTestJSON-1506698428 tempest-VolumesListAdminTestJSON-1506698428-project] Get all volumes completed successfully.
Mar 28 23:38:11.516964 dv-cinder-835525-1-smb devstack@c-api.service[113830]: INFO cinder.api.openstack.wsgi [None req-9b33bfbf-1d63-4e2c-b39c-65f3a5b01443 tempest-VolumesListAdminTestJSON-1506698428 tempest-VolumesListAdminTestJSON-1506698428-project] http://10.222.0.16/volume/v3/7ce02f9af5764105ad2335e08b917996/volumes returned with HTTP 200
Mar 28 23:38:11.522194 dv-cinder-835525-1-smb devstack@c-api.service[113830]: [pid: 113830|app: 0|req: 63/125] 10.222.0.16 () {58 vars in 1213 bytes} [Mon Mar 28 23:38:10 2022] GET /volume/v3/7ce02f9af5764105ad2335e08b917996/volumes => generated 15 bytes in 789 msecs (HTTP/1.1 200) 7 headers in 284 bytes (1 switches on core 0)
Mar 28 23:38:11.525873 dv-cinder-835525-1-smb devstack@c-api.service[113829]: DEBUG cinder.api.middleware.request_id [None req-22659509-fad4-42dc-9587-568a5e45b9e3 None None] RequestId filter calling following filter/app {{(pid=113829) _context_setter /opt/stack/cinder/cinder/api/middleware/request_id.py:62}}
Mar 28 23:38:11.530488 dv-cinder-835525-1-smb devstack@c-api.service[113829]: INFO cinder.api.openstack.wsgi [None req-22659509-fad4-42dc-9587-568a5e45b9e3 tempest-VolumesListAdminTestJSON-1506698428 tempest-VolumesListAdminTestJSON-1506698428-project] POST http://10.222.0.16/volume/v3/7ce02f9af5764105ad2335e08b917996/volumes
Mar 28 23:38:11.531585 dv-cinder-835525-1-smb devstack@c-api.service[113829]: DEBUG cinder.api.openstack.wsgi [None req-22659509-fad4-42dc-9587-568a5e45b9e3 tempest-VolumesListAdminTestJSON-1506698428 tempest-VolumesListAdminTestJSON-1506698428-project] Action: 'create', calling method: create, body: {"volume": {"size": 1, "name": "tempest-VolumesListAdminTestJSON-Volume-1737380451"}} {{(pid=113829) _process_stack /opt/stack/cinder/cinder/api/openstack/wsgi.py:866}}
Mar 28 23:38:11.533026 dv-cinder-835525-1-smb devstack@c-api.service[113829]: DEBUG cinder.api.v3.volumes [None req-22659509-fad4-42dc-9587-568a5e45b9e3 tempest-VolumesListAdminTestJSON-1506698428 tempest-VolumesListAdminTestJSON-1506698428-project] Create volume request body: {'volume': {'size': 1, 'name': 'tempest-VolumesListAdminTestJSON-Volume-1737380451'}} {{(pid=113829) create /opt/stack/cinder/cinder/api/v3/volumes.py:298}}
Mar 28 23:38:11.533662 dv-cinder-835525-1-smb devstack@c-api.service[113829]: INFO cinder.api.v3.volumes [None req-22659509-fad4-42dc-9587-568a5e45b9e3 tempest-VolumesListAdminTestJSON-1506698428 tempest-VolumesListAdminTestJSON-1506698428-project] Create volume of 1 GB
Mar 28 23:38:11.546283 dv-cinder-835525-1-smb devstack@c-api.service[113829]: INFO cinder.volume.api [None req-22659509-fad4-42dc-9587-568a5e45b9e3 tempest-VolumesListAdminTestJSON-1506698428 tempest-VolumesListAdminTestJSON-1506698428-project] Availability Zones retrieved successfully.
Mar 28 23:38:11.611429 dv-cinder-835525-1-smb devstack@c-api.service[113829]: DEBUG cinder.volume.api [None req-22659509-fad4-42dc-9587-568a5e45b9e3 tempest-VolumesListAdminTestJSON-1506698428 tempest-VolumesListAdminTestJSON-1506698428-project] Flow 'volume_create_api' (a2d697ac-feee-4c35-88ca-7c7f3bed2721) transitioned into state 'RUNNING' from state 'PENDING' {{(pid=113829) _flow_receiver /usr/local/lib/python3.8/dist-packages/taskflow/listeners/logging.py:141}}
Mar 28 23:38:11.616867 dv-cinder-835525-1-smb devstack@c-api.service[113829]: DEBUG cinder.volume.api [None req-22659509-fad4-42dc-9587-568a5e45b9e3 tempest-VolumesListAdminTestJSON-1506698428 tempest-VolumesListAdminTestJSON-1506698428-project] Task 'cinder.volume.flows.api.create_volume.ExtractVolumeRequestTask;volume:create' (646da5c0-54c1-48b0-96c7-cd69a5b8ad46) transitioned into state 'RUNNING' from state 'PENDING' {{(pid=113829) _task_receiver /usr/local/lib/python3.8/dist-packages/taskflow/listeners/logging.py:190}}
Mar 28 23:38:11.637415 dv-cinder-835525-1-smb devstack@c-api.service[113829]: DEBUG cinder.volume.flows.api.create_volume [None req-22659509-fad4-42dc-9587-568a5e45b9e3 tempest-VolumesListAdminTestJSON-1506698428 tempest-VolumesListAdminTestJSON-1506698428-project] Validating volume size '1' using validate_int {{(pid=113829) _extract_size /opt/stack/cinder/cinder/volume/flows/api/create_volume.py:225}}
Mar 28 23:38:11.694100 dv-cinder-835525-1-smb devstack@c-api.service[113829]: DEBUG cinder.volume.api [None req-22659509-fad4-42dc-9587-568a5e45b9e3 tempest-VolumesListAdminTestJSON-1506698428 tempest-VolumesListAdminTestJSON-1506698428-project] Task 'cinder.volume.flows.api.create_volume.ExtractVolumeRequestTask;volume:create' (646da5c0-54c1-48b0-96c7-cd69a5b8ad46) transitioned into state 'SUCCESS' from state 'RUNNING' with result '{'size': 1, 'snapshot_id': None, 'source_volid': None, 'volume_type': VolumeType(created_at=2022-03-28T23:27:53Z,deleted=False,deleted_at=None,description='Default Volume Type',extra_specs={},id=ff6e0281-101d-4cec-9f1f-0dc122215980,is_public=True,name='__DEFAULT__',projects=[],qos_specs=,qos_specs_id=None,updated_at=2022-03-28T23:27:53Z), 'volume_type_id': 'ff6e0281-101d-4cec-9f1f-0dc122215980', 'encryption_key_id': None, 'qos_specs': None, 'consistencygroup_id': None, 'cgsnapshot_id': None, 'group_id': None, 'replication_status': 'disabled', 'refresh_az': False, 'backup_id': None, 'multiattach': False, 'availability_zones': ['nova']}' {{(pid=113829) _task_receiver /usr/local/lib/python3.8/dist-packages/taskflow/listeners/logging.py:178}}
Mar 28 23:38:11.701685 dv-cinder-835525-1-smb devstack@c-api.service[113829]: DEBUG cinder.volume.api [None req-22659509-fad4-42dc-9587-568a5e45b9e3 tempest-VolumesListAdminTestJSON-1506698428 tempest-VolumesListAdminTestJSON-1506698428-project] Task 'cinder.volume.flows.api.create_volume.QuotaReserveTask;volume:create' (8b09f241-e97b-4466-9d51-56b0484ab5f1) transitioned into state 'RUNNING' from state 'PENDING' {{(pid=113829) _task_receiver /usr/local/lib/python3.8/dist-packages/taskflow/listeners/logging.py:190}}
Mar 28 23:38:11.775440 dv-cinder-835525-1-smb devstack@c-api.service[113830]: DEBUG cinder.api.middleware.request_id [None req-374fa0a4-7f4d-4d04-9e11-fd6fed63358c None None] RequestId filter calling following filter/app {{(pid=113830) _context_setter /opt/stack/cinder/cinder/api/middleware/request_id.py:62}}
Mar 28 23:38:11.779448 dv-cinder-835525-1-smb devstack@c-api.service[113830]: INFO cinder.api.openstack.wsgi [None req-374fa0a4-7f4d-4d04-9e11-fd6fed63358c tempest-VolumeQuotasAdminTestJSON-2044888151 tempest-VolumeQuotasAdminTestJSON-2044888151-project] GET http://10.222.0.16/volume/v3/6352b2b47b634debaf94c3d9b5093c76/volumes/40ec046b-d020-4835-9c63-87ab3d3ff41e
Mar 28 23:38:11.779969 dv-cinder-835525-1-smb devstack@c-api.service[113830]: DEBUG cinder.api.openstack.wsgi [None req-374fa0a4-7f4d-4d04-9e11-fd6fed63358c tempest-VolumeQuotasAdminTestJSON-2044888151 tempest-VolumeQuotasAdminTestJSON-2044888151-project] Empty body provided in request {{(pid=113830) get_body /opt/stack/cinder/cinder/api/openstack/wsgi.py:715}}
Mar 28 23:38:11.780450 dv-cinder-835525-1-smb devstack@c-api.service[113830]: DEBUG cinder.api.openstack.wsgi [None req-374fa0a4-7f4d-4d04-9e11-fd6fed63358c tempest-VolumeQuotasAdminTestJSON-2044888151 tempest-VolumeQuotasAdminTestJSON-2044888151-project] Calling method 'show' {{(pid=113830) _process_stack /opt/stack/cinder/cinder/api/openstack/wsgi.py:868}}
Mar 28 23:38:11.817337 dv-cinder-835525-1-smb devstack@c-api.service[113830]: /usr/local/lib/python3.8/dist-packages/oslo_context/context.py:100: DeprecationWarning: Policy enforcement is depending on the value of is_admin. This key is deprecated. Please update your policy file to use the standard policy values.
Mar 28 23:38:11.817337 dv-cinder-835525-1-smb devstack@c-api.service[113830]: warnings.warn('Policy enforcement is depending on the value of '
Mar 28 23:38:11.847435 dv-cinder-835525-1-smb devstack@c-api.service[113830]: INFO cinder.volume.api [None req-374fa0a4-7f4d-4d04-9e11-fd6fed63358c tempest-VolumeQuotasAdminTestJSON-2044888151 tempest-VolumeQuotasAdminTestJSON-2044888151-project] Volume info retrieved successfully.
Mar 28 23:38:11.849086 dv-cinder-835525-1-smb devstack@c-api.service[113829]: DEBUG cinder.quota [None req-22659509-fad4-42dc-9587-568a5e45b9e3 tempest-VolumesListAdminTestJSON-1506698428 tempest-VolumesListAdminTestJSON-1506698428-project] Created reservations ['570935a1-0ba4-45a0-81f9-fc3866dfee35', 'cb19915e-6e51-4ad0-9b09-a48795405bc9', '7545dceb-d88a-4016-be18-b757c45fdc21', '1cd0e95c-9c2f-496b-a54a-26364a9fcee4'] {{(pid=113829) reserve /opt/stack/cinder/cinder/quota.py:755}}
Mar 28 23:38:11.851843 dv-cinder-835525-1-smb devstack@c-api.service[113829]: DEBUG cinder.volume.api [None req-22659509-fad4-42dc-9587-568a5e45b9e3 tempest-VolumesListAdminTestJSON-1506698428 tempest-VolumesListAdminTestJSON-1506698428-project] Task 'cinder.volume.flows.api.create_volume.QuotaReserveTask;volume:create' (8b09f241-e97b-4466-9d51-56b0484ab5f1) transitioned into state 'SUCCESS' from state 'RUNNING' with result '{'reservations': ['570935a1-0ba4-45a0-81f9-fc3866dfee35', 'cb19915e-6e51-4ad0-9b09-a48795405bc9', '7545dceb-d88a-4016-be18-b757c45fdc21', '1cd0e95c-9c2f-496b-a54a-26364a9fcee4']}' {{(pid=113829) _task_receiver /usr/local/lib/python3.8/dist-packages/taskflow/listeners/logging.py:178}}
Mar 28 23:38:11.856515 dv-cinder-835525-1-smb devstack@c-api.service[113829]: DEBUG cinder.volume.api [None req-22659509-fad4-42dc-9587-568a5e45b9e3 tempest-VolumesListAdminTestJSON-1506698428 tempest-VolumesListAdminTestJSON-1506698428-project] Task 'cinder.volume.flows.api.create_volume.EntryCreateTask;volume:create' (9ca3cc80-ebe3-4400-ada4-80e358f2e12d) transitioned into state 'RUNNING' from state 'PENDING' {{(pid=113829) _task_receiver /usr/local/lib/python3.8/dist-packages/taskflow/listeners/logging.py:190}}
Mar 28 23:38:11.879008 dv-cinder-835525-1-smb devstack@c-api.service[113830]: INFO cinder.api.openstack.wsgi [None req-374fa0a4-7f4d-4d04-9e11-fd6fed63358c tempest-VolumeQuotasAdminTestJSON-2044888151 tempest-VolumeQuotasAdminTestJSON-2044888151-project] http://10.222.0.16/volume/v3/6352b2b47b634debaf94c3d9b5093c76/volumes/40ec046b-d020-4835-9c63-87ab3d3ff41e returned with HTTP 200
Mar 28 23:38:11.896711 dv-cinder-835525-1-smb devstack@c-api.service[113830]: [pid: 113830|app: 0|req: 64/126] 10.222.0.16 () {58 vars in 1324 bytes} [Mon Mar 28 23:38:11 2022] GET /volume/v3/6352b2b47b634debaf94c3d9b5093c76/volumes/40ec046b-d020-4835-9c63-87ab3d3ff41e => generated 918 bytes in 121 msecs (HTTP/1.1 200) 7 headers in 285 bytes (1 switches on core 0)
Mar 28 23:38:11.900892 dv-cinder-835525-1-smb devstack@c-api.service[113830]: DEBUG cinder.api.middleware.request_id [None req-67d17074-a7f1-43b7-b371-048bb2c2328d None None] RequestId filter calling following filter/app {{(pid=113830) _context_setter /opt/stack/cinder/cinder/api/middleware/request_id.py:62}}
Mar 28 23:38:11.906151 dv-cinder-835525-1-smb devstack@c-api.service[113830]: INFO cinder.api.openstack.wsgi [None req-67d17074-a7f1-43b7-b371-048bb2c2328d tempest-VolumeQuotasAdminTestJSON-1425962301 tempest-VolumeQuotasAdminTestJSON-1425962301-project-admin] GET http://10.222.0.16/volume/v3/55f3fe58aedc4cd087141c0d59f1e033/os-quota-sets/6352b2b47b634debaf94c3d9b5093c76?usage=True
Mar 28 23:38:11.906955 dv-cinder-835525-1-smb devstack@c-api.service[113830]: DEBUG cinder.api.openstack.wsgi [None req-67d17074-a7f1-43b7-b371-048bb2c2328d tempest-VolumeQuotasAdminTestJSON-1425962301 tempest-VolumeQuotasAdminTestJSON-1425962301-project-admin] Empty body provided in request {{(pid=113830) get_body /opt/stack/cinder/cinder/api/openstack/wsgi.py:715}}
Mar 28 23:38:11.907691 dv-cinder-835525-1-smb devstack@c-api.service[113830]: DEBUG cinder.api.openstack.wsgi [None req-67d17074-a7f1-43b7-b371-048bb2c2328d tempest-VolumeQuotasAdminTestJSON-1425962301 tempest-VolumeQuotasAdminTestJSON-1425962301-project-admin] Calling method 'show' {{(pid=113830) _process_stack /opt/stack/cinder/cinder/api/openstack/wsgi.py:868}}
Mar 28 23:38:11.945699 dv-cinder-835525-1-smb devstack@c-api.service[113829]: DEBUG cinder.volume.api [None req-22659509-fad4-42dc-9587-568a5e45b9e3 tempest-VolumesListAdminTestJSON-1506698428 tempest-VolumesListAdminTestJSON-1506698428-project] Task 'cinder.volume.flows.api.create_volume.EntryCreateTask;volume:create' (9ca3cc80-ebe3-4400-ada4-80e358f2e12d) transitioned into state 'SUCCESS' from state 'RUNNING' with result '{'volume_id': '76cf43ec-daab-4807-8c08-91f6e92d7253', 'volume_properties': VolumeProperties(attach_status='detached',availability_zone='nova',cgsnapshot_id=None,consistencygroup_id=None,display_description=None,display_name='tempest-VolumesListAdminTestJSON-Volume-1737380451',encryption_key_id=None,group_id=None,group_type_id=,metadata={},multiattach=False,project_id='7ce02f9af5764105ad2335e08b917996',qos_specs=None,replication_status=,reservations=['570935a1-0ba4-45a0-81f9-fc3866dfee35','cb19915e-6e51-4ad0-9b09-a48795405bc9','7545dceb-d88a-4016-be18-b757c45fdc21','1cd0e95c-9c2f-496b-a54a-26364a9fcee4'],size=1,snapshot_id=None,source_replicaid=,source_volid=None,status='creating',user_id='00f9f459c93c43d1adcce6b7430ed4eb',volume_type_id=ff6e0281-101d-4cec-9f1f-0dc122215980), 'volume': Volume(_name_id=None,admin_metadata=,attach_status='detached',availability_zone='nova',bootable=False,cluster=,cluster_name=None,consistencygroup=,consistencygroup_id=None,created_at=2022-03-28T23:38:11Z,deleted=False,deleted_at=None,display_description=None,display_name='tempest-VolumesListAdminTestJSON-Volume-1737380451',ec2_id=None,encryption_key_id=None,glance_metadata=,group=,group_id=None,host=None,id=76cf43ec-daab-4807-8c08-91f6e92d7253,launched_at=None,metadata={},migration_status=None,multiattach=False,previous_status=None,project_id='7ce02f9af5764105ad2335e08b917996',provider_auth=None,provider_geometry=None,provider_id=None,provider_location=None,replication_driver_data=None,replication_extended_status=None,replication_status=None,scheduled_at=None,service_uuid=None,shared_targets=True,size=1,snapshot_id=None,snapshots=,source_volid=None,status='creating',terminated_at=None,updated_at=None,use_quota=True,user_id='00f9f459c93c43d1adcce6b7430ed4eb',volume_attachment=VolumeAttachmentList,volume_type=VolumeType(ff6e0281-101d-4cec-9f1f-0dc122215980),volume_type_id=ff6e0281-101d-4cec-9f1f-0dc122215980)}' {{(pid=113829) _task_receiver /usr/local/lib/python3.8/dist-packages/taskflow/listeners/logging.py:178}}
Mar 28 23:38:11.947614 dv-cinder-835525-1-smb devstack@c-api.service[113830]: INFO cinder.api.openstack.wsgi [None req-67d17074-a7f1-43b7-b371-048bb2c2328d tempest-VolumeQuotasAdminTestJSON-1425962301 tempest-VolumeQuotasAdminTestJSON-1425962301-project-admin] http://10.222.0.16/volume/v3/55f3fe58aedc4cd087141c0d59f1e033/os-quota-sets/6352b2b47b634debaf94c3d9b5093c76?usage=True returned with HTTP 200
Mar 28 23:38:11.955988 dv-cinder-835525-1-smb devstack@c-api.service[113829]: DEBUG cinder.volume.api [None req-22659509-fad4-42dc-9587-568a5e45b9e3 tempest-VolumesListAdminTestJSON-1506698428 tempest-VolumesListAdminTestJSON-1506698428-project] Task 'cinder.volume.flows.api.create_volume.QuotaCommitTask;volume:create' (03e2af6e-51b4-45ae-a8fd-4c96df14dc84) transitioned into state 'RUNNING' from state 'PENDING' {{(pid=113829) _task_receiver /usr/local/lib/python3.8/dist-packages/taskflow/listeners/logging.py:190}}
Mar 28 23:38:11.957928 dv-cinder-835525-1-smb devstack@c-api.service[113830]: [pid: 113830|app: 0|req: 65/127] 10.222.0.16 () {58 vars in 1351 bytes} [Mon Mar 28 23:38:11 2022] GET /volume/v3/55f3fe58aedc4cd087141c0d59f1e033/os-quota-sets/6352b2b47b634debaf94c3d9b5093c76?usage=True => generated 868 bytes in 58 msecs (HTTP/1.1 200) 7 headers in 285 bytes (1 switches on core 0)
Mar 28 23:38:11.962584 dv-cinder-835525-1-smb devstack@c-api.service[113830]: DEBUG cinder.api.middleware.request_id [None req-c1c8b9d7-ecf3-4f28-acce-48a7585f38b1 None None] RequestId filter calling following filter/app {{(pid=113830) _context_setter /opt/stack/cinder/cinder/api/middleware/request_id.py:62}}
Mar 28 23:38:11.972522 dv-cinder-835525-1-smb devstack@c-api.service[113830]: INFO cinder.api.openstack.wsgi [None req-c1c8b9d7-ecf3-4f28-acce-48a7585f38b1 tempest-VolumeQuotasAdminTestJSON-1425962301 tempest-VolumeQuotasAdminTestJSON-1425962301-project-admin] GET http://10.222.0.16/volume/v3/55f3fe58aedc4cd087141c0d59f1e033/os-quota-sets/fa0b2c86280e46daa3dc13612c218ed4?usage=True
Mar 28 23:38:11.972995 dv-cinder-835525-1-smb devstack@c-api.service[113830]: DEBUG cinder.api.openstack.wsgi [None req-c1c8b9d7-ecf3-4f28-acce-48a7585f38b1 tempest-VolumeQuotasAdminTestJSON-1425962301 tempest-VolumeQuotasAdminTestJSON-1425962301-project-admin] Empty body provided in request {{(pid=113830) get_body /opt/stack/cinder/cinder/api/openstack/wsgi.py:715}}
Mar 28 23:38:11.974082 dv-cinder-835525-1-smb devstack@c-api.service[113830]: DEBUG cinder.api.openstack.wsgi [None req-c1c8b9d7-ecf3-4f28-acce-48a7585f38b1 tempest-VolumeQuotasAdminTestJSON-1425962301 tempest-VolumeQuotasAdminTestJSON-1425962301-project-admin] Calling method 'show' {{(pid=113830) _process_stack /opt/stack/cinder/cinder/api/openstack/wsgi.py:868}}
Mar 28 23:38:12.030639 dv-cinder-835525-1-smb devstack@c-api.service[113829]: DEBUG cinder.volume.api [None req-22659509-fad4-42dc-9587-568a5e45b9e3 tempest-VolumesListAdminTestJSON-1506698428 tempest-VolumesListAdminTestJSON-1506698428-project] Task 'cinder.volume.flows.api.create_volume.QuotaCommitTask;volume:create' (03e2af6e-51b4-45ae-a8fd-4c96df14dc84) transitioned into state 'SUCCESS' from state 'RUNNING' with result '{'volume_properties': VolumeProperties(attach_status='detached',availability_zone='nova',cgsnapshot_id=None,consistencygroup_id=None,display_description=None,display_name='tempest-VolumesListAdminTestJSON-Volume-1737380451',encryption_key_id=None,group_id=None,group_type_id=,metadata={},multiattach=False,project_id='7ce02f9af5764105ad2335e08b917996',qos_specs=None,replication_status=,reservations=['570935a1-0ba4-45a0-81f9-fc3866dfee35','cb19915e-6e51-4ad0-9b09-a48795405bc9','7545dceb-d88a-4016-be18-b757c45fdc21','1cd0e95c-9c2f-496b-a54a-26364a9fcee4'],size=1,snapshot_id=None,source_replicaid=,source_volid=None,status='creating',user_id='00f9f459c93c43d1adcce6b7430ed4eb',volume_type_id=ff6e0281-101d-4cec-9f1f-0dc122215980)}' {{(pid=113829) _task_receiver /usr/local/lib/python3.8/dist-packages/taskflow/listeners/logging.py:178}}
Mar 28 23:38:12.034622 dv-cinder-835525-1-smb devstack@c-api.service[113829]: DEBUG cinder.volume.api [None req-22659509-fad4-42dc-9587-568a5e45b9e3 tempest-VolumesListAdminTestJSON-1506698428 tempest-VolumesListAdminTestJSON-1506698428-project] Task 'cinder.volume.flows.api.create_volume.VolumeCastTask;volume:create' (466d174b-b425-42f4-b24e-26eaf8f64ce7) transitioned into state 'RUNNING' from state 'PENDING' {{(pid=113829) _task_receiver /usr/local/lib/python3.8/dist-packages/taskflow/listeners/logging.py:190}}
Mar 28 23:38:12.045569 dv-cinder-835525-1-smb devstack@c-api.service[113830]: INFO cinder.api.openstack.wsgi [None req-c1c8b9d7-ecf3-4f28-acce-48a7585f38b1 tempest-VolumeQuotasAdminTestJSON-1425962301 tempest-VolumeQuotasAdminTestJSON-1425962301-project-admin] http://10.222.0.16/volume/v3/55f3fe58aedc4cd087141c0d59f1e033/os-quota-sets/fa0b2c86280e46daa3dc13612c218ed4?usage=True returned with HTTP 200
Mar 28 23:38:12.057455 dv-cinder-835525-1-smb devstack@c-api.service[113830]: [pid: 113830|app: 0|req: 66/128] 10.222.0.16 () {58 vars in 1351 bytes} [Mon Mar 28 23:38:11 2022] GET /volume/v3/55f3fe58aedc4cd087141c0d59f1e033/os-quota-sets/fa0b2c86280e46daa3dc13612c218ed4?usage=True => generated 868 bytes in 95 msecs (HTTP/1.1 200) 7 headers in 285 bytes (1 switches on core 0)
Mar 28 23:38:12.061671 dv-cinder-835525-1-smb devstack@c-api.service[113830]: DEBUG cinder.api.middleware.request_id [None req-0145c00b-3a4b-467e-bdf0-4209fe3155bf None None] RequestId filter calling following filter/app {{(pid=113830) _context_setter /opt/stack/cinder/cinder/api/middleware/request_id.py:62}}
Mar 28 23:38:12.075783 dv-cinder-835525-1-smb devstack@c-api.service[113829]: DEBUG cinder.volume.api [None req-22659509-fad4-42dc-9587-568a5e45b9e3 tempest-VolumesListAdminTestJSON-1506698428 tempest-VolumesListAdminTestJSON-1506698428-project] Task 'cinder.volume.flows.api.create_volume.VolumeCastTask;volume:create' (466d174b-b425-42f4-b24e-26eaf8f64ce7) transitioned into state 'SUCCESS' from state 'RUNNING' with result 'None' {{(pid=113829) _task_receiver /usr/local/lib/python3.8/dist-packages/taskflow/listeners/logging.py:178}}
Mar 28 23:38:12.090925 dv-cinder-835525-1-smb devstack@c-api.service[113829]: DEBUG cinder.volume.api [None req-22659509-fad4-42dc-9587-568a5e45b9e3 tempest-VolumesListAdminTestJSON-1506698428 tempest-VolumesListAdminTestJSON-1506698428-project] Flow 'volume_create_api' (a2d697ac-feee-4c35-88ca-7c7f3bed2721) transitioned into state 'SUCCESS' from state 'RUNNING' {{(pid=113829) _flow_receiver /usr/local/lib/python3.8/dist-packages/taskflow/listeners/logging.py:141}}
Mar 28 23:38:12.093452 dv-cinder-835525-1-smb devstack@c-api.service[113829]: INFO cinder.volume.api [None req-22659509-fad4-42dc-9587-568a5e45b9e3 tempest-VolumesListAdminTestJSON-1506698428 tempest-VolumesListAdminTestJSON-1506698428-project] Create volume request issued successfully.
Mar 28 23:38:12.098169 dv-cinder-835525-1-smb devstack@c-api.service[113830]: INFO cinder.api.openstack.wsgi [None req-0145c00b-3a4b-467e-bdf0-4209fe3155bf tempest-VolumeQuotasAdminTestJSON-2044888151 tempest-VolumeQuotasAdminTestJSON-2044888151-project] POST http://10.222.0.16/volume/v3/6352b2b47b634debaf94c3d9b5093c76/os-volume-transfer
Mar 28 23:38:12.098620 dv-cinder-835525-1-smb devstack@c-api.service[113829]: INFO cinder.api.openstack.wsgi [None req-22659509-fad4-42dc-9587-568a5e45b9e3 tempest-VolumesListAdminTestJSON-1506698428 tempest-VolumesListAdminTestJSON-1506698428-project] http://10.222.0.16/volume/v3/7ce02f9af5764105ad2335e08b917996/volumes returned with HTTP 202
Mar 28 23:38:12.099039 dv-cinder-835525-1-smb devstack@c-api.service[113830]: DEBUG cinder.api.openstack.wsgi [None req-0145c00b-3a4b-467e-bdf0-4209fe3155bf tempest-VolumeQuotasAdminTestJSON-2044888151 tempest-VolumeQuotasAdminTestJSON-2044888151-project] Action: 'create', calling method: create, body: {"transfer": {"volume_id": "40ec046b-d020-4835-9c63-87ab3d3ff41e"}} {{(pid=113830) _process_stack /opt/stack/cinder/cinder/api/openstack/wsgi.py:866}}
Mar 28 23:38:12.101037 dv-cinder-835525-1-smb devstack@c-api.service[113829]: [pid: 113829|app: 0|req: 63/129] 10.222.0.16 () {60 vars in 1234 bytes} [Mon Mar 28 23:38:11 2022] POST /volume/v3/7ce02f9af5764105ad2335e08b917996/volumes => generated 824 bytes in 576 msecs (HTTP/1.1 202) 7 headers in 291 bytes (1 switches on core 0)
Mar 28 23:38:12.102854 dv-cinder-835525-1-smb devstack@c-api.service[113830]: DEBUG cinder.api.contrib.volume_transfer [None req-0145c00b-3a4b-467e-bdf0-4209fe3155bf tempest-VolumeQuotasAdminTestJSON-2044888151 tempest-VolumeQuotasAdminTestJSON-2044888151-project] Creating new volume transfer {'transfer': {'volume_id': '40ec046b-d020-4835-9c63-87ab3d3ff41e'}} {{(pid=113830) create /opt/stack/cinder/cinder/api/contrib/volume_transfer.py:85}}
Mar 28 23:38:12.103169 dv-cinder-835525-1-smb devstack@c-api.service[113830]: INFO cinder.api.contrib.volume_transfer [None req-0145c00b-3a4b-467e-bdf0-4209fe3155bf tempest-VolumeQuotasAdminTestJSON-2044888151 tempest-VolumeQuotasAdminTestJSON-2044888151-project] Creating transfer of volume 40ec046b-d020-4835-9c63-87ab3d3ff41e
Mar 28 23:38:12.104681 dv-cinder-835525-1-smb devstack@c-api.service[113830]: INFO cinder.transfer.api [None req-0145c00b-3a4b-467e-bdf0-4209fe3155bf tempest-VolumeQuotasAdminTestJSON-2044888151 tempest-VolumeQuotasAdminTestJSON-2044888151-project] Generating transfer record for volume 40ec046b-d020-4835-9c63-87ab3d3ff41e
Mar 28 23:38:12.111724 dv-cinder-835525-1-smb devstack@c-api.service[113829]: DEBUG cinder.api.middleware.request_id [None req-fea2c8b9-47ba-4540-8220-438355dd7cc6 None None] RequestId filter calling following filter/app {{(pid=113829) _context_setter /opt/stack/cinder/cinder/api/middleware/request_id.py:62}}
Mar 28 23:38:12.118155 dv-cinder-835525-1-smb devstack@c-api.service[113829]: INFO cinder.api.openstack.wsgi [None req-fea2c8b9-47ba-4540-8220-438355dd7cc6 tempest-VolumesListAdminTestJSON-1506698428 tempest-VolumesListAdminTestJSON-1506698428-project] GET http://10.222.0.16/volume/v3/7ce02f9af5764105ad2335e08b917996/volumes/76cf43ec-daab-4807-8c08-91f6e92d7253
Mar 28 23:38:12.118883 dv-cinder-835525-1-smb devstack@c-api.service[113829]: DEBUG cinder.api.openstack.wsgi [None req-fea2c8b9-47ba-4540-8220-438355dd7cc6 tempest-VolumesListAdminTestJSON-1506698428 tempest-VolumesListAdminTestJSON-1506698428-project] Empty body provided in request {{(pid=113829) get_body /opt/stack/cinder/cinder/api/openstack/wsgi.py:715}}
Mar 28 23:38:12.119487 dv-cinder-835525-1-smb devstack@c-api.service[113829]: DEBUG cinder.api.openstack.wsgi [None req-fea2c8b9-47ba-4540-8220-438355dd7cc6 tempest-VolumesListAdminTestJSON-1506698428 tempest-VolumesListAdminTestJSON-1506698428-project] Calling method 'show' {{(pid=113829) _process_stack /opt/stack/cinder/cinder/api/openstack/wsgi.py:868}}
Mar 28 23:38:12.140495 dv-cinder-835525-1-smb devstack@c-api.service[113830]: /usr/local/lib/python3.8/dist-packages/oslo_context/context.py:100: DeprecationWarning: Policy enforcement is depending on the value of is_admin. This key is deprecated. Please update your policy file to use the standard policy values.
Mar 28 23:38:12.140495 dv-cinder-835525-1-smb devstack@c-api.service[113830]: warnings.warn('Policy enforcement is depending on the value of '
Mar 28 23:38:12.161810 dv-cinder-835525-1-smb devstack@c-api.service[113829]: /usr/local/lib/python3.8/dist-packages/oslo_context/context.py:100: DeprecationWarning: Policy enforcement is depending on the value of is_admin. This key is deprecated. Please update your policy file to use the standard policy values.
Mar 28 23:38:12.161810 dv-cinder-835525-1-smb devstack@c-api.service[113829]: warnings.warn('Policy enforcement is depending on the value of '
Mar 28 23:38:12.205765 dv-cinder-835525-1-smb devstack@c-api.service[113829]: INFO cinder.volume.api [None req-fea2c8b9-47ba-4540-8220-438355dd7cc6 tempest-VolumesListAdminTestJSON-1506698428 tempest-VolumesListAdminTestJSON-1506698428-project] Volume info retrieved successfully.
Mar 28 23:38:12.232819 dv-cinder-835525-1-smb devstack@c-api.service[113830]: INFO cinder.api.openstack.wsgi [None req-0145c00b-3a4b-467e-bdf0-4209fe3155bf tempest-VolumeQuotasAdminTestJSON-2044888151 tempest-VolumeQuotasAdminTestJSON-2044888151-project] http://10.222.0.16/volume/v3/6352b2b47b634debaf94c3d9b5093c76/os-volume-transfer returned with HTTP 202
Mar 28 23:38:12.241654 dv-cinder-835525-1-smb devstack@c-api.service[113830]: [pid: 113830|app: 0|req: 67/130] 10.222.0.16 () {60 vars in 1267 bytes} [Mon Mar 28 23:38:12 2022] POST /volume/v3/6352b2b47b634debaf94c3d9b5093c76/os-volume-transfer => generated 507 bytes in 183 msecs (HTTP/1.1 202) 7 headers in 291 bytes (1 switches on core 0)
Mar 28 23:38:12.246025 dv-cinder-835525-1-smb devstack@c-api.service[113830]: DEBUG cinder.api.middleware.request_id [None req-5bf095ac-17d8-4033-9e6c-c2b0408e0cbc None None] RequestId filter calling following filter/app {{(pid=113830) _context_setter /opt/stack/cinder/cinder/api/middleware/request_id.py:62}}
Mar 28 23:38:12.248249 dv-cinder-835525-1-smb devstack@c-api.service[113829]: INFO cinder.api.openstack.wsgi [None req-fea2c8b9-47ba-4540-8220-438355dd7cc6 tempest-VolumesListAdminTestJSON-1506698428 tempest-VolumesListAdminTestJSON-1506698428-project] http://10.222.0.16/volume/v3/7ce02f9af5764105ad2335e08b917996/volumes/76cf43ec-daab-4807-8c08-91f6e92d7253 returned with HTTP 200
Mar 28 23:38:12.251778 dv-cinder-835525-1-smb devstack@c-api.service[113829]: [pid: 113829|app: 0|req: 64/131] 10.222.0.16 () {58 vars in 1324 bytes} [Mon Mar 28 23:38:12 2022] GET /volume/v3/7ce02f9af5764105ad2335e08b917996/volumes/76cf43ec-daab-4807-8c08-91f6e92d7253 => generated 892 bytes in 141 msecs (HTTP/1.1 200) 7 headers in 285 bytes (1 switches on core 0)
Mar 28 23:38:12.292776 dv-cinder-835525-1-smb devstack@c-api.service[113829]: DEBUG cinder.api.middleware.request_id [None req-393f8986-6c94-49f1-8ed1-48bf15481ba5 None None] RequestId filter calling following filter/app {{(pid=113829) _context_setter /opt/stack/cinder/cinder/api/middleware/request_id.py:62}}
Mar 28 23:38:12.664565 dv-cinder-835525-1-smb devstack@c-api.service[113830]: INFO cinder.api.openstack.wsgi [None req-5bf095ac-17d8-4033-9e6c-c2b0408e0cbc tempest-VolumeQuotasAdminTestJSON-767442547 tempest-VolumeQuotasAdminTestJSON-767442547-project] POST http://10.222.0.16/volume/v3/fa0b2c86280e46daa3dc13612c218ed4/os-volume-transfer/d9f8e25e-1da7-4804-aee8-1221a52527e8/accept
Mar 28 23:38:12.665300 dv-cinder-835525-1-smb devstack@c-api.service[113830]: DEBUG cinder.api.openstack.wsgi [None req-5bf095ac-17d8-4033-9e6c-c2b0408e0cbc tempest-VolumeQuotasAdminTestJSON-767442547 tempest-VolumeQuotasAdminTestJSON-767442547-project] Action: 'accept', calling method: accept, body: {"accept": {"auth_key": "ba4ec5e7c9090b5b"}} {{(pid=113830) _process_stack /opt/stack/cinder/cinder/api/openstack/wsgi.py:866}}
Mar 28 23:38:12.666254 dv-cinder-835525-1-smb devstack@c-api.service[113830]: DEBUG cinder.api.contrib.volume_transfer [None req-5bf095ac-17d8-4033-9e6c-c2b0408e0cbc tempest-VolumeQuotasAdminTestJSON-767442547 tempest-VolumeQuotasAdminTestJSON-767442547-project] Accepting volume transfer d9f8e25e-1da7-4804-aee8-1221a52527e8 {{(pid=113830) accept /opt/stack/cinder/cinder/api/contrib/volume_transfer.py:115}}
Mar 28 23:38:12.666547 dv-cinder-835525-1-smb devstack@c-api.service[113830]: INFO cinder.api.contrib.volume_transfer [None req-5bf095ac-17d8-4033-9e6c-c2b0408e0cbc tempest-VolumeQuotasAdminTestJSON-767442547 tempest-VolumeQuotasAdminTestJSON-767442547-project] Accepting transfer d9f8e25e-1da7-4804-aee8-1221a52527e8
Mar 28 23:38:12.729872 dv-cinder-835525-1-smb devstack@c-api.service[113829]: INFO cinder.api.openstack.wsgi [None req-393f8986-6c94-49f1-8ed1-48bf15481ba5 tempest-VolumeRetypeWithoutMigrationTest-955499187 tempest-VolumeRetypeWithoutMigrationTest-955499187-project-admin] POST http://10.222.0.16/volume/v3/4d069607a0f043bb9bbda34319a65c98/types
Mar 28 23:38:12.730613 dv-cinder-835525-1-smb devstack@c-api.service[113829]: DEBUG cinder.api.openstack.wsgi [None req-393f8986-6c94-49f1-8ed1-48bf15481ba5 tempest-VolumeRetypeWithoutMigrationTest-955499187 tempest-VolumeRetypeWithoutMigrationTest-955499187-project-admin] Action: 'create', calling method: _create, body: {"volume_type": {"name": "volume-type-1"}} {{(pid=113829) _process_stack /opt/stack/cinder/cinder/api/openstack/wsgi.py:866}}
Mar 28 23:38:12.779302 dv-cinder-835525-1-smb devstack@c-api.service[113829]: INFO cinder.api.openstack.wsgi [None req-393f8986-6c94-49f1-8ed1-48bf15481ba5 tempest-VolumeRetypeWithoutMigrationTest-955499187 tempest-VolumeRetypeWithoutMigrationTest-955499187-project-admin] http://10.222.0.16/volume/v3/4d069607a0f043bb9bbda34319a65c98/types returned with HTTP 200
Mar 28 23:38:12.782453 dv-cinder-835525-1-smb devstack@c-api.service[113829]: [pid: 113829|app: 0|req: 65/132] 10.222.0.16 () {60 vars in 1228 bytes} [Mon Mar 28 23:38:12 2022] POST /volume/v3/4d069607a0f043bb9bbda34319a65c98/types => generated 188 bytes in 491 msecs (HTTP/1.1 200) 7 headers in 285 bytes (1 switches on core 0)
Mar 28 23:38:12.788131 dv-cinder-835525-1-smb devstack@c-api.service[113829]: DEBUG cinder.api.middleware.request_id [None req-9e52d596-56b9-4b31-b3b3-64982ee2b2f2 None None] RequestId filter calling following filter/app {{(pid=113829) _context_setter /opt/stack/cinder/cinder/api/middleware/request_id.py:62}}
Mar 28 23:38:12.794171 dv-cinder-835525-1-smb devstack@c-api.service[113829]: INFO cinder.api.openstack.wsgi [None req-9e52d596-56b9-4b31-b3b3-64982ee2b2f2 tempest-VolumeRetypeWithoutMigrationTest-955499187 tempest-VolumeRetypeWithoutMigrationTest-955499187-project-admin] POST http://10.222.0.16/volume/v3/4d069607a0f043bb9bbda34319a65c98/types
Mar 28 23:38:12.810698 dv-cinder-835525-1-smb devstack@c-api.service[113829]: DEBUG cinder.api.openstack.wsgi [None req-9e52d596-56b9-4b31-b3b3-64982ee2b2f2 tempest-VolumeRetypeWithoutMigrationTest-955499187 tempest-VolumeRetypeWithoutMigrationTest-955499187-project-admin] Action: 'create', calling method: _create, body: {"volume_type": {"name": "volume-type-2"}} {{(pid=113829) _process_stack /opt/stack/cinder/cinder/api/openstack/wsgi.py:866}}
Mar 28 23:38:12.861778 dv-cinder-835525-1-smb devstack@c-api.service[113829]: INFO cinder.api.openstack.wsgi [None req-9e52d596-56b9-4b31-b3b3-64982ee2b2f2 tempest-VolumeRetypeWithoutMigrationTest-955499187 tempest-VolumeRetypeWithoutMigrationTest-955499187-project-admin] http://10.222.0.16/volume/v3/4d069607a0f043bb9bbda34319a65c98/types returned with HTTP 200
Mar 28 23:38:12.865277 dv-cinder-835525-1-smb devstack@c-api.service[113829]: [pid: 113829|app: 0|req: 66/133] 10.222.0.16 () {60 vars in 1228 bytes} [Mon Mar 28 23:38:12 2022] POST /volume/v3/4d069607a0f043bb9bbda34319a65c98/types => generated 188 bytes in 79 msecs (HTTP/1.1 200) 7 headers in 285 bytes (1 switches on core 0)
Mar 28 23:38:12.873108 dv-cinder-835525-1-smb devstack@c-api.service[113829]: DEBUG cinder.api.middleware.request_id [None req-44789f6b-282a-491a-a61f-f72bdc405cc6 None None] RequestId filter calling following filter/app {{(pid=113829) _context_setter /opt/stack/cinder/cinder/api/middleware/request_id.py:62}}
Mar 28 23:38:12.956102 dv-cinder-835525-1-smb devstack@c-api.service[113830]: DEBUG cinder.quota [None req-5bf095ac-17d8-4033-9e6c-c2b0408e0cbc tempest-VolumeQuotasAdminTestJSON-767442547 tempest-VolumeQuotasAdminTestJSON-767442547-project] Created reservations ['792034bc-eb94-4994-a0a3-072b2630426c', '21889558-406a-4fc3-8d34-3bcdcba7de5f', 'b5259d4a-23e8-4425-b6e3-c74a3cfbb869', 'fa0d2eeb-a151-4d53-95c7-a7a7349ade60'] {{(pid=113830) reserve /opt/stack/cinder/cinder/quota.py:755}}
Mar 28 23:38:13.038532 dv-cinder-835525-1-smb devstack@c-api.service[113830]: DEBUG cinder.quota [None req-5bf095ac-17d8-4033-9e6c-c2b0408e0cbc tempest-VolumeQuotasAdminTestJSON-767442547 tempest-VolumeQuotasAdminTestJSON-767442547-project] Created reservations ['61d3a0b9-2fa2-4bd9-91fa-e60e782916a1', '3fb7d201-cae6-4844-a66d-3142c9d06997', '91ecb42a-50f3-4b4e-8c66-19047c009459', 'e519133b-7504-498b-b5c0-f292e8a6b5da'] {{(pid=113830) reserve /opt/stack/cinder/cinder/quota.py:755}}
Mar 28 23:38:13.088745 dv-cinder-835525-1-smb devstack@c-api.service[113829]: INFO cinder.api.openstack.wsgi [None req-44789f6b-282a-491a-a61f-f72bdc405cc6 tempest-VolumeRetypeWithoutMigrationTest-947965594 tempest-VolumeRetypeWithoutMigrationTest-947965594-project] POST http://10.222.0.16/volume/v3/33e26d6443b04c61b89ff4216a105c9b/volumes
Mar 28 23:38:13.089456 dv-cinder-835525-1-smb devstack@c-api.service[113829]: DEBUG cinder.api.openstack.wsgi [None req-44789f6b-282a-491a-a61f-f72bdc405cc6 tempest-VolumeRetypeWithoutMigrationTest-947965594 tempest-VolumeRetypeWithoutMigrationTest-947965594-project] Action: 'create', calling method: create, body: {"volume": {"volume_type": "volume-type-1", "size": 1, "name": "tempest-VolumeRetypeWithoutMigrationTest-Volume-1597414567"}} {{(pid=113829) _process_stack /opt/stack/cinder/cinder/api/openstack/wsgi.py:866}}
Mar 28 23:38:13.090427 dv-cinder-835525-1-smb devstack@c-api.service[113829]: DEBUG cinder.api.v3.volumes [None req-44789f6b-282a-491a-a61f-f72bdc405cc6 tempest-VolumeRetypeWithoutMigrationTest-947965594 tempest-VolumeRetypeWithoutMigrationTest-947965594-project] Create volume request body: {'volume': {'volume_type': 'volume-type-1', 'size': 1, 'name': 'tempest-VolumeRetypeWithoutMigrationTest-Volume-1597414567'}} {{(pid=113829) create /opt/stack/cinder/cinder/api/v3/volumes.py:298}}
Mar 28 23:38:13.100413 dv-cinder-835525-1-smb devstack@c-api.service[113829]: INFO cinder.api.v3.volumes [None req-44789f6b-282a-491a-a61f-f72bdc405cc6 tempest-VolumeRetypeWithoutMigrationTest-947965594 tempest-VolumeRetypeWithoutMigrationTest-947965594-project] Create volume of 1 GB
Mar 28 23:38:13.101162 dv-cinder-835525-1-smb devstack@c-api.service[113829]: /usr/local/lib/python3.8/dist-packages/oslo_context/context.py:100: DeprecationWarning: Policy enforcement is depending on the value of is_admin. This key is deprecated. Please update your policy file to use the standard policy values.
Mar 28 23:38:13.101162 dv-cinder-835525-1-smb devstack@c-api.service[113829]: warnings.warn('Policy enforcement is depending on the value of '
Mar 28 23:38:13.102217 dv-cinder-835525-1-smb devstack@c-api.service[113829]: INFO cinder.volume.api [None req-44789f6b-282a-491a-a61f-f72bdc405cc6 tempest-VolumeRetypeWithoutMigrationTest-947965594 tempest-VolumeRetypeWithoutMigrationTest-947965594-project] Availability Zones retrieved successfully.
