Jun 15 22:13:42.746543 dv-cinder-835384-7-smb neutron-server[104035]: DEBUG dbcounter [-] [104035] Writing DB stats neutron:SELECT=93,neutron:INSERT=5,neutron:DELETE=2 {{(pid=104035) stat_writer /usr/local/lib/python3.8/dist-packages/dbcounter.py:114}}
Jun 15 22:13:42.758271 dv-cinder-835384-7-smb neutron-server[104035]: INFO neutron.wsgi [req-22379451-0b29-47f5-a2cf-71a61b7ae31f req-9d32a88b-fe9a-46e8-837f-a80f608e6bb3 tempest-ServerRescueNegativeTestJSON-1667260621 tempest-ServerRescueNegativeTestJSON-1667260621-project] 10.222.0.42 "GET /v2.0/security-groups?id=0e5c0388-6678-4fd5-a9d8-29e7263b7447&fields=id&fields=name HTTP/1.1" status: 200 len: 286 time: 0.1086614
Jun 15 22:13:42.778717 dv-cinder-835384-7-smb neutron-server[104034]: DEBUG neutron_lib.callbacks.manager [None req-5d3bcaa9-c55f-4088-bc2a-8ad1a15c2314 admin admin] Publish callbacks [] for security_group (None), before_create {{(pid=104034) _notify_loop /usr/local/lib/python3.8/dist-packages/neutron_lib/callbacks/manager.py:176}}
Jun 15 22:13:42.782347 dv-cinder-835384-7-smb neutron-server[104034]: DEBUG neutron_lib.callbacks.manager [None req-6347ee9c-bce0-4339-9cff-02648370a2bd admin admin] Publish callbacks [] for security_group (0697a069-b805-4999-962b-0819739ae1de), before_delete {{(pid=104034) _notify_loop /usr/local/lib/python3.8/dist-packages/neutron_lib/callbacks/manager.py:176}}
Jun 15 22:13:42.796162 dv-cinder-835384-7-smb neutron-server[104035]: DEBUG neutron_lib.callbacks.manager [None req-801ed147-aea2-406c-9c2c-b7ff0c34952a tempest-AttachVolumeTestJSON-896666373 tempest-AttachVolumeTestJSON-896666373-project] Publish callbacks [] for security_group_rule (0567c25d-b941-494b-8395-2fb726bfd65a), precommit_create {{(pid=104035) _notify_loop /usr/local/lib/python3.8/dist-packages/neutron_lib/callbacks/manager.py:176}}
Jun 15 22:13:42.815680 dv-cinder-835384-7-smb neutron-server[104035]: DEBUG neutron_lib.callbacks.manager [None req-801ed147-aea2-406c-9c2c-b7ff0c34952a tempest-AttachVolumeTestJSON-896666373 tempest-AttachVolumeTestJSON-896666373-project] Publish callbacks ['neutron.plugins.ml2.ovo_rpc._ObjectChangeHandler.handle_event-1771293'] for security_group_rule (0567c25d-b941-494b-8395-2fb726bfd65a), after_create {{(pid=104035) _notify_loop /usr/local/lib/python3.8/dist-packages/neutron_lib/callbacks/manager.py:176}}
Jun 15 22:13:42.843671 dv-cinder-835384-7-smb neutron-server[104034]: DEBUG neutron_lib.callbacks.manager [None req-6347ee9c-bce0-4339-9cff-02648370a2bd admin admin] Publish callbacks [] for security_group (0697a069-b805-4999-962b-0819739ae1de), precommit_delete {{(pid=104034) _notify_loop /usr/local/lib/python3.8/dist-packages/neutron_lib/callbacks/manager.py:176}}
Jun 15 22:13:42.850556 dv-cinder-835384-7-smb neutron-server[104035]: DEBUG neutron.api.rpc.handlers.resources_rpc [None req-801ed147-aea2-406c-9c2c-b7ff0c34952a tempest-AttachVolumeTestJSON-896666373 tempest-AttachVolumeTestJSON-896666373-project] Pushing event updated for resources: {'SecurityGroupRule': ['ID=0567c25d-b941-494b-8395-2fb726bfd65a,revision_number=0']} {{(pid=104035) push /opt/stack/neutron/neutron/api/rpc/handlers/resources_rpc.py:237}}
Jun 15 22:13:42.856829 dv-cinder-835384-7-smb neutron-server[104035]: DEBUG neutron_lib.callbacks.manager [None req-801ed147-aea2-406c-9c2c-b7ff0c34952a tempest-AttachVolumeTestJSON-896666373 tempest-AttachVolumeTestJSON-896666373-project] Publish callbacks [] for security_group_rule (None), before_response {{(pid=104035) _notify_loop /usr/local/lib/python3.8/dist-packages/neutron_lib/callbacks/manager.py:176}}
Jun 15 22:13:42.858336 dv-cinder-835384-7-smb neutron-server[104035]: INFO neutron.wsgi [None req-801ed147-aea2-406c-9c2c-b7ff0c34952a tempest-AttachVolumeTestJSON-896666373 tempest-AttachVolumeTestJSON-896666373-project] 10.222.0.42 "POST /v2.0/security-group-rules HTTP/1.1" status: 201 len: 764 time: 0.3110952
Jun 15 22:13:42.865408 dv-cinder-835384-7-smb neutron-server[104035]: DEBUG neutron.wsgi [-] (104035) accepted ('10.222.0.42', 40030) {{(pid=104035) server /usr/local/lib/python3.8/dist-packages/eventlet/wsgi.py:1004}}
Jun 15 22:13:42.873561 dv-cinder-835384-7-smb neutron-server[104035]: DEBUG neutron.api.v2.base [None req-1a0ad87a-3e32-4f5b-a20a-a2d8febb36a9 tempest-AttachVolumeTestJSON-896666373 tempest-AttachVolumeTestJSON-896666373-project] Request body: {'security_group_rule': {'security_group_id': '002017ed-43f4-40b4-b5ac-b93fc19a731f', 'protocol': 'icmp', 'ethertype': 'IPv4', 'direction': 'ingress'}} {{(pid=104035) prepare_request_body /opt/stack/neutron/neutron/api/v2/base.py:730}}
Jun 15 22:13:42.904717 dv-cinder-835384-7-smb neutron-server[104034]: DEBUG dbcounter [-] [104034] Writing DB stats neutron:SELECT=84,neutron:INSERT=13,neutron:DELETE=3 {{(pid=104034) stat_writer /usr/local/lib/python3.8/dist-packages/dbcounter.py:114}}
Jun 15 22:13:42.915752 dv-cinder-835384-7-smb neutron-server[104035]: DEBUG neutron_lib.callbacks.manager [None req-1a0ad87a-3e32-4f5b-a20a-a2d8febb36a9 tempest-AttachVolumeTestJSON-896666373 tempest-AttachVolumeTestJSON-896666373-project] Publish callbacks [] for security_group_rule (41fba139-9f9a-432e-90c4-58425cebcc2a), before_create {{(pid=104035) _notify_loop /usr/local/lib/python3.8/dist-packages/neutron_lib/callbacks/manager.py:176}}
Jun 15 22:13:42.946407 dv-cinder-835384-7-smb neutron-server[104034]: DEBUG neutron_lib.callbacks.manager [None req-5d3bcaa9-c55f-4088-bc2a-8ad1a15c2314 admin admin] Publish callbacks [] for security_group (57fbc3a5-0403-421f-8ca6-c74a4146a1de), precommit_create {{(pid=104034) _notify_loop /usr/local/lib/python3.8/dist-packages/neutron_lib/callbacks/manager.py:176}}
Jun 15 22:13:42.949358 dv-cinder-835384-7-smb neutron-server[104034]: DEBUG neutron_lib.callbacks.manager [None req-6347ee9c-bce0-4339-9cff-02648370a2bd admin admin] Publish callbacks ['neutron.plugins.ml2.ovo_rpc._ObjectChangeHandler.handle_event-1771338'] for security_group (0697a069-b805-4999-962b-0819739ae1de), after_delete {{(pid=104034) _notify_loop /usr/local/lib/python3.8/dist-packages/neutron_lib/callbacks/manager.py:176}}
Jun 15 22:13:42.952553 dv-cinder-835384-7-smb neutron-server[104034]: DEBUG neutron_lib.callbacks.manager [None req-6347ee9c-bce0-4339-9cff-02648370a2bd admin admin] Publish callbacks [] for security_group (None), before_response {{(pid=104034) _notify_loop /usr/local/lib/python3.8/dist-packages/neutron_lib/callbacks/manager.py:176}}
Jun 15 22:13:42.956727 dv-cinder-835384-7-smb neutron-server[104034]: INFO neutron.wsgi [None req-6347ee9c-bce0-4339-9cff-02648370a2bd admin admin] 10.222.0.42 "DELETE /v2.0/security-groups/0697a069-b805-4999-962b-0819739ae1de HTTP/1.1" status: 204 len: 168 time: 0.2672508
Jun 15 22:13:42.970190 dv-cinder-835384-7-smb neutron-server[104034]: DEBUG neutron_lib.callbacks.manager [None req-5d3bcaa9-c55f-4088-bc2a-8ad1a15c2314 admin admin] Publish callbacks ['neutron.plugins.ml2.ovo_rpc._ObjectChangeHandler.handle_event-1771338'] for security_group (57fbc3a5-0403-421f-8ca6-c74a4146a1de), after_create {{(pid=104034) _notify_loop /usr/local/lib/python3.8/dist-packages/neutron_lib/callbacks/manager.py:176}}
Jun 15 22:13:42.973460 dv-cinder-835384-7-smb neutron-server[104034]: DEBUG neutron.api.rpc.handlers.resources_rpc [None req-6347ee9c-bce0-4339-9cff-02648370a2bd admin admin] Pushing event deleted for resources: {'SecurityGroup': ['ID=0697a069-b805-4999-962b-0819739ae1de,revision_number=None']} {{(pid=104034) push /opt/stack/neutron/neutron/api/rpc/handlers/resources_rpc.py:237}}
Jun 15 22:13:43.034059 dv-cinder-835384-7-smb neutron-server[104034]: INFO neutron.wsgi [None req-5d3bcaa9-c55f-4088-bc2a-8ad1a15c2314 admin admin] 10.222.0.42 "GET /v2.0/security-groups?tenant_id=d0323ed0059749798a61f151094be8b7&name=default HTTP/1.1" status: 200 len: 2996 time: 0.4074814
Jun 15 22:13:43.034059 dv-cinder-835384-7-smb neutron-server[104034]: DEBUG neutron.api.rpc.handlers.resources_rpc [None req-5d3bcaa9-c55f-4088-bc2a-8ad1a15c2314 admin admin] Pushing event updated for resources: {'SecurityGroup': ['ID=57fbc3a5-0403-421f-8ca6-c74a4146a1de,revision_number=1']} {{(pid=104034) push /opt/stack/neutron/neutron/api/rpc/handlers/resources_rpc.py:237}}
Jun 15 22:13:43.035698 dv-cinder-835384-7-smb neutron-server[104034]: DEBUG neutron.wsgi [-] (104034) accepted ('10.222.0.42', 40044) {{(pid=104034) server /usr/local/lib/python3.8/dist-packages/eventlet/wsgi.py:1004}}
Jun 15 22:13:43.065847 dv-cinder-835384-7-smb neutron-server[104035]: DEBUG neutron_lib.callbacks.manager [None req-1a0ad87a-3e32-4f5b-a20a-a2d8febb36a9 tempest-AttachVolumeTestJSON-896666373 tempest-AttachVolumeTestJSON-896666373-project] Publish callbacks [] for security_group_rule (41fba139-9f9a-432e-90c4-58425cebcc2a), precommit_create {{(pid=104035) _notify_loop /usr/local/lib/python3.8/dist-packages/neutron_lib/callbacks/manager.py:176}}
Jun 15 22:13:43.076006 dv-cinder-835384-7-smb neutron-server[104035]: DEBUG neutron_lib.callbacks.manager [None req-1a0ad87a-3e32-4f5b-a20a-a2d8febb36a9 tempest-AttachVolumeTestJSON-896666373 tempest-AttachVolumeTestJSON-896666373-project] Publish callbacks ['neutron.plugins.ml2.ovo_rpc._ObjectChangeHandler.handle_event-1771293'] for security_group_rule (41fba139-9f9a-432e-90c4-58425cebcc2a), after_create {{(pid=104035) _notify_loop /usr/local/lib/python3.8/dist-packages/neutron_lib/callbacks/manager.py:176}}
Jun 15 22:13:43.099929 dv-cinder-835384-7-smb neutron-server[104035]: DEBUG neutron_lib.callbacks.manager [None req-1a0ad87a-3e32-4f5b-a20a-a2d8febb36a9 tempest-AttachVolumeTestJSON-896666373 tempest-AttachVolumeTestJSON-896666373-project] Publish callbacks [] for security_group_rule (None), before_response {{(pid=104035) _notify_loop /usr/local/lib/python3.8/dist-packages/neutron_lib/callbacks/manager.py:176}}
Jun 15 22:13:43.101733 dv-cinder-835384-7-smb neutron-server[104035]: INFO neutron.wsgi [None req-1a0ad87a-3e32-4f5b-a20a-a2d8febb36a9 tempest-AttachVolumeTestJSON-896666373 tempest-AttachVolumeTestJSON-896666373-project] 10.222.0.42 "POST /v2.0/security-group-rules HTTP/1.1" status: 201 len: 769 time: 0.2349226
Jun 15 22:13:43.108006 dv-cinder-835384-7-smb neutron-server[104034]: DEBUG neutron.wsgi [-] (104034) accepted ('10.222.0.42', 40046) {{(pid=104034) server /usr/local/lib/python3.8/dist-packages/eventlet/wsgi.py:1004}}
Jun 15 22:13:43.113938 dv-cinder-835384-7-smb neutron-server[104035]: DEBUG neutron.api.rpc.handlers.resources_rpc [None req-1a0ad87a-3e32-4f5b-a20a-a2d8febb36a9 tempest-AttachVolumeTestJSON-896666373 tempest-AttachVolumeTestJSON-896666373-project] Pushing event updated for resources: {'SecurityGroupRule': ['ID=41fba139-9f9a-432e-90c4-58425cebcc2a,revision_number=0']} {{(pid=104035) push /opt/stack/neutron/neutron/api/rpc/handlers/resources_rpc.py:237}}
Jun 15 22:13:43.117253 dv-cinder-835384-7-smb neutron-server[104034]: DEBUG neutron.api.v2.base [None req-f7dc4961-436f-4271-94ba-67b1d91b8974 tempest-AttachVolumeTestJSON-896666373 tempest-AttachVolumeTestJSON-896666373-project] Request body: {'floatingip': {'floating_network_id': 'bf614fba-260a-4ef8-930e-b07a42c36b8d'}} {{(pid=104034) prepare_request_body /opt/stack/neutron/neutron/api/v2/base.py:730}}
Jun 15 22:13:43.125388 dv-cinder-835384-7-smb neutron-server[104034]: DEBUG neutron_lib.callbacks.manager [None req-94a25706-b464-4367-8df0-3073a9fd5b8b admin admin] Publish callbacks [] for security_group (57fbc3a5-0403-421f-8ca6-c74a4146a1de), before_delete {{(pid=104034) _notify_loop /usr/local/lib/python3.8/dist-packages/neutron_lib/callbacks/manager.py:176}}
Jun 15 22:13:43.163743 dv-cinder-835384-7-smb neutron-server[104034]: DEBUG dbcounter [-] [104034] Writing DB stats neutron:SELECT=76,neutron:DELETE=5,neutron:INSERT=17,neutron:UPDATE=2 {{(pid=104034) stat_writer /usr/local/lib/python3.8/dist-packages/dbcounter.py:114}}
Jun 15 22:13:43.198848 dv-cinder-835384-7-smb neutron-server[104034]: DEBUG neutron_lib.callbacks.manager [None req-f7dc4961-436f-4271-94ba-67b1d91b8974 tempest-AttachVolumeTestJSON-896666373 tempest-AttachVolumeTestJSON-896666373-project] Publish callbacks [] for floatingip (None), before_create {{(pid=104034) _notify_loop /usr/local/lib/python3.8/dist-packages/neutron_lib/callbacks/manager.py:176}}
Jun 15 22:13:43.241244 dv-cinder-835384-7-smb neutron-server[104034]: DEBUG neutron_lib.callbacks.manager [None req-94a25706-b464-4367-8df0-3073a9fd5b8b admin admin] Publish callbacks [] for security_group (57fbc3a5-0403-421f-8ca6-c74a4146a1de), precommit_delete {{(pid=104034) _notify_loop /usr/local/lib/python3.8/dist-packages/neutron_lib/callbacks/manager.py:176}}
Jun 15 22:13:43.361875 dv-cinder-835384-7-smb neutron-server[104034]: DEBUG neutron_lib.callbacks.manager [None req-f7dc4961-436f-4271-94ba-67b1d91b8974 tempest-AttachVolumeTestJSON-896666373 tempest-AttachVolumeTestJSON-896666373-project] Publish callbacks ['neutron.plugins.ml2.plugin.SecurityGroupDbMixin._ensure_default_security_group_handler-856550'] for port (None), before_create {{(pid=104034) _notify_loop /usr/local/lib/python3.8/dist-packages/neutron_lib/callbacks/manager.py:176}}
Jun 15 22:13:43.390570 dv-cinder-835384-7-smb neutron-server[104037]: DEBUG neutron.db.agents_db [None req-d702e9c6-6148-4231-b81f-1a2bf44b2da1 None None] Agent healthcheck: found 6 active agents {{(pid=104037) agent_health_check /opt/stack/neutron/neutron/db/agents_db.py:317}}
Jun 15 22:13:43.424436 dv-cinder-835384-7-smb neutron-server[104034]: DEBUG neutron_lib.callbacks.manager [None req-94a25706-b464-4367-8df0-3073a9fd5b8b admin admin] Publish callbacks ['neutron.plugins.ml2.ovo_rpc._ObjectChangeHandler.handle_event-1771338'] for security_group (57fbc3a5-0403-421f-8ca6-c74a4146a1de), after_delete {{(pid=104034) _notify_loop /usr/local/lib/python3.8/dist-packages/neutron_lib/callbacks/manager.py:176}}
Jun 15 22:13:43.434219 dv-cinder-835384-7-smb neutron-server[104034]: DEBUG neutron_lib.callbacks.manager [None req-94a25706-b464-4367-8df0-3073a9fd5b8b admin admin] Publish callbacks [] for security_group (None), before_response {{(pid=104034) _notify_loop /usr/local/lib/python3.8/dist-packages/neutron_lib/callbacks/manager.py:176}}
Jun 15 22:13:43.438207 dv-cinder-835384-7-smb neutron-server[104034]: INFO neutron.wsgi [None req-94a25706-b464-4367-8df0-3073a9fd5b8b admin admin] 10.222.0.42 "DELETE /v2.0/security-groups/57fbc3a5-0403-421f-8ca6-c74a4146a1de HTTP/1.1" status: 204 len: 168 time: 0.3993464
Jun 15 22:13:43.485969 dv-cinder-835384-7-smb neutron-server[104036]: DEBUG neutron.plugins.ml2.rpc [None req-6bbb5997-a28d-43ca-ba37-543a81f39aa9 None None] Device 1dcf3eb7-25e9-4e87-bfa2-f30472bd0381 up at agent ovs-agent-dv-cinder-835384-7-smb {{(pid=104036) update_device_up /opt/stack/neutron/neutron/plugins/ml2/rpc.py:296}}
Jun 15 22:13:43.555554 dv-cinder-835384-7-smb neutron-server[104034]: DEBUG neutron.api.rpc.handlers.resources_rpc [None req-94a25706-b464-4367-8df0-3073a9fd5b8b admin admin] Pushing event deleted for resources: {'SecurityGroup': ['ID=57fbc3a5-0403-421f-8ca6-c74a4146a1de,revision_number=None']} {{(pid=104034) push /opt/stack/neutron/neutron/api/rpc/handlers/resources_rpc.py:237}}
Jun 15 22:13:43.630578 dv-cinder-835384-7-smb neutron-server[104036]: DEBUG neutron.db.provisioning_blocks [None req-6bbb5997-a28d-43ca-ba37-543a81f39aa9 None None] Provisioning complete for port 1dcf3eb7-25e9-4e87-bfa2-f30472bd0381 triggered by entity L2. {{(pid=104036) provisioning_complete /opt/stack/neutron/neutron/db/provisioning_blocks.py:145}}
Jun 15 22:13:43.635253 dv-cinder-835384-7-smb neutron-server[104036]: DEBUG neutron_lib.callbacks.manager [None req-6bbb5997-a28d-43ca-ba37-543a81f39aa9 None None] Publish callbacks ['neutron.plugins.ml2.plugin.Ml2Plugin._port_provisioned-1277680'] for port (1dcf3eb7-25e9-4e87-bfa2-f30472bd0381), provisioning_complete {{(pid=104036) _notify_loop /usr/local/lib/python3.8/dist-packages/neutron_lib/callbacks/manager.py:176}}
Jun 15 22:13:43.697919 dv-cinder-835384-7-smb neutron-server[104034]: DEBUG neutron.db.db_base_plugin_common [None req-f7dc4961-436f-4271-94ba-67b1d91b8974 tempest-AttachVolumeTestJSON-896666373 tempest-AttachVolumeTestJSON-896666373-project] Allocated IP 172.28.2.169 (bf614fba-260a-4ef8-930e-b07a42c36b8d/1338c6b9-99a1-4e42-bfa0-d97617519309/8c835d40-b705-4558-8290-8d688627bc65) {{(pid=104034) _store_ip_allocation /opt/stack/neutron/neutron/db/db_base_plugin_common.py:131}}
Jun 15 22:13:43.924429 dv-cinder-835384-7-smb neutron-server[104034]: DEBUG neutron_lib.callbacks.manager [None req-f7dc4961-436f-4271-94ba-67b1d91b8974 tempest-AttachVolumeTestJSON-896666373 tempest-AttachVolumeTestJSON-896666373-project] Publish callbacks [] for port (8c835d40-b705-4558-8290-8d688627bc65), precommit_create {{(pid=104034) _notify_loop /usr/local/lib/python3.8/dist-packages/neutron_lib/callbacks/manager.py:176}}
Jun 15 22:13:44.041602 dv-cinder-835384-7-smb neutron-server[104034]: DEBUG neutron.pecan_wsgi.hooks.policy_enforcement [req-d47b9cf6-88c9-4f62-8329-53a2a5c0f3da req-564e8d93-6bca-445c-b170-7a2b5f6cc55d tempest-ServerRescueNegativeTestJSON-1667260621 tempest-ServerRescueNegativeTestJSON-1667260621-project] Attributes excluded by policy engine: ['standard_attr_id', 'binding:profile', 'binding:host_id', 'binding:vif_type', 'binding:vif_details'] {{(pid=104034) _exclude_attributes_by_policy /opt/stack/neutron/neutron/pecan_wsgi/hooks/policy_enforcement.py:259}}
Jun 15 22:13:44.043155 dv-cinder-835384-7-smb neutron-server[104034]: INFO neutron.wsgi [req-d47b9cf6-88c9-4f62-8329-53a2a5c0f3da req-564e8d93-6bca-445c-b170-7a2b5f6cc55d tempest-ServerRescueNegativeTestJSON-1667260621 tempest-ServerRescueNegativeTestJSON-1667260621-project] 10.222.0.42 "GET /v2.0/ports?device_id=b66a3a04-5c14-4ce7-aa9c-707af1ce9102 HTTP/1.1" status: 200 len: 945 time: 0.1058481
Jun 15 22:13:44.066306 dv-cinder-835384-7-smb neutron-server[104035]: DEBUG neutron.wsgi [-] (104035) accepted ('10.222.0.42', 40094) {{(pid=104035) server /usr/local/lib/python3.8/dist-packages/eventlet/wsgi.py:1004}}
Jun 15 22:13:44.069002 dv-cinder-835384-7-smb neutron-server[104034]: DEBUG neutron_lib.callbacks.manager [None req-f7dc4961-436f-4271-94ba-67b1d91b8974 tempest-AttachVolumeTestJSON-896666373 tempest-AttachVolumeTestJSON-896666373-project] Publish callbacks ['neutron.plugins.ml2.plugin.SecurityGroupServerNotifierRpcMixin._notify_sg_on_port_change-856485', 'neutron.plugins.ml2.ovo_rpc._ObjectChangeHandler.handle_event-2025539', 'neutron.api.rpc.agentnotifiers.dhcp_rpc_agent_api.DhcpAgentNotifyAPI._native_event_send_dhcp_notification-1771112', 'neutron.db.l3_dvrscheduler_db._notify_l3_agent_new_port-8789082919536', 'neutron.services.segments.plugin.NovaSegmentNotifier._notify_port_created_or_deleted-60713193'] for port (8c835d40-b705-4558-8290-8d688627bc65), after_create {{(pid=104034) _notify_loop /usr/local/lib/python3.8/dist-packages/neutron_lib/callbacks/manager.py:176}}
Jun 15 22:13:44.093616 dv-cinder-835384-7-smb neutron-server[104035]: DEBUG neutron_lib.callbacks.manager [None req-461f497c-3942-4409-97cb-16b93953a402 admin admin] Publish callbacks [] for security_group (None), before_create {{(pid=104035) _notify_loop /usr/local/lib/python3.8/dist-packages/neutron_lib/callbacks/manager.py:176}}
Jun 15 22:13:44.143244 dv-cinder-835384-7-smb neutron-server[104034]: DEBUG neutron.scheduler.dhcp_agent_scheduler [None req-f7dc4961-436f-4271-94ba-67b1d91b8974 tempest-AttachVolumeTestJSON-896666373 tempest-AttachVolumeTestJSON-896666373-project] Network bf614fba-260a-4ef8-930e-b07a42c36b8d is already hosted by enough agents. {{(pid=104034) _get_dhcp_agents_hosting_network /opt/stack/neutron/neutron/scheduler/dhcp_agent_scheduler.py:275}}
Jun 15 22:13:44.150327 dv-cinder-835384-7-smb neutron-server[104034]: DEBUG dbcounter [-] [104034] Writing DB stats neutron:SELECT=93,neutron:INSERT=4,neutron:DELETE=1,neutron:UPDATE=2 {{(pid=104034) stat_writer /usr/local/lib/python3.8/dist-packages/dbcounter.py:114}}
Jun 15 22:13:44.151537 dv-cinder-835384-7-smb neutron-server[104034]: DEBUG neutron.scheduler.base_scheduler [None req-f7dc4961-436f-4271-94ba-67b1d91b8974 tempest-AttachVolumeTestJSON-896666373 tempest-AttachVolumeTestJSON-896666373-project] Resources bound (agent type, host, resource id): {{(pid=104034) schedule /opt/stack/neutron/neutron/scheduler/base_scheduler.py:57}}
Jun 15 22:13:44.163162 dv-cinder-835384-7-smb neutron-server[104034]: DEBUG neutron.db.l3_dvrscheduler_db [None req-f7dc4961-436f-4271-94ba-67b1d91b8974 tempest-AttachVolumeTestJSON-896666373 tempest-AttachVolumeTestJSON-896666373-project] Received port after_create {{(pid=104034) _notify_l3_agent_new_port /opt/stack/neutron/neutron/db/l3_dvrscheduler_db.py:542}}
Jun 15 22:13:44.171920 dv-cinder-835384-7-smb neutron-server[104034]: DEBUG neutron.api.rpc.handlers.resources_rpc [None req-f7dc4961-436f-4271-94ba-67b1d91b8974 tempest-AttachVolumeTestJSON-896666373 tempest-AttachVolumeTestJSON-896666373-project] Pushing event updated for resources: {'Port': ['ID=8c835d40-b705-4558-8290-8d688627bc65,revision_number=1']} {{(pid=104034) push /opt/stack/neutron/neutron/api/rpc/handlers/resources_rpc.py:237}}
Jun 15 22:13:44.200399 dv-cinder-835384-7-smb neutron-server[104036]: DEBUG neutron.plugins.ml2.plugin [None req-6bbb5997-a28d-43ca-ba37-543a81f39aa9 None None] Current status of the port 1dcf3eb7-25e9-4e87-bfa2-f30472bd0381 is: DOWN; New status is: ACTIVE {{(pid=104036) _update_individual_port_db_status /opt/stack/neutron/neutron/plugins/ml2/plugin.py:2298}}
Jun 15 22:13:44.201399 dv-cinder-835384-7-smb neutron-server[104034]: INFO neutron.wsgi [req-d47b9cf6-88c9-4f62-8329-53a2a5c0f3da req-1ad1badb-e06f-4a4c-b7ec-736d5b8c4010 tempest-ServerRescueNegativeTestJSON-1667260621 tempest-ServerRescueNegativeTestJSON-1667260621-project] 10.222.0.42 "GET /v2.0/security-groups?id=0e5c0388-6678-4fd5-a9d8-29e7263b7447&fields=id&fields=name HTTP/1.1" status: 200 len: 286 time: 0.1483436
Jun 15 22:13:44.209749 dv-cinder-835384-7-smb neutron-server[104036]: DEBUG neutron_lib.callbacks.manager [None req-6bbb5997-a28d-43ca-ba37-543a81f39aa9 None None] Publish callbacks ['neutron.plugins.ml2.plugin.SecurityGroupDbMixin._ensure_default_security_group_handler-856550'] for port (1dcf3eb7-25e9-4e87-bfa2-f30472bd0381), before_update {{(pid=104036) _notify_loop /usr/local/lib/python3.8/dist-packages/neutron_lib/callbacks/manager.py:176}}
Jun 15 22:13:44.256310 dv-cinder-835384-7-smb neutron-server[104035]: DEBUG neutron_lib.callbacks.manager [None req-461f497c-3942-4409-97cb-16b93953a402 admin admin] Publish callbacks [] for security_group (03fea249-8e0d-4701-976a-f164b2225c93), precommit_create {{(pid=104035) _notify_loop /usr/local/lib/python3.8/dist-packages/neutron_lib/callbacks/manager.py:176}}
Jun 15 22:13:44.265645 dv-cinder-835384-7-smb neutron-server[104035]: DEBUG neutron_lib.callbacks.manager [None req-461f497c-3942-4409-97cb-16b93953a402 admin admin] Publish callbacks ['neutron.plugins.ml2.ovo_rpc._ObjectChangeHandler.handle_event-1771338'] for security_group (03fea249-8e0d-4701-976a-f164b2225c93), after_create {{(pid=104035) _notify_loop /usr/local/lib/python3.8/dist-packages/neutron_lib/callbacks/manager.py:176}}
Jun 15 22:13:44.292228 dv-cinder-835384-7-smb neutron-server[104036]: DEBUG neutron.plugins.ml2.db [None req-6bbb5997-a28d-43ca-ba37-543a81f39aa9 None None] For port 1dcf3eb7-25e9-4e87-bfa2-f30472bd0381, host dv-cinder-835384-7-smb, got binding levels [PortBindingLevel(driver='openvswitch',host='dv-cinder-835384-7-smb',level=0,port_id=1dcf3eb7-25e9-4e87-bfa2-f30472bd0381,segment=NetworkSegment(be77769c-1a11-4df4-8c02-1d5536058ba5),segment_id=be77769c-1a11-4df4-8c02-1d5536058ba5)] {{(pid=104036) get_binding_level_objs /opt/stack/neutron/neutron/plugins/ml2/db.py:74}}
Jun 15 22:13:44.301606 dv-cinder-835384-7-smb neutron-server[104036]: DEBUG neutron_lib.callbacks.manager [None req-6bbb5997-a28d-43ca-ba37-543a81f39aa9 None None] Publish callbacks ['neutron.plugins.ml2.plugin.SecurityGroupServerNotifierRpcMixin._notify_sg_on_port_change-856485', 'neutron.plugins.ml2.ovo_rpc._ObjectChangeHandler.handle_event-2025539', 'neutron.api.rpc.agentnotifiers.dhcp_rpc_agent_api.DhcpAgentNotifyAPI._native_event_send_dhcp_notification-1771112', 'neutron.db.l3_db.L3RpcNotifierMixin._notify_gateway_port_ip_changed-8789083455528', 'neutron.db.l3_dvrscheduler_db._notify_l3_agent_port_update-8789082919554', 'neutron.db.l3_hascheduler_db._notify_l3_agent_ha_port_update-8789082919572'] for port (1dcf3eb7-25e9-4e87-bfa2-f30472bd0381), after_update {{(pid=104036) _notify_loop /usr/local/lib/python3.8/dist-packages/neutron_lib/callbacks/manager.py:176}}
Jun 15 22:13:44.348169 dv-cinder-835384-7-smb neutron-server[104035]: DEBUG neutron.api.rpc.handlers.resources_rpc [None req-461f497c-3942-4409-97cb-16b93953a402 admin admin] Pushing event updated for resources: {'SecurityGroup': ['ID=03fea249-8e0d-4701-976a-f164b2225c93,revision_number=1']} {{(pid=104035) push /opt/stack/neutron/neutron/api/rpc/handlers/resources_rpc.py:237}}
Jun 15 22:13:44.354469 dv-cinder-835384-7-smb neutron-server[104035]: INFO neutron.wsgi [None req-461f497c-3942-4409-97cb-16b93953a402 admin admin] 10.222.0.42 "GET /v2.0/security-groups?tenant_id=ec634de7b8634d91b3d2821eef521d0e&name=default HTTP/1.1" status: 200 len: 2996 time: 0.2867615
Jun 15 22:13:44.358300 dv-cinder-835384-7-smb neutron-server[104035]: DEBUG neutron.wsgi [-] (104035) accepted ('10.222.0.42', 40112) {{(pid=104035) server /usr/local/lib/python3.8/dist-packages/eventlet/wsgi.py:1004}}
Jun 15 22:13:44.379665 dv-cinder-835384-7-smb neutron-server[104036]: DEBUG neutron.api.rpc.handlers.resources_rpc [None req-6bbb5997-a28d-43ca-ba37-543a81f39aa9 None None] Pushing event updated for resources: {'Port': ['ID=1dcf3eb7-25e9-4e87-bfa2-f30472bd0381,revision_number=4']} {{(pid=104036) push /opt/stack/neutron/neutron/api/rpc/handlers/resources_rpc.py:237}}
Jun 15 22:13:44.401791 dv-cinder-835384-7-smb neutron-server[104034]: DEBUG neutron_lib.callbacks.manager [None req-f7dc4961-436f-4271-94ba-67b1d91b8974 tempest-AttachVolumeTestJSON-896666373 tempest-AttachVolumeTestJSON-896666373-project] Publish callbacks [] for floatingip (0e9da40c-671c-4443-974e-fd686aec234d), precommit_create {{(pid=104034) _notify_loop /usr/local/lib/python3.8/dist-packages/neutron_lib/callbacks/manager.py:176}}
Jun 15 22:13:44.456099 dv-cinder-835384-7-smb neutron-server[104035]: DEBUG neutron_lib.callbacks.manager [None req-eb1e4077-e65e-4810-a28f-1f11b53c2822 admin admin] Publish callbacks [] for security_group (03fea249-8e0d-4701-976a-f164b2225c93), before_delete {{(pid=104035) _notify_loop /usr/local/lib/python3.8/dist-packages/neutron_lib/callbacks/manager.py:176}}
Jun 15 22:13:44.459746 dv-cinder-835384-7-smb neutron-server[104034]: DEBUG neutron_lib.callbacks.manager [None req-f7dc4961-436f-4271-94ba-67b1d91b8974 tempest-AttachVolumeTestJSON-896666373 tempest-AttachVolumeTestJSON-896666373-project] Publish callbacks ['neutron.plugins.ml2.plugin.SecurityGroupDbMixin._ensure_default_security_group_handler-856550'] for port (8c835d40-b705-4558-8290-8d688627bc65), before_update {{(pid=104034) _notify_loop /usr/local/lib/python3.8/dist-packages/neutron_lib/callbacks/manager.py:176}}
Jun 15 22:13:44.492630 dv-cinder-835384-7-smb neutron-server[104034]: DEBUG dbcounter [-] [104034] Writing DB stats neutron:SELECT=91,neutron:DELETE=3,neutron:INSERT=4,neutron:UPDATE=2 {{(pid=104034) stat_writer /usr/local/lib/python3.8/dist-packages/dbcounter.py:114}}
Jun 15 22:13:44.494749 dv-cinder-835384-7-smb neutron-server[104035]: DEBUG neutron_lib.callbacks.manager [None req-eb1e4077-e65e-4810-a28f-1f11b53c2822 admin admin] Publish callbacks [] for security_group (03fea249-8e0d-4701-976a-f164b2225c93), precommit_delete {{(pid=104035) _notify_loop /usr/local/lib/python3.8/dist-packages/neutron_lib/callbacks/manager.py:176}}
Jun 15 22:13:44.569811 dv-cinder-835384-7-smb neutron-server[104035]: DEBUG neutron_lib.callbacks.manager [None req-eb1e4077-e65e-4810-a28f-1f11b53c2822 admin admin] Publish callbacks ['neutron.plugins.ml2.ovo_rpc._ObjectChangeHandler.handle_event-1771338'] for security_group (03fea249-8e0d-4701-976a-f164b2225c93), after_delete {{(pid=104035) _notify_loop /usr/local/lib/python3.8/dist-packages/neutron_lib/callbacks/manager.py:176}}
Jun 15 22:13:44.573276 dv-cinder-835384-7-smb neutron-server[104035]: DEBUG neutron_lib.callbacks.manager [None req-eb1e4077-e65e-4810-a28f-1f11b53c2822 admin admin] Publish callbacks [] for security_group (None), before_response {{(pid=104035) _notify_loop /usr/local/lib/python3.8/dist-packages/neutron_lib/callbacks/manager.py:176}}
Jun 15 22:13:44.577269 dv-cinder-835384-7-smb neutron-server[104035]: INFO neutron.wsgi [None req-eb1e4077-e65e-4810-a28f-1f11b53c2822 admin admin] 10.222.0.42 "DELETE /v2.0/security-groups/03fea249-8e0d-4701-976a-f164b2225c93 HTTP/1.1" status: 204 len: 168 time: 0.2155838
Jun 15 22:13:44.626335 dv-cinder-835384-7-smb neutron-server[104035]: DEBUG neutron.api.rpc.handlers.resources_rpc [None req-eb1e4077-e65e-4810-a28f-1f11b53c2822 admin admin] Pushing event deleted for resources: {'SecurityGroup': ['ID=03fea249-8e0d-4701-976a-f164b2225c93,revision_number=None']} {{(pid=104035) push /opt/stack/neutron/neutron/api/rpc/handlers/resources_rpc.py:237}}
Jun 15 22:13:44.682886 dv-cinder-835384-7-smb neutron-server[104034]: DEBUG neutron_lib.callbacks.manager [None req-f7dc4961-436f-4271-94ba-67b1d91b8974 tempest-AttachVolumeTestJSON-896666373 tempest-AttachVolumeTestJSON-896666373-project] Publish callbacks [] for port (8c835d40-b705-4558-8290-8d688627bc65), precommit_update {{(pid=104034) _notify_loop /usr/local/lib/python3.8/dist-packages/neutron_lib/callbacks/manager.py:176}}
Jun 15 22:13:44.689351 dv-cinder-835384-7-smb neutron-server[104034]: DEBUG neutron_lib.callbacks.manager [None req-f7dc4961-436f-4271-94ba-67b1d91b8974 tempest-AttachVolumeTestJSON-896666373 tempest-AttachVolumeTestJSON-896666373-project] Publish callbacks ['neutron.plugins.ml2.plugin.SecurityGroupServerNotifierRpcMixin._notify_sg_on_port_change-856485', 'neutron.plugins.ml2.ovo_rpc._ObjectChangeHandler.handle_event-2025539', 'neutron.api.rpc.agentnotifiers.dhcp_rpc_agent_api.DhcpAgentNotifyAPI._native_event_send_dhcp_notification-1771112', 'neutron.db.l3_db.L3RpcNotifierMixin._notify_gateway_port_ip_changed-8789083455528', 'neutron.db.l3_dvrscheduler_db._notify_l3_agent_port_update-8789082919554', 'neutron.db.l3_hascheduler_db._notify_l3_agent_ha_port_update-8789082919572', 'neutron.services.segments.plugin.NovaSegmentNotifier._notify_port_updated-60713214'] for port (8c835d40-b705-4558-8290-8d688627bc65), after_update {{(pid=104034) _notify_loop /usr/local/lib/python3.8/dist-packages/neutron_lib/callbacks/manager.py:176}}
Jun 15 22:13:44.801163 dv-cinder-835384-7-smb neutron-server[104034]: DEBUG neutron.api.rpc.handlers.resources_rpc [None req-f7dc4961-436f-4271-94ba-67b1d91b8974 tempest-AttachVolumeTestJSON-896666373 tempest-AttachVolumeTestJSON-896666373-project] Pushing event updated for resources: {'Port': ['ID=8c835d40-b705-4558-8290-8d688627bc65,revision_number=2']} {{(pid=104034) push /opt/stack/neutron/neutron/api/rpc/handlers/resources_rpc.py:237}}
Jun 15 22:13:44.810233 dv-cinder-835384-7-smb neutron-server[104034]: DEBUG neutron_lib.callbacks.manager [None req-f7dc4961-436f-4271-94ba-67b1d91b8974 tempest-AttachVolumeTestJSON-896666373 tempest-AttachVolumeTestJSON-896666373-project] Publish callbacks ['neutron.services.l3_router.l3_router_plugin.DVRResourceOperationHandler._create_dvr_floating_gw_port-1820590'] for floatingip (0e9da40c-671c-4443-974e-fd686aec234d), after_create {{(pid=104034) _notify_loop /usr/local/lib/python3.8/dist-packages/neutron_lib/callbacks/manager.py:176}}
Jun 15 22:13:44.832106 dv-cinder-835384-7-smb neutron-server[104034]: DEBUG neutron_lib.callbacks.manager [None req-f7dc4961-436f-4271-94ba-67b1d91b8974 tempest-AttachVolumeTestJSON-896666373 tempest-AttachVolumeTestJSON-896666373-project] Publish callbacks ['neutron.notifiers.nova.Notifier._send_nova_notification-2056401'] for floatingip (None), before_response {{(pid=104034) _notify_loop /usr/local/lib/python3.8/dist-packages/neutron_lib/callbacks/manager.py:176}}
Jun 15 22:13:44.843078 dv-cinder-835384-7-smb neutron-server[104034]: INFO neutron.wsgi [None req-f7dc4961-436f-4271-94ba-67b1d91b8974 tempest-AttachVolumeTestJSON-896666373 tempest-AttachVolumeTestJSON-896666373-project] 10.222.0.42 "POST /v2.0/floatingips HTTP/1.1" status: 201 len: 693 time: 1.7248511
Jun 15 22:13:45.108228 dv-cinder-835384-7-smb neutron-server[104037]: DEBUG neutron.api.rpc.handlers.l3_rpc [None req-6ab7ae73-ed84-4b1e-9d6a-b7b5df36c9e1 None None] Sync routers for ids ['5e38252a-fac4-48c3-8802-718ed8d25d11'] in dv-cinder-835384-7-smb {{(pid=104037) sync_routers /opt/stack/neutron/neutron/api/rpc/handlers/l3_rpc.py:125}}
Jun 15 22:13:45.125321 dv-cinder-835384-7-smb neutron-server[104037]: DEBUG neutron.db.l3_dvrscheduler_db [None req-6ab7ae73-ed84-4b1e-9d6a-b7b5df36c9e1 None None] Routers {'5e38252a-fac4-48c3-8802-718ed8d25d11'} bound to L3 agent in host dv-cinder-835384-7-smb {{(pid=104037) _get_router_ids_for_agent /opt/stack/neutron/neutron/db/l3_dvrscheduler_db.py:426}}
Jun 15 22:13:45.127464 dv-cinder-835384-7-smb neutron-server[104037]: DEBUG neutron.db.l3_hamode_db [None req-6ab7ae73-ed84-4b1e-9d6a-b7b5df36c9e1 None None] neutron.services.l3_router.l3_router_plugin.L3RouterPlugin method get_ha_sync_data_for_host called with arguments (, 'dv-cinder-835384-7-smb', Agent(admin_state_up=True,agent_type='L3 agent',availability_zone='nova',binary='neutron-l3-agent',configurations={"agent_mode": "legacy", "ex_gw_ports": 4, "extensions": [], "floating_ips": 1, "handle_internal_only_routers": true, "interface_driver": "openvswitch", "interfaces": 4, "log_agent_heartbeats": false, "routers": 4},created_at=2022-06-15T22:03:53Z,description=,heartbeat_timestamp=2022-06-15T22:13:23Z,host='dv-cinder-835384-7-smb',id=6bf84434-f617-47f7-ae13-d9c39d2e0f61,load=0,resource_versions=,resources_synced=,started_at=2022-06-15T22:03:53Z,topic='l3_agent')) {'router_ids': ['5e38252a-fac4-48c3-8802-718ed8d25d11'], 'active': True} {{(pid=104037) wrapper /usr/local/lib/python3.8/dist-packages/oslo_log/helpers.py:65}}
Jun 15 22:13:45.164419 dv-cinder-835384-7-smb neutron-server[104035]: INFO neutron.wsgi [req-aab1b13b-f874-4f4b-a39a-d5c1bb3c2a79 req-eda81105-e19d-42d6-8501-393e9c8a9fd4 tempest-AttachVolumeTestJSON-896666373 tempest-AttachVolumeTestJSON-896666373-project] 10.222.0.42 "GET /v2.0/security-groups?name=tempest-securitygroup--909696179&fields=id&tenant_id=6c39aed1673542fb986bfaf9621ba760 HTTP/1.1" status: 200 len: 267 time: 0.0816071
Jun 15 22:13:45.265771 dv-cinder-835384-7-smb neutron-server[104037]: DEBUG neutron.db.l3_dvr_db [None req-6ab7ae73-ed84-4b1e-9d6a-b7b5df36c9e1 None None] Set router 5e38252a-fac4-48c3-8802-718ed8d25d11 gateway port host: dv-cinder-835384-7-smb {{(pid=104037) _build_routers_list /opt/stack/neutron/neutron/db/l3_dvr_db.py:907}}
Jun 15 22:13:45.475951 dv-cinder-835384-7-smb neutron-server[104035]: DEBUG neutron.pecan_wsgi.hooks.policy_enforcement [req-aab1b13b-f874-4f4b-a39a-d5c1bb3c2a79 req-7b58ae0a-844f-405c-bf52-70bbd97df982 tempest-AttachVolumeTestJSON-896666373 tempest-AttachVolumeTestJSON-896666373-project] Attributes excluded by policy engine: ['standard_attr_id', 'vlan_transparent', 'provider:network_type', 'provider:physical_network', 'provider:segmentation_id'] {{(pid=104035) _exclude_attributes_by_policy /opt/stack/neutron/neutron/pecan_wsgi/hooks/policy_enforcement.py:259}}
Jun 15 22:13:45.486244 dv-cinder-835384-7-smb neutron-server[104035]: INFO neutron.wsgi [req-aab1b13b-f874-4f4b-a39a-d5c1bb3c2a79 req-7b58ae0a-844f-405c-bf52-70bbd97df982 tempest-AttachVolumeTestJSON-896666373 tempest-AttachVolumeTestJSON-896666373-project] 10.222.0.42 "GET /v2.0/networks?id=6542c907-cfbc-40e3-a9b0-7835788cc9be HTTP/1.1" status: 200 len: 810 time: 0.3005216
Jun 15 22:13:45.505875 dv-cinder-835384-7-smb neutron-server[104035]: INFO neutron.wsgi [req-aab1b13b-f874-4f4b-a39a-d5c1bb3c2a79 req-ab6c3c83-b82c-4169-80ee-2f71609336e7 tempest-AttachVolumeTestJSON-896666373 tempest-AttachVolumeTestJSON-896666373-project] 10.222.0.42 "GET /v2.0/quotas/6c39aed1673542fb986bfaf9621ba760 HTTP/1.1" status: 200 len: 375 time: 0.0184097
Jun 15 22:13:45.525124 dv-cinder-835384-7-smb neutron-server[104034]: DEBUG neutron.pecan_wsgi.hooks.policy_enforcement [req-d24abbd6-0431-469a-9567-153cb8a2fa44 req-1f236ba9-5ffb-4ae6-a9e8-74c6bd661a7d tempest-ServerRescueNegativeTestJSON-1667260621 tempest-ServerRescueNegativeTestJSON-1667260621-project] Attributes excluded by policy engine: ['standard_attr_id', 'binding:profile', 'binding:host_id', 'binding:vif_type', 'binding:vif_details'] {{(pid=104034) _exclude_attributes_by_policy /opt/stack/neutron/neutron/pecan_wsgi/hooks/policy_enforcement.py:259}}
Jun 15 22:13:45.529421 dv-cinder-835384-7-smb neutron-server[104036]: DEBUG neutron.plugins.ml2.rpc [None req-6bbb5997-a28d-43ca-ba37-543a81f39aa9 None None] Device 1dcf3eb7-25e9-4e87-bfa2-f30472bd0381 up at agent ovs-agent-dv-cinder-835384-7-smb {{(pid=104036) update_device_up /opt/stack/neutron/neutron/plugins/ml2/rpc.py:296}}
Jun 15 22:13:45.545908 dv-cinder-835384-7-smb neutron-server[104034]: INFO neutron.wsgi [req-d24abbd6-0431-469a-9567-153cb8a2fa44 req-1f236ba9-5ffb-4ae6-a9e8-74c6bd661a7d tempest-ServerRescueNegativeTestJSON-1667260621 tempest-ServerRescueNegativeTestJSON-1667260621-project] 10.222.0.42 "GET /v2.0/ports?device_id=b66a3a04-5c14-4ce7-aa9c-707af1ce9102 HTTP/1.1" status: 200 len: 945 time: 0.1764050
Jun 15 22:13:45.592614 dv-cinder-835384-7-smb neutron-server[104037]: DEBUG neutron.db.l3_hamode_db [None req-6ab7ae73-ed84-4b1e-9d6a-b7b5df36c9e1 None None] neutron.services.l3_router.l3_router_plugin.L3RouterPlugin method _process_sync_ha_data called with arguments (, [{'id': '5e38252a-fac4-48c3-8802-718ed8d25d11', 'name': 'tempest-AttachVolumeTestJSON-641397994-router', 'tenant_id': '6c39aed1673542fb986bfaf9621ba760', 'admin_state_up': True, 'status': 'ACTIVE', 'external_gateway_info': {'network_id': 'bf614fba-260a-4ef8-930e-b07a42c36b8d', 'external_fixed_ips': [{'subnet_id': '1338c6b9-99a1-4e42-bfa0-d97617519309', 'ip_address': '172.28.2.209'}], 'enable_snat': True}, 'gw_port_id': '1dcf3eb7-25e9-4e87-bfa2-f30472bd0381', 'description': '', 'availability_zones': ['nova'], 'distributed': False, 'ha': False, 'ha_vr_id': 0, 'availability_zone_hints': [], 'routes': [], 'flavor_id': None, 'tags': [], 'created_at': '2022-06-15T22:13:36Z', 'updated_at': '2022-06-15T22:13:40Z', 'revision_number': 4, 'project_id': '6c39aed1673542fb986bfaf9621ba760', 'gw_port': {'id': '1dcf3eb7-25e9-4e87-bfa2-f30472bd0381', 'name': '', 'network_id': 'bf614fba-260a-4ef8-930e-b07a42c36b8d', 'tenant_id': '', 'mac_address': 'fa:16:3e:46:38:18', 'admin_state_up': True, 'status': 'ACTIVE', 'device_id': '5e38252a-fac4-48c3-8802-718ed8d25d11', 'device_owner': 'network:router_gateway', 'standard_attr_id': 293, 'fixed_ips': [{'subnet_id': '1338c6b9-99a1-4e42-bfa0-d97617519309', 'ip_address': '172.28.2.209', 'prefixlen': 24}], 'allowed_address_pairs': [], 'extra_dhcp_opts': [], 'security_groups': [], 'description': '', 'binding:vnic_type': 'normal', 'binding:profile': {}, 'binding:host_id': 'dv-cinder-835384-7-smb', 'binding:vif_type': 'ovs', 'binding:vif_details': {'connectivity': 'l2', 'port_filter': True, 'ovs_hybrid_plug': False, 'datapath_type': 'system', 'bridge_name': 'br-int', 'bound_drivers': {'0': 'openvswitch'}}, 'port_security_enabled': False, 'tags': [], 'created_at': '2022-06-15T22:13:37Z', 'updated_at': '2022-06-15T22:13:44Z', 'revision_number': 4, 'project_id': '', 'subnets': [{'id': '1338c6b9-99a1-4e42-bfa0-d97617519309', 'cidr': '172.28.2.0/24', 'gateway_ip': '172.28.2.1', 'dns_nameservers': [], 'ipv6_ra_mode': None, 'subnetpool_id': None}], 'extra_subnets': [], 'address_scopes': {4: None, 6: None}, 'mtu': 1500}, 'enable_snat': True, 'gw_port_host': 'dv-cinder-835384-7-smb', '_interfaces': [{'id': '957f2855-be49-474f-88a6-77d6d1afc52f', 'name': '', 'network_id': '6542c907-cfbc-40e3-a9b0-7835788cc9be', 'tenant_id': '6c39aed1673542fb986bfaf9621ba760', 'mac_address': 'fa:16:3e:e0:e8:40', 'admin_state_up': True, 'status': 'DOWN', 'device_id': '5e38252a-fac4-48c3-8802-718ed8d25d11', 'device_owner': 'network:router_interface', 'standard_attr_id': 294, 'fixed_ips': [{'subnet_id': 'ef13e30b-b960-403a-9fff-e65564625f5d', 'ip_address': '172.20.0.1', 'prefixlen': 28}], 'allowed_address_pairs': [], 'extra_dhcp_opts': [], 'security_groups': [], 'description': '', 'binding:vnic_type': 'normal', 'binding:profile': {}, 'binding:host_id': '', 'binding:vif_type': 'unbound', 'binding:vif_details': {}, 'port_security_enabled': False, 'tags': [], 'created_at': '2022-06-15T22:13:39Z', 'updated_at': '2022-06-15T22:13:40Z', 'revision_number': 2, 'project_id': '6c39aed1673542fb986bfaf9621ba760', 'subnets': [{'id': 'ef13e30b-b960-403a-9fff-e65564625f5d', 'cidr': '172.20.0.0/28', 'gateway_ip': '172.20.0.1', 'dns_nameservers': [], 'ipv6_ra_mode': None, 'subnetpool_id': None}], 'extra_subnets': [], 'address_scopes': {4: None, 6: None}, 'mtu': 1500}]}], 'dv-cinder-835384-7-smb', False) {} {{(pid=104037) wrapper /usr/local/lib/python3.8/dist-packages/oslo_log/helpers.py:65}}
Jun 15 22:13:45.613210 dv-cinder-835384-7-smb neutron-server[104035]: INFO neutron.wsgi [req-aab1b13b-f874-4f4b-a39a-d5c1bb3c2a79 req-4e0ce174-8fe1-4e78-a18c-30987c91cbe4 tempest-AttachVolumeTestJSON-896666373 tempest-AttachVolumeTestJSON-896666373-project] 10.222.0.42 "GET /v2.0/ports?tenant_id=6c39aed1673542fb986bfaf9621ba760&fields=id HTTP/1.1" status: 200 len: 302 time: 0.1034641
Jun 15 22:13:45.663529 dv-cinder-835384-7-smb neutron-server[104037]: DEBUG neutron.api.rpc.handlers.l3_rpc [None req-6ab7ae73-ed84-4b1e-9d6a-b7b5df36c9e1 None None] Checking router: 5e38252a-fac4-48c3-8802-718ed8d25d11 for host: dv-cinder-835384-7-smb {{(pid=104037) _ensure_host_set_on_ports /opt/stack/neutron/neutron/api/rpc/handlers/l3_rpc.py:155}}
Jun 15 22:13:45.663841 dv-cinder-835384-7-smb neutron-server[104037]: DEBUG neutron.api.rpc.handlers.l3_rpc [None req-6ab7ae73-ed84-4b1e-9d6a-b7b5df36c9e1 None None] Updating router 5e38252a-fac4-48c3-8802-718ed8d25d11 port 957f2855-be49-474f-88a6-77d6d1afc52f binding host dv-cinder-835384-7-smb {{(pid=104037) _ensure_host_set_on_port /opt/stack/neutron/neutron/api/rpc/handlers/l3_rpc.py:205}}
Jun 15 22:13:45.686387 dv-cinder-835384-7-smb neutron-server[104034]: INFO neutron.wsgi [req-d24abbd6-0431-469a-9567-153cb8a2fa44 req-c7190266-d009-4388-9a6a-3e43a344644b tempest-ServerRescueNegativeTestJSON-1667260621 tempest-ServerRescueNegativeTestJSON-1667260621-project] 10.222.0.42 "GET /v2.0/security-groups?id=0e5c0388-6678-4fd5-a9d8-29e7263b7447&fields=id&fields=name HTTP/1.1" status: 200 len: 286 time: 0.1352811
Jun 15 22:13:45.720547 dv-cinder-835384-7-smb neutron-server[104036]: DEBUG neutron.db.provisioning_blocks [None req-6bbb5997-a28d-43ca-ba37-543a81f39aa9 None None] Provisioning complete for port 1dcf3eb7-25e9-4e87-bfa2-f30472bd0381 triggered by entity L2. {{(pid=104036) provisioning_complete /opt/stack/neutron/neutron/db/provisioning_blocks.py:145}}
Jun 15 22:13:45.720919 dv-cinder-835384-7-smb neutron-server[104036]: DEBUG neutron_lib.callbacks.manager [None req-6bbb5997-a28d-43ca-ba37-543a81f39aa9 None None] Publish callbacks ['neutron.plugins.ml2.plugin.Ml2Plugin._port_provisioned-1277680'] for port (1dcf3eb7-25e9-4e87-bfa2-f30472bd0381), provisioning_complete {{(pid=104036) _notify_loop /usr/local/lib/python3.8/dist-packages/neutron_lib/callbacks/manager.py:176}}
Jun 15 22:13:45.726662 dv-cinder-835384-7-smb neutron-server[104037]: DEBUG neutron_lib.callbacks.manager [None req-6ab7ae73-ed84-4b1e-9d6a-b7b5df36c9e1 None None] Publish callbacks ['neutron.plugins.ml2.plugin.SecurityGroupDbMixin._ensure_default_security_group_handler-856550'] for port (957f2855-be49-474f-88a6-77d6d1afc52f), before_update {{(pid=104037) _notify_loop /usr/local/lib/python3.8/dist-packages/neutron_lib/callbacks/manager.py:176}}
Jun 15 22:13:45.803109 dv-cinder-835384-7-smb neutron-server[104035]: DEBUG dbcounter [-] [104035] Writing DB stats neutron:SELECT=84,neutron:INSERT=12,neutron:DELETE=3,neutron:UPDATE=1 {{(pid=104035) stat_writer /usr/local/lib/python3.8/dist-packages/dbcounter.py:114}}
Jun 15 22:13:45.826348 dv-cinder-835384-7-smb neutron-server[104035]: DEBUG dbcounter [-] [104035] Writing DB stats neutron:SELECT=88,neutron:INSERT=5,neutron:UPDATE=2,neutron:DELETE=5 {{(pid=104035) stat_writer /usr/local/lib/python3.8/dist-packages/dbcounter.py:114}}
Jun 15 22:13:45.852867 dv-cinder-835384-7-smb neutron-server[104035]: INFO neutron.wsgi [req-aab1b13b-f874-4f4b-a39a-d5c1bb3c2a79 req-2c64a0df-d280-465a-9a36-2be397b5aa9d service neutron] 10.222.0.42 "GET /v2.0/networks/6542c907-cfbc-40e3-a9b0-7835788cc9be?fields=segments HTTP/1.1" status: 200 len: 212 time: 0.2194231
Jun 15 22:13:45.893196 dv-cinder-835384-7-smb neutron-server[104036]: DEBUG neutron.plugins.ml2.plugin [None req-6bbb5997-a28d-43ca-ba37-543a81f39aa9 None None] Current status of the port 1dcf3eb7-25e9-4e87-bfa2-f30472bd0381 is: ACTIVE; New status is: ACTIVE {{(pid=104036) _update_individual_port_db_status /opt/stack/neutron/neutron/plugins/ml2/plugin.py:2298}}
Jun 15 22:13:45.978698 dv-cinder-835384-7-smb neutron-server[104035]: INFO neutron.wsgi [req-aab1b13b-f874-4f4b-a39a-d5c1bb3c2a79 req-a7bd1eee-1f9d-4d23-8e1d-4dbb1a3b5b53 service neutron] 10.222.0.42 "GET /v2.0/networks/6542c907-cfbc-40e3-a9b0-7835788cc9be?fields=provider%3Aphysical_network&fields=provider%3Anetwork_type HTTP/1.1" status: 200 len: 281 time: 0.1245852
Jun 15 22:13:46.127330 dv-cinder-835384-7-smb neutron-server[104037]: DEBUG neutron_lib.callbacks.manager [None req-6ab7ae73-ed84-4b1e-9d6a-b7b5df36c9e1 None None] Publish callbacks [] for port (957f2855-be49-474f-88a6-77d6d1afc52f), precommit_update {{(pid=104037) _notify_loop /usr/local/lib/python3.8/dist-packages/neutron_lib/callbacks/manager.py:176}}
Jun 15 22:13:46.136285 dv-cinder-835384-7-smb neutron-server[104037]: DEBUG neutron_lib.callbacks.manager [None req-6ab7ae73-ed84-4b1e-9d6a-b7b5df36c9e1 None None] Publish callbacks ['neutron.plugins.ml2.plugin.SecurityGroupServerNotifierRpcMixin._notify_sg_on_port_change-856485', 'neutron.plugins.ml2.ovo_rpc._ObjectChangeHandler.handle_event-2025539', 'neutron.api.rpc.agentnotifiers.dhcp_rpc_agent_api.DhcpAgentNotifyAPI._native_event_send_dhcp_notification-1771112', 'neutron.db.l3_db.L3RpcNotifierMixin._notify_gateway_port_ip_changed-8789083455528', 'neutron.db.l3_dvrscheduler_db._notify_l3_agent_port_update-8789082919554', 'neutron.db.l3_hascheduler_db._notify_l3_agent_ha_port_update-8789082919572'] for port (957f2855-be49-474f-88a6-77d6d1afc52f), after_update {{(pid=104037) _notify_loop /usr/local/lib/python3.8/dist-packages/neutron_lib/callbacks/manager.py:176}}
Jun 15 22:13:46.169833 dv-cinder-835384-7-smb neutron-server[104037]: DEBUG dbcounter [-] [104037] Writing DB stats neutron:SELECT=98,neutron:DELETE=1,neutron:UPDATE=1 {{(pid=104037) stat_writer /usr/local/lib/python3.8/dist-packages/dbcounter.py:114}}
Jun 15 22:13:46.195808 dv-cinder-835384-7-smb neutron-server[104034]: INFO neutron.wsgi [req-8bfade4a-eb7d-4e95-9124-8c34c40c96f0 req-84c86f0d-ce43-492e-a2cf-0168ab1fed9f tempest-AttachVolumeTestJSON-896666373 tempest-AttachVolumeTestJSON-896666373-project] 10.222.0.42 "GET /v2.0/ports?device_id=9042cd2e-be03-468e-88d9-6e863819dc97 HTTP/1.1" status: 200 len: 210 time: 0.0630944
Jun 15 22:13:46.213914 dv-cinder-835384-7-smb neutron-server[104037]: DEBUG neutron.api.rpc.handlers.resources_rpc [None req-5820a9c2-d815-472a-9723-9016ef35ece7 None None] Pushing event updated for resources: {'Port': ['ID=957f2855-be49-474f-88a6-77d6d1afc52f,revision_number=3']} {{(pid=104037) push /opt/stack/neutron/neutron/api/rpc/handlers/resources_rpc.py:237}}
Jun 15 22:13:46.244895 dv-cinder-835384-7-smb neutron-server[104037]: DEBUG neutron.api.rpc.callbacks.version_manager [None req-5820a9c2-d815-472a-9723-9016ef35ece7 None None] Version for resource type AddressGroup changed None to 1.2 on consumer Open vSwitch agent@dv-cinder-835384-7-smb {{(pid=104037) _set_version /opt/stack/neutron/neutron/api/rpc/callbacks/version_manager.py:113}}
Jun 15 22:13:46.245437 dv-cinder-835384-7-smb neutron-server[104037]: DEBUG neutron.api.rpc.callbacks.version_manager [None req-5820a9c2-d815-472a-9723-9016ef35ece7 None None] Version for resource type Agent changed None to 1.1 on consumer Open vSwitch agent@dv-cinder-835384-7-smb {{(pid=104037) _set_version /opt/stack/neutron/neutron/api/rpc/callbacks/version_manager.py:113}}
Jun 15 22:13:46.245940 dv-cinder-835384-7-smb neutron-server[104037]: DEBUG neutron.api.rpc.callbacks.version_manager [None req-5820a9c2-d815-472a-9723-9016ef35ece7 None None] Version for resource type ConntrackHelper changed None to 1.0 on consumer Open vSwitch agent@dv-cinder-835384-7-smb {{(pid=104037) _set_version /opt/stack/neutron/neutron/api/rpc/callbacks/version_manager.py:113}}
Jun 15 22:13:46.246488 dv-cinder-835384-7-smb neutron-server[104037]: DEBUG neutron.api.rpc.callbacks.version_manager [None req-5820a9c2-d815-472a-9723-9016ef35ece7 None None] Version for resource type LocalIPAssociation changed None to 1.0 on consumer Open vSwitch agent@dv-cinder-835384-7-smb {{(pid=104037) _set_version /opt/stack/neutron/neutron/api/rpc/callbacks/version_manager.py:113}}
Jun 15 22:13:46.247005 dv-cinder-835384-7-smb neutron-server[104037]: DEBUG neutron.api.rpc.callbacks.version_manager [None req-5820a9c2-d815-472a-9723-9016ef35ece7 None None] Version for resource type Log changed None to 1.0 on consumer Open vSwitch agent@dv-cinder-835384-7-smb {{(pid=104037) _set_version /opt/stack/neutron/neutron/api/rpc/callbacks/version_manager.py:113}}
