Jun 15 22:12:46.021044 dv-cinder-835384-7-smb devstack@placement-api.service[104517]: DEBUG placement.requestlog [req-464dfef3-9520-4cc5-af74-64a7e71ff933 req-cc45a72a-2eb5-45da-9f7e-764f7cf2d6a6 None None] Starting request: 10.222.0.42 "GET /placement/allocation_candidates?limit=1000&resources=DISK_GB%3A1%2CMEMORY_MB%3A1024%2CVCPU%3A1&root_required=%21COMPUTE_STATUS_DISABLED" {{(pid=104517) __call__ /opt/stack/placement/placement/requestlog.py:55}}
Jun 15 22:12:46.141096 dv-cinder-835384-7-smb devstack@placement-api.service[104517]: DEBUG placement.objects.research_context [req-464dfef3-9520-4cc5-af74-64a7e71ff933 req-cc45a72a-2eb5-45da-9f7e-764f7cf2d6a6 service placement] getting providers with 1 DISK_GB {{(pid=104517) __init__ /opt/stack/placement/placement/objects/research_context.py:136}}
Jun 15 22:12:46.180490 dv-cinder-835384-7-smb devstack@placement-api.service[104517]: DEBUG placement.objects.research_context [req-464dfef3-9520-4cc5-af74-64a7e71ff933 req-cc45a72a-2eb5-45da-9f7e-764f7cf2d6a6 service placement] getting providers with 1024 MEMORY_MB {{(pid=104517) __init__ /opt/stack/placement/placement/objects/research_context.py:136}}
Jun 15 22:12:46.191499 dv-cinder-835384-7-smb devstack@placement-api.service[104517]: DEBUG placement.objects.research_context [req-464dfef3-9520-4cc5-af74-64a7e71ff933 req-cc45a72a-2eb5-45da-9f7e-764f7cf2d6a6 service placement] getting providers with 1 VCPU {{(pid=104517) __init__ /opt/stack/placement/placement/objects/research_context.py:136}}
Jun 15 22:12:46.208803 dv-cinder-835384-7-smb devstack@placement-api.service[104517]: DEBUG placement.objects.research_context [req-464dfef3-9520-4cc5-af74-64a7e71ff933 req-cc45a72a-2eb5-45da-9f7e-764f7cf2d6a6 service placement] found 1 providers with available 1 DISK_GB {{(pid=104517) get_provider_ids_matching /opt/stack/placement/placement/objects/research_context.py:563}}
Jun 15 22:12:46.211470 dv-cinder-835384-7-smb devstack@placement-api.service[104517]: DEBUG placement.objects.research_context [req-464dfef3-9520-4cc5-af74-64a7e71ff933 req-cc45a72a-2eb5-45da-9f7e-764f7cf2d6a6 service placement] found 1 providers with available 1024 MEMORY_MB {{(pid=104517) get_provider_ids_matching /opt/stack/placement/placement/objects/research_context.py:563}}
Jun 15 22:12:46.212718 dv-cinder-835384-7-smb devstack@placement-api.service[104517]: DEBUG placement.objects.research_context [req-464dfef3-9520-4cc5-af74-64a7e71ff933 req-cc45a72a-2eb5-45da-9f7e-764f7cf2d6a6 service placement] found 1 providers after filtering by previous result {{(pid=104517) get_provider_ids_matching /opt/stack/placement/placement/objects/research_context.py:594}}
Jun 15 22:12:46.213191 dv-cinder-835384-7-smb devstack@placement-api.service[104517]: DEBUG placement.objects.research_context [req-464dfef3-9520-4cc5-af74-64a7e71ff933 req-cc45a72a-2eb5-45da-9f7e-764f7cf2d6a6 service placement] found 1 providers with available 1 VCPU {{(pid=104517) get_provider_ids_matching /opt/stack/placement/placement/objects/research_context.py:563}}
Jun 15 22:12:46.213845 dv-cinder-835384-7-smb devstack@placement-api.service[104517]: DEBUG placement.objects.research_context [req-464dfef3-9520-4cc5-af74-64a7e71ff933 req-cc45a72a-2eb5-45da-9f7e-764f7cf2d6a6 service placement] found 1 providers after filtering by previous result {{(pid=104517) get_provider_ids_matching /opt/stack/placement/placement/objects/research_context.py:594}}
Jun 15 22:12:46.252169 dv-cinder-835384-7-smb devstack@placement-api.service[104517]: DEBUG placement.objects.allocation_candidate [req-464dfef3-9520-4cc5-af74-64a7e71ff933 req-cc45a72a-2eb5-45da-9f7e-764f7cf2d6a6 service placement] RequestGroup(use_same_provider=False, resources={DISK_GB:1, MEMORY_MB:1024, VCPU:1}, traits=(), aggregates=[]) (suffix '') returned 1 matches {{(pid=104517) _get_by_requests /opt/stack/placement/placement/objects/allocation_candidate.py:156}}
Jun 15 22:12:46.252512 dv-cinder-835384-7-smb devstack@placement-api.service[104517]: DEBUG placement.objects.allocation_candidate [req-464dfef3-9520-4cc5-af74-64a7e71ff933 req-cc45a72a-2eb5-45da-9f7e-764f7cf2d6a6 service placement] Merging candidates yields 1 allocation requests and 1 provider summaries {{(pid=104517) _merge_candidates /opt/stack/placement/placement/objects/allocation_candidate.py:809}}
Jun 15 22:12:46.255230 dv-cinder-835384-7-smb devstack@placement-api.service[104517]: INFO placement.requestlog [req-464dfef3-9520-4cc5-af74-64a7e71ff933 req-cc45a72a-2eb5-45da-9f7e-764f7cf2d6a6 service placement] 10.222.0.42 "GET /placement/allocation_candidates?limit=1000&resources=DISK_GB%3A1%2CMEMORY_MB%3A1024%2CVCPU%3A1&root_required=%21COMPUTE_STATUS_DISABLED" status: 200 len: 767 microversion: 1.36
Jun 15 22:12:46.268536 dv-cinder-835384-7-smb devstack@placement-api.service[104516]: DEBUG placement.requestlog [req-8bf18b6b-8f23-4d5c-ad46-b0bb4e056632 req-81c59b31-f63d-45e6-9e59-8ed7254f1154 None None] Starting request: 10.222.0.40 "GET /placement/allocations/b0b1d581-78be-4e12-9984-c1f0892778a9" {{(pid=104516) __call__ /opt/stack/placement/placement/requestlog.py:55}}
Jun 15 22:12:46.274496 dv-cinder-835384-7-smb devstack@placement-api.service[104517]: [pid: 104517|app: 0|req: 10/21] 10.222.0.42 () {60 vars in 1506 bytes} [Wed Jun 15 22:12:46 2022] GET /placement/allocation_candidates?limit=1000&resources=DISK_GB%3A1%2CMEMORY_MB%3A1024%2CVCPU%3A1&root_required=%21COMPUTE_STATUS_DISABLED => generated 767 bytes in 254 msecs (HTTP/1.1 200) 8 headers in 296 bytes (1 switches on core 0)
Jun 15 22:12:46.323014 dv-cinder-835384-7-smb devstack@placement-api.service[104516]: INFO placement.requestlog [req-8bf18b6b-8f23-4d5c-ad46-b0bb4e056632 req-81c59b31-f63d-45e6-9e59-8ed7254f1154 service placement] 10.222.0.40 "GET /placement/allocations/b0b1d581-78be-4e12-9984-c1f0892778a9" status: 200 len: 258 microversion: 1.28
Jun 15 22:12:46.326865 dv-cinder-835384-7-smb devstack@placement-api.service[104516]: [pid: 104516|app: 0|req: 12/22] 10.222.0.40 () {60 vars in 1377 bytes} [Wed Jun 15 22:12:46 2022] GET /placement/allocations/b0b1d581-78be-4e12-9984-c1f0892778a9 => generated 258 bytes in 58 msecs (HTTP/1.1 200) 8 headers in 296 bytes (1 switches on core 0)
Jun 15 22:12:46.347726 dv-cinder-835384-7-smb devstack@placement-api.service[104517]: DEBUG placement.requestlog [req-464dfef3-9520-4cc5-af74-64a7e71ff933 req-54275bb2-2364-428e-83f5-1dc91f04078d None None] Starting request: 10.222.0.42 "GET /placement/allocations/b66a3a04-5c14-4ce7-aa9c-707af1ce9102" {{(pid=104517) __call__ /opt/stack/placement/placement/requestlog.py:55}}
Jun 15 22:12:46.373864 dv-cinder-835384-7-smb devstack@placement-api.service[104517]: INFO placement.requestlog [req-464dfef3-9520-4cc5-af74-64a7e71ff933 req-54275bb2-2364-428e-83f5-1dc91f04078d service placement] 10.222.0.42 "GET /placement/allocations/b66a3a04-5c14-4ce7-aa9c-707af1ce9102" status: 200 len: 19 microversion: 1.28
Jun 15 22:12:46.379603 dv-cinder-835384-7-smb devstack@placement-api.service[104517]: [pid: 104517|app: 0|req: 11/23] 10.222.0.42 () {60 vars in 1380 bytes} [Wed Jun 15 22:12:46 2022] GET /placement/allocations/b66a3a04-5c14-4ce7-aa9c-707af1ce9102 => generated 19 bytes in 32 msecs (HTTP/1.1 200) 8 headers in 295 bytes (1 switches on core 0)
Jun 15 22:12:46.389741 dv-cinder-835384-7-smb devstack@placement-api.service[104516]: DEBUG placement.requestlog [req-464dfef3-9520-4cc5-af74-64a7e71ff933 req-24220fcf-989b-4411-a074-1e3690a5caf5 None None] Starting request: 10.222.0.42 "PUT /placement/allocations/b66a3a04-5c14-4ce7-aa9c-707af1ce9102" {{(pid=104516) __call__ /opt/stack/placement/placement/requestlog.py:55}}
Jun 15 22:12:46.635151 dv-cinder-835384-7-smb devstack@placement-api.service[104516]: DEBUG placement.handlers.allocation [req-464dfef3-9520-4cc5-af74-64a7e71ff933 req-24220fcf-989b-4411-a074-1e3690a5caf5 service placement] Successfully wrote allocations [, , ] {{(pid=104516) _update_consumers_and_create_allocations /opt/stack/placement/placement/handlers/allocation.py:462}}
Jun 15 22:12:46.645092 dv-cinder-835384-7-smb devstack@placement-api.service[104516]: INFO placement.requestlog [req-464dfef3-9520-4cc5-af74-64a7e71ff933 req-24220fcf-989b-4411-a074-1e3690a5caf5 service placement] 10.222.0.42 "PUT /placement/allocations/b66a3a04-5c14-4ce7-aa9c-707af1ce9102" status: 204 len: 0 microversion: 1.36
Jun 15 22:12:46.646228 dv-cinder-835384-7-smb devstack@placement-api.service[104516]: [pid: 104516|app: 0|req: 13/24] 10.222.0.42 () {64 vars in 1433 bytes} [Wed Jun 15 22:12:46 2022] PUT /placement/allocations/b66a3a04-5c14-4ce7-aa9c-707af1ce9102 => generated 0 bytes in 256 msecs (HTTP/1.1 204) 5 headers in 199 bytes (1 switches on core 0)
Jun 15 22:12:47.661937 dv-cinder-835384-7-smb devstack@placement-api.service[104517]: DEBUG placement.requestlog [req-464dfef3-9520-4cc5-af74-64a7e71ff933 req-6b12737a-a958-4041-9600-1379c43efc12 None None] Starting request: 10.222.0.40 "GET /placement/allocations/b66a3a04-5c14-4ce7-aa9c-707af1ce9102" {{(pid=104517) __call__ /opt/stack/placement/placement/requestlog.py:55}}
Jun 15 22:12:47.696453 dv-cinder-835384-7-smb devstack@placement-api.service[104517]: INFO placement.requestlog [req-464dfef3-9520-4cc5-af74-64a7e71ff933 req-6b12737a-a958-4041-9600-1379c43efc12 service placement] 10.222.0.40 "GET /placement/allocations/b66a3a04-5c14-4ce7-aa9c-707af1ce9102" status: 200 len: 258 microversion: 1.28
Jun 15 22:12:47.697758 dv-cinder-835384-7-smb devstack@placement-api.service[104517]: [pid: 104517|app: 0|req: 12/25] 10.222.0.40 () {60 vars in 1377 bytes} [Wed Jun 15 22:12:47 2022] GET /placement/allocations/b66a3a04-5c14-4ce7-aa9c-707af1ce9102 => generated 258 bytes in 36 msecs (HTTP/1.1 200) 8 headers in 296 bytes (1 switches on core 0)
Jun 15 22:12:56.636058 dv-cinder-835384-7-smb devstack@placement-api.service[104516]: DEBUG dbcounter [-] [104516] Writing DB stats placement:SELECT=50,placement:INSERT=10,placement:DELETE=4,placement:UPDATE=4 {{(pid=104516) stat_writer /usr/local/lib/python3.8/dist-packages/dbcounter.py:114}}
Jun 15 22:12:57.689411 dv-cinder-835384-7-smb devstack@placement-api.service[104517]: DEBUG dbcounter [-] [104517] Writing DB stats placement:SELECT=47,placement:INSERT=6,placement:DELETE=2,placement:UPDATE=2 {{(pid=104517) stat_writer /usr/local/lib/python3.8/dist-packages/dbcounter.py:114}}
Jun 15 22:13:01.318582 dv-cinder-835384-7-smb devstack@placement-api.service[104516]: DEBUG placement.requestlog [req-432593ae-fc2a-4ea4-af35-7fffa3018007 req-598ccd93-f3c6-465c-9d40-ae863f3d95b4 None None] Starting request: 10.222.0.42 "GET /placement/allocation_candidates?limit=1000&resources=DISK_GB%3A1%2CMEMORY_MB%3A1024%2CVCPU%3A1&root_required=%21COMPUTE_STATUS_DISABLED" {{(pid=104516) __call__ /opt/stack/placement/placement/requestlog.py:55}}
Jun 15 22:13:01.408436 dv-cinder-835384-7-smb devstack@placement-api.service[104516]: DEBUG placement.objects.research_context [req-432593ae-fc2a-4ea4-af35-7fffa3018007 req-598ccd93-f3c6-465c-9d40-ae863f3d95b4 service placement] getting providers with 1 DISK_GB {{(pid=104516) __init__ /opt/stack/placement/placement/objects/research_context.py:136}}
Jun 15 22:13:01.432699 dv-cinder-835384-7-smb devstack@placement-api.service[104516]: DEBUG placement.objects.research_context [req-432593ae-fc2a-4ea4-af35-7fffa3018007 req-598ccd93-f3c6-465c-9d40-ae863f3d95b4 service placement] getting providers with 1024 MEMORY_MB {{(pid=104516) __init__ /opt/stack/placement/placement/objects/research_context.py:136}}
Jun 15 22:13:01.443930 dv-cinder-835384-7-smb devstack@placement-api.service[104516]: DEBUG placement.objects.research_context [req-432593ae-fc2a-4ea4-af35-7fffa3018007 req-598ccd93-f3c6-465c-9d40-ae863f3d95b4 service placement] getting providers with 1 VCPU {{(pid=104516) __init__ /opt/stack/placement/placement/objects/research_context.py:136}}
Jun 15 22:13:01.453663 dv-cinder-835384-7-smb devstack@placement-api.service[104516]: DEBUG placement.objects.research_context [req-432593ae-fc2a-4ea4-af35-7fffa3018007 req-598ccd93-f3c6-465c-9d40-ae863f3d95b4 service placement] found 1 providers with available 1 DISK_GB {{(pid=104516) get_provider_ids_matching /opt/stack/placement/placement/objects/research_context.py:563}}
Jun 15 22:13:01.454305 dv-cinder-835384-7-smb devstack@placement-api.service[104516]: DEBUG placement.objects.research_context [req-432593ae-fc2a-4ea4-af35-7fffa3018007 req-598ccd93-f3c6-465c-9d40-ae863f3d95b4 service placement] found 1 providers with available 1024 MEMORY_MB {{(pid=104516) get_provider_ids_matching /opt/stack/placement/placement/objects/research_context.py:563}}
Jun 15 22:13:01.454719 dv-cinder-835384-7-smb devstack@placement-api.service[104516]: DEBUG placement.objects.research_context [req-432593ae-fc2a-4ea4-af35-7fffa3018007 req-598ccd93-f3c6-465c-9d40-ae863f3d95b4 service placement] found 1 providers after filtering by previous result {{(pid=104516) get_provider_ids_matching /opt/stack/placement/placement/objects/research_context.py:594}}
Jun 15 22:13:01.455114 dv-cinder-835384-7-smb devstack@placement-api.service[104516]: DEBUG placement.objects.research_context [req-432593ae-fc2a-4ea4-af35-7fffa3018007 req-598ccd93-f3c6-465c-9d40-ae863f3d95b4 service placement] found 1 providers with available 1 VCPU {{(pid=104516) get_provider_ids_matching /opt/stack/placement/placement/objects/research_context.py:563}}
Jun 15 22:13:01.455527 dv-cinder-835384-7-smb devstack@placement-api.service[104516]: DEBUG placement.objects.research_context [req-432593ae-fc2a-4ea4-af35-7fffa3018007 req-598ccd93-f3c6-465c-9d40-ae863f3d95b4 service placement] found 1 providers after filtering by previous result {{(pid=104516) get_provider_ids_matching /opt/stack/placement/placement/objects/research_context.py:594}}
Jun 15 22:13:01.473843 dv-cinder-835384-7-smb devstack@placement-api.service[104516]: DEBUG placement.objects.allocation_candidate [req-432593ae-fc2a-4ea4-af35-7fffa3018007 req-598ccd93-f3c6-465c-9d40-ae863f3d95b4 service placement] RequestGroup(use_same_provider=False, resources={DISK_GB:1, MEMORY_MB:1024, VCPU:1}, traits=(), aggregates=[]) (suffix '') returned 1 matches {{(pid=104516) _get_by_requests /opt/stack/placement/placement/objects/allocation_candidate.py:156}}
Jun 15 22:13:01.474610 dv-cinder-835384-7-smb devstack@placement-api.service[104516]: DEBUG placement.objects.allocation_candidate [req-432593ae-fc2a-4ea4-af35-7fffa3018007 req-598ccd93-f3c6-465c-9d40-ae863f3d95b4 service placement] Merging candidates yields 1 allocation requests and 1 provider summaries {{(pid=104516) _merge_candidates /opt/stack/placement/placement/objects/allocation_candidate.py:809}}
Jun 15 22:13:01.476608 dv-cinder-835384-7-smb devstack@placement-api.service[104516]: INFO placement.requestlog [req-432593ae-fc2a-4ea4-af35-7fffa3018007 req-598ccd93-f3c6-465c-9d40-ae863f3d95b4 service placement] 10.222.0.42 "GET /placement/allocation_candidates?limit=1000&resources=DISK_GB%3A1%2CMEMORY_MB%3A1024%2CVCPU%3A1&root_required=%21COMPUTE_STATUS_DISABLED" status: 200 len: 767 microversion: 1.36
Jun 15 22:13:01.483183 dv-cinder-835384-7-smb devstack@placement-api.service[104516]: [pid: 104516|app: 0|req: 14/26] 10.222.0.42 () {60 vars in 1506 bytes} [Wed Jun 15 22:13:01 2022] GET /placement/allocation_candidates?limit=1000&resources=DISK_GB%3A1%2CMEMORY_MB%3A1024%2CVCPU%3A1&root_required=%21COMPUTE_STATUS_DISABLED => generated 767 bytes in 165 msecs (HTTP/1.1 200) 8 headers in 296 bytes (1 switches on core 0)
Jun 15 22:13:01.561380 dv-cinder-835384-7-smb devstack@placement-api.service[104517]: DEBUG placement.requestlog [req-432593ae-fc2a-4ea4-af35-7fffa3018007 req-701288b5-ea13-45c9-9888-3bab3e8e75fa None None] Starting request: 10.222.0.42 "GET /placement/allocations/3675c72f-680f-48be-a35f-7347b68e6c00" {{(pid=104517) __call__ /opt/stack/placement/placement/requestlog.py:55}}
Jun 15 22:13:01.591372 dv-cinder-835384-7-smb devstack@placement-api.service[104517]: INFO placement.requestlog [req-432593ae-fc2a-4ea4-af35-7fffa3018007 req-701288b5-ea13-45c9-9888-3bab3e8e75fa service placement] 10.222.0.42 "GET /placement/allocations/3675c72f-680f-48be-a35f-7347b68e6c00" status: 200 len: 19 microversion: 1.28
Jun 15 22:13:01.595958 dv-cinder-835384-7-smb devstack@placement-api.service[104517]: [pid: 104517|app: 0|req: 13/27] 10.222.0.42 () {60 vars in 1380 bytes} [Wed Jun 15 22:13:01 2022] GET /placement/allocations/3675c72f-680f-48be-a35f-7347b68e6c00 => generated 19 bytes in 35 msecs (HTTP/1.1 200) 8 headers in 295 bytes (1 switches on core 0)
Jun 15 22:13:01.600742 dv-cinder-835384-7-smb devstack@placement-api.service[104516]: DEBUG placement.requestlog [req-432593ae-fc2a-4ea4-af35-7fffa3018007 req-b098e21a-ff8c-4ced-8d2e-92f24b2643f3 None None] Starting request: 10.222.0.42 "PUT /placement/allocations/3675c72f-680f-48be-a35f-7347b68e6c00" {{(pid=104516) __call__ /opt/stack/placement/placement/requestlog.py:55}}
Jun 15 22:13:01.728858 dv-cinder-835384-7-smb devstack@placement-api.service[104516]: DEBUG placement.handlers.allocation [req-432593ae-fc2a-4ea4-af35-7fffa3018007 req-b098e21a-ff8c-4ced-8d2e-92f24b2643f3 service placement] Successfully wrote allocations [, , ] {{(pid=104516) _update_consumers_and_create_allocations /opt/stack/placement/placement/handlers/allocation.py:462}}
Jun 15 22:13:01.735380 dv-cinder-835384-7-smb devstack@placement-api.service[104516]: INFO placement.requestlog [req-432593ae-fc2a-4ea4-af35-7fffa3018007 req-b098e21a-ff8c-4ced-8d2e-92f24b2643f3 service placement] 10.222.0.42 "PUT /placement/allocations/3675c72f-680f-48be-a35f-7347b68e6c00" status: 204 len: 0 microversion: 1.36
Jun 15 22:13:01.736328 dv-cinder-835384-7-smb devstack@placement-api.service[104516]: [pid: 104516|app: 0|req: 15/28] 10.222.0.42 () {64 vars in 1433 bytes} [Wed Jun 15 22:13:01 2022] PUT /placement/allocations/3675c72f-680f-48be-a35f-7347b68e6c00 => generated 0 bytes in 136 msecs (HTTP/1.1 204) 5 headers in 199 bytes (1 switches on core 0)
Jun 15 22:13:04.102919 dv-cinder-835384-7-smb devstack@placement-api.service[104517]: DEBUG placement.requestlog [req-432593ae-fc2a-4ea4-af35-7fffa3018007 req-879ed268-2e14-4165-bf21-ed6ba15e9acc None None] Starting request: 10.222.0.40 "GET /placement/allocations/3675c72f-680f-48be-a35f-7347b68e6c00" {{(pid=104517) __call__ /opt/stack/placement/placement/requestlog.py:55}}
Jun 15 22:13:04.137225 dv-cinder-835384-7-smb devstack@placement-api.service[104517]: INFO placement.requestlog [req-432593ae-fc2a-4ea4-af35-7fffa3018007 req-879ed268-2e14-4165-bf21-ed6ba15e9acc service placement] 10.222.0.40 "GET /placement/allocations/3675c72f-680f-48be-a35f-7347b68e6c00" status: 200 len: 258 microversion: 1.28
Jun 15 22:13:04.137920 dv-cinder-835384-7-smb devstack@placement-api.service[104517]: [pid: 104517|app: 0|req: 14/29] 10.222.0.40 () {60 vars in 1377 bytes} [Wed Jun 15 22:13:04 2022] GET /placement/allocations/3675c72f-680f-48be-a35f-7347b68e6c00 => generated 258 bytes in 35 msecs (HTTP/1.1 200) 8 headers in 296 bytes (1 switches on core 0)
Jun 15 22:13:11.730095 dv-cinder-835384-7-smb devstack@placement-api.service[104516]: DEBUG dbcounter [-] [104516] Writing DB stats placement:SELECT=27,placement:INSERT=6,placement:DELETE=2,placement:UPDATE=2 {{(pid=104516) stat_writer /usr/local/lib/python3.8/dist-packages/dbcounter.py:114}}
Jun 15 22:13:14.126350 dv-cinder-835384-7-smb devstack@placement-api.service[104517]: DEBUG dbcounter [-] [104517] Writing DB stats placement:SELECT=6 {{(pid=104517) stat_writer /usr/local/lib/python3.8/dist-packages/dbcounter.py:114}}
Jun 15 22:13:23.645810 dv-cinder-835384-7-smb devstack@placement-api.service[104516]: DEBUG placement.requestlog [req-d2182f8c-1852-4532-b2bf-78456eaba5d4 req-7f86ba52-c7b1-4f5c-8618-744bdb38af16 None None] Starting request: 10.222.0.40 "DELETE /placement/allocations/ea18a17c-b361-4863-b1af-88211e127335" {{(pid=104516) __call__ /opt/stack/placement/placement/requestlog.py:55}}
Jun 15 22:13:23.729859 dv-cinder-835384-7-smb devstack@placement-api.service[104516]: DEBUG placement.handlers.allocation [req-d2182f8c-1852-4532-b2bf-78456eaba5d4 req-7f86ba52-c7b1-4f5c-8618-744bdb38af16 service placement] Successfully deleted allocations [, , ] {{(pid=104516) delete_allocations /opt/stack/placement/placement/handlers/allocation.py:627}}
Jun 15 22:13:23.730673 dv-cinder-835384-7-smb devstack@placement-api.service[104516]: INFO placement.requestlog [req-d2182f8c-1852-4532-b2bf-78456eaba5d4 req-7f86ba52-c7b1-4f5c-8618-744bdb38af16 service placement] 10.222.0.40 "DELETE /placement/allocations/ea18a17c-b361-4863-b1af-88211e127335" status: 204 len: 0 microversion: 1.0
Jun 15 22:13:23.731544 dv-cinder-835384-7-smb devstack@placement-api.service[104516]: [pid: 104516|app: 0|req: 16/30] 10.222.0.40 () {60 vars in 1355 bytes} [Wed Jun 15 22:13:23 2022] DELETE /placement/allocations/ea18a17c-b361-4863-b1af-88211e127335 => generated 0 bytes in 86 msecs (HTTP/1.1 204) 5 headers in 198 bytes (1 switches on core 0)
Jun 15 22:13:24.523722 dv-cinder-835384-7-smb devstack@placement-api.service[104517]: DEBUG placement.requestlog [req-04100f8b-cad7-447d-b545-a61a765ca6ec req-dac8e195-c2ef-4f52-acf6-f35c750fac5e None None] Starting request: 10.222.0.40 "GET /placement/resource_providers/313a5b2c-04c5-4b88-9d61-58b433259846/allocations" {{(pid=104517) __call__ /opt/stack/placement/placement/requestlog.py:55}}
Jun 15 22:13:24.558111 dv-cinder-835384-7-smb devstack@placement-api.service[104517]: INFO placement.requestlog [req-04100f8b-cad7-447d-b545-a61a765ca6ec req-dac8e195-c2ef-4f52-acf6-f35c750fac5e service placement] 10.222.0.40 "GET /placement/resource_providers/313a5b2c-04c5-4b88-9d61-58b433259846/allocations" status: 200 len: 355 microversion: 1.0
Jun 15 22:13:24.558817 dv-cinder-835384-7-smb devstack@placement-api.service[104517]: [pid: 104517|app: 0|req: 15/31] 10.222.0.40 () {58 vars in 1390 bytes} [Wed Jun 15 22:13:24 2022] GET /placement/resource_providers/313a5b2c-04c5-4b88-9d61-58b433259846/allocations => generated 355 bytes in 35 msecs (HTTP/1.1 200) 6 headers in 224 bytes (1 switches on core 0)
Jun 15 22:13:33.720653 dv-cinder-835384-7-smb devstack@placement-api.service[104516]: DEBUG dbcounter [-] [104516] Writing DB stats placement:SELECT=7,placement:DELETE=2 {{(pid=104516) stat_writer /usr/local/lib/python3.8/dist-packages/dbcounter.py:114}}
Jun 15 22:13:33.722119 dv-cinder-835384-7-smb devstack@placement-api.service[104516]: DEBUG placement.requestlog [None req-18730cc6-54de-45ff-b137-4dab2f46a1a5 None None] Starting request: 10.222.0.42 "GET /placement/resource_providers/6db58f17-1583-46c1-b0c0-9edd4cde3775/aggregates" {{(pid=104516) __call__ /opt/stack/placement/placement/requestlog.py:55}}
Jun 15 22:13:34.196396 dv-cinder-835384-7-smb devstack@placement-api.service[104516]: INFO placement.requestlog [None req-18730cc6-54de-45ff-b137-4dab2f46a1a5 service placement] 10.222.0.42 "GET /placement/resource_providers/6db58f17-1583-46c1-b0c0-9edd4cde3775/aggregates" status: 404 len: 235 microversion: 1.1
Jun 15 22:13:34.197055 dv-cinder-835384-7-smb devstack@placement-api.service[104516]: [pid: 104516|app: 0|req: 17/32] 10.222.0.42 () {58 vars in 1362 bytes} [Wed Jun 15 22:13:33 2022] GET /placement/resource_providers/6db58f17-1583-46c1-b0c0-9edd4cde3775/aggregates => generated 235 bytes in 475 msecs (HTTP/1.1 404) 5 headers in 202 bytes (1 switches on core 0)
Jun 15 22:13:34.268170 dv-cinder-835384-7-smb devstack@placement-api.service[104517]: DEBUG placement.requestlog [None req-8257ccfd-a4bf-4b79-a5e8-d55c9f6b2fa6 None None] Starting request: 10.222.0.42 "DELETE /placement/resource_providers/6db58f17-1583-46c1-b0c0-9edd4cde3775" {{(pid=104517) __call__ /opt/stack/placement/placement/requestlog.py:55}}
Jun 15 22:13:34.285430 dv-cinder-835384-7-smb devstack@placement-api.service[104517]: DEBUG placement.wsgi_wrapper [None req-8257ccfd-a4bf-4b79-a5e8-d55c9f6b2fa6 service placement] Placement API returning an error response: No resource provider with uuid 6db58f17-1583-46c1-b0c0-9edd4cde3775 found for delete {{(pid=104517) call_func /opt/stack/placement/placement/wsgi_wrapper.py:31}}
Jun 15 22:13:34.286604 dv-cinder-835384-7-smb devstack@placement-api.service[104517]: INFO placement.requestlog [None req-8257ccfd-a4bf-4b79-a5e8-d55c9f6b2fa6 service placement] 10.222.0.42 "DELETE /placement/resource_providers/6db58f17-1583-46c1-b0c0-9edd4cde3775" status: 404 len: 246 microversion: 1.1
Jun 15 22:13:34.287502 dv-cinder-835384-7-smb devstack@placement-api.service[104517]: [pid: 104517|app: 0|req: 16/33] 10.222.0.42 () {60 vars in 1351 bytes} [Wed Jun 15 22:13:34 2022] DELETE /placement/resource_providers/6db58f17-1583-46c1-b0c0-9edd4cde3775 => generated 246 bytes in 20 msecs (HTTP/1.1 404) 6 headers in 231 bytes (1 switches on core 0)
Jun 15 22:13:44.184546 dv-cinder-835384-7-smb devstack@placement-api.service[104516]: DEBUG dbcounter [-] [104516] Writing DB stats placement:SELECT=2 {{(pid=104516) stat_writer /usr/local/lib/python3.8/dist-packages/dbcounter.py:114}}
Jun 15 22:13:44.281113 dv-cinder-835384-7-smb devstack@placement-api.service[104517]: DEBUG dbcounter [-] [104517] Writing DB stats placement:SELECT=8 {{(pid=104517) stat_writer /usr/local/lib/python3.8/dist-packages/dbcounter.py:114}}
Jun 15 22:13:46.160776 dv-cinder-835384-7-smb devstack@placement-api.service[104516]: DEBUG placement.requestlog [req-aab1b13b-f874-4f4b-a39a-d5c1bb3c2a79 req-0ba444f8-ecb4-4c9b-89b7-2e26abfa569e None None] Starting request: 10.222.0.42 "GET /placement/allocation_candidates?limit=1000&resources=DISK_GB%3A1%2CMEMORY_MB%3A1024%2CVCPU%3A1&root_required=%21COMPUTE_STATUS_DISABLED" {{(pid=104516) __call__ /opt/stack/placement/placement/requestlog.py:55}}
Jun 15 22:13:46.224212 dv-cinder-835384-7-smb devstack@placement-api.service[104516]: DEBUG placement.objects.research_context [req-aab1b13b-f874-4f4b-a39a-d5c1bb3c2a79 req-0ba444f8-ecb4-4c9b-89b7-2e26abfa569e service placement] getting providers with 1 DISK_GB {{(pid=104516) __init__ /opt/stack/placement/placement/objects/research_context.py:136}}
Jun 15 22:13:46.235442 dv-cinder-835384-7-smb devstack@placement-api.service[104516]: DEBUG placement.objects.research_context [req-aab1b13b-f874-4f4b-a39a-d5c1bb3c2a79 req-0ba444f8-ecb4-4c9b-89b7-2e26abfa569e service placement] getting providers with 1024 MEMORY_MB {{(pid=104516) __init__ /opt/stack/placement/placement/objects/research_context.py:136}}
Jun 15 22:13:46.243004 dv-cinder-835384-7-smb devstack@placement-api.service[104516]: DEBUG placement.objects.research_context [req-aab1b13b-f874-4f4b-a39a-d5c1bb3c2a79 req-0ba444f8-ecb4-4c9b-89b7-2e26abfa569e service placement] getting providers with 1 VCPU {{(pid=104516) __init__ /opt/stack/placement/placement/objects/research_context.py:136}}
Jun 15 22:13:46.252269 dv-cinder-835384-7-smb devstack@placement-api.service[104516]: DEBUG placement.objects.research_context [req-aab1b13b-f874-4f4b-a39a-d5c1bb3c2a79 req-0ba444f8-ecb4-4c9b-89b7-2e26abfa569e service placement] found 1 providers with available 1 DISK_GB {{(pid=104516) get_provider_ids_matching /opt/stack/placement/placement/objects/research_context.py:563}}
Jun 15 22:13:46.252684 dv-cinder-835384-7-smb devstack@placement-api.service[104516]: DEBUG placement.objects.research_context [req-aab1b13b-f874-4f4b-a39a-d5c1bb3c2a79 req-0ba444f8-ecb4-4c9b-89b7-2e26abfa569e service placement] found 1 providers with available 1024 MEMORY_MB {{(pid=104516) get_provider_ids_matching /opt/stack/placement/placement/objects/research_context.py:563}}
Jun 15 22:13:46.253140 dv-cinder-835384-7-smb devstack@placement-api.service[104516]: DEBUG placement.objects.research_context [req-aab1b13b-f874-4f4b-a39a-d5c1bb3c2a79 req-0ba444f8-ecb4-4c9b-89b7-2e26abfa569e service placement] found 1 providers after filtering by previous result {{(pid=104516) get_provider_ids_matching /opt/stack/placement/placement/objects/research_context.py:594}}
Jun 15 22:13:46.253545 dv-cinder-835384-7-smb devstack@placement-api.service[104516]: DEBUG placement.objects.research_context [req-aab1b13b-f874-4f4b-a39a-d5c1bb3c2a79 req-0ba444f8-ecb4-4c9b-89b7-2e26abfa569e service placement] found 1 providers with available 1 VCPU {{(pid=104516) get_provider_ids_matching /opt/stack/placement/placement/objects/research_context.py:563}}
Jun 15 22:13:46.253943 dv-cinder-835384-7-smb devstack@placement-api.service[104516]: DEBUG placement.objects.research_context [req-aab1b13b-f874-4f4b-a39a-d5c1bb3c2a79 req-0ba444f8-ecb4-4c9b-89b7-2e26abfa569e service placement] found 1 providers after filtering by previous result {{(pid=104516) get_provider_ids_matching /opt/stack/placement/placement/objects/research_context.py:594}}
Jun 15 22:13:46.280943 dv-cinder-835384-7-smb devstack@placement-api.service[104516]: DEBUG placement.objects.allocation_candidate [req-aab1b13b-f874-4f4b-a39a-d5c1bb3c2a79 req-0ba444f8-ecb4-4c9b-89b7-2e26abfa569e service placement] RequestGroup(use_same_provider=False, resources={DISK_GB:1, MEMORY_MB:1024, VCPU:1}, traits=(), aggregates=[]) (suffix '') returned 1 matches {{(pid=104516) _get_by_requests /opt/stack/placement/placement/objects/allocation_candidate.py:156}}
Jun 15 22:13:46.281570 dv-cinder-835384-7-smb devstack@placement-api.service[104516]: DEBUG placement.objects.allocation_candidate [req-aab1b13b-f874-4f4b-a39a-d5c1bb3c2a79 req-0ba444f8-ecb4-4c9b-89b7-2e26abfa569e service placement] Merging candidates yields 1 allocation requests and 1 provider summaries {{(pid=104516) _merge_candidates /opt/stack/placement/placement/objects/allocation_candidate.py:809}}
Jun 15 22:13:46.283196 dv-cinder-835384-7-smb devstack@placement-api.service[104516]: INFO placement.requestlog [req-aab1b13b-f874-4f4b-a39a-d5c1bb3c2a79 req-0ba444f8-ecb4-4c9b-89b7-2e26abfa569e service placement] 10.222.0.42 "GET /placement/allocation_candidates?limit=1000&resources=DISK_GB%3A1%2CMEMORY_MB%3A1024%2CVCPU%3A1&root_required=%21COMPUTE_STATUS_DISABLED" status: 200 len: 767 microversion: 1.36
Jun 15 22:13:46.297955 dv-cinder-835384-7-smb devstack@placement-api.service[104516]: [pid: 104516|app: 0|req: 18/34] 10.222.0.42 () {60 vars in 1506 bytes} [Wed Jun 15 22:13:46 2022] GET /placement/allocation_candidates?limit=1000&resources=DISK_GB%3A1%2CMEMORY_MB%3A1024%2CVCPU%3A1&root_required=%21COMPUTE_STATUS_DISABLED => generated 767 bytes in 137 msecs (HTTP/1.1 200) 8 headers in 296 bytes (1 switches on core 0)
Jun 15 22:13:46.336350 dv-cinder-835384-7-smb devstack@placement-api.service[104517]: DEBUG placement.requestlog [req-aab1b13b-f874-4f4b-a39a-d5c1bb3c2a79 req-e15b4eef-9584-427d-8c95-8061614af725 None None] Starting request: 10.222.0.42 "GET /placement/allocations/9042cd2e-be03-468e-88d9-6e863819dc97" {{(pid=104517) __call__ /opt/stack/placement/placement/requestlog.py:55}}
Jun 15 22:13:46.353765 dv-cinder-835384-7-smb devstack@placement-api.service[104517]: INFO placement.requestlog [req-aab1b13b-f874-4f4b-a39a-d5c1bb3c2a79 req-e15b4eef-9584-427d-8c95-8061614af725 service placement] 10.222.0.42 "GET /placement/allocations/9042cd2e-be03-468e-88d9-6e863819dc97" status: 200 len: 19 microversion: 1.28
Jun 15 22:13:46.354143 dv-cinder-835384-7-smb devstack@placement-api.service[104517]: [pid: 104517|app: 0|req: 17/35] 10.222.0.42 () {60 vars in 1380 bytes} [Wed Jun 15 22:13:46 2022] GET /placement/allocations/9042cd2e-be03-468e-88d9-6e863819dc97 => generated 19 bytes in 19 msecs (HTTP/1.1 200) 8 headers in 295 bytes (1 switches on core 0)
Jun 15 22:13:46.362425 dv-cinder-835384-7-smb devstack@placement-api.service[104516]: DEBUG placement.requestlog [req-aab1b13b-f874-4f4b-a39a-d5c1bb3c2a79 req-9962629b-45c3-4d49-9ad6-43b985586368 None None] Starting request: 10.222.0.42 "PUT /placement/allocations/9042cd2e-be03-468e-88d9-6e863819dc97" {{(pid=104516) __call__ /opt/stack/placement/placement/requestlog.py:55}}
Jun 15 22:13:46.454239 dv-cinder-835384-7-smb devstack@placement-api.service[104516]: DEBUG placement.handlers.allocation [req-aab1b13b-f874-4f4b-a39a-d5c1bb3c2a79 req-9962629b-45c3-4d49-9ad6-43b985586368 service placement] Successfully wrote allocations [, , ] {{(pid=104516) _update_consumers_and_create_allocations /opt/stack/placement/placement/handlers/allocation.py:462}}
Jun 15 22:13:46.461588 dv-cinder-835384-7-smb devstack@placement-api.service[104516]: INFO placement.requestlog [req-aab1b13b-f874-4f4b-a39a-d5c1bb3c2a79 req-9962629b-45c3-4d49-9ad6-43b985586368 service placement] 10.222.0.42 "PUT /placement/allocations/9042cd2e-be03-468e-88d9-6e863819dc97" status: 204 len: 0 microversion: 1.36
Jun 15 22:13:46.462085 dv-cinder-835384-7-smb devstack@placement-api.service[104516]: [pid: 104516|app: 0|req: 19/36] 10.222.0.42 () {64 vars in 1433 bytes} [Wed Jun 15 22:13:46 2022] PUT /placement/allocations/9042cd2e-be03-468e-88d9-6e863819dc97 => generated 0 bytes in 100 msecs (HTTP/1.1 204) 5 headers in 199 bytes (1 switches on core 0)
Jun 15 22:13:47.146622 dv-cinder-835384-7-smb devstack@placement-api.service[104517]: DEBUG placement.requestlog [req-aab1b13b-f874-4f4b-a39a-d5c1bb3c2a79 req-5eafe882-9a41-48ca-8f3f-62b5855ca5e3 None None] Starting request: 10.222.0.40 "GET /placement/allocations/9042cd2e-be03-468e-88d9-6e863819dc97" {{(pid=104517) __call__ /opt/stack/placement/placement/requestlog.py:55}}
Jun 15 22:13:47.172754 dv-cinder-835384-7-smb devstack@placement-api.service[104517]: INFO placement.requestlog [req-aab1b13b-f874-4f4b-a39a-d5c1bb3c2a79 req-5eafe882-9a41-48ca-8f3f-62b5855ca5e3 service placement] 10.222.0.40 "GET /placement/allocations/9042cd2e-be03-468e-88d9-6e863819dc97" status: 200 len: 258 microversion: 1.28
Jun 15 22:13:47.174159 dv-cinder-835384-7-smb devstack@placement-api.service[104517]: [pid: 104517|app: 0|req: 18/37] 10.222.0.40 () {60 vars in 1377 bytes} [Wed Jun 15 22:13:47 2022] GET /placement/allocations/9042cd2e-be03-468e-88d9-6e863819dc97 => generated 258 bytes in 28 msecs (HTTP/1.1 200) 8 headers in 296 bytes (1 switches on core 0)
Jun 15 22:13:56.453854 dv-cinder-835384-7-smb devstack@placement-api.service[104516]: DEBUG dbcounter [-] [104516] Writing DB stats placement:SELECT=27,placement:INSERT=6,placement:DELETE=2,placement:UPDATE=2 {{(pid=104516) stat_writer /usr/local/lib/python3.8/dist-packages/dbcounter.py:114}}
Jun 15 22:13:57.166433 dv-cinder-835384-7-smb devstack@placement-api.service[104517]: DEBUG dbcounter [-] [104517] Writing DB stats placement:SELECT=6 {{(pid=104517) stat_writer /usr/local/lib/python3.8/dist-packages/dbcounter.py:114}}
Jun 15 22:13:59.780950 dv-cinder-835384-7-smb devstack@placement-api.service[104516]: DEBUG placement.requestlog [req-2772efe8-8e8b-43b7-8268-5dc2e0756132 req-c0c100f4-46d6-4bf0-b582-4cb88b1165af None None] Starting request: 10.222.0.42 "GET /placement/allocation_candidates?limit=1000&resources=DISK_GB%3A1%2CMEMORY_MB%3A1024%2CVCPU%3A1&root_required=%21COMPUTE_STATUS_DISABLED" {{(pid=104516) __call__ /opt/stack/placement/placement/requestlog.py:55}}
Jun 15 22:13:59.814126 dv-cinder-835384-7-smb devstack@placement-api.service[104516]: DEBUG placement.objects.research_context [req-2772efe8-8e8b-43b7-8268-5dc2e0756132 req-c0c100f4-46d6-4bf0-b582-4cb88b1165af service placement] getting providers with 1 DISK_GB {{(pid=104516) __init__ /opt/stack/placement/placement/objects/research_context.py:136}}
Jun 15 22:13:59.820178 dv-cinder-835384-7-smb devstack@placement-api.service[104516]: DEBUG placement.objects.research_context [req-2772efe8-8e8b-43b7-8268-5dc2e0756132 req-c0c100f4-46d6-4bf0-b582-4cb88b1165af service placement] getting providers with 1024 MEMORY_MB {{(pid=104516) __init__ /opt/stack/placement/placement/objects/research_context.py:136}}
Jun 15 22:13:59.826472 dv-cinder-835384-7-smb devstack@placement-api.service[104516]: DEBUG placement.objects.research_context [req-2772efe8-8e8b-43b7-8268-5dc2e0756132 req-c0c100f4-46d6-4bf0-b582-4cb88b1165af service placement] getting providers with 1 VCPU {{(pid=104516) __init__ /opt/stack/placement/placement/objects/research_context.py:136}}
Jun 15 22:13:59.832680 dv-cinder-835384-7-smb devstack@placement-api.service[104516]: DEBUG placement.objects.research_context [req-2772efe8-8e8b-43b7-8268-5dc2e0756132 req-c0c100f4-46d6-4bf0-b582-4cb88b1165af service placement] found 1 providers with available 1 DISK_GB {{(pid=104516) get_provider_ids_matching /opt/stack/placement/placement/objects/research_context.py:563}}
Jun 15 22:13:59.832941 dv-cinder-835384-7-smb devstack@placement-api.service[104516]: DEBUG placement.objects.research_context [req-2772efe8-8e8b-43b7-8268-5dc2e0756132 req-c0c100f4-46d6-4bf0-b582-4cb88b1165af service placement] found 1 providers with available 1024 MEMORY_MB {{(pid=104516) get_provider_ids_matching /opt/stack/placement/placement/objects/research_context.py:563}}
Jun 15 22:13:59.833212 dv-cinder-835384-7-smb devstack@placement-api.service[104516]: DEBUG placement.objects.research_context [req-2772efe8-8e8b-43b7-8268-5dc2e0756132 req-c0c100f4-46d6-4bf0-b582-4cb88b1165af service placement] found 1 providers after filtering by previous result {{(pid=104516) get_provider_ids_matching /opt/stack/placement/placement/objects/research_context.py:594}}
Jun 15 22:13:59.833638 dv-cinder-835384-7-smb devstack@placement-api.service[104516]: DEBUG placement.objects.research_context [req-2772efe8-8e8b-43b7-8268-5dc2e0756132 req-c0c100f4-46d6-4bf0-b582-4cb88b1165af service placement] found 1 providers with available 1 VCPU {{(pid=104516) get_provider_ids_matching /opt/stack/placement/placement/objects/research_context.py:563}}
Jun 15 22:13:59.833904 dv-cinder-835384-7-smb devstack@placement-api.service[104516]: DEBUG placement.objects.research_context [req-2772efe8-8e8b-43b7-8268-5dc2e0756132 req-c0c100f4-46d6-4bf0-b582-4cb88b1165af service placement] found 1 providers after filtering by previous result {{(pid=104516) get_provider_ids_matching /opt/stack/placement/placement/objects/research_context.py:594}}
Jun 15 22:13:59.844956 dv-cinder-835384-7-smb devstack@placement-api.service[104516]: DEBUG placement.objects.allocation_candidate [req-2772efe8-8e8b-43b7-8268-5dc2e0756132 req-c0c100f4-46d6-4bf0-b582-4cb88b1165af service placement] RequestGroup(use_same_provider=False, resources={DISK_GB:1, MEMORY_MB:1024, VCPU:1}, traits=(), aggregates=[]) (suffix '') returned 1 matches {{(pid=104516) _get_by_requests /opt/stack/placement/placement/objects/allocation_candidate.py:156}}
Jun 15 22:13:59.845216 dv-cinder-835384-7-smb devstack@placement-api.service[104516]: DEBUG placement.objects.allocation_candidate [req-2772efe8-8e8b-43b7-8268-5dc2e0756132 req-c0c100f4-46d6-4bf0-b582-4cb88b1165af service placement] Merging candidates yields 1 allocation requests and 1 provider summaries {{(pid=104516) _merge_candidates /opt/stack/placement/placement/objects/allocation_candidate.py:809}}
Jun 15 22:13:59.846955 dv-cinder-835384-7-smb devstack@placement-api.service[104516]: INFO placement.requestlog [req-2772efe8-8e8b-43b7-8268-5dc2e0756132 req-c0c100f4-46d6-4bf0-b582-4cb88b1165af service placement] 10.222.0.42 "GET /placement/allocation_candidates?limit=1000&resources=DISK_GB%3A1%2CMEMORY_MB%3A1024%2CVCPU%3A1&root_required=%21COMPUTE_STATUS_DISABLED" status: 200 len: 767 microversion: 1.36
Jun 15 22:13:59.847285 dv-cinder-835384-7-smb devstack@placement-api.service[104516]: [pid: 104516|app: 0|req: 20/38] 10.222.0.42 () {60 vars in 1506 bytes} [Wed Jun 15 22:13:59 2022] GET /placement/allocation_candidates?limit=1000&resources=DISK_GB%3A1%2CMEMORY_MB%3A1024%2CVCPU%3A1&root_required=%21COMPUTE_STATUS_DISABLED => generated 767 bytes in 67 msecs (HTTP/1.1 200) 8 headers in 296 bytes (1 switches on core 0)
Jun 15 22:13:59.883950 dv-cinder-835384-7-smb devstack@placement-api.service[104517]: DEBUG placement.requestlog [req-2772efe8-8e8b-43b7-8268-5dc2e0756132 req-4f9cb708-857c-4b35-95e7-933a5d4901b0 None None] Starting request: 10.222.0.42 "GET /placement/allocations/aff1b560-74d1-427e-bd20-69f1f0186002" {{(pid=104517) __call__ /opt/stack/placement/placement/requestlog.py:55}}
Jun 15 22:13:59.895495 dv-cinder-835384-7-smb devstack@placement-api.service[104517]: INFO placement.requestlog [req-2772efe8-8e8b-43b7-8268-5dc2e0756132 req-4f9cb708-857c-4b35-95e7-933a5d4901b0 service placement] 10.222.0.42 "GET /placement/allocations/aff1b560-74d1-427e-bd20-69f1f0186002" status: 200 len: 19 microversion: 1.28
Jun 15 22:13:59.895903 dv-cinder-835384-7-smb devstack@placement-api.service[104517]: [pid: 104517|app: 0|req: 19/39] 10.222.0.42 () {60 vars in 1380 bytes} [Wed Jun 15 22:13:59 2022] GET /placement/allocations/aff1b560-74d1-427e-bd20-69f1f0186002 => generated 19 bytes in 12 msecs (HTTP/1.1 200) 8 headers in 295 bytes (1 switches on core 0)
Jun 15 22:13:59.901919 dv-cinder-835384-7-smb devstack@placement-api.service[104516]: DEBUG placement.requestlog [req-2772efe8-8e8b-43b7-8268-5dc2e0756132 req-554a0458-3af8-4d45-a0d3-5fd7b97741c1 None None] Starting request: 10.222.0.42 "PUT /placement/allocations/aff1b560-74d1-427e-bd20-69f1f0186002" {{(pid=104516) __call__ /opt/stack/placement/placement/requestlog.py:55}}
Jun 15 22:13:59.979446 dv-cinder-835384-7-smb devstack@placement-api.service[104516]: DEBUG placement.handlers.allocation [req-2772efe8-8e8b-43b7-8268-5dc2e0756132 req-554a0458-3af8-4d45-a0d3-5fd7b97741c1 service placement] Successfully wrote allocations [, , ] {{(pid=104516) _update_consumers_and_create_allocations /opt/stack/placement/placement/handlers/allocation.py:462}}
Jun 15 22:13:59.984315 dv-cinder-835384-7-smb devstack@placement-api.service[104516]: INFO placement.requestlog [req-2772efe8-8e8b-43b7-8268-5dc2e0756132 req-554a0458-3af8-4d45-a0d3-5fd7b97741c1 service placement] 10.222.0.42 "PUT /placement/allocations/aff1b560-74d1-427e-bd20-69f1f0186002" status: 204 len: 0 microversion: 1.36
Jun 15 22:13:59.985016 dv-cinder-835384-7-smb devstack@placement-api.service[104516]: [pid: 104516|app: 0|req: 21/40] 10.222.0.42 () {64 vars in 1433 bytes} [Wed Jun 15 22:13:59 2022] PUT /placement/allocations/aff1b560-74d1-427e-bd20-69f1f0186002 => generated 0 bytes in 83 msecs (HTTP/1.1 204) 5 headers in 199 bytes (1 switches on core 0)
Jun 15 22:14:00.330441 dv-cinder-835384-7-smb devstack@placement-api.service[104517]: DEBUG placement.requestlog [req-2772efe8-8e8b-43b7-8268-5dc2e0756132 req-e59f9363-495c-4ae5-a40f-ab559e0d833d None None] Starting request: 10.222.0.40 "GET /placement/allocations/aff1b560-74d1-427e-bd20-69f1f0186002" {{(pid=104517) __call__ /opt/stack/placement/placement/requestlog.py:55}}
Jun 15 22:14:00.345913 dv-cinder-835384-7-smb devstack@placement-api.service[104517]: INFO placement.requestlog [req-2772efe8-8e8b-43b7-8268-5dc2e0756132 req-e59f9363-495c-4ae5-a40f-ab559e0d833d service placement] 10.222.0.40 "GET /placement/allocations/aff1b560-74d1-427e-bd20-69f1f0186002" status: 200 len: 258 microversion: 1.28
Jun 15 22:14:00.346429 dv-cinder-835384-7-smb devstack@placement-api.service[104517]: [pid: 104517|app: 0|req: 20/41] 10.222.0.40 () {60 vars in 1377 bytes} [Wed Jun 15 22:14:00 2022] GET /placement/allocations/aff1b560-74d1-427e-bd20-69f1f0186002 => generated 258 bytes in 16 msecs (HTTP/1.1 200) 8 headers in 296 bytes (1 switches on core 0)
Jun 15 22:14:00.459703 dv-cinder-835384-7-smb devstack@placement-api.service[104516]: DEBUG placement.requestlog [req-73419d89-f7ea-401a-8b85-694ebfdab5cb req-ae8bd39c-a151-481e-bbc6-6fca8127aada None None] Starting request: 10.222.0.42 "GET /placement/allocation_candidates?limit=1000&resources=DISK_GB%3A1%2CMEMORY_MB%3A1024%2CVCPU%3A1&root_required=%21COMPUTE_STATUS_DISABLED" {{(pid=104516) __call__ /opt/stack/placement/placement/requestlog.py:55}}
Jun 15 22:14:00.501181 dv-cinder-835384-7-smb devstack@placement-api.service[104516]: DEBUG placement.objects.research_context [req-73419d89-f7ea-401a-8b85-694ebfdab5cb req-ae8bd39c-a151-481e-bbc6-6fca8127aada service placement] getting providers with 1 DISK_GB {{(pid=104516) __init__ /opt/stack/placement/placement/objects/research_context.py:136}}
Jun 15 22:14:00.507219 dv-cinder-835384-7-smb devstack@placement-api.service[104516]: DEBUG placement.objects.research_context [req-73419d89-f7ea-401a-8b85-694ebfdab5cb req-ae8bd39c-a151-481e-bbc6-6fca8127aada service placement] getting providers with 1024 MEMORY_MB {{(pid=104516) __init__ /opt/stack/placement/placement/objects/research_context.py:136}}
Jun 15 22:14:00.513364 dv-cinder-835384-7-smb devstack@placement-api.service[104516]: DEBUG placement.objects.research_context [req-73419d89-f7ea-401a-8b85-694ebfdab5cb req-ae8bd39c-a151-481e-bbc6-6fca8127aada service placement] getting providers with 1 VCPU {{(pid=104516) __init__ /opt/stack/placement/placement/objects/research_context.py:136}}
Jun 15 22:14:00.522079 dv-cinder-835384-7-smb devstack@placement-api.service[104516]: DEBUG placement.objects.research_context [req-73419d89-f7ea-401a-8b85-694ebfdab5cb req-ae8bd39c-a151-481e-bbc6-6fca8127aada service placement] found 1 providers with available 1 DISK_GB {{(pid=104516) get_provider_ids_matching /opt/stack/placement/placement/objects/research_context.py:563}}
Jun 15 22:14:00.522681 dv-cinder-835384-7-smb devstack@placement-api.service[104516]: DEBUG placement.objects.research_context [req-73419d89-f7ea-401a-8b85-694ebfdab5cb req-ae8bd39c-a151-481e-bbc6-6fca8127aada service placement] found 1 providers with available 1024 MEMORY_MB {{(pid=104516) get_provider_ids_matching /opt/stack/placement/placement/objects/research_context.py:563}}
Jun 15 22:14:00.523098 dv-cinder-835384-7-smb devstack@placement-api.service[104516]: DEBUG placement.objects.research_context [req-73419d89-f7ea-401a-8b85-694ebfdab5cb req-ae8bd39c-a151-481e-bbc6-6fca8127aada service placement] found 1 providers after filtering by previous result {{(pid=104516) get_provider_ids_matching /opt/stack/placement/placement/objects/research_context.py:594}}
Jun 15 22:14:00.523495 dv-cinder-835384-7-smb devstack@placement-api.service[104516]: DEBUG placement.objects.research_context [req-73419d89-f7ea-401a-8b85-694ebfdab5cb req-ae8bd39c-a151-481e-bbc6-6fca8127aada service placement] found 1 providers with available 1 VCPU {{(pid=104516) get_provider_ids_matching /opt/stack/placement/placement/objects/research_context.py:563}}
Jun 15 22:14:00.523918 dv-cinder-835384-7-smb devstack@placement-api.service[104516]: DEBUG placement.objects.research_context [req-73419d89-f7ea-401a-8b85-694ebfdab5cb req-ae8bd39c-a151-481e-bbc6-6fca8127aada service placement] found 1 providers after filtering by previous result {{(pid=104516) get_provider_ids_matching /opt/stack/placement/placement/objects/research_context.py:594}}
Jun 15 22:14:00.535862 dv-cinder-835384-7-smb devstack@placement-api.service[104516]: DEBUG placement.objects.allocation_candidate [req-73419d89-f7ea-401a-8b85-694ebfdab5cb req-ae8bd39c-a151-481e-bbc6-6fca8127aada service placement] RequestGroup(use_same_provider=False, resources={DISK_GB:1, MEMORY_MB:1024, VCPU:1}, traits=(), aggregates=[]) (suffix '') returned 1 matches {{(pid=104516) _get_by_requests /opt/stack/placement/placement/objects/allocation_candidate.py:156}}
Jun 15 22:14:00.536552 dv-cinder-835384-7-smb devstack@placement-api.service[104516]: DEBUG placement.objects.allocation_candidate [req-73419d89-f7ea-401a-8b85-694ebfdab5cb req-ae8bd39c-a151-481e-bbc6-6fca8127aada service placement] Merging candidates yields 1 allocation requests and 1 provider summaries {{(pid=104516) _merge_candidates /opt/stack/placement/placement/objects/allocation_candidate.py:809}}
Jun 15 22:14:00.538139 dv-cinder-835384-7-smb devstack@placement-api.service[104516]: INFO placement.requestlog [req-73419d89-f7ea-401a-8b85-694ebfdab5cb req-ae8bd39c-a151-481e-bbc6-6fca8127aada service placement] 10.222.0.42 "GET /placement/allocation_candidates?limit=1000&resources=DISK_GB%3A1%2CMEMORY_MB%3A1024%2CVCPU%3A1&root_required=%21COMPUTE_STATUS_DISABLED" status: 200 len: 767 microversion: 1.36
Jun 15 22:14:00.538878 dv-cinder-835384-7-smb devstack@placement-api.service[104516]: [pid: 104516|app: 0|req: 22/42] 10.222.0.42 () {60 vars in 1506 bytes} [Wed Jun 15 22:14:00 2022] GET /placement/allocation_candidates?limit=1000&resources=DISK_GB%3A1%2CMEMORY_MB%3A1024%2CVCPU%3A1&root_required=%21COMPUTE_STATUS_DISABLED => generated 767 bytes in 79 msecs (HTTP/1.1 200) 8 headers in 296 bytes (1 switches on core 0)
Jun 15 22:14:00.579401 dv-cinder-835384-7-smb devstack@placement-api.service[104517]: DEBUG placement.requestlog [req-73419d89-f7ea-401a-8b85-694ebfdab5cb req-06ee8d32-4d8e-42e5-a1c9-a20f0f273583 None None] Starting request: 10.222.0.42 "GET /placement/allocations/ff37e1aa-3b21-43c3-9aea-3561549db6a1" {{(pid=104517) __call__ /opt/stack/placement/placement/requestlog.py:55}}
Jun 15 22:14:00.590621 dv-cinder-835384-7-smb devstack@placement-api.service[104517]: INFO placement.requestlog [req-73419d89-f7ea-401a-8b85-694ebfdab5cb req-06ee8d32-4d8e-42e5-a1c9-a20f0f273583 service placement] 10.222.0.42 "GET /placement/allocations/ff37e1aa-3b21-43c3-9aea-3561549db6a1" status: 200 len: 19 microversion: 1.28
Jun 15 22:14:00.590975 dv-cinder-835384-7-smb devstack@placement-api.service[104517]: [pid: 104517|app: 0|req: 21/43] 10.222.0.42 () {60 vars in 1380 bytes} [Wed Jun 15 22:14:00 2022] GET /placement/allocations/ff37e1aa-3b21-43c3-9aea-3561549db6a1 => generated 19 bytes in 12 msecs (HTTP/1.1 200) 8 headers in 295 bytes (1 switches on core 0)
Jun 15 22:14:00.597914 dv-cinder-835384-7-smb devstack@placement-api.service[104516]: DEBUG placement.requestlog [req-73419d89-f7ea-401a-8b85-694ebfdab5cb req-ad2f20e0-70a0-47d9-aa1c-1c2a09a72061 None None] Starting request: 10.222.0.42 "PUT /placement/allocations/ff37e1aa-3b21-43c3-9aea-3561549db6a1" {{(pid=104516) __call__ /opt/stack/placement/placement/requestlog.py:55}}
Jun 15 22:14:00.735317 dv-cinder-835384-7-smb devstack@placement-api.service[104516]: DEBUG placement.handlers.allocation [req-73419d89-f7ea-401a-8b85-694ebfdab5cb req-ad2f20e0-70a0-47d9-aa1c-1c2a09a72061 service placement] Successfully wrote allocations [, , ] {{(pid=104516) _update_consumers_and_create_allocations /opt/stack/placement/placement/handlers/allocation.py:462}}
