Jun 15 00:35:16.826882 dv-cinder-835384-6-smb devstack@n-api.service[124138]: DEBUG oslo_concurrency.lockutils [None req-689e0323-630e-4441-a55b-7ad5c2fbf505 tempest-DeleteServersTestJSON-1002335420 tempest-DeleteServersTestJSON-1002335420-project] Lock "7b2d8224-5642-4c83-bb36-1366bd483581" acquired by "nova.context.set_target_cell..get_or_set_cached_cell_and_set_connections" :: waited 0.000s {{(pid=124138) inner /usr/local/lib/python3.8/dist-packages/oslo_concurrency/lockutils.py:386}}
Jun 15 00:35:16.827341 dv-cinder-835384-6-smb devstack@n-api.service[124138]: DEBUG oslo_concurrency.lockutils [None req-689e0323-630e-4441-a55b-7ad5c2fbf505 tempest-DeleteServersTestJSON-1002335420 tempest-DeleteServersTestJSON-1002335420-project] Lock "7b2d8224-5642-4c83-bb36-1366bd483581" "released" by "nova.context.set_target_cell..get_or_set_cached_cell_and_set_connections" :: held 0.001s {{(pid=124138) inner /usr/local/lib/python3.8/dist-packages/oslo_concurrency/lockutils.py:400}}
Jun 15 00:35:16.828117 dv-cinder-835384-6-smb devstack@n-api.service[124138]: DEBUG oslo_concurrency.lockutils [None req-689e0323-630e-4441-a55b-7ad5c2fbf505 tempest-DeleteServersTestJSON-1002335420 tempest-DeleteServersTestJSON-1002335420-project] Lock "7b2d8224-5642-4c83-bb36-1366bd483581" acquired by "nova.context.set_target_cell..get_or_set_cached_cell_and_set_connections" :: waited 0.000s {{(pid=124138) inner /usr/local/lib/python3.8/dist-packages/oslo_concurrency/lockutils.py:386}}
Jun 15 00:35:16.828692 dv-cinder-835384-6-smb devstack@n-api.service[124138]: DEBUG oslo_concurrency.lockutils [None req-689e0323-630e-4441-a55b-7ad5c2fbf505 tempest-DeleteServersTestJSON-1002335420 tempest-DeleteServersTestJSON-1002335420-project] Lock "7b2d8224-5642-4c83-bb36-1366bd483581" "released" by "nova.context.set_target_cell..get_or_set_cached_cell_and_set_connections" :: held 0.001s {{(pid=124138) inner /usr/local/lib/python3.8/dist-packages/oslo_concurrency/lockutils.py:400}}
Jun 15 00:35:17.306262 dv-cinder-835384-6-smb devstack@n-api.service[124137]: DEBUG nova.api.openstack.wsgi [None req-b9ae1c67-e349-4695-bc63-a019f9f479f9 tempest-ServerRescueNegativeTestJSON-681542176 tempest-ServerRescueNegativeTestJSON-681542176-project] Calling method '>' {{(pid=124137) _process_stack /opt/stack/nova/nova/api/openstack/wsgi.py:513}}
Jun 15 00:35:17.309100 dv-cinder-835384-6-smb devstack@n-api.service[124137]: DEBUG nova.compute.api [None req-b9ae1c67-e349-4695-bc63-a019f9f479f9 tempest-ServerRescueNegativeTestJSON-681542176 tempest-ServerRescueNegativeTestJSON-681542176-project] [instance: 050b4a85-4d08-40d3-83b7-7ff4ddf2fce0] Fetching instance by UUID {{(pid=124137) get /opt/stack/nova/nova/compute/api.py:2920}}
Jun 15 00:35:17.323292 dv-cinder-835384-6-smb devstack@n-api.service[124137]: DEBUG oslo_concurrency.lockutils [None req-b9ae1c67-e349-4695-bc63-a019f9f479f9 tempest-ServerRescueNegativeTestJSON-681542176 tempest-ServerRescueNegativeTestJSON-681542176-project] Lock "7b2d8224-5642-4c83-bb36-1366bd483581" acquired by "nova.context.set_target_cell..get_or_set_cached_cell_and_set_connections" :: waited 0.001s {{(pid=124137) inner /usr/local/lib/python3.8/dist-packages/oslo_concurrency/lockutils.py:386}}
Jun 15 00:35:17.324665 dv-cinder-835384-6-smb devstack@n-api.service[124137]: DEBUG oslo_concurrency.lockutils [None req-b9ae1c67-e349-4695-bc63-a019f9f479f9 tempest-ServerRescueNegativeTestJSON-681542176 tempest-ServerRescueNegativeTestJSON-681542176-project] Lock "7b2d8224-5642-4c83-bb36-1366bd483581" "released" by "nova.context.set_target_cell..get_or_set_cached_cell_and_set_connections" :: held 0.002s {{(pid=124137) inner /usr/local/lib/python3.8/dist-packages/oslo_concurrency/lockutils.py:400}}
Jun 15 00:35:17.326394 dv-cinder-835384-6-smb devstack@n-api.service[124137]: DEBUG oslo_concurrency.lockutils [None req-b9ae1c67-e349-4695-bc63-a019f9f479f9 tempest-ServerRescueNegativeTestJSON-681542176 tempest-ServerRescueNegativeTestJSON-681542176-project] Lock "7b2d8224-5642-4c83-bb36-1366bd483581" acquired by "nova.context.set_target_cell..get_or_set_cached_cell_and_set_connections" :: waited 0.000s {{(pid=124137) inner /usr/local/lib/python3.8/dist-packages/oslo_concurrency/lockutils.py:386}}
Jun 15 00:35:17.327337 dv-cinder-835384-6-smb devstack@n-api.service[124137]: DEBUG oslo_concurrency.lockutils [None req-b9ae1c67-e349-4695-bc63-a019f9f479f9 tempest-ServerRescueNegativeTestJSON-681542176 tempest-ServerRescueNegativeTestJSON-681542176-project] Lock "7b2d8224-5642-4c83-bb36-1366bd483581" "released" by "nova.context.set_target_cell..get_or_set_cached_cell_and_set_connections" :: held 0.001s {{(pid=124137) inner /usr/local/lib/python3.8/dist-packages/oslo_concurrency/lockutils.py:400}}
Jun 15 00:35:17.492956 dv-cinder-835384-6-smb devstack@n-api.service[124138]: DEBUG nova.policy [None req-689e0323-630e-4441-a55b-7ad5c2fbf505 tempest-DeleteServersTestJSON-1002335420 tempest-DeleteServersTestJSON-1002335420-project] Policy check for os_compute_api:os-extended-server-attributes failed with credentials {'is_admin': False, 'user_id': '772b9a5e43034b37ae878024830ddd1b', 'user_domain_id': 'default', 'system_scope': None, 'domain_id': None, 'project_id': '3736c3d43fa04279aa88c72681f3c95c', 'project_domain_id': 'default', 'roles': ['reader', 'member'], 'is_admin_project': True, 'service_user_id': None, 'service_user_domain_id': None, 'service_project_id': None, 'service_project_domain_id': None, 'service_roles': []} {{(pid=124138) authorize /opt/stack/nova/nova/policy.py:199}}
Jun 15 00:35:17.503520 dv-cinder-835384-6-smb devstack@n-api.service[124138]: INFO nova.api.openstack.requestlog [None req-689e0323-630e-4441-a55b-7ad5c2fbf505 tempest-DeleteServersTestJSON-1002335420 tempest-DeleteServersTestJSON-1002335420-project] 10.222.0.36 "GET /compute/v2.1/servers/d28f3242-df27-4603-b0a5-70cc3b7c47e1" status: 200 len: 1314 microversion: 2.1 time: 0.690846
Jun 15 00:35:17.516160 dv-cinder-835384-6-smb devstack@n-api.service[124138]: [pid: 124138|app: 0|req: 20/41] 10.222.0.36 () {58 vars in 1235 bytes} [Wed Jun 15 00:35:16 2022] GET /compute/v2.1/servers/d28f3242-df27-4603-b0a5-70cc3b7c47e1 => generated 1314 bytes in 704 msecs (HTTP/1.1 200) 9 headers in 358 bytes (1 switches on core 0)
Jun 15 00:35:17.561181 dv-cinder-835384-6-smb devstack@n-api.service[124137]: DEBUG nova.policy [None req-b9ae1c67-e349-4695-bc63-a019f9f479f9 tempest-ServerRescueNegativeTestJSON-681542176 tempest-ServerRescueNegativeTestJSON-681542176-project] Policy check for os_compute_api:os-extended-server-attributes failed with credentials {'is_admin': False, 'user_id': '21c54bf3ff584c709731d3624aa187a4', 'user_domain_id': 'default', 'system_scope': None, 'domain_id': None, 'project_id': '8a97ae7800f0422cadeb9b69a018df12', 'project_domain_id': 'default', 'roles': ['reader', 'member'], 'is_admin_project': True, 'service_user_id': None, 'service_user_domain_id': None, 'service_project_id': None, 'service_project_domain_id': None, 'service_roles': []} {{(pid=124137) authorize /opt/stack/nova/nova/policy.py:199}}
Jun 15 00:35:17.569819 dv-cinder-835384-6-smb devstack@n-api.service[124137]: INFO nova.api.openstack.requestlog [None req-b9ae1c67-e349-4695-bc63-a019f9f479f9 tempest-ServerRescueNegativeTestJSON-681542176 tempest-ServerRescueNegativeTestJSON-681542176-project] 10.222.0.36 "GET /compute/v2.1/servers/050b4a85-4d08-40d3-83b7-7ff4ddf2fce0" status: 200 len: 1322 microversion: 2.1 time: 0.271704
Jun 15 00:35:17.579442 dv-cinder-835384-6-smb devstack@n-api.service[124137]: [pid: 124137|app: 0|req: 22/42] 10.222.0.36 () {58 vars in 1235 bytes} [Wed Jun 15 00:35:17 2022] GET /compute/v2.1/servers/050b4a85-4d08-40d3-83b7-7ff4ddf2fce0 => generated 1322 bytes in 282 msecs (HTTP/1.1 200) 9 headers in 358 bytes (1 switches on core 0)
Jun 15 00:35:17.738751 dv-cinder-835384-6-smb devstack@n-api.service[124138]: DEBUG nova.api.openstack.wsgi [None req-571c032a-6855-4a3e-84d6-7342bf07cd76 tempest-VolumesTestJSON-1630571321 tempest-VolumesTestJSON-1630571321-project] Calling method '.version_select at 0x7feb4e1c1a60>' {{(pid=124138) _process_stack /opt/stack/nova/nova/api/openstack/wsgi.py:513}}
Jun 15 00:35:17.787402 dv-cinder-835384-6-smb devstack@n-api.service[124137]: DEBUG nova.api.openstack.wsgi [req-bc8aa30a-d94d-4e0b-ac46-3c0b054f22d8 req-1c53d180-43ee-4260-9c88-0769169e8098 service nova] Action: 'create', calling method: >, body: {"events": [{"name": "network-changed", "server_uuid": "ca757d26-ddb2-47cc-b418-43ebc22044ae", "tag": "b4027ff2-3949-4310-8871-818b9c1da609"}]} {{(pid=124137) _process_stack /opt/stack/nova/nova/api/openstack/wsgi.py:511}}
Jun 15 00:35:17.812248 dv-cinder-835384-6-smb devstack@n-api.service[124137]: DEBUG oslo_concurrency.lockutils [req-bc8aa30a-d94d-4e0b-ac46-3c0b054f22d8 req-1c53d180-43ee-4260-9c88-0769169e8098 service nova] Lock "7b2d8224-5642-4c83-bb36-1366bd483581" acquired by "nova.context.set_target_cell..get_or_set_cached_cell_and_set_connections" :: waited 0.000s {{(pid=124137) inner /usr/local/lib/python3.8/dist-packages/oslo_concurrency/lockutils.py:386}}
Jun 15 00:35:17.816290 dv-cinder-835384-6-smb devstack@n-api.service[124137]: DEBUG oslo_concurrency.lockutils [req-bc8aa30a-d94d-4e0b-ac46-3c0b054f22d8 req-1c53d180-43ee-4260-9c88-0769169e8098 service nova] Lock "7b2d8224-5642-4c83-bb36-1366bd483581" "released" by "nova.context.set_target_cell..get_or_set_cached_cell_and_set_connections" :: held 0.001s {{(pid=124137) inner /usr/local/lib/python3.8/dist-packages/oslo_concurrency/lockutils.py:400}}
Jun 15 00:35:17.849381 dv-cinder-835384-6-smb devstack@n-api.service[124137]: INFO nova.api.openstack.compute.server_external_events [req-bc8aa30a-d94d-4e0b-ac46-3c0b054f22d8 req-1c53d180-43ee-4260-9c88-0769169e8098 service nova] Creating event network-changed:b4027ff2-3949-4310-8871-818b9c1da609 for instance ca757d26-ddb2-47cc-b418-43ebc22044ae on hv-cinder-83538
Jun 15 00:35:17.855342 dv-cinder-835384-6-smb devstack@n-api.service[124137]: INFO nova.api.openstack.requestlog [req-bc8aa30a-d94d-4e0b-ac46-3c0b054f22d8 req-1c53d180-43ee-4260-9c88-0769169e8098 service nova] 10.222.0.36 "POST /compute/v2.1/os-server-external-events" status: 200 len: 179 microversion: 2.1 time: 0.083720
Jun 15 00:35:17.856528 dv-cinder-835384-6-smb devstack@n-api.service[124137]: [pid: 124137|app: 0|req: 23/43] 10.222.0.36 () {64 vars in 1317 bytes} [Wed Jun 15 00:35:17 2022] POST /compute/v2.1/os-server-external-events => generated 179 bytes in 86 msecs (HTTP/1.1 200) 9 headers in 357 bytes (1 switches on core 0)
Jun 15 00:35:17.896496 dv-cinder-835384-6-smb devstack@n-api.service[124138]: INFO nova.api.openstack.requestlog [None req-571c032a-6855-4a3e-84d6-7342bf07cd76 tempest-VolumesTestJSON-1630571321 tempest-VolumesTestJSON-1630571321-project] 10.222.0.36 "GET /compute/v2.1/os-volumes/b2a0d913-4537-45ed-ae08-b9d61bea8739" status: 200 len: 349 microversion: 2.1 time: 0.161503
Jun 15 00:35:17.897884 dv-cinder-835384-6-smb devstack@n-api.service[124138]: [pid: 124138|app: 0|req: 21/44] 10.222.0.36 () {58 vars in 1244 bytes} [Wed Jun 15 00:35:17 2022] GET /compute/v2.1/os-volumes/b2a0d913-4537-45ed-ae08-b9d61bea8739 => generated 349 bytes in 163 msecs (HTTP/1.1 200) 9 headers in 357 bytes (1 switches on core 0)
Jun 15 00:35:17.910168 dv-cinder-835384-6-smb devstack@n-api.service[124137]: DEBUG nova.api.openstack.wsgi [None req-e005caed-17a2-48ea-9450-3472453af120 tempest-VolumesTestJSON-1630571321 tempest-VolumesTestJSON-1630571321-project] Calling method '.version_select at 0x7feb4d17c310>' {{(pid=124137) _process_stack /opt/stack/nova/nova/api/openstack/wsgi.py:513}}
Jun 15 00:35:18.041582 dv-cinder-835384-6-smb devstack@n-api.service[124137]: INFO nova.api.openstack.requestlog [None req-e005caed-17a2-48ea-9450-3472453af120 tempest-VolumesTestJSON-1630571321 tempest-VolumesTestJSON-1630571321-project] 10.222.0.36 "GET /compute/v2.1/os-volumes" status: 200 len: 1034 microversion: 2.1 time: 0.136840
Jun 15 00:35:18.042163 dv-cinder-835384-6-smb devstack@n-api.service[124137]: [pid: 124137|app: 0|req: 24/45] 10.222.0.36 () {58 vars in 1133 bytes} [Wed Jun 15 00:35:17 2022] GET /compute/v2.1/os-volumes => generated 1034 bytes in 138 msecs (HTTP/1.1 200) 9 headers in 358 bytes (1 switches on core 0)
Jun 15 00:35:18.055306 dv-cinder-835384-6-smb devstack@n-api.service[124138]: DEBUG nova.api.openstack.wsgi [None req-986a89b1-b523-47a8-a40f-dcaef9a9ab14 tempest-VolumesTestJSON-1630571321 tempest-VolumesTestJSON-1630571321-project] Calling method '.version_select at 0x7feb4d152b80>' {{(pid=124138) _process_stack /opt/stack/nova/nova/api/openstack/wsgi.py:513}}
Jun 15 00:35:18.367684 dv-cinder-835384-6-smb devstack@n-api.service[124138]: INFO nova.api.openstack.requestlog [None req-986a89b1-b523-47a8-a40f-dcaef9a9ab14 tempest-VolumesTestJSON-1630571321 tempest-VolumesTestJSON-1630571321-project] 10.222.0.36 "GET /compute/v2.1/os-volumes?limit=2" status: 200 len: 693 microversion: 2.1 time: 0.317234
Jun 15 00:35:18.368417 dv-cinder-835384-6-smb devstack@n-api.service[124138]: [pid: 124138|app: 0|req: 22/46] 10.222.0.36 () {58 vars in 1148 bytes} [Wed Jun 15 00:35:18 2022] GET /compute/v2.1/os-volumes?limit=2 => generated 693 bytes in 319 msecs (HTTP/1.1 200) 9 headers in 357 bytes (1 switches on core 0)
Jun 15 00:35:18.381540 dv-cinder-835384-6-smb devstack@n-api.service[124137]: DEBUG nova.api.openstack.wsgi [None req-0c80dd5a-dac5-435f-9c82-99661cb8d109 tempest-VolumesTestJSON-1630571321 tempest-VolumesTestJSON-1630571321-project] Calling method '.version_select at 0x7feb4d1523a0>' {{(pid=124137) _process_stack /opt/stack/nova/nova/api/openstack/wsgi.py:513}}
Jun 15 00:35:18.503705 dv-cinder-835384-6-smb devstack@n-api.service[124137]: INFO nova.api.openstack.requestlog [None req-0c80dd5a-dac5-435f-9c82-99661cb8d109 tempest-VolumesTestJSON-1630571321 tempest-VolumesTestJSON-1630571321-project] 10.222.0.36 "GET /compute/v2.1/os-volumes" status: 200 len: 1034 microversion: 2.1 time: 0.127281
Jun 15 00:35:18.504286 dv-cinder-835384-6-smb devstack@n-api.service[124137]: [pid: 124137|app: 0|req: 25/47] 10.222.0.36 () {58 vars in 1133 bytes} [Wed Jun 15 00:35:18 2022] GET /compute/v2.1/os-volumes => generated 1034 bytes in 129 msecs (HTTP/1.1 200) 9 headers in 358 bytes (1 switches on core 0)
Jun 15 00:35:18.524027 dv-cinder-835384-6-smb devstack@n-api.service[124137]: DEBUG nova.api.openstack.wsgi [None req-40f826dd-2adc-4357-9c60-dc12d412159d tempest-DeleteServersTestJSON-1002335420 tempest-DeleteServersTestJSON-1002335420-project] Calling method '>' {{(pid=124137) _process_stack /opt/stack/nova/nova/api/openstack/wsgi.py:513}}
Jun 15 00:35:18.525504 dv-cinder-835384-6-smb devstack@n-api.service[124138]: DEBUG nova.api.openstack.wsgi [None req-a2e24236-40e2-45ac-97b7-a23a805aa4d9 tempest-VolumesTestJSON-1630571321 tempest-VolumesTestJSON-1630571321-project] Calling method '.version_select at 0x7feb4d168310>' {{(pid=124138) _process_stack /opt/stack/nova/nova/api/openstack/wsgi.py:513}}
Jun 15 00:35:18.527299 dv-cinder-835384-6-smb devstack@n-api.service[124137]: DEBUG nova.compute.api [None req-40f826dd-2adc-4357-9c60-dc12d412159d tempest-DeleteServersTestJSON-1002335420 tempest-DeleteServersTestJSON-1002335420-project] [instance: d28f3242-df27-4603-b0a5-70cc3b7c47e1] Fetching instance by UUID {{(pid=124137) get /opt/stack/nova/nova/compute/api.py:2920}}
Jun 15 00:35:18.541857 dv-cinder-835384-6-smb devstack@n-api.service[124137]: DEBUG oslo_concurrency.lockutils [None req-40f826dd-2adc-4357-9c60-dc12d412159d tempest-DeleteServersTestJSON-1002335420 tempest-DeleteServersTestJSON-1002335420-project] Lock "7b2d8224-5642-4c83-bb36-1366bd483581" acquired by "nova.context.set_target_cell..get_or_set_cached_cell_and_set_connections" :: waited 0.000s {{(pid=124137) inner /usr/local/lib/python3.8/dist-packages/oslo_concurrency/lockutils.py:386}}
Jun 15 00:35:18.542560 dv-cinder-835384-6-smb devstack@n-api.service[124137]: DEBUG oslo_concurrency.lockutils [None req-40f826dd-2adc-4357-9c60-dc12d412159d tempest-DeleteServersTestJSON-1002335420 tempest-DeleteServersTestJSON-1002335420-project] Lock "7b2d8224-5642-4c83-bb36-1366bd483581" "released" by "nova.context.set_target_cell..get_or_set_cached_cell_and_set_connections" :: held 0.001s {{(pid=124137) inner /usr/local/lib/python3.8/dist-packages/oslo_concurrency/lockutils.py:400}}
Jun 15 00:35:18.543337 dv-cinder-835384-6-smb devstack@n-api.service[124137]: DEBUG oslo_concurrency.lockutils [None req-40f826dd-2adc-4357-9c60-dc12d412159d tempest-DeleteServersTestJSON-1002335420 tempest-DeleteServersTestJSON-1002335420-project] Lock "7b2d8224-5642-4c83-bb36-1366bd483581" acquired by "nova.context.set_target_cell..get_or_set_cached_cell_and_set_connections" :: waited 0.000s {{(pid=124137) inner /usr/local/lib/python3.8/dist-packages/oslo_concurrency/lockutils.py:386}}
Jun 15 00:35:18.543971 dv-cinder-835384-6-smb devstack@n-api.service[124137]: DEBUG oslo_concurrency.lockutils [None req-40f826dd-2adc-4357-9c60-dc12d412159d tempest-DeleteServersTestJSON-1002335420 tempest-DeleteServersTestJSON-1002335420-project] Lock "7b2d8224-5642-4c83-bb36-1366bd483581" "released" by "nova.context.set_target_cell..get_or_set_cached_cell_and_set_connections" :: held 0.001s {{(pid=124137) inner /usr/local/lib/python3.8/dist-packages/oslo_concurrency/lockutils.py:400}}
Jun 15 00:35:18.657699 dv-cinder-835384-6-smb devstack@n-api.service[124138]: INFO nova.api.openstack.requestlog [None req-a2e24236-40e2-45ac-97b7-a23a805aa4d9 tempest-VolumesTestJSON-1630571321 tempest-VolumesTestJSON-1630571321-project] 10.222.0.36 "GET /compute/v2.1/os-volumes?offset=1&limit=1" status: 200 len: 354 microversion: 2.1 time: 0.145515
Jun 15 00:35:18.659601 dv-cinder-835384-6-smb devstack@n-api.service[124138]: [pid: 124138|app: 0|req: 23/48] 10.222.0.36 () {58 vars in 1166 bytes} [Wed Jun 15 00:35:18 2022] GET /compute/v2.1/os-volumes?offset=1&limit=1 => generated 354 bytes in 148 msecs (HTTP/1.1 200) 9 headers in 357 bytes (1 switches on core 0)
Jun 15 00:35:18.672459 dv-cinder-835384-6-smb devstack@n-api.service[124138]: DEBUG nova.api.openstack.wsgi [None req-6346be29-60c4-45fd-928e-f4226deac6ff tempest-ServerRescueNegativeTestJSON-681542176 tempest-ServerRescueNegativeTestJSON-681542176-project] Calling method '>' {{(pid=124138) _process_stack /opt/stack/nova/nova/api/openstack/wsgi.py:513}}
Jun 15 00:35:18.674090 dv-cinder-835384-6-smb devstack@n-api.service[124138]: DEBUG nova.compute.api [None req-6346be29-60c4-45fd-928e-f4226deac6ff tempest-ServerRescueNegativeTestJSON-681542176 tempest-ServerRescueNegativeTestJSON-681542176-project] [instance: 050b4a85-4d08-40d3-83b7-7ff4ddf2fce0] Fetching instance by UUID {{(pid=124138) get /opt/stack/nova/nova/compute/api.py:2920}}
Jun 15 00:35:18.681861 dv-cinder-835384-6-smb devstack@n-api.service[124138]: DEBUG oslo_concurrency.lockutils [None req-6346be29-60c4-45fd-928e-f4226deac6ff tempest-ServerRescueNegativeTestJSON-681542176 tempest-ServerRescueNegativeTestJSON-681542176-project] Lock "7b2d8224-5642-4c83-bb36-1366bd483581" acquired by "nova.context.set_target_cell..get_or_set_cached_cell_and_set_connections" :: waited 0.000s {{(pid=124138) inner /usr/local/lib/python3.8/dist-packages/oslo_concurrency/lockutils.py:386}}
Jun 15 00:35:18.682612 dv-cinder-835384-6-smb devstack@n-api.service[124138]: DEBUG oslo_concurrency.lockutils [None req-6346be29-60c4-45fd-928e-f4226deac6ff tempest-ServerRescueNegativeTestJSON-681542176 tempest-ServerRescueNegativeTestJSON-681542176-project] Lock "7b2d8224-5642-4c83-bb36-1366bd483581" "released" by "nova.context.set_target_cell..get_or_set_cached_cell_and_set_connections" :: held 0.001s {{(pid=124138) inner /usr/local/lib/python3.8/dist-packages/oslo_concurrency/lockutils.py:400}}
Jun 15 00:35:18.684269 dv-cinder-835384-6-smb devstack@n-api.service[124138]: DEBUG oslo_concurrency.lockutils [None req-6346be29-60c4-45fd-928e-f4226deac6ff tempest-ServerRescueNegativeTestJSON-681542176 tempest-ServerRescueNegativeTestJSON-681542176-project] Lock "7b2d8224-5642-4c83-bb36-1366bd483581" acquired by "nova.context.set_target_cell..get_or_set_cached_cell_and_set_connections" :: waited 0.000s {{(pid=124138) inner /usr/local/lib/python3.8/dist-packages/oslo_concurrency/lockutils.py:386}}
Jun 15 00:35:18.685206 dv-cinder-835384-6-smb devstack@n-api.service[124138]: DEBUG oslo_concurrency.lockutils [None req-6346be29-60c4-45fd-928e-f4226deac6ff tempest-ServerRescueNegativeTestJSON-681542176 tempest-ServerRescueNegativeTestJSON-681542176-project] Lock "7b2d8224-5642-4c83-bb36-1366bd483581" "released" by "nova.context.set_target_cell..get_or_set_cached_cell_and_set_connections" :: held 0.001s {{(pid=124138) inner /usr/local/lib/python3.8/dist-packages/oslo_concurrency/lockutils.py:400}}
Jun 15 00:35:18.744582 dv-cinder-835384-6-smb devstack@n-api.service[124137]: DEBUG nova.policy [None req-40f826dd-2adc-4357-9c60-dc12d412159d tempest-DeleteServersTestJSON-1002335420 tempest-DeleteServersTestJSON-1002335420-project] Policy check for os_compute_api:os-extended-server-attributes failed with credentials {'is_admin': False, 'user_id': '772b9a5e43034b37ae878024830ddd1b', 'user_domain_id': 'default', 'system_scope': None, 'domain_id': None, 'project_id': '3736c3d43fa04279aa88c72681f3c95c', 'project_domain_id': 'default', 'roles': ['reader', 'member'], 'is_admin_project': True, 'service_user_id': None, 'service_user_domain_id': None, 'service_project_id': None, 'service_project_domain_id': None, 'service_roles': []} {{(pid=124137) authorize /opt/stack/nova/nova/policy.py:199}}
Jun 15 00:35:18.755222 dv-cinder-835384-6-smb devstack@n-api.service[124137]: INFO nova.api.openstack.requestlog [None req-40f826dd-2adc-4357-9c60-dc12d412159d tempest-DeleteServersTestJSON-1002335420 tempest-DeleteServersTestJSON-1002335420-project] 10.222.0.36 "GET /compute/v2.1/servers/d28f3242-df27-4603-b0a5-70cc3b7c47e1" status: 200 len: 1314 microversion: 2.1 time: 0.237284
Jun 15 00:35:18.755719 dv-cinder-835384-6-smb devstack@n-api.service[124137]: [pid: 124137|app: 0|req: 26/49] 10.222.0.36 () {58 vars in 1235 bytes} [Wed Jun 15 00:35:18 2022] GET /compute/v2.1/servers/d28f3242-df27-4603-b0a5-70cc3b7c47e1 => generated 1314 bytes in 239 msecs (HTTP/1.1 200) 9 headers in 358 bytes (2 switches on core 0)
Jun 15 00:35:18.761883 dv-cinder-835384-6-smb devstack@n-api.service[124137]: DEBUG nova.api.openstack.wsgi [None req-f37d5129-ff4d-4c62-b4bf-3ef991ec3010 tempest-VolumesTestJSON-1630571321 tempest-VolumesTestJSON-1630571321-project] Calling method '.version_select at 0x7feb4d17c5e0>' {{(pid=124137) _process_stack /opt/stack/nova/nova/api/openstack/wsgi.py:513}}
Jun 15 00:35:18.842751 dv-cinder-835384-6-smb devstack@n-api.service[124138]: DEBUG dbcounter [-] [124138] Writing DB stats nova_cell0:SELECT=2 {{(pid=124138) stat_writer /usr/local/lib/python3.8/dist-packages/dbcounter.py:114}}
Jun 15 00:35:18.867345 dv-cinder-835384-6-smb devstack@n-api.service[124137]: INFO nova.api.openstack.requestlog [None req-f37d5129-ff4d-4c62-b4bf-3ef991ec3010 tempest-VolumesTestJSON-1630571321 tempest-VolumesTestJSON-1630571321-project] 10.222.0.36 "GET /compute/v2.1/os-volumes/detail?limit=2" status: 200 len: 693 microversion: 2.1 time: 0.110058
Jun 15 00:35:18.868146 dv-cinder-835384-6-smb devstack@n-api.service[124137]: [pid: 124137|app: 0|req: 27/50] 10.222.0.36 () {58 vars in 1169 bytes} [Wed Jun 15 00:35:18 2022] GET /compute/v2.1/os-volumes/detail?limit=2 => generated 693 bytes in 112 msecs (HTTP/1.1 200) 9 headers in 357 bytes (1 switches on core 0)
Jun 15 00:35:18.881146 dv-cinder-835384-6-smb devstack@n-api.service[124137]: DEBUG nova.api.openstack.wsgi [None req-4e84801b-abc8-41fd-bafe-b79bcde7f4b7 tempest-VolumesTestJSON-1630571321 tempest-VolumesTestJSON-1630571321-project] Calling method '.version_select at 0x7feb4d152940>' {{(pid=124137) _process_stack /opt/stack/nova/nova/api/openstack/wsgi.py:513}}
Jun 15 00:35:18.996397 dv-cinder-835384-6-smb devstack@n-api.service[124137]: INFO nova.api.openstack.requestlog [None req-4e84801b-abc8-41fd-bafe-b79bcde7f4b7 tempest-VolumesTestJSON-1630571321 tempest-VolumesTestJSON-1630571321-project] 10.222.0.36 "GET /compute/v2.1/os-volumes/detail" status: 200 len: 1034 microversion: 2.1 time: 0.119529
Jun 15 00:35:18.997208 dv-cinder-835384-6-smb devstack@n-api.service[124137]: [pid: 124137|app: 0|req: 28/51] 10.222.0.36 () {58 vars in 1154 bytes} [Wed Jun 15 00:35:18 2022] GET /compute/v2.1/os-volumes/detail => generated 1034 bytes in 121 msecs (HTTP/1.1 200) 9 headers in 358 bytes (2 switches on core 0)
Jun 15 00:35:19.010377 dv-cinder-835384-6-smb devstack@n-api.service[124137]: DEBUG nova.api.openstack.wsgi [None req-58822113-22f7-4fb8-898d-f8e9b0096431 tempest-VolumesTestJSON-1630571321 tempest-VolumesTestJSON-1630571321-project] Calling method '.version_select at 0x7feb4d15e280>' {{(pid=124137) _process_stack /opt/stack/nova/nova/api/openstack/wsgi.py:513}}
Jun 15 00:35:19.124291 dv-cinder-835384-6-smb devstack@n-api.service[124138]: DEBUG nova.policy [None req-6346be29-60c4-45fd-928e-f4226deac6ff tempest-ServerRescueNegativeTestJSON-681542176 tempest-ServerRescueNegativeTestJSON-681542176-project] Policy check for os_compute_api:os-extended-server-attributes failed with credentials {'is_admin': False, 'user_id': '21c54bf3ff584c709731d3624aa187a4', 'user_domain_id': 'default', 'system_scope': None, 'domain_id': None, 'project_id': '8a97ae7800f0422cadeb9b69a018df12', 'project_domain_id': 'default', 'roles': ['reader', 'member'], 'is_admin_project': True, 'service_user_id': None, 'service_user_domain_id': None, 'service_project_id': None, 'service_project_domain_id': None, 'service_roles': []} {{(pid=124138) authorize /opt/stack/nova/nova/policy.py:199}}
Jun 15 00:35:19.137615 dv-cinder-835384-6-smb devstack@n-api.service[124138]: INFO nova.api.openstack.requestlog [None req-6346be29-60c4-45fd-928e-f4226deac6ff tempest-ServerRescueNegativeTestJSON-681542176 tempest-ServerRescueNegativeTestJSON-681542176-project] 10.222.0.36 "GET /compute/v2.1/servers/050b4a85-4d08-40d3-83b7-7ff4ddf2fce0" status: 200 len: 1322 microversion: 2.1 time: 0.475286
Jun 15 00:35:19.140150 dv-cinder-835384-6-smb devstack@n-api.service[124138]: [pid: 124138|app: 0|req: 24/52] 10.222.0.36 () {58 vars in 1235 bytes} [Wed Jun 15 00:35:18 2022] GET /compute/v2.1/servers/050b4a85-4d08-40d3-83b7-7ff4ddf2fce0 => generated 1322 bytes in 478 msecs (HTTP/1.1 200) 9 headers in 358 bytes (1 switches on core 0)
Jun 15 00:35:19.236066 dv-cinder-835384-6-smb devstack@n-api.service[124137]: INFO nova.api.openstack.requestlog [None req-58822113-22f7-4fb8-898d-f8e9b0096431 tempest-VolumesTestJSON-1630571321 tempest-VolumesTestJSON-1630571321-project] 10.222.0.36 "GET /compute/v2.1/os-volumes/detail?offset=1&limit=1" status: 200 len: 354 microversion: 2.1 time: 0.231339
Jun 15 00:35:19.236843 dv-cinder-835384-6-smb devstack@n-api.service[124137]: [pid: 124137|app: 0|req: 29/53] 10.222.0.36 () {58 vars in 1187 bytes} [Wed Jun 15 00:35:19 2022] GET /compute/v2.1/os-volumes/detail?offset=1&limit=1 => generated 354 bytes in 233 msecs (HTTP/1.1 200) 9 headers in 357 bytes (2 switches on core 0)
Jun 15 00:35:19.249535 dv-cinder-835384-6-smb devstack@n-api.service[124138]: DEBUG nova.api.openstack.wsgi [None req-6aa60e20-e1ab-492e-81c2-0f3986a098fe tempest-VolumesTestJSON-1630571321 tempest-VolumesTestJSON-1630571321-project] Calling method '.version_select at 0x7feb4e1c1b80>' {{(pid=124138) _process_stack /opt/stack/nova/nova/api/openstack/wsgi.py:513}}
Jun 15 00:35:19.419091 dv-cinder-835384-6-smb devstack@n-api.service[124138]: INFO nova.api.openstack.requestlog [None req-6aa60e20-e1ab-492e-81c2-0f3986a098fe tempest-VolumesTestJSON-1630571321 tempest-VolumesTestJSON-1630571321-project] 10.222.0.36 "GET /compute/v2.1/os-volumes/detail" status: 200 len: 1034 microversion: 2.1 time: 0.174338
Jun 15 00:35:19.420499 dv-cinder-835384-6-smb devstack@n-api.service[124138]: [pid: 124138|app: 0|req: 25/54] 10.222.0.36 () {58 vars in 1154 bytes} [Wed Jun 15 00:35:19 2022] GET /compute/v2.1/os-volumes/detail => generated 1034 bytes in 177 msecs (HTTP/1.1 200) 9 headers in 358 bytes (2 switches on core 0)
Jun 15 00:35:19.776663 dv-cinder-835384-6-smb devstack@n-api.service[124137]: DEBUG nova.api.openstack.wsgi [None req-afa8df4b-ba83-4109-8400-9ebde1699296 tempest-DeleteServersTestJSON-1002335420 tempest-DeleteServersTestJSON-1002335420-project] Calling method '>' {{(pid=124137) _process_stack /opt/stack/nova/nova/api/openstack/wsgi.py:513}}
Jun 15 00:35:19.777263 dv-cinder-835384-6-smb devstack@n-api.service[124137]: DEBUG nova.compute.api [None req-afa8df4b-ba83-4109-8400-9ebde1699296 tempest-DeleteServersTestJSON-1002335420 tempest-DeleteServersTestJSON-1002335420-project] [instance: d28f3242-df27-4603-b0a5-70cc3b7c47e1] Fetching instance by UUID {{(pid=124137) get /opt/stack/nova/nova/compute/api.py:2920}}
Jun 15 00:35:19.785906 dv-cinder-835384-6-smb devstack@n-api.service[124137]: DEBUG oslo_concurrency.lockutils [None req-afa8df4b-ba83-4109-8400-9ebde1699296 tempest-DeleteServersTestJSON-1002335420 tempest-DeleteServersTestJSON-1002335420-project] Lock "7b2d8224-5642-4c83-bb36-1366bd483581" acquired by "nova.context.set_target_cell..get_or_set_cached_cell_and_set_connections" :: waited 0.000s {{(pid=124137) inner /usr/local/lib/python3.8/dist-packages/oslo_concurrency/lockutils.py:386}}
Jun 15 00:35:19.786709 dv-cinder-835384-6-smb devstack@n-api.service[124137]: DEBUG oslo_concurrency.lockutils [None req-afa8df4b-ba83-4109-8400-9ebde1699296 tempest-DeleteServersTestJSON-1002335420 tempest-DeleteServersTestJSON-1002335420-project] Lock "7b2d8224-5642-4c83-bb36-1366bd483581" "released" by "nova.context.set_target_cell..get_or_set_cached_cell_and_set_connections" :: held 0.001s {{(pid=124137) inner /usr/local/lib/python3.8/dist-packages/oslo_concurrency/lockutils.py:400}}
Jun 15 00:35:19.788560 dv-cinder-835384-6-smb devstack@n-api.service[124137]: DEBUG oslo_concurrency.lockutils [None req-afa8df4b-ba83-4109-8400-9ebde1699296 tempest-DeleteServersTestJSON-1002335420 tempest-DeleteServersTestJSON-1002335420-project] Lock "7b2d8224-5642-4c83-bb36-1366bd483581" acquired by "nova.context.set_target_cell..get_or_set_cached_cell_and_set_connections" :: waited 0.000s {{(pid=124137) inner /usr/local/lib/python3.8/dist-packages/oslo_concurrency/lockutils.py:386}}
Jun 15 00:35:19.789175 dv-cinder-835384-6-smb devstack@n-api.service[124137]: DEBUG oslo_concurrency.lockutils [None req-afa8df4b-ba83-4109-8400-9ebde1699296 tempest-DeleteServersTestJSON-1002335420 tempest-DeleteServersTestJSON-1002335420-project] Lock "7b2d8224-5642-4c83-bb36-1366bd483581" "released" by "nova.context.set_target_cell..get_or_set_cached_cell_and_set_connections" :: held 0.001s {{(pid=124137) inner /usr/local/lib/python3.8/dist-packages/oslo_concurrency/lockutils.py:400}}
Jun 15 00:35:19.888431 dv-cinder-835384-6-smb devstack@n-api.service[124138]: DEBUG dbcounter [-] [124138] Writing DB stats nova_cell0:SELECT=10 {{(pid=124138) stat_writer /usr/local/lib/python3.8/dist-packages/dbcounter.py:114}}
Jun 15 00:35:19.894376 dv-cinder-835384-6-smb devstack@n-api.service[124138]: DEBUG nova.api.openstack.wsgi [req-6fa0fa3e-0df5-4616-a855-052c0a0980c4 req-059a7f45-508b-4088-8806-dd8e46ce3df3 service nova] Action: 'create', calling method: >, body: {"events": [{"name": "network-changed", "server_uuid": "050b4a85-4d08-40d3-83b7-7ff4ddf2fce0", "tag": "a7016a48-eaf6-417f-aa31-28cf0d956f48"}]} {{(pid=124138) _process_stack /opt/stack/nova/nova/api/openstack/wsgi.py:511}}
Jun 15 00:35:19.915711 dv-cinder-835384-6-smb devstack@n-api.service[124138]: DEBUG oslo_concurrency.lockutils [req-6fa0fa3e-0df5-4616-a855-052c0a0980c4 req-059a7f45-508b-4088-8806-dd8e46ce3df3 service nova] Lock "7b2d8224-5642-4c83-bb36-1366bd483581" acquired by "nova.context.set_target_cell..get_or_set_cached_cell_and_set_connections" :: waited 0.000s {{(pid=124138) inner /usr/local/lib/python3.8/dist-packages/oslo_concurrency/lockutils.py:386}}
Jun 15 00:35:19.916775 dv-cinder-835384-6-smb devstack@n-api.service[124138]: DEBUG oslo_concurrency.lockutils [req-6fa0fa3e-0df5-4616-a855-052c0a0980c4 req-059a7f45-508b-4088-8806-dd8e46ce3df3 service nova] Lock "7b2d8224-5642-4c83-bb36-1366bd483581" "released" by "nova.context.set_target_cell..get_or_set_cached_cell_and_set_connections" :: held 0.001s {{(pid=124138) inner /usr/local/lib/python3.8/dist-packages/oslo_concurrency/lockutils.py:400}}
Jun 15 00:35:19.952081 dv-cinder-835384-6-smb devstack@n-api.service[124138]: INFO nova.api.openstack.compute.server_external_events [req-6fa0fa3e-0df5-4616-a855-052c0a0980c4 req-059a7f45-508b-4088-8806-dd8e46ce3df3 service nova] Creating event network-changed:a7016a48-eaf6-417f-aa31-28cf0d956f48 for instance 050b4a85-4d08-40d3-83b7-7ff4ddf2fce0 on hv-cinder-83538
Jun 15 00:35:19.952932 dv-cinder-835384-6-smb devstack@n-api.service[124138]: DEBUG oslo_concurrency.lockutils [req-6fa0fa3e-0df5-4616-a855-052c0a0980c4 req-059a7f45-508b-4088-8806-dd8e46ce3df3 service nova] Acquired lock "compute-rpcapi-router" {{(pid=124138) lock /usr/local/lib/python3.8/dist-packages/oslo_concurrency/lockutils.py:294}}
Jun 15 00:35:19.957377 dv-cinder-835384-6-smb devstack@n-api.service[124138]: DEBUG oslo_concurrency.lockutils [None req-3541399e-1af8-4196-8690-8b8bc291bea5 None None] Lock "00000000-0000-0000-0000-000000000000" acquired by "nova.context.set_target_cell..get_or_set_cached_cell_and_set_connections" :: waited 0.000s {{(pid=124138) inner /usr/local/lib/python3.8/dist-packages/oslo_concurrency/lockutils.py:386}}
Jun 15 00:35:19.958180 dv-cinder-835384-6-smb devstack@n-api.service[124138]: DEBUG oslo_concurrency.lockutils [None req-3541399e-1af8-4196-8690-8b8bc291bea5 None None] Lock "00000000-0000-0000-0000-000000000000" "released" by "nova.context.set_target_cell..get_or_set_cached_cell_and_set_connections" :: held 0.001s {{(pid=124138) inner /usr/local/lib/python3.8/dist-packages/oslo_concurrency/lockutils.py:400}}
Jun 15 00:35:19.959236 dv-cinder-835384-6-smb devstack@n-api.service[124138]: DEBUG oslo_concurrency.lockutils [None req-3541399e-1af8-4196-8690-8b8bc291bea5 None None] Lock "7b2d8224-5642-4c83-bb36-1366bd483581" acquired by "nova.context.set_target_cell..get_or_set_cached_cell_and_set_connections" :: waited 0.000s {{(pid=124138) inner /usr/local/lib/python3.8/dist-packages/oslo_concurrency/lockutils.py:386}}
Jun 15 00:35:19.960202 dv-cinder-835384-6-smb devstack@n-api.service[124138]: DEBUG oslo_concurrency.lockutils [None req-3541399e-1af8-4196-8690-8b8bc291bea5 None None] Lock "7b2d8224-5642-4c83-bb36-1366bd483581" "released" by "nova.context.set_target_cell..get_or_set_cached_cell_and_set_connections" :: held 0.001s {{(pid=124138) inner /usr/local/lib/python3.8/dist-packages/oslo_concurrency/lockutils.py:400}}
Jun 15 00:35:19.977605 dv-cinder-835384-6-smb devstack@n-api.service[124138]: INFO nova.compute.rpcapi [None req-3541399e-1af8-4196-8690-8b8bc291bea5 None None] Automatically selected compute RPC version 6.0 from minimum service version 61
Jun 15 00:35:19.979809 dv-cinder-835384-6-smb devstack@n-api.service[124138]: DEBUG oslo_concurrency.lockutils [None req-3541399e-1af8-4196-8690-8b8bc291bea5 None None] Releasing lock "compute-rpcapi-router" {{(pid=124138) lock /usr/local/lib/python3.8/dist-packages/oslo_concurrency/lockutils.py:312}}
Jun 15 00:35:19.994835 dv-cinder-835384-6-smb devstack@n-api.service[124137]: DEBUG nova.policy [None req-afa8df4b-ba83-4109-8400-9ebde1699296 tempest-DeleteServersTestJSON-1002335420 tempest-DeleteServersTestJSON-1002335420-project] Policy check for os_compute_api:os-extended-server-attributes failed with credentials {'is_admin': False, 'user_id': '772b9a5e43034b37ae878024830ddd1b', 'user_domain_id': 'default', 'system_scope': None, 'domain_id': None, 'project_id': '3736c3d43fa04279aa88c72681f3c95c', 'project_domain_id': 'default', 'roles': ['reader', 'member'], 'is_admin_project': True, 'service_user_id': None, 'service_user_domain_id': None, 'service_project_id': None, 'service_project_domain_id': None, 'service_roles': []} {{(pid=124137) authorize /opt/stack/nova/nova/policy.py:199}}
Jun 15 00:35:20.008435 dv-cinder-835384-6-smb devstack@n-api.service[124138]: INFO nova.api.openstack.requestlog [None req-3541399e-1af8-4196-8690-8b8bc291bea5 None None] 10.222.0.36 "POST /compute/v2.1/os-server-external-events" status: 200 len: 179 microversion: 2.1 time: 0.120989
Jun 15 00:35:20.009755 dv-cinder-835384-6-smb devstack@n-api.service[124138]: [pid: 124138|app: 0|req: 26/55] 10.222.0.36 () {64 vars in 1317 bytes} [Wed Jun 15 00:35:19 2022] POST /compute/v2.1/os-server-external-events => generated 179 bytes in 123 msecs (HTTP/1.1 200) 9 headers in 357 bytes (1 switches on core 0)
Jun 15 00:35:20.012986 dv-cinder-835384-6-smb devstack@n-api.service[124137]: INFO nova.api.openstack.requestlog [None req-afa8df4b-ba83-4109-8400-9ebde1699296 tempest-DeleteServersTestJSON-1002335420 tempest-DeleteServersTestJSON-1002335420-project] 10.222.0.36 "GET /compute/v2.1/servers/d28f3242-df27-4603-b0a5-70cc3b7c47e1" status: 200 len: 1314 microversion: 2.1 time: 0.244386
Jun 15 00:35:20.021921 dv-cinder-835384-6-smb devstack@n-api.service[124137]: [pid: 124137|app: 0|req: 30/56] 10.222.0.36 () {58 vars in 1235 bytes} [Wed Jun 15 00:35:19 2022] GET /compute/v2.1/servers/d28f3242-df27-4603-b0a5-70cc3b7c47e1 => generated 1314 bytes in 254 msecs (HTTP/1.1 200) 9 headers in 358 bytes (1 switches on core 0)
Jun 15 00:35:20.154579 dv-cinder-835384-6-smb devstack@n-api.service[124138]: DEBUG nova.api.openstack.wsgi [None req-c22a0ec9-1985-49a4-ac76-18a58743c63b tempest-ServerRescueNegativeTestJSON-681542176 tempest-ServerRescueNegativeTestJSON-681542176-project] Calling method '>' {{(pid=124138) _process_stack /opt/stack/nova/nova/api/openstack/wsgi.py:513}}
Jun 15 00:35:20.155281 dv-cinder-835384-6-smb devstack@n-api.service[124138]: DEBUG nova.compute.api [None req-c22a0ec9-1985-49a4-ac76-18a58743c63b tempest-ServerRescueNegativeTestJSON-681542176 tempest-ServerRescueNegativeTestJSON-681542176-project] [instance: 050b4a85-4d08-40d3-83b7-7ff4ddf2fce0] Fetching instance by UUID {{(pid=124138) get /opt/stack/nova/nova/compute/api.py:2920}}
Jun 15 00:35:20.162703 dv-cinder-835384-6-smb devstack@n-api.service[124138]: DEBUG oslo_concurrency.lockutils [None req-c22a0ec9-1985-49a4-ac76-18a58743c63b tempest-ServerRescueNegativeTestJSON-681542176 tempest-ServerRescueNegativeTestJSON-681542176-project] Lock "7b2d8224-5642-4c83-bb36-1366bd483581" acquired by "nova.context.set_target_cell..get_or_set_cached_cell_and_set_connections" :: waited 0.000s {{(pid=124138) inner /usr/local/lib/python3.8/dist-packages/oslo_concurrency/lockutils.py:386}}
Jun 15 00:35:20.163162 dv-cinder-835384-6-smb devstack@n-api.service[124138]: DEBUG oslo_concurrency.lockutils [None req-c22a0ec9-1985-49a4-ac76-18a58743c63b tempest-ServerRescueNegativeTestJSON-681542176 tempest-ServerRescueNegativeTestJSON-681542176-project] Lock "7b2d8224-5642-4c83-bb36-1366bd483581" "released" by "nova.context.set_target_cell..get_or_set_cached_cell_and_set_connections" :: held 0.001s {{(pid=124138) inner /usr/local/lib/python3.8/dist-packages/oslo_concurrency/lockutils.py:400}}
Jun 15 00:35:20.163939 dv-cinder-835384-6-smb devstack@n-api.service[124138]: DEBUG oslo_concurrency.lockutils [None req-c22a0ec9-1985-49a4-ac76-18a58743c63b tempest-ServerRescueNegativeTestJSON-681542176 tempest-ServerRescueNegativeTestJSON-681542176-project] Lock "7b2d8224-5642-4c83-bb36-1366bd483581" acquired by "nova.context.set_target_cell..get_or_set_cached_cell_and_set_connections" :: waited 0.000s {{(pid=124138) inner /usr/local/lib/python3.8/dist-packages/oslo_concurrency/lockutils.py:386}}
Jun 15 00:35:20.164376 dv-cinder-835384-6-smb devstack@n-api.service[124138]: DEBUG oslo_concurrency.lockutils [None req-c22a0ec9-1985-49a4-ac76-18a58743c63b tempest-ServerRescueNegativeTestJSON-681542176 tempest-ServerRescueNegativeTestJSON-681542176-project] Lock "7b2d8224-5642-4c83-bb36-1366bd483581" "released" by "nova.context.set_target_cell..get_or_set_cached_cell_and_set_connections" :: held 0.000s {{(pid=124138) inner /usr/local/lib/python3.8/dist-packages/oslo_concurrency/lockutils.py:400}}
Jun 15 00:35:20.330280 dv-cinder-835384-6-smb devstack@n-api.service[124138]: DEBUG nova.policy [None req-c22a0ec9-1985-49a4-ac76-18a58743c63b tempest-ServerRescueNegativeTestJSON-681542176 tempest-ServerRescueNegativeTestJSON-681542176-project] Policy check for os_compute_api:os-extended-server-attributes failed with credentials {'is_admin': False, 'user_id': '21c54bf3ff584c709731d3624aa187a4', 'user_domain_id': 'default', 'system_scope': None, 'domain_id': None, 'project_id': '8a97ae7800f0422cadeb9b69a018df12', 'project_domain_id': 'default', 'roles': ['reader', 'member'], 'is_admin_project': True, 'service_user_id': None, 'service_user_domain_id': None, 'service_project_id': None, 'service_project_domain_id': None, 'service_roles': []} {{(pid=124138) authorize /opt/stack/nova/nova/policy.py:199}}
Jun 15 00:35:20.339447 dv-cinder-835384-6-smb devstack@n-api.service[124138]: INFO nova.api.openstack.requestlog [None req-c22a0ec9-1985-49a4-ac76-18a58743c63b tempest-ServerRescueNegativeTestJSON-681542176 tempest-ServerRescueNegativeTestJSON-681542176-project] 10.222.0.36 "GET /compute/v2.1/servers/050b4a85-4d08-40d3-83b7-7ff4ddf2fce0" status: 200 len: 1322 microversion: 2.1 time: 0.188986
Jun 15 00:35:20.340242 dv-cinder-835384-6-smb devstack@n-api.service[124138]: [pid: 124138|app: 0|req: 27/57] 10.222.0.36 () {58 vars in 1235 bytes} [Wed Jun 15 00:35:20 2022] GET /compute/v2.1/servers/050b4a85-4d08-40d3-83b7-7ff4ddf2fce0 => generated 1322 bytes in 191 msecs (HTTP/1.1 200) 9 headers in 358 bytes (1 switches on core 0)
Jun 15 00:35:21.032447 dv-cinder-835384-6-smb devstack@n-api.service[124137]: DEBUG nova.api.openstack.wsgi [None req-449dd1b0-2bfc-4e05-bd1b-36e97701f831 tempest-DeleteServersTestJSON-1002335420 tempest-DeleteServersTestJSON-1002335420-project] Calling method '>' {{(pid=124137) _process_stack /opt/stack/nova/nova/api/openstack/wsgi.py:513}}
Jun 15 00:35:21.033145 dv-cinder-835384-6-smb devstack@n-api.service[124137]: DEBUG nova.compute.api [None req-449dd1b0-2bfc-4e05-bd1b-36e97701f831 tempest-DeleteServersTestJSON-1002335420 tempest-DeleteServersTestJSON-1002335420-project] [instance: d28f3242-df27-4603-b0a5-70cc3b7c47e1] Fetching instance by UUID {{(pid=124137) get /opt/stack/nova/nova/compute/api.py:2920}}
Jun 15 00:35:21.051755 dv-cinder-835384-6-smb devstack@n-api.service[124137]: DEBUG dbcounter [-] [124137] Writing DB stats nova_api:SELECT=63,nova_api:INSERT=6 {{(pid=124137) stat_writer /usr/local/lib/python3.8/dist-packages/dbcounter.py:114}}
Jun 15 00:35:21.063686 dv-cinder-835384-6-smb devstack@n-api.service[124137]: DEBUG oslo_concurrency.lockutils [None req-449dd1b0-2bfc-4e05-bd1b-36e97701f831 tempest-DeleteServersTestJSON-1002335420 tempest-DeleteServersTestJSON-1002335420-project] Lock "7b2d8224-5642-4c83-bb36-1366bd483581" acquired by "nova.context.set_target_cell..get_or_set_cached_cell_and_set_connections" :: waited 0.000s {{(pid=124137) inner /usr/local/lib/python3.8/dist-packages/oslo_concurrency/lockutils.py:386}}
Jun 15 00:35:21.064742 dv-cinder-835384-6-smb devstack@n-api.service[124137]: DEBUG oslo_concurrency.lockutils [None req-449dd1b0-2bfc-4e05-bd1b-36e97701f831 tempest-DeleteServersTestJSON-1002335420 tempest-DeleteServersTestJSON-1002335420-project] Lock "7b2d8224-5642-4c83-bb36-1366bd483581" "released" by "nova.context.set_target_cell..get_or_set_cached_cell_and_set_connections" :: held 0.002s {{(pid=124137) inner /usr/local/lib/python3.8/dist-packages/oslo_concurrency/lockutils.py:400}}
Jun 15 00:35:21.068514 dv-cinder-835384-6-smb devstack@n-api.service[124137]: DEBUG oslo_concurrency.lockutils [None req-449dd1b0-2bfc-4e05-bd1b-36e97701f831 tempest-DeleteServersTestJSON-1002335420 tempest-DeleteServersTestJSON-1002335420-project] Lock "7b2d8224-5642-4c83-bb36-1366bd483581" acquired by "nova.context.set_target_cell..get_or_set_cached_cell_and_set_connections" :: waited 0.000s {{(pid=124137) inner /usr/local/lib/python3.8/dist-packages/oslo_concurrency/lockutils.py:386}}
Jun 15 00:35:21.069126 dv-cinder-835384-6-smb devstack@n-api.service[124137]: DEBUG oslo_concurrency.lockutils [None req-449dd1b0-2bfc-4e05-bd1b-36e97701f831 tempest-DeleteServersTestJSON-1002335420 tempest-DeleteServersTestJSON-1002335420-project] Lock "7b2d8224-5642-4c83-bb36-1366bd483581" "released" by "nova.context.set_target_cell..get_or_set_cached_cell_and_set_connections" :: held 0.002s {{(pid=124137) inner /usr/local/lib/python3.8/dist-packages/oslo_concurrency/lockutils.py:400}}
Jun 15 00:35:21.090255 dv-cinder-835384-6-smb devstack@n-api.service[124137]: DEBUG dbcounter [-] [124137] Writing DB stats nova_cell1:SELECT=83 {{(pid=124137) stat_writer /usr/local/lib/python3.8/dist-packages/dbcounter.py:114}}
Jun 15 00:35:21.222085 dv-cinder-835384-6-smb devstack@n-api.service[124137]: DEBUG dbcounter [-] [124137] Writing DB stats nova_cell0:SELECT=4 {{(pid=124137) stat_writer /usr/local/lib/python3.8/dist-packages/dbcounter.py:114}}
Jun 15 00:35:21.313822 dv-cinder-835384-6-smb devstack@n-api.service[124137]: DEBUG nova.policy [None req-449dd1b0-2bfc-4e05-bd1b-36e97701f831 tempest-DeleteServersTestJSON-1002335420 tempest-DeleteServersTestJSON-1002335420-project] Policy check for os_compute_api:os-extended-server-attributes failed with credentials {'is_admin': False, 'user_id': '772b9a5e43034b37ae878024830ddd1b', 'user_domain_id': 'default', 'system_scope': None, 'domain_id': None, 'project_id': '3736c3d43fa04279aa88c72681f3c95c', 'project_domain_id': 'default', 'roles': ['reader', 'member'], 'is_admin_project': True, 'service_user_id': None, 'service_user_domain_id': None, 'service_project_id': None, 'service_project_domain_id': None, 'service_roles': []} {{(pid=124137) authorize /opt/stack/nova/nova/policy.py:199}}
Jun 15 00:35:21.324739 dv-cinder-835384-6-smb devstack@n-api.service[124137]: INFO nova.api.openstack.requestlog [None req-449dd1b0-2bfc-4e05-bd1b-36e97701f831 tempest-DeleteServersTestJSON-1002335420 tempest-DeleteServersTestJSON-1002335420-project] 10.222.0.36 "GET /compute/v2.1/servers/d28f3242-df27-4603-b0a5-70cc3b7c47e1" status: 200 len: 1314 microversion: 2.1 time: 0.297352
Jun 15 00:35:21.325949 dv-cinder-835384-6-smb devstack@n-api.service[124137]: [pid: 124137|app: 0|req: 31/58] 10.222.0.36 () {58 vars in 1235 bytes} [Wed Jun 15 00:35:21 2022] GET /compute/v2.1/servers/d28f3242-df27-4603-b0a5-70cc3b7c47e1 => generated 1314 bytes in 300 msecs (HTTP/1.1 200) 9 headers in 358 bytes (1 switches on core 0)
Jun 15 00:35:21.360190 dv-cinder-835384-6-smb devstack@n-api.service[124138]: DEBUG nova.api.openstack.wsgi [None req-6fbe82f9-e69c-4fb0-831d-c0349a0012b7 tempest-ServerRescueNegativeTestJSON-681542176 tempest-ServerRescueNegativeTestJSON-681542176-project] Calling method '>' {{(pid=124138) _process_stack /opt/stack/nova/nova/api/openstack/wsgi.py:513}}
Jun 15 00:35:21.360822 dv-cinder-835384-6-smb devstack@n-api.service[124138]: DEBUG nova.compute.api [None req-6fbe82f9-e69c-4fb0-831d-c0349a0012b7 tempest-ServerRescueNegativeTestJSON-681542176 tempest-ServerRescueNegativeTestJSON-681542176-project] [instance: 050b4a85-4d08-40d3-83b7-7ff4ddf2fce0] Fetching instance by UUID {{(pid=124138) get /opt/stack/nova/nova/compute/api.py:2920}}
Jun 15 00:35:21.369852 dv-cinder-835384-6-smb devstack@n-api.service[124138]: DEBUG oslo_concurrency.lockutils [None req-6fbe82f9-e69c-4fb0-831d-c0349a0012b7 tempest-ServerRescueNegativeTestJSON-681542176 tempest-ServerRescueNegativeTestJSON-681542176-project] Lock "7b2d8224-5642-4c83-bb36-1366bd483581" acquired by "nova.context.set_target_cell..get_or_set_cached_cell_and_set_connections" :: waited 0.000s {{(pid=124138) inner /usr/local/lib/python3.8/dist-packages/oslo_concurrency/lockutils.py:386}}
Jun 15 00:35:21.370526 dv-cinder-835384-6-smb devstack@n-api.service[124138]: DEBUG oslo_concurrency.lockutils [None req-6fbe82f9-e69c-4fb0-831d-c0349a0012b7 tempest-ServerRescueNegativeTestJSON-681542176 tempest-ServerRescueNegativeTestJSON-681542176-project] Lock "7b2d8224-5642-4c83-bb36-1366bd483581" "released" by "nova.context.set_target_cell..get_or_set_cached_cell_and_set_connections" :: held 0.001s {{(pid=124138) inner /usr/local/lib/python3.8/dist-packages/oslo_concurrency/lockutils.py:400}}
Jun 15 00:35:21.371460 dv-cinder-835384-6-smb devstack@n-api.service[124138]: DEBUG oslo_concurrency.lockutils [None req-6fbe82f9-e69c-4fb0-831d-c0349a0012b7 tempest-ServerRescueNegativeTestJSON-681542176 tempest-ServerRescueNegativeTestJSON-681542176-project] Lock "7b2d8224-5642-4c83-bb36-1366bd483581" acquired by "nova.context.set_target_cell..get_or_set_cached_cell_and_set_connections" :: waited 0.000s {{(pid=124138) inner /usr/local/lib/python3.8/dist-packages/oslo_concurrency/lockutils.py:386}}
Jun 15 00:35:21.372056 dv-cinder-835384-6-smb devstack@n-api.service[124138]: DEBUG oslo_concurrency.lockutils [None req-6fbe82f9-e69c-4fb0-831d-c0349a0012b7 tempest-ServerRescueNegativeTestJSON-681542176 tempest-ServerRescueNegativeTestJSON-681542176-project] Lock "7b2d8224-5642-4c83-bb36-1366bd483581" "released" by "nova.context.set_target_cell..get_or_set_cached_cell_and_set_connections" :: held 0.001s {{(pid=124138) inner /usr/local/lib/python3.8/dist-packages/oslo_concurrency/lockutils.py:400}}
Jun 15 00:35:21.469182 dv-cinder-835384-6-smb devstack@n-api.service[124137]: DEBUG dbcounter [-] [124137] Writing DB stats nova_cell0:SELECT=8 {{(pid=124137) stat_writer /usr/local/lib/python3.8/dist-packages/dbcounter.py:114}}
