Jun 15 00:35:07.736538 dv-cinder-835384-6-iscsi devstack@c-api.service[110867]: DEBUG cinder.volume.api [None req-91393759-1127-4afd-b70f-65977514da89 tempest-GroupSnapshotsTest-1531090202 tempest-GroupSnapshotsTest-1531090202-project] Task 'cinder.volume.flows.api.create_volume.VolumeCastTask;volume:create' (a8a5a3ae-42c8-4d7b-8e2f-9dcb9a3dd17e) transitioned into state 'RUNNING' from state 'PENDING' {{(pid=110867) _task_receiver /usr/local/lib/python3.8/dist-packages/taskflow/listeners/logging.py:190}}
Jun 15 00:35:07.782995 dv-cinder-835384-6-iscsi devstack@c-api.service[110867]: DEBUG cinder.volume.api [None req-91393759-1127-4afd-b70f-65977514da89 tempest-GroupSnapshotsTest-1531090202 tempest-GroupSnapshotsTest-1531090202-project] Task 'cinder.volume.flows.api.create_volume.VolumeCastTask;volume:create' (a8a5a3ae-42c8-4d7b-8e2f-9dcb9a3dd17e) transitioned into state 'SUCCESS' from state 'RUNNING' with result 'None' {{(pid=110867) _task_receiver /usr/local/lib/python3.8/dist-packages/taskflow/listeners/logging.py:178}}
Jun 15 00:35:07.785780 dv-cinder-835384-6-iscsi devstack@c-api.service[110867]: DEBUG cinder.volume.api [None req-91393759-1127-4afd-b70f-65977514da89 tempest-GroupSnapshotsTest-1531090202 tempest-GroupSnapshotsTest-1531090202-project] Flow 'volume_create_api' (9bc40739-aaf0-47e9-a353-2ec2fd74ddca) transitioned into state 'SUCCESS' from state 'RUNNING' {{(pid=110867) _flow_receiver /usr/local/lib/python3.8/dist-packages/taskflow/listeners/logging.py:141}}
Jun 15 00:35:07.786743 dv-cinder-835384-6-iscsi devstack@c-api.service[110867]: INFO cinder.volume.api [None req-91393759-1127-4afd-b70f-65977514da89 tempest-GroupSnapshotsTest-1531090202 tempest-GroupSnapshotsTest-1531090202-project] Create volume request issued successfully.
Jun 15 00:35:07.791077 dv-cinder-835384-6-iscsi devstack@c-api.service[110867]: WARNING stevedore.named [None req-91393759-1127-4afd-b70f-65977514da89 tempest-GroupSnapshotsTest-1531090202 tempest-GroupSnapshotsTest-1531090202-project] Could not load cinder.keymgr.conf_key_mgr.ConfKeyManager
Jun 15 00:35:07.792788 dv-cinder-835384-6-iscsi devstack@c-api.service[110867]: WARNING castellan.key_manager [None req-91393759-1127-4afd-b70f-65977514da89 tempest-GroupSnapshotsTest-1531090202 tempest-GroupSnapshotsTest-1531090202-project] Deprecation Warning : cinder.keymgr.conf_key_mgr.ConfKeyManager is not a stevedore based driver, trying to load it as a class: stevedore.exception.NoMatches: No 'castellan.drivers' driver found, looking for 'cinder.keymgr.conf_key_mgr.ConfKeyManager'
Jun 15 00:35:07.806175 dv-cinder-835384-6-iscsi devstack@c-api.service[110867]: DEBUG oslo_db.sqlalchemy.engines [None req-91393759-1127-4afd-b70f-65977514da89 tempest-GroupSnapshotsTest-1531090202 tempest-GroupSnapshotsTest-1531090202-project] MySQL server mode set to STRICT_TRANS_TABLES,STRICT_ALL_TABLES,NO_ZERO_IN_DATE,NO_ZERO_DATE,ERROR_FOR_DIVISION_BY_ZERO,TRADITIONAL,NO_ENGINE_SUBSTITUTION {{(pid=110867) _check_effective_sql_mode /usr/local/lib/python3.8/dist-packages/oslo_db/sqlalchemy/engines.py:314}}
Jun 15 00:35:07.815912 dv-cinder-835384-6-iscsi devstack@c-api.service[110867]: /usr/local/lib/python3.8/dist-packages/oslo_context/context.py:100: DeprecationWarning: Policy enforcement is depending on the value of is_admin. This key is deprecated. Please update your policy file to use the standard policy values.
Jun 15 00:35:07.815912 dv-cinder-835384-6-iscsi devstack@c-api.service[110867]: warnings.warn('Policy enforcement is depending on the value of '
Jun 15 00:35:07.832477 dv-cinder-835384-6-iscsi devstack@c-api.service[110867]: INFO cinder.api.openstack.wsgi [None req-91393759-1127-4afd-b70f-65977514da89 tempest-GroupSnapshotsTest-1531090202 tempest-GroupSnapshotsTest-1531090202-project] http://10.222.0.33/volume/v3/58ef2d58b11443718ffc22e7977b6e57/volumes returned with HTTP 202
Jun 15 00:35:07.846839 dv-cinder-835384-6-iscsi devstack@c-api.service[110866]: DEBUG cinder.api.middleware.request_id [None req-414a62e7-6813-490d-aed1-60907ad74e27 None None] RequestId filter calling following filter/app {{(pid=110866) _context_setter /opt/stack/cinder/cinder/api/middleware/request_id.py:62}}
Jun 15 00:35:07.850754 dv-cinder-835384-6-iscsi devstack@c-api.service[110866]: INFO cinder.api.openstack.wsgi [None req-414a62e7-6813-490d-aed1-60907ad74e27 tempest-GroupSnapshotsTest-1531090202 tempest-GroupSnapshotsTest-1531090202-project] GET http://10.222.0.33/volume/v3/58ef2d58b11443718ffc22e7977b6e57/volumes/48846a9e-0f40-42ae-971f-bb2ee7fdd125
Jun 15 00:35:07.851286 dv-cinder-835384-6-iscsi devstack@c-api.service[110866]: DEBUG cinder.api.openstack.wsgi [None req-414a62e7-6813-490d-aed1-60907ad74e27 tempest-GroupSnapshotsTest-1531090202 tempest-GroupSnapshotsTest-1531090202-project] Empty body provided in request {{(pid=110866) get_body /opt/stack/cinder/cinder/api/openstack/wsgi.py:715}}
Jun 15 00:35:07.851938 dv-cinder-835384-6-iscsi devstack@c-api.service[110866]: DEBUG cinder.api.openstack.wsgi [None req-414a62e7-6813-490d-aed1-60907ad74e27 tempest-GroupSnapshotsTest-1531090202 tempest-GroupSnapshotsTest-1531090202-project] Calling method 'show' {{(pid=110866) _process_stack /opt/stack/cinder/cinder/api/openstack/wsgi.py:868}}
Jun 15 00:35:07.854320 dv-cinder-835384-6-iscsi devstack@c-api.service[110867]: [pid: 110867|app: 0|req: 50/96] 10.222.0.33 () {62 vars in 1276 bytes} [Wed Jun 15 00:35:07 2022] POST /volume/v3/58ef2d58b11443718ffc22e7977b6e57/volumes => generated 907 bytes in 596 msecs (HTTP/1.1 202) 7 headers in 292 bytes (1 switches on core 0)
Jun 15 00:35:07.889313 dv-cinder-835384-6-iscsi devstack@c-api.service[110866]: /usr/local/lib/python3.8/dist-packages/oslo_context/context.py:100: DeprecationWarning: Policy enforcement is depending on the value of is_admin. This key is deprecated. Please update your policy file to use the standard policy values.
Jun 15 00:35:07.889313 dv-cinder-835384-6-iscsi devstack@c-api.service[110866]: warnings.warn('Policy enforcement is depending on the value of '
Jun 15 00:35:07.904765 dv-cinder-835384-6-iscsi devstack@c-api.service[110866]: INFO cinder.volume.api [None req-414a62e7-6813-490d-aed1-60907ad74e27 tempest-GroupSnapshotsTest-1531090202 tempest-GroupSnapshotsTest-1531090202-project] Volume info retrieved successfully.
Jun 15 00:35:07.915800 dv-cinder-835384-6-iscsi devstack@c-api.service[110866]: WARNING stevedore.named [None req-414a62e7-6813-490d-aed1-60907ad74e27 tempest-GroupSnapshotsTest-1531090202 tempest-GroupSnapshotsTest-1531090202-project] Could not load cinder.keymgr.conf_key_mgr.ConfKeyManager
Jun 15 00:35:07.916195 dv-cinder-835384-6-iscsi devstack@c-api.service[110866]: WARNING castellan.key_manager [None req-414a62e7-6813-490d-aed1-60907ad74e27 tempest-GroupSnapshotsTest-1531090202 tempest-GroupSnapshotsTest-1531090202-project] Deprecation Warning : cinder.keymgr.conf_key_mgr.ConfKeyManager is not a stevedore based driver, trying to load it as a class: stevedore.exception.NoMatches: No 'castellan.drivers' driver found, looking for 'cinder.keymgr.conf_key_mgr.ConfKeyManager'
Jun 15 00:35:07.943572 dv-cinder-835384-6-iscsi devstack@c-api.service[110866]: DEBUG oslo_db.sqlalchemy.engines [None req-414a62e7-6813-490d-aed1-60907ad74e27 tempest-GroupSnapshotsTest-1531090202 tempest-GroupSnapshotsTest-1531090202-project] MySQL server mode set to STRICT_TRANS_TABLES,STRICT_ALL_TABLES,NO_ZERO_IN_DATE,NO_ZERO_DATE,ERROR_FOR_DIVISION_BY_ZERO,TRADITIONAL,NO_ENGINE_SUBSTITUTION {{(pid=110866) _check_effective_sql_mode /usr/local/lib/python3.8/dist-packages/oslo_db/sqlalchemy/engines.py:314}}
Jun 15 00:35:07.956641 dv-cinder-835384-6-iscsi devstack@c-api.service[110866]: /usr/local/lib/python3.8/dist-packages/oslo_context/context.py:100: DeprecationWarning: Policy enforcement is depending on the value of is_admin. This key is deprecated. Please update your policy file to use the standard policy values.
Jun 15 00:35:07.956641 dv-cinder-835384-6-iscsi devstack@c-api.service[110866]: warnings.warn('Policy enforcement is depending on the value of '
Jun 15 00:35:08.020839 dv-cinder-835384-6-iscsi devstack@c-api.service[110866]: INFO cinder.api.openstack.wsgi [None req-414a62e7-6813-490d-aed1-60907ad74e27 tempest-GroupSnapshotsTest-1531090202 tempest-GroupSnapshotsTest-1531090202-project] http://10.222.0.33/volume/v3/58ef2d58b11443718ffc22e7977b6e57/volumes/48846a9e-0f40-42ae-971f-bb2ee7fdd125 returned with HTTP 200
Jun 15 00:35:08.021587 dv-cinder-835384-6-iscsi devstack@c-api.service[110866]: [pid: 110866|app: 0|req: 47/97] 10.222.0.33 () {60 vars in 1365 bytes} [Wed Jun 15 00:35:07 2022] GET /volume/v3/58ef2d58b11443718ffc22e7977b6e57/volumes/48846a9e-0f40-42ae-971f-bb2ee7fdd125 => generated 975 bytes in 176 msecs (HTTP/1.1 200) 7 headers in 286 bytes (2 switches on core 0)
Jun 15 00:35:08.424527 dv-cinder-835384-6-iscsi devstack@c-api.service[110867]: DEBUG cinder.api.middleware.request_id [None req-5f59a2d6-cf7d-4870-8320-05be084805b8 None None] RequestId filter calling following filter/app {{(pid=110867) _context_setter /opt/stack/cinder/cinder/api/middleware/request_id.py:62}}
Jun 15 00:35:08.430276 dv-cinder-835384-6-iscsi devstack@c-api.service[110867]: INFO cinder.api.openstack.wsgi [None req-5f59a2d6-cf7d-4870-8320-05be084805b8 tempest-GroupsV320Test-469219808 tempest-GroupsV320Test-469219808-project] GET http://10.222.0.33/volume/v3/87b820411401415186a49a29b0099e23/groups/cdc5d809-e58c-4122-83d6-5641aa4fb115
Jun 15 00:35:08.430977 dv-cinder-835384-6-iscsi devstack@c-api.service[110867]: DEBUG cinder.api.openstack.wsgi [None req-5f59a2d6-cf7d-4870-8320-05be084805b8 tempest-GroupsV320Test-469219808 tempest-GroupsV320Test-469219808-project] Empty body provided in request {{(pid=110867) get_body /opt/stack/cinder/cinder/api/openstack/wsgi.py:715}}
Jun 15 00:35:08.431565 dv-cinder-835384-6-iscsi devstack@c-api.service[110867]: DEBUG cinder.api.openstack.wsgi [None req-5f59a2d6-cf7d-4870-8320-05be084805b8 tempest-GroupsV320Test-469219808 tempest-GroupsV320Test-469219808-project] Calling method 'version_select' {{(pid=110867) _process_stack /opt/stack/cinder/cinder/api/openstack/wsgi.py:868}}
Jun 15 00:35:08.431982 dv-cinder-835384-6-iscsi devstack@c-api.service[110867]: DEBUG cinder.api.v3.groups [None req-5f59a2d6-cf7d-4870-8320-05be084805b8 tempest-GroupsV320Test-469219808 tempest-GroupsV320Test-469219808-project] show called for member cdc5d809-e58c-4122-83d6-5641aa4fb115 {{(pid=110867) show /opt/stack/cinder/cinder/api/v3/groups.py:58}}
Jun 15 00:35:08.459231 dv-cinder-835384-6-iscsi devstack@c-api.service[110867]: /usr/local/lib/python3.8/dist-packages/oslo_context/context.py:100: DeprecationWarning: Policy enforcement is depending on the value of is_admin. This key is deprecated. Please update your policy file to use the standard policy values.
Jun 15 00:35:08.459231 dv-cinder-835384-6-iscsi devstack@c-api.service[110867]: warnings.warn('Policy enforcement is depending on the value of '
Jun 15 00:35:08.520089 dv-cinder-835384-6-iscsi devstack@c-api.service[110867]: INFO cinder.api.openstack.wsgi [None req-5f59a2d6-cf7d-4870-8320-05be084805b8 tempest-GroupsV320Test-469219808 tempest-GroupsV320Test-469219808-project] http://10.222.0.33/volume/v3/87b820411401415186a49a29b0099e23/groups/cdc5d809-e58c-4122-83d6-5641aa4fb115 returned with HTTP 200
Jun 15 00:35:08.521004 dv-cinder-835384-6-iscsi devstack@c-api.service[110867]: [pid: 110867|app: 0|req: 51/98] 10.222.0.33 () {60 vars in 1362 bytes} [Wed Jun 15 00:35:08 2022] GET /volume/v3/87b820411401415186a49a29b0099e23/groups/cdc5d809-e58c-4122-83d6-5641aa4fb115 => generated 388 bytes in 98 msecs (HTTP/1.1 200) 7 headers in 286 bytes (1 switches on core 0)
Jun 15 00:35:08.528909 dv-cinder-835384-6-iscsi devstack@c-api.service[110866]: DEBUG cinder.api.middleware.request_id [None req-2dad788e-8b3a-4d04-9bea-793908ee52d4 None None] RequestId filter calling following filter/app {{(pid=110866) _context_setter /opt/stack/cinder/cinder/api/middleware/request_id.py:62}}
Jun 15 00:35:08.533895 dv-cinder-835384-6-iscsi devstack@c-api.service[110866]: INFO cinder.api.openstack.wsgi [None req-2dad788e-8b3a-4d04-9bea-793908ee52d4 tempest-GroupsV320Test-1369632417 tempest-GroupsV320Test-1369632417-project-admin] POST http://10.222.0.33/volume/v3/8d4371ac3ac245ebb9fa47c19ecf7a0f/groups/cdc5d809-e58c-4122-83d6-5641aa4fb115/action
Jun 15 00:35:08.540292 dv-cinder-835384-6-iscsi devstack@c-api.service[110866]: DEBUG cinder.api.openstack.wsgi [None req-2dad788e-8b3a-4d04-9bea-793908ee52d4 tempest-GroupsV320Test-1369632417 tempest-GroupsV320Test-1369632417-project-admin] Action body: b'{"reset_status": {"status": "creating"}}' {{(pid=110866) get_method /opt/stack/cinder/cinder/api/openstack/wsgi.py:983}}
Jun 15 00:35:08.540844 dv-cinder-835384-6-iscsi devstack@c-api.service[110866]: DEBUG cinder.api.openstack.wsgi [None req-2dad788e-8b3a-4d04-9bea-793908ee52d4 tempest-GroupsV320Test-1369632417 tempest-GroupsV320Test-1369632417-project-admin] Action: 'action', calling method: version_select, body: {"reset_status": {"status": "creating"}} {{(pid=110866) _process_stack /opt/stack/cinder/cinder/api/openstack/wsgi.py:866}}
Jun 15 00:35:08.541828 dv-cinder-835384-6-iscsi devstack@c-api.service[110866]: DEBUG cinder.api.v3.groups [None req-2dad788e-8b3a-4d04-9bea-793908ee52d4 tempest-GroupsV320Test-1369632417 tempest-GroupsV320Test-1369632417-project-admin] Updating group 'cdc5d809-e58c-4122-83d6-5641aa4fb115' with 'creating' {{(pid=110866) _reset_status /opt/stack/cinder/cinder/api/v3/groups.py:82}}
Jun 15 00:35:08.560442 dv-cinder-835384-6-iscsi devstack@c-api.service[110866]: /usr/local/lib/python3.8/dist-packages/oslo_context/context.py:100: DeprecationWarning: Policy enforcement is depending on the value of is_admin. This key is deprecated. Please update your policy file to use the standard policy values.
Jun 15 00:35:08.560442 dv-cinder-835384-6-iscsi devstack@c-api.service[110866]: warnings.warn('Policy enforcement is depending on the value of '
Jun 15 00:35:08.596853 dv-cinder-835384-6-iscsi devstack@c-api.service[110866]: INFO cinder.api.openstack.wsgi [None req-2dad788e-8b3a-4d04-9bea-793908ee52d4 tempest-GroupsV320Test-1369632417 tempest-GroupsV320Test-1369632417-project-admin] http://10.222.0.33/volume/v3/8d4371ac3ac245ebb9fa47c19ecf7a0f/groups/cdc5d809-e58c-4122-83d6-5641aa4fb115/action returned with HTTP 202
Jun 15 00:35:08.598370 dv-cinder-835384-6-iscsi devstack@c-api.service[110866]: [pid: 110866|app: 0|req: 48/99] 10.222.0.33 () {62 vars in 1404 bytes} [Wed Jun 15 00:35:08 2022] POST /volume/v3/8d4371ac3ac245ebb9fa47c19ecf7a0f/groups/cdc5d809-e58c-4122-83d6-5641aa4fb115/action => generated 0 bytes in 70 msecs (HTTP/1.1 202) 6 headers in 234 bytes (1 switches on core 0)
Jun 15 00:35:08.603235 dv-cinder-835384-6-iscsi devstack@c-api.service[110867]: DEBUG cinder.api.middleware.request_id [None req-92d6f62a-26a6-424d-aa72-882e6a089df0 None None] RequestId filter calling following filter/app {{(pid=110867) _context_setter /opt/stack/cinder/cinder/api/middleware/request_id.py:62}}
Jun 15 00:35:08.607370 dv-cinder-835384-6-iscsi devstack@c-api.service[110867]: INFO cinder.api.openstack.wsgi [None req-92d6f62a-26a6-424d-aa72-882e6a089df0 tempest-GroupsV320Test-469219808 tempest-GroupsV320Test-469219808-project] GET http://10.222.0.33/volume/v3/87b820411401415186a49a29b0099e23/groups/cdc5d809-e58c-4122-83d6-5641aa4fb115
Jun 15 00:35:08.607967 dv-cinder-835384-6-iscsi devstack@c-api.service[110867]: DEBUG cinder.api.openstack.wsgi [None req-92d6f62a-26a6-424d-aa72-882e6a089df0 tempest-GroupsV320Test-469219808 tempest-GroupsV320Test-469219808-project] Empty body provided in request {{(pid=110867) get_body /opt/stack/cinder/cinder/api/openstack/wsgi.py:715}}
Jun 15 00:35:08.608431 dv-cinder-835384-6-iscsi devstack@c-api.service[110867]: DEBUG cinder.api.openstack.wsgi [None req-92d6f62a-26a6-424d-aa72-882e6a089df0 tempest-GroupsV320Test-469219808 tempest-GroupsV320Test-469219808-project] Calling method 'version_select' {{(pid=110867) _process_stack /opt/stack/cinder/cinder/api/openstack/wsgi.py:868}}
Jun 15 00:35:08.609092 dv-cinder-835384-6-iscsi devstack@c-api.service[110867]: DEBUG cinder.api.v3.groups [None req-92d6f62a-26a6-424d-aa72-882e6a089df0 tempest-GroupsV320Test-469219808 tempest-GroupsV320Test-469219808-project] show called for member cdc5d809-e58c-4122-83d6-5641aa4fb115 {{(pid=110867) show /opt/stack/cinder/cinder/api/v3/groups.py:58}}
Jun 15 00:35:08.628212 dv-cinder-835384-6-iscsi devstack@c-api.service[110867]: /usr/local/lib/python3.8/dist-packages/oslo_context/context.py:100: DeprecationWarning: Policy enforcement is depending on the value of is_admin. This key is deprecated. Please update your policy file to use the standard policy values.
Jun 15 00:35:08.628212 dv-cinder-835384-6-iscsi devstack@c-api.service[110867]: warnings.warn('Policy enforcement is depending on the value of '
Jun 15 00:35:08.686564 dv-cinder-835384-6-iscsi devstack@c-api.service[110867]: INFO cinder.api.openstack.wsgi [None req-92d6f62a-26a6-424d-aa72-882e6a089df0 tempest-GroupsV320Test-469219808 tempest-GroupsV320Test-469219808-project] http://10.222.0.33/volume/v3/87b820411401415186a49a29b0099e23/groups/cdc5d809-e58c-4122-83d6-5641aa4fb115 returned with HTTP 200
Jun 15 00:35:08.687811 dv-cinder-835384-6-iscsi devstack@c-api.service[110867]: [pid: 110867|app: 0|req: 52/100] 10.222.0.33 () {60 vars in 1362 bytes} [Wed Jun 15 00:35:08 2022] GET /volume/v3/87b820411401415186a49a29b0099e23/groups/cdc5d809-e58c-4122-83d6-5641aa4fb115 => generated 387 bytes in 85 msecs (HTTP/1.1 200) 7 headers in 286 bytes (1 switches on core 0)
Jun 15 00:35:08.695856 dv-cinder-835384-6-iscsi devstack@c-api.service[110866]: DEBUG cinder.api.middleware.request_id [None req-ca2e0336-6cf1-416b-bd78-78d8ab18fea7 None None] RequestId filter calling following filter/app {{(pid=110866) _context_setter /opt/stack/cinder/cinder/api/middleware/request_id.py:62}}
Jun 15 00:35:08.701947 dv-cinder-835384-6-iscsi devstack@c-api.service[110866]: INFO cinder.api.openstack.wsgi [None req-ca2e0336-6cf1-416b-bd78-78d8ab18fea7 tempest-GroupsV320Test-1369632417 tempest-GroupsV320Test-1369632417-project-admin] POST http://10.222.0.33/volume/v3/8d4371ac3ac245ebb9fa47c19ecf7a0f/groups/cdc5d809-e58c-4122-83d6-5641aa4fb115/action
Jun 15 00:35:08.703085 dv-cinder-835384-6-iscsi devstack@c-api.service[110866]: DEBUG cinder.api.openstack.wsgi [None req-ca2e0336-6cf1-416b-bd78-78d8ab18fea7 tempest-GroupsV320Test-1369632417 tempest-GroupsV320Test-1369632417-project-admin] Action body: b'{"reset_status": {"status": "available"}}' {{(pid=110866) get_method /opt/stack/cinder/cinder/api/openstack/wsgi.py:983}}
Jun 15 00:35:08.704241 dv-cinder-835384-6-iscsi devstack@c-api.service[110866]: DEBUG cinder.api.openstack.wsgi [None req-ca2e0336-6cf1-416b-bd78-78d8ab18fea7 tempest-GroupsV320Test-1369632417 tempest-GroupsV320Test-1369632417-project-admin] Action: 'action', calling method: reset_status, body: {"reset_status": {"status": "available"}} {{(pid=110866) _process_stack /opt/stack/cinder/cinder/api/openstack/wsgi.py:866}}
Jun 15 00:35:08.713177 dv-cinder-835384-6-iscsi devstack@c-api.service[110866]: DEBUG cinder.api.v3.groups [None req-ca2e0336-6cf1-416b-bd78-78d8ab18fea7 tempest-GroupsV320Test-1369632417 tempest-GroupsV320Test-1369632417-project-admin] Updating group 'cdc5d809-e58c-4122-83d6-5641aa4fb115' with 'available' {{(pid=110866) _reset_status /opt/stack/cinder/cinder/api/v3/groups.py:82}}
Jun 15 00:35:08.722254 dv-cinder-835384-6-iscsi devstack@c-api.service[110866]: /usr/local/lib/python3.8/dist-packages/oslo_context/context.py:100: DeprecationWarning: Policy enforcement is depending on the value of is_admin. This key is deprecated. Please update your policy file to use the standard policy values.
Jun 15 00:35:08.722254 dv-cinder-835384-6-iscsi devstack@c-api.service[110866]: warnings.warn('Policy enforcement is depending on the value of '
Jun 15 00:35:08.741988 dv-cinder-835384-6-iscsi devstack@c-api.service[110866]: INFO cinder.api.openstack.wsgi [None req-ca2e0336-6cf1-416b-bd78-78d8ab18fea7 tempest-GroupsV320Test-1369632417 tempest-GroupsV320Test-1369632417-project-admin] http://10.222.0.33/volume/v3/8d4371ac3ac245ebb9fa47c19ecf7a0f/groups/cdc5d809-e58c-4122-83d6-5641aa4fb115/action returned with HTTP 202
Jun 15 00:35:08.743158 dv-cinder-835384-6-iscsi devstack@c-api.service[110866]: [pid: 110866|app: 0|req: 49/101] 10.222.0.33 () {62 vars in 1404 bytes} [Wed Jun 15 00:35:08 2022] POST /volume/v3/8d4371ac3ac245ebb9fa47c19ecf7a0f/groups/cdc5d809-e58c-4122-83d6-5641aa4fb115/action => generated 0 bytes in 48 msecs (HTTP/1.1 202) 6 headers in 234 bytes (1 switches on core 0)
Jun 15 00:35:08.748917 dv-cinder-835384-6-iscsi devstack@c-api.service[110867]: DEBUG cinder.api.middleware.request_id [None req-6eb9aaee-0473-4410-ae36-3d9d64a07214 None None] RequestId filter calling following filter/app {{(pid=110867) _context_setter /opt/stack/cinder/cinder/api/middleware/request_id.py:62}}
Jun 15 00:35:08.753104 dv-cinder-835384-6-iscsi devstack@c-api.service[110867]: INFO cinder.api.openstack.wsgi [None req-6eb9aaee-0473-4410-ae36-3d9d64a07214 tempest-GroupsV320Test-469219808 tempest-GroupsV320Test-469219808-project] GET http://10.222.0.33/volume/v3/87b820411401415186a49a29b0099e23/groups/cdc5d809-e58c-4122-83d6-5641aa4fb115
Jun 15 00:35:08.753814 dv-cinder-835384-6-iscsi devstack@c-api.service[110867]: DEBUG cinder.api.openstack.wsgi [None req-6eb9aaee-0473-4410-ae36-3d9d64a07214 tempest-GroupsV320Test-469219808 tempest-GroupsV320Test-469219808-project] Empty body provided in request {{(pid=110867) get_body /opt/stack/cinder/cinder/api/openstack/wsgi.py:715}}
Jun 15 00:35:08.754274 dv-cinder-835384-6-iscsi devstack@c-api.service[110867]: DEBUG cinder.api.openstack.wsgi [None req-6eb9aaee-0473-4410-ae36-3d9d64a07214 tempest-GroupsV320Test-469219808 tempest-GroupsV320Test-469219808-project] Calling method 'version_select' {{(pid=110867) _process_stack /opt/stack/cinder/cinder/api/openstack/wsgi.py:868}}
Jun 15 00:35:08.754636 dv-cinder-835384-6-iscsi devstack@c-api.service[110867]: DEBUG cinder.api.v3.groups [None req-6eb9aaee-0473-4410-ae36-3d9d64a07214 tempest-GroupsV320Test-469219808 tempest-GroupsV320Test-469219808-project] show called for member cdc5d809-e58c-4122-83d6-5641aa4fb115 {{(pid=110867) show /opt/stack/cinder/cinder/api/v3/groups.py:58}}
Jun 15 00:35:08.766078 dv-cinder-835384-6-iscsi devstack@c-api.service[110867]: /usr/local/lib/python3.8/dist-packages/oslo_context/context.py:100: DeprecationWarning: Policy enforcement is depending on the value of is_admin. This key is deprecated. Please update your policy file to use the standard policy values.
Jun 15 00:35:08.766078 dv-cinder-835384-6-iscsi devstack@c-api.service[110867]: warnings.warn('Policy enforcement is depending on the value of '
Jun 15 00:35:08.810615 dv-cinder-835384-6-iscsi devstack@c-api.service[110867]: INFO cinder.api.openstack.wsgi [None req-6eb9aaee-0473-4410-ae36-3d9d64a07214 tempest-GroupsV320Test-469219808 tempest-GroupsV320Test-469219808-project] http://10.222.0.33/volume/v3/87b820411401415186a49a29b0099e23/groups/cdc5d809-e58c-4122-83d6-5641aa4fb115 returned with HTTP 200
Jun 15 00:35:08.816793 dv-cinder-835384-6-iscsi devstack@c-api.service[110867]: [pid: 110867|app: 0|req: 53/102] 10.222.0.33 () {60 vars in 1362 bytes} [Wed Jun 15 00:35:08 2022] GET /volume/v3/87b820411401415186a49a29b0099e23/groups/cdc5d809-e58c-4122-83d6-5641aa4fb115 => generated 388 bytes in 64 msecs (HTTP/1.1 200) 7 headers in 286 bytes (1 switches on core 0)
Jun 15 00:35:08.820915 dv-cinder-835384-6-iscsi devstack@c-api.service[110866]: DEBUG cinder.api.middleware.request_id [None req-11b03757-8afb-4bc1-a6ea-5b2705c232e4 None None] RequestId filter calling following filter/app {{(pid=110866) _context_setter /opt/stack/cinder/cinder/api/middleware/request_id.py:62}}
Jun 15 00:35:08.826432 dv-cinder-835384-6-iscsi devstack@c-api.service[110866]: INFO cinder.api.openstack.wsgi [None req-11b03757-8afb-4bc1-a6ea-5b2705c232e4 tempest-GroupsV320Test-1369632417 tempest-GroupsV320Test-1369632417-project-admin] POST http://10.222.0.33/volume/v3/8d4371ac3ac245ebb9fa47c19ecf7a0f/groups/cdc5d809-e58c-4122-83d6-5641aa4fb115/action
Jun 15 00:35:08.827939 dv-cinder-835384-6-iscsi devstack@c-api.service[110866]: DEBUG cinder.api.openstack.wsgi [None req-11b03757-8afb-4bc1-a6ea-5b2705c232e4 tempest-GroupsV320Test-1369632417 tempest-GroupsV320Test-1369632417-project-admin] Action body: b'{"reset_status": {"status": "error"}}' {{(pid=110866) get_method /opt/stack/cinder/cinder/api/openstack/wsgi.py:983}}
Jun 15 00:35:08.828276 dv-cinder-835384-6-iscsi devstack@c-api.service[110866]: DEBUG cinder.api.openstack.wsgi [None req-11b03757-8afb-4bc1-a6ea-5b2705c232e4 tempest-GroupsV320Test-1369632417 tempest-GroupsV320Test-1369632417-project-admin] Action: 'action', calling method: reset_status, body: {"reset_status": {"status": "error"}} {{(pid=110866) _process_stack /opt/stack/cinder/cinder/api/openstack/wsgi.py:866}}
Jun 15 00:35:08.829306 dv-cinder-835384-6-iscsi devstack@c-api.service[110866]: DEBUG cinder.api.v3.groups [None req-11b03757-8afb-4bc1-a6ea-5b2705c232e4 tempest-GroupsV320Test-1369632417 tempest-GroupsV320Test-1369632417-project-admin] Updating group 'cdc5d809-e58c-4122-83d6-5641aa4fb115' with 'error' {{(pid=110866) _reset_status /opt/stack/cinder/cinder/api/v3/groups.py:82}}
Jun 15 00:35:08.843231 dv-cinder-835384-6-iscsi devstack@c-api.service[110866]: /usr/local/lib/python3.8/dist-packages/oslo_context/context.py:100: DeprecationWarning: Policy enforcement is depending on the value of is_admin. This key is deprecated. Please update your policy file to use the standard policy values.
Jun 15 00:35:08.843231 dv-cinder-835384-6-iscsi devstack@c-api.service[110866]: warnings.warn('Policy enforcement is depending on the value of '
Jun 15 00:35:08.862235 dv-cinder-835384-6-iscsi devstack@c-api.service[110866]: INFO cinder.api.openstack.wsgi [None req-11b03757-8afb-4bc1-a6ea-5b2705c232e4 tempest-GroupsV320Test-1369632417 tempest-GroupsV320Test-1369632417-project-admin] http://10.222.0.33/volume/v3/8d4371ac3ac245ebb9fa47c19ecf7a0f/groups/cdc5d809-e58c-4122-83d6-5641aa4fb115/action returned with HTTP 202
Jun 15 00:35:08.863924 dv-cinder-835384-6-iscsi devstack@c-api.service[110866]: [pid: 110866|app: 0|req: 50/103] 10.222.0.33 () {62 vars in 1404 bytes} [Wed Jun 15 00:35:08 2022] POST /volume/v3/8d4371ac3ac245ebb9fa47c19ecf7a0f/groups/cdc5d809-e58c-4122-83d6-5641aa4fb115/action => generated 0 bytes in 46 msecs (HTTP/1.1 202) 6 headers in 234 bytes (1 switches on core 0)
Jun 15 00:35:08.869524 dv-cinder-835384-6-iscsi devstack@c-api.service[110867]: DEBUG cinder.api.middleware.request_id [None req-62eda0ab-02ab-40b9-98f4-3f586ed53654 None None] RequestId filter calling following filter/app {{(pid=110867) _context_setter /opt/stack/cinder/cinder/api/middleware/request_id.py:62}}
Jun 15 00:35:08.875691 dv-cinder-835384-6-iscsi devstack@c-api.service[110867]: INFO cinder.api.openstack.wsgi [None req-62eda0ab-02ab-40b9-98f4-3f586ed53654 tempest-GroupsV320Test-469219808 tempest-GroupsV320Test-469219808-project] GET http://10.222.0.33/volume/v3/87b820411401415186a49a29b0099e23/groups/cdc5d809-e58c-4122-83d6-5641aa4fb115
Jun 15 00:35:08.876349 dv-cinder-835384-6-iscsi devstack@c-api.service[110867]: DEBUG cinder.api.openstack.wsgi [None req-62eda0ab-02ab-40b9-98f4-3f586ed53654 tempest-GroupsV320Test-469219808 tempest-GroupsV320Test-469219808-project] Empty body provided in request {{(pid=110867) get_body /opt/stack/cinder/cinder/api/openstack/wsgi.py:715}}
Jun 15 00:35:08.876999 dv-cinder-835384-6-iscsi devstack@c-api.service[110867]: DEBUG cinder.api.openstack.wsgi [None req-62eda0ab-02ab-40b9-98f4-3f586ed53654 tempest-GroupsV320Test-469219808 tempest-GroupsV320Test-469219808-project] Calling method 'version_select' {{(pid=110867) _process_stack /opt/stack/cinder/cinder/api/openstack/wsgi.py:868}}
Jun 15 00:35:08.877484 dv-cinder-835384-6-iscsi devstack@c-api.service[110867]: DEBUG cinder.api.v3.groups [None req-62eda0ab-02ab-40b9-98f4-3f586ed53654 tempest-GroupsV320Test-469219808 tempest-GroupsV320Test-469219808-project] show called for member cdc5d809-e58c-4122-83d6-5641aa4fb115 {{(pid=110867) show /opt/stack/cinder/cinder/api/v3/groups.py:58}}
Jun 15 00:35:08.892167 dv-cinder-835384-6-iscsi devstack@c-api.service[110867]: /usr/local/lib/python3.8/dist-packages/oslo_context/context.py:100: DeprecationWarning: Policy enforcement is depending on the value of is_admin. This key is deprecated. Please update your policy file to use the standard policy values.
Jun 15 00:35:08.892167 dv-cinder-835384-6-iscsi devstack@c-api.service[110867]: warnings.warn('Policy enforcement is depending on the value of '
Jun 15 00:35:08.926455 dv-cinder-835384-6-iscsi devstack@c-api.service[110867]: INFO cinder.api.openstack.wsgi [None req-62eda0ab-02ab-40b9-98f4-3f586ed53654 tempest-GroupsV320Test-469219808 tempest-GroupsV320Test-469219808-project] http://10.222.0.33/volume/v3/87b820411401415186a49a29b0099e23/groups/cdc5d809-e58c-4122-83d6-5641aa4fb115 returned with HTTP 200
Jun 15 00:35:08.929753 dv-cinder-835384-6-iscsi devstack@c-api.service[110867]: [pid: 110867|app: 0|req: 54/104] 10.222.0.33 () {60 vars in 1362 bytes} [Wed Jun 15 00:35:08 2022] GET /volume/v3/87b820411401415186a49a29b0099e23/groups/cdc5d809-e58c-4122-83d6-5641aa4fb115 => generated 384 bytes in 61 msecs (HTTP/1.1 200) 7 headers in 286 bytes (1 switches on core 0)
Jun 15 00:35:08.935522 dv-cinder-835384-6-iscsi devstack@c-api.service[110866]: DEBUG cinder.api.middleware.request_id [None req-005d01cb-42d3-4322-a1c9-672ee55e0173 None None] RequestId filter calling following filter/app {{(pid=110866) _context_setter /opt/stack/cinder/cinder/api/middleware/request_id.py:62}}
Jun 15 00:35:08.940023 dv-cinder-835384-6-iscsi devstack@c-api.service[110866]: INFO cinder.api.openstack.wsgi [None req-005d01cb-42d3-4322-a1c9-672ee55e0173 tempest-GroupsV320Test-1369632417 tempest-GroupsV320Test-1369632417-project-admin] POST http://10.222.0.33/volume/v3/8d4371ac3ac245ebb9fa47c19ecf7a0f/groups/cdc5d809-e58c-4122-83d6-5641aa4fb115/action
Jun 15 00:35:08.941441 dv-cinder-835384-6-iscsi devstack@c-api.service[110866]: DEBUG cinder.api.openstack.wsgi [None req-005d01cb-42d3-4322-a1c9-672ee55e0173 tempest-GroupsV320Test-1369632417 tempest-GroupsV320Test-1369632417-project-admin] Action body: b'{"reset_status": {"status": "available"}}' {{(pid=110866) get_method /opt/stack/cinder/cinder/api/openstack/wsgi.py:983}}
Jun 15 00:35:08.941774 dv-cinder-835384-6-iscsi devstack@c-api.service[110866]: DEBUG cinder.api.openstack.wsgi [None req-005d01cb-42d3-4322-a1c9-672ee55e0173 tempest-GroupsV320Test-1369632417 tempest-GroupsV320Test-1369632417-project-admin] Action: 'action', calling method: reset_status, body: {"reset_status": {"status": "available"}} {{(pid=110866) _process_stack /opt/stack/cinder/cinder/api/openstack/wsgi.py:866}}
Jun 15 00:35:08.943149 dv-cinder-835384-6-iscsi devstack@c-api.service[110866]: DEBUG cinder.api.v3.groups [None req-005d01cb-42d3-4322-a1c9-672ee55e0173 tempest-GroupsV320Test-1369632417 tempest-GroupsV320Test-1369632417-project-admin] Updating group 'cdc5d809-e58c-4122-83d6-5641aa4fb115' with 'available' {{(pid=110866) _reset_status /opt/stack/cinder/cinder/api/v3/groups.py:82}}
Jun 15 00:35:08.952448 dv-cinder-835384-6-iscsi devstack@c-api.service[110866]: /usr/local/lib/python3.8/dist-packages/oslo_context/context.py:100: DeprecationWarning: Policy enforcement is depending on the value of is_admin. This key is deprecated. Please update your policy file to use the standard policy values.
Jun 15 00:35:08.952448 dv-cinder-835384-6-iscsi devstack@c-api.service[110866]: warnings.warn('Policy enforcement is depending on the value of '
Jun 15 00:35:08.981475 dv-cinder-835384-6-iscsi devstack@c-api.service[110866]: INFO cinder.api.openstack.wsgi [None req-005d01cb-42d3-4322-a1c9-672ee55e0173 tempest-GroupsV320Test-1369632417 tempest-GroupsV320Test-1369632417-project-admin] http://10.222.0.33/volume/v3/8d4371ac3ac245ebb9fa47c19ecf7a0f/groups/cdc5d809-e58c-4122-83d6-5641aa4fb115/action returned with HTTP 202
Jun 15 00:35:08.983366 dv-cinder-835384-6-iscsi devstack@c-api.service[110866]: [pid: 110866|app: 0|req: 51/105] 10.222.0.33 () {62 vars in 1404 bytes} [Wed Jun 15 00:35:08 2022] POST /volume/v3/8d4371ac3ac245ebb9fa47c19ecf7a0f/groups/cdc5d809-e58c-4122-83d6-5641aa4fb115/action => generated 0 bytes in 49 msecs (HTTP/1.1 202) 6 headers in 234 bytes (1 switches on core 0)
Jun 15 00:35:08.988035 dv-cinder-835384-6-iscsi devstack@c-api.service[110867]: DEBUG cinder.api.middleware.request_id [None req-465cca09-325f-4695-88b2-137e0872de35 None None] RequestId filter calling following filter/app {{(pid=110867) _context_setter /opt/stack/cinder/cinder/api/middleware/request_id.py:62}}
Jun 15 00:35:08.992732 dv-cinder-835384-6-iscsi devstack@c-api.service[110867]: INFO cinder.api.openstack.wsgi [None req-465cca09-325f-4695-88b2-137e0872de35 tempest-GroupsV320Test-469219808 tempest-GroupsV320Test-469219808-project] GET http://10.222.0.33/volume/v3/87b820411401415186a49a29b0099e23/groups/cdc5d809-e58c-4122-83d6-5641aa4fb115
Jun 15 00:35:08.993298 dv-cinder-835384-6-iscsi devstack@c-api.service[110867]: DEBUG cinder.api.openstack.wsgi [None req-465cca09-325f-4695-88b2-137e0872de35 tempest-GroupsV320Test-469219808 tempest-GroupsV320Test-469219808-project] Empty body provided in request {{(pid=110867) get_body /opt/stack/cinder/cinder/api/openstack/wsgi.py:715}}
Jun 15 00:35:08.993820 dv-cinder-835384-6-iscsi devstack@c-api.service[110867]: DEBUG cinder.api.openstack.wsgi [None req-465cca09-325f-4695-88b2-137e0872de35 tempest-GroupsV320Test-469219808 tempest-GroupsV320Test-469219808-project] Calling method 'version_select' {{(pid=110867) _process_stack /opt/stack/cinder/cinder/api/openstack/wsgi.py:868}}
Jun 15 00:35:08.994440 dv-cinder-835384-6-iscsi devstack@c-api.service[110867]: DEBUG cinder.api.v3.groups [None req-465cca09-325f-4695-88b2-137e0872de35 tempest-GroupsV320Test-469219808 tempest-GroupsV320Test-469219808-project] show called for member cdc5d809-e58c-4122-83d6-5641aa4fb115 {{(pid=110867) show /opt/stack/cinder/cinder/api/v3/groups.py:58}}
Jun 15 00:35:09.002505 dv-cinder-835384-6-iscsi devstack@c-api.service[110867]: /usr/local/lib/python3.8/dist-packages/oslo_context/context.py:100: DeprecationWarning: Policy enforcement is depending on the value of is_admin. This key is deprecated. Please update your policy file to use the standard policy values.
Jun 15 00:35:09.002505 dv-cinder-835384-6-iscsi devstack@c-api.service[110867]: warnings.warn('Policy enforcement is depending on the value of '
Jun 15 00:35:09.021551 dv-cinder-835384-6-iscsi devstack@c-api.service[110867]: INFO cinder.api.openstack.wsgi [None req-465cca09-325f-4695-88b2-137e0872de35 tempest-GroupsV320Test-469219808 tempest-GroupsV320Test-469219808-project] http://10.222.0.33/volume/v3/87b820411401415186a49a29b0099e23/groups/cdc5d809-e58c-4122-83d6-5641aa4fb115 returned with HTTP 200
Jun 15 00:35:09.022998 dv-cinder-835384-6-iscsi devstack@c-api.service[110867]: [pid: 110867|app: 0|req: 55/106] 10.222.0.33 () {60 vars in 1362 bytes} [Wed Jun 15 00:35:08 2022] GET /volume/v3/87b820411401415186a49a29b0099e23/groups/cdc5d809-e58c-4122-83d6-5641aa4fb115 => generated 388 bytes in 36 msecs (HTTP/1.1 200) 7 headers in 286 bytes (1 switches on core 0)
Jun 15 00:35:09.033016 dv-cinder-835384-6-iscsi devstack@c-api.service[110866]: DEBUG cinder.api.middleware.request_id [None req-048cbb21-9d70-4dfb-9a7c-c0ef273d9c6d None None] RequestId filter calling following filter/app {{(pid=110866) _context_setter /opt/stack/cinder/cinder/api/middleware/request_id.py:62}}
Jun 15 00:35:09.042250 dv-cinder-835384-6-iscsi devstack@c-api.service[110866]: INFO cinder.api.openstack.wsgi [None req-048cbb21-9d70-4dfb-9a7c-c0ef273d9c6d tempest-GroupsV320Test-469219808 tempest-GroupsV320Test-469219808-project] GET http://10.222.0.33/volume/v3/87b820411401415186a49a29b0099e23/volumes/detail
Jun 15 00:35:09.043767 dv-cinder-835384-6-iscsi devstack@c-api.service[110866]: DEBUG cinder.api.openstack.wsgi [None req-048cbb21-9d70-4dfb-9a7c-c0ef273d9c6d tempest-GroupsV320Test-469219808 tempest-GroupsV320Test-469219808-project] Empty body provided in request {{(pid=110866) get_body /opt/stack/cinder/cinder/api/openstack/wsgi.py:715}}
Jun 15 00:35:09.058960 dv-cinder-835384-6-iscsi devstack@c-api.service[110866]: DEBUG cinder.api.openstack.wsgi [None req-048cbb21-9d70-4dfb-9a7c-c0ef273d9c6d tempest-GroupsV320Test-469219808 tempest-GroupsV320Test-469219808-project] Calling method 'detail' {{(pid=110866) _process_stack /opt/stack/cinder/cinder/api/openstack/wsgi.py:868}}
Jun 15 00:35:09.059780 dv-cinder-835384-6-iscsi devstack@c-api.service[110866]: DEBUG cinder.api.api_utils [None req-048cbb21-9d70-4dfb-9a7c-c0ef273d9c6d tempest-GroupsV320Test-469219808 tempest-GroupsV320Test-469219808-project] Removing options '' from query. {{(pid=110866) remove_invalid_filter_options /opt/stack/cinder/cinder/api/api_utils.py:73}}
Jun 15 00:35:09.062422 dv-cinder-835384-6-iscsi devstack@c-api.service[110867]: DEBUG cinder.api.middleware.request_id [None req-cab51934-f6aa-412f-9cec-eff163992808 None None] RequestId filter calling following filter/app {{(pid=110867) _context_setter /opt/stack/cinder/cinder/api/middleware/request_id.py:62}}
Jun 15 00:35:09.068478 dv-cinder-835384-6-iscsi devstack@c-api.service[110866]: DEBUG cinder.volume.api [None req-048cbb21-9d70-4dfb-9a7c-c0ef273d9c6d tempest-GroupsV320Test-469219808 tempest-GroupsV320Test-469219808-project] Searching by: MultiDict([('no_migration_targets', True)]). {{(pid=110866) get_all /opt/stack/cinder/cinder/volume/api.py:664}}
Jun 15 00:35:09.080832 dv-cinder-835384-6-iscsi devstack@c-api.service[110867]: INFO cinder.api.openstack.wsgi [None req-cab51934-f6aa-412f-9cec-eff163992808 tempest-GroupSnapshotsTest-1531090202 tempest-GroupSnapshotsTest-1531090202-project] GET http://10.222.0.33/volume/v3/58ef2d58b11443718ffc22e7977b6e57/volumes/48846a9e-0f40-42ae-971f-bb2ee7fdd125
Jun 15 00:35:09.081380 dv-cinder-835384-6-iscsi devstack@c-api.service[110867]: DEBUG cinder.api.openstack.wsgi [None req-cab51934-f6aa-412f-9cec-eff163992808 tempest-GroupSnapshotsTest-1531090202 tempest-GroupSnapshotsTest-1531090202-project] Empty body provided in request {{(pid=110867) get_body /opt/stack/cinder/cinder/api/openstack/wsgi.py:715}}
Jun 15 00:35:09.084596 dv-cinder-835384-6-iscsi devstack@c-api.service[110867]: DEBUG cinder.api.openstack.wsgi [None req-cab51934-f6aa-412f-9cec-eff163992808 tempest-GroupSnapshotsTest-1531090202 tempest-GroupSnapshotsTest-1531090202-project] Calling method 'show' {{(pid=110867) _process_stack /opt/stack/cinder/cinder/api/openstack/wsgi.py:868}}
Jun 15 00:35:09.142065 dv-cinder-835384-6-iscsi devstack@c-api.service[110867]: /usr/local/lib/python3.8/dist-packages/oslo_context/context.py:100: DeprecationWarning: Policy enforcement is depending on the value of is_admin. This key is deprecated. Please update your policy file to use the standard policy values.
Jun 15 00:35:09.142065 dv-cinder-835384-6-iscsi devstack@c-api.service[110867]: warnings.warn('Policy enforcement is depending on the value of '
Jun 15 00:35:09.207076 dv-cinder-835384-6-iscsi devstack@c-api.service[110867]: INFO cinder.volume.api [None req-cab51934-f6aa-412f-9cec-eff163992808 tempest-GroupSnapshotsTest-1531090202 tempest-GroupSnapshotsTest-1531090202-project] Volume info retrieved successfully.
Jun 15 00:35:09.212097 dv-cinder-835384-6-iscsi devstack@c-api.service[110867]: WARNING stevedore.named [None req-cab51934-f6aa-412f-9cec-eff163992808 tempest-GroupSnapshotsTest-1531090202 tempest-GroupSnapshotsTest-1531090202-project] Could not load cinder.keymgr.conf_key_mgr.ConfKeyManager
Jun 15 00:35:09.212625 dv-cinder-835384-6-iscsi devstack@c-api.service[110867]: WARNING castellan.key_manager [None req-cab51934-f6aa-412f-9cec-eff163992808 tempest-GroupSnapshotsTest-1531090202 tempest-GroupSnapshotsTest-1531090202-project] Deprecation Warning : cinder.keymgr.conf_key_mgr.ConfKeyManager is not a stevedore based driver, trying to load it as a class: stevedore.exception.NoMatches: No 'castellan.drivers' driver found, looking for 'cinder.keymgr.conf_key_mgr.ConfKeyManager'
Jun 15 00:35:09.231746 dv-cinder-835384-6-iscsi devstack@c-api.service[110867]: DEBUG oslo_db.sqlalchemy.engines [None req-cab51934-f6aa-412f-9cec-eff163992808 tempest-GroupSnapshotsTest-1531090202 tempest-GroupSnapshotsTest-1531090202-project] MySQL server mode set to STRICT_TRANS_TABLES,STRICT_ALL_TABLES,NO_ZERO_IN_DATE,NO_ZERO_DATE,ERROR_FOR_DIVISION_BY_ZERO,TRADITIONAL,NO_ENGINE_SUBSTITUTION {{(pid=110867) _check_effective_sql_mode /usr/local/lib/python3.8/dist-packages/oslo_db/sqlalchemy/engines.py:314}}
Jun 15 00:35:09.247872 dv-cinder-835384-6-iscsi devstack@c-api.service[110867]: /usr/local/lib/python3.8/dist-packages/oslo_context/context.py:100: DeprecationWarning: Policy enforcement is depending on the value of is_admin. This key is deprecated. Please update your policy file to use the standard policy values.
Jun 15 00:35:09.247872 dv-cinder-835384-6-iscsi devstack@c-api.service[110867]: warnings.warn('Policy enforcement is depending on the value of '
Jun 15 00:35:09.278940 dv-cinder-835384-6-iscsi devstack@c-api.service[110866]: INFO cinder.volume.api [None req-048cbb21-9d70-4dfb-9a7c-c0ef273d9c6d tempest-GroupsV320Test-469219808 tempest-GroupsV320Test-469219808-project] Get all volumes completed successfully.
Jun 15 00:35:09.292165 dv-cinder-835384-6-iscsi devstack@c-api.service[110867]: INFO cinder.api.openstack.wsgi [None req-cab51934-f6aa-412f-9cec-eff163992808 tempest-GroupSnapshotsTest-1531090202 tempest-GroupSnapshotsTest-1531090202-project] http://10.222.0.33/volume/v3/58ef2d58b11443718ffc22e7977b6e57/volumes/48846a9e-0f40-42ae-971f-bb2ee7fdd125 returned with HTTP 200
Jun 15 00:35:09.305245 dv-cinder-835384-6-iscsi devstack@c-api.service[110866]: INFO cinder.api.openstack.wsgi [None req-048cbb21-9d70-4dfb-9a7c-c0ef273d9c6d tempest-GroupsV320Test-469219808 tempest-GroupsV320Test-469219808-project] http://10.222.0.33/volume/v3/87b820411401415186a49a29b0099e23/volumes/detail returned with HTTP 200
Jun 15 00:35:09.309361 dv-cinder-835384-6-iscsi devstack@c-api.service[110867]: [pid: 110867|app: 0|req: 56/107] 10.222.0.33 () {60 vars in 1365 bytes} [Wed Jun 15 00:35:09 2022] GET /volume/v3/58ef2d58b11443718ffc22e7977b6e57/volumes/48846a9e-0f40-42ae-971f-bb2ee7fdd125 => generated 1000 bytes in 265 msecs (HTTP/1.1 200) 7 headers in 287 bytes (1 switches on core 0)
Jun 15 00:35:09.311478 dv-cinder-835384-6-iscsi devstack@c-api.service[110867]: DEBUG cinder.api.middleware.request_id [None req-c170a979-185b-4146-9225-a8f31bfa0906 None None] RequestId filter calling following filter/app {{(pid=110867) _context_setter /opt/stack/cinder/cinder/api/middleware/request_id.py:62}}
Jun 15 00:35:09.319213 dv-cinder-835384-6-iscsi devstack@c-api.service[110867]: INFO cinder.api.openstack.wsgi [None req-c170a979-185b-4146-9225-a8f31bfa0906 tempest-GroupSnapshotsTest-1531090202 tempest-GroupSnapshotsTest-1531090202-project] POST http://10.222.0.33/volume/v3/58ef2d58b11443718ffc22e7977b6e57/volumes
Jun 15 00:35:09.320469 dv-cinder-835384-6-iscsi devstack@c-api.service[110867]: DEBUG cinder.api.openstack.wsgi [None req-c170a979-185b-4146-9225-a8f31bfa0906 tempest-GroupSnapshotsTest-1531090202 tempest-GroupSnapshotsTest-1531090202-project] Action: 'create', calling method: create, body: {"volume": {"volume_type": "5456fcdf-c5fb-4cb6-8444-96d02a3484d5", "group_id": "6217695b-ade1-46a5-874a-e101456329aa", "size": 1, "name": "tempest-GroupSnapshotsTest-Volume-5036869"}} {{(pid=110867) _process_stack /opt/stack/cinder/cinder/api/openstack/wsgi.py:866}}
Jun 15 00:35:09.321709 dv-cinder-835384-6-iscsi devstack@c-api.service[110867]: DEBUG cinder.api.v3.volumes [None req-c170a979-185b-4146-9225-a8f31bfa0906 tempest-GroupSnapshotsTest-1531090202 tempest-GroupSnapshotsTest-1531090202-project] Create volume request body: {'volume': {'volume_type': '5456fcdf-c5fb-4cb6-8444-96d02a3484d5', 'group_id': '6217695b-ade1-46a5-874a-e101456329aa', 'size': 1, 'name': 'tempest-GroupSnapshotsTest-Volume-5036869'}} {{(pid=110867) create /opt/stack/cinder/cinder/api/v3/volumes.py:298}}
Jun 15 00:35:09.328578 dv-cinder-835384-6-iscsi devstack@c-api.service[110866]: [pid: 110866|app: 0|req: 52/108] 10.222.0.33 () {60 vars in 1275 bytes} [Wed Jun 15 00:35:09 2022] GET /volume/v3/87b820411401415186a49a29b0099e23/volumes/detail => generated 15 bytes in 299 msecs (HTTP/1.1 200) 7 headers in 285 bytes (1 switches on core 0)
Jun 15 00:35:09.339802 dv-cinder-835384-6-iscsi devstack@c-api.service[110866]: DEBUG cinder.api.middleware.request_id [None req-79c7affa-9381-4bbb-ad40-2b3fd1c6e398 None None] RequestId filter calling following filter/app {{(pid=110866) _context_setter /opt/stack/cinder/cinder/api/middleware/request_id.py:62}}
Jun 15 00:35:09.356971 dv-cinder-835384-6-iscsi devstack@c-api.service[110866]: INFO cinder.api.openstack.wsgi [None req-79c7affa-9381-4bbb-ad40-2b3fd1c6e398 tempest-GroupsV320Test-469219808 tempest-GroupsV320Test-469219808-project] POST http://10.222.0.33/volume/v3/87b820411401415186a49a29b0099e23/groups/cdc5d809-e58c-4122-83d6-5641aa4fb115/action
Jun 15 00:35:09.364619 dv-cinder-835384-6-iscsi devstack@c-api.service[110866]: DEBUG cinder.api.openstack.wsgi [None req-79c7affa-9381-4bbb-ad40-2b3fd1c6e398 tempest-GroupsV320Test-469219808 tempest-GroupsV320Test-469219808-project] Action body: b'{"delete": {"delete-volumes": true}}' {{(pid=110866) get_method /opt/stack/cinder/cinder/api/openstack/wsgi.py:983}}
Jun 15 00:35:09.364982 dv-cinder-835384-6-iscsi devstack@c-api.service[110866]: DEBUG cinder.api.openstack.wsgi [None req-79c7affa-9381-4bbb-ad40-2b3fd1c6e398 tempest-GroupsV320Test-469219808 tempest-GroupsV320Test-469219808-project] Action: 'action', calling method: delete_group, body: {"delete": {"delete-volumes": true}} {{(pid=110866) _process_stack /opt/stack/cinder/cinder/api/openstack/wsgi.py:866}}
Jun 15 00:35:09.369008 dv-cinder-835384-6-iscsi devstack@c-api.service[110867]: /usr/local/lib/python3.8/dist-packages/oslo_context/context.py:100: DeprecationWarning: Policy enforcement is depending on the value of is_admin. This key is deprecated. Please update your policy file to use the standard policy values.
Jun 15 00:35:09.369008 dv-cinder-835384-6-iscsi devstack@c-api.service[110867]: warnings.warn('Policy enforcement is depending on the value of '
Jun 15 00:35:09.370192 dv-cinder-835384-6-iscsi devstack@c-api.service[110867]: INFO cinder.api.v3.volumes [None req-c170a979-185b-4146-9225-a8f31bfa0906 tempest-GroupSnapshotsTest-1531090202 tempest-GroupSnapshotsTest-1531090202-project] Create volume of 1 GB
Jun 15 00:35:09.370368 dv-cinder-835384-6-iscsi devstack@c-api.service[110866]: DEBUG cinder.api.v3.groups [None req-79c7affa-9381-4bbb-ad40-2b3fd1c6e398 tempest-GroupsV320Test-469219808 tempest-GroupsV320Test-469219808-project] delete called for group cdc5d809-e58c-4122-83d6-5641aa4fb115 {{(pid=110866) _delete /opt/stack/cinder/cinder/api/v3/groups.py:117}}
Jun 15 00:35:09.370670 dv-cinder-835384-6-iscsi devstack@c-api.service[110866]: INFO cinder.api.v3.groups [None req-79c7affa-9381-4bbb-ad40-2b3fd1c6e398 tempest-GroupsV320Test-469219808 tempest-GroupsV320Test-469219808-project] Delete group with id: cdc5d809-e58c-4122-83d6-5641aa4fb115
Jun 15 00:35:09.388855 dv-cinder-835384-6-iscsi devstack@c-api.service[110867]: INFO cinder.volume.api [None req-c170a979-185b-4146-9225-a8f31bfa0906 tempest-GroupSnapshotsTest-1531090202 tempest-GroupSnapshotsTest-1531090202-project] Availability Zones retrieved successfully.
Jun 15 00:35:09.411930 dv-cinder-835384-6-iscsi devstack@c-api.service[110867]: DEBUG cinder.volume.api [None req-c170a979-185b-4146-9225-a8f31bfa0906 tempest-GroupSnapshotsTest-1531090202 tempest-GroupSnapshotsTest-1531090202-project] Flow 'volume_create_api' (54b567f7-3a20-4f42-99ba-e878228233d4) transitioned into state 'RUNNING' from state 'PENDING' {{(pid=110867) _flow_receiver /usr/local/lib/python3.8/dist-packages/taskflow/listeners/logging.py:141}}
Jun 15 00:35:09.416108 dv-cinder-835384-6-iscsi devstack@c-api.service[110867]: DEBUG cinder.volume.api [None req-c170a979-185b-4146-9225-a8f31bfa0906 tempest-GroupSnapshotsTest-1531090202 tempest-GroupSnapshotsTest-1531090202-project] Task 'cinder.volume.flows.api.create_volume.ExtractVolumeRequestTask;volume:create' (8f7a1d6e-715f-49e0-933e-02438888badc) transitioned into state 'RUNNING' from state 'PENDING' {{(pid=110867) _task_receiver /usr/local/lib/python3.8/dist-packages/taskflow/listeners/logging.py:190}}
Jun 15 00:35:09.417657 dv-cinder-835384-6-iscsi devstack@c-api.service[110866]: /usr/local/lib/python3.8/dist-packages/oslo_context/context.py:100: DeprecationWarning: Policy enforcement is depending on the value of is_admin. This key is deprecated. Please update your policy file to use the standard policy values.
Jun 15 00:35:09.417657 dv-cinder-835384-6-iscsi devstack@c-api.service[110866]: warnings.warn('Policy enforcement is depending on the value of '
Jun 15 00:35:09.419999 dv-cinder-835384-6-iscsi devstack@c-api.service[110867]: /usr/local/lib/python3.8/dist-packages/oslo_context/context.py:100: DeprecationWarning: Policy enforcement is depending on the value of is_admin. This key is deprecated. Please update your policy file to use the standard policy values.
Jun 15 00:35:09.419999 dv-cinder-835384-6-iscsi devstack@c-api.service[110867]: warnings.warn('Policy enforcement is depending on the value of '
