Sep 22 16:51:51.628729 dv-cinder-835384-28-smb devstack@keystone.service[81530]: DEBUG keystone.server.flask.request_processing.req_logging [None req-8df0eef2-7877-4345-8dc6-46fdbfae2330 None None] REQUEST_METHOD: `POST` {{(pid=81530) log_request_info /opt/stack/keystone/keystone/server/flask/request_processing/req_logging.py:27}}
Sep 22 16:51:51.629017 dv-cinder-835384-28-smb devstack@keystone.service[81530]: DEBUG keystone.server.flask.request_processing.req_logging [None req-8df0eef2-7877-4345-8dc6-46fdbfae2330 None None] SCRIPT_NAME: `/identity` {{(pid=81530) log_request_info /opt/stack/keystone/keystone/server/flask/request_processing/req_logging.py:28}}
Sep 22 16:51:51.629225 dv-cinder-835384-28-smb devstack@keystone.service[81530]: DEBUG keystone.server.flask.request_processing.req_logging [None req-8df0eef2-7877-4345-8dc6-46fdbfae2330 None None] PATH_INFO: `/v3/auth/tokens` {{(pid=81530) log_request_info /opt/stack/keystone/keystone/server/flask/request_processing/req_logging.py:29}}
Sep 22 16:51:51.637638 dv-cinder-835384-28-smb devstack@keystone.service[81529]: DEBUG dbcounter [-] [81529] Writing DB stats keystone:SELECT=100 {{(pid=81529) stat_writer /usr/local/lib/python3.8/dist-packages/dbcounter.py:114}}
Sep 22 16:51:51.654494 dv-cinder-835384-28-smb devstack@keystone.service[81530]: DEBUG dbcounter [-] [81530] Writing DB stats keystone:SELECT=100 {{(pid=81530) stat_writer /usr/local/lib/python3.8/dist-packages/dbcounter.py:114}}
Sep 22 16:51:51.672537 dv-cinder-835384-28-smb devstack@keystone.service[81530]: DEBUG keystone.auth.core [None req-8df0eef2-7877-4345-8dc6-46fdbfae2330 None None] MFA Rules not processed for user `6b441038ebcb444080c635316cb2b19a`. Rule list: `[]` (Enabled: `True`). {{(pid=81530) check_auth_methods_against_rules /opt/stack/keystone/keystone/auth/core.py:438}}
Sep 22 16:51:51.673776 dv-cinder-835384-28-smb devstack@keystone.service[81530]: DEBUG keystone.common.fernet_utils [None req-8df0eef2-7877-4345-8dc6-46fdbfae2330 None None] Loaded 2 Fernet keys from /etc/keystone/fernet-keys/, but `[fernet_tokens] max_active_keys = 3`; perhaps there have not been enough key rotations to reach `max_active_keys` yet? {{(pid=81530) load_keys /opt/stack/keystone/keystone/common/fernet_utils.py:286}}
Sep 22 16:51:51.742645 dv-cinder-835384-28-smb devstack@keystone.service[81529]: DEBUG keystone.server.flask.request_processing.middleware.auth_context [None req-37c7687a-28e8-477f-84b4-58e3864aa309 None None] Validating token access rules against request {{(pid=81529) validate_allowed_request /usr/local/lib/python3.8/dist-packages/keystonemiddleware/auth_token/__init__.py:545}}
Sep 22 16:51:51.788512 dv-cinder-835384-28-smb devstack@keystone.service[81529]: DEBUG keystone.server.flask.request_processing.middleware.auth_context [None req-1b3d72d7-078a-416d-8265-1aad0250e99c None admin] RBAC: auth_context: {'token': , 'domain_id': None, 'trust_id': None, 'trustor_id': None, 'trustee_id': None, 'domain_name': None, 'group_ids': [], 'user_id': '6b441038ebcb444080c635316cb2b19a', 'user_domain_id': 'default', 'system_scope': 'all', 'project_id': None, 'project_domain_id': None, 'roles': ['admin', 'member', 'reader'], 'is_admin_project': True, 'service_user_id': None, 'service_user_domain_id': None, 'service_project_id': None, 'service_project_domain_id': None, 'service_roles': []} {{(pid=81529) fill_context /opt/stack/keystone/keystone/server/flask/request_processing/middleware/auth_context.py:478}}
Sep 22 16:51:51.789141 dv-cinder-835384-28-smb devstack@keystone.service[81529]: DEBUG keystone.server.flask.request_processing.req_logging [None req-1b3d72d7-078a-416d-8265-1aad0250e99c None admin] REQUEST_METHOD: `GET` {{(pid=81529) log_request_info /opt/stack/keystone/keystone/server/flask/request_processing/req_logging.py:27}}
Sep 22 16:51:51.789423 dv-cinder-835384-28-smb devstack@keystone.service[81529]: DEBUG keystone.server.flask.request_processing.req_logging [None req-1b3d72d7-078a-416d-8265-1aad0250e99c None admin] SCRIPT_NAME: `/identity` {{(pid=81529) log_request_info /opt/stack/keystone/keystone/server/flask/request_processing/req_logging.py:28}}
Sep 22 16:51:51.789693 dv-cinder-835384-28-smb devstack@keystone.service[81529]: DEBUG keystone.server.flask.request_processing.req_logging [None req-1b3d72d7-078a-416d-8265-1aad0250e99c None admin] PATH_INFO: `/v3/roles` {{(pid=81529) log_request_info /opt/stack/keystone/keystone/server/flask/request_processing/req_logging.py:29}}
Sep 22 16:51:51.790355 dv-cinder-835384-28-smb devstack@keystone.service[81529]: DEBUG keystone.common.rbac_enforcer.enforcer [None req-1b3d72d7-078a-416d-8265-1aad0250e99c None admin] RBAC: Adding query filter params (name=admin) {{(pid=81529) _extract_filter_values /opt/stack/keystone/keystone/common/rbac_enforcer/enforcer.py:167}}
Sep 22 16:51:51.790688 dv-cinder-835384-28-smb devstack@keystone.service[81529]: DEBUG keystone.common.rbac_enforcer.enforcer [None req-1b3d72d7-078a-416d-8265-1aad0250e99c None admin] RBAC: Authorizing `identity:list_roles()` {{(pid=81529) enforce_call /opt/stack/keystone/keystone/common/rbac_enforcer/enforcer.py:449}}
Sep 22 16:51:51.792056 dv-cinder-835384-28-smb devstack@keystone.service[81529]: DEBUG keystone.common.rbac_enforcer.enforcer [None req-1b3d72d7-078a-416d-8265-1aad0250e99c None admin] RBAC: Authorization granted {{(pid=81529) enforce_call /opt/stack/keystone/keystone/common/rbac_enforcer/enforcer.py:457}}
Sep 22 16:51:51.810900 dv-cinder-835384-28-smb devstack@keystone.service[81529]: [pid: 81529|app: 0|req: 12/26] 10.222.0.50 () {56 vars in 1099 bytes} [Thu Sep 22 16:51:51 2022] GET /identity/v3/roles?name=admin => generated 339 bytes in 253 msecs (HTTP/1.1 200) 5 headers in 177 bytes (1 switches on core 0)
Sep 22 16:51:51.812138 dv-cinder-835384-28-smb devstack@keystone.service[81529]: DEBUG keystone.server.flask.request_processing.req_logging [None req-fcfab57a-4b22-4f71-86ea-8691702dd0a9 None None] REQUEST_METHOD: `GET` {{(pid=81529) log_request_info /opt/stack/keystone/keystone/server/flask/request_processing/req_logging.py:27}}
Sep 22 16:51:51.812395 dv-cinder-835384-28-smb devstack@keystone.service[81529]: DEBUG keystone.server.flask.request_processing.req_logging [None req-fcfab57a-4b22-4f71-86ea-8691702dd0a9 None None] SCRIPT_NAME: `/identity` {{(pid=81529) log_request_info /opt/stack/keystone/keystone/server/flask/request_processing/req_logging.py:28}}
Sep 22 16:51:51.812669 dv-cinder-835384-28-smb devstack@keystone.service[81529]: DEBUG keystone.server.flask.request_processing.req_logging [None req-fcfab57a-4b22-4f71-86ea-8691702dd0a9 None None] PATH_INFO: `/` {{(pid=81529) log_request_info /opt/stack/keystone/keystone/server/flask/request_processing/req_logging.py:29}}
Sep 22 16:51:51.813857 dv-cinder-835384-28-smb devstack@keystone.service[81529]: [pid: 81529|app: 0|req: 13/27] 10.222.0.50 () {54 vars in 927 bytes} [Thu Sep 22 16:51:51 2022] GET /identity => generated 270 bytes in 2 msecs (HTTP/1.1 300) 6 headers in 234 bytes (1 switches on core 0)
Sep 22 16:51:51.818349 dv-cinder-835384-28-smb devstack@keystone.service[81530]: [pid: 81530|app: 0|req: 15/28] 10.222.0.50 () {58 vars in 1024 bytes} [Thu Sep 22 16:51:51 2022] POST /identity/v3/auth/tokens => generated 799 bytes in 191 msecs (HTTP/1.1 201) 6 headers in 363 bytes (3 switches on core 0)
Sep 22 16:51:51.819927 dv-cinder-835384-28-smb devstack@keystone.service[81530]: DEBUG keystone.server.flask.request_processing.req_logging [None req-e3cfe7d8-9cae-4013-8cd3-030d05a5dc98 None None] REQUEST_METHOD: `POST` {{(pid=81530) log_request_info /opt/stack/keystone/keystone/server/flask/request_processing/req_logging.py:27}}
Sep 22 16:51:51.820214 dv-cinder-835384-28-smb devstack@keystone.service[81530]: DEBUG keystone.server.flask.request_processing.req_logging [None req-e3cfe7d8-9cae-4013-8cd3-030d05a5dc98 None None] SCRIPT_NAME: `/identity` {{(pid=81530) log_request_info /opt/stack/keystone/keystone/server/flask/request_processing/req_logging.py:28}}
Sep 22 16:51:51.820485 dv-cinder-835384-28-smb devstack@keystone.service[81530]: DEBUG keystone.server.flask.request_processing.req_logging [None req-e3cfe7d8-9cae-4013-8cd3-030d05a5dc98 None None] PATH_INFO: `/v3/auth/tokens` {{(pid=81530) log_request_info /opt/stack/keystone/keystone/server/flask/request_processing/req_logging.py:29}}
Sep 22 16:51:51.827446 dv-cinder-835384-28-smb devstack@keystone.service[81529]: DEBUG keystone.server.flask.request_processing.middleware.auth_context [None req-fcfab57a-4b22-4f71-86ea-8691702dd0a9 None None] Authenticating user token {{(pid=81529) process_request /usr/local/lib/python3.8/dist-packages/keystonemiddleware/auth_token/__init__.py:407}}
Sep 22 16:51:51.860827 dv-cinder-835384-28-smb devstack@keystone.service[81530]: DEBUG keystone.auth.core [None req-e3cfe7d8-9cae-4013-8cd3-030d05a5dc98 None None] MFA Rules not processed for user `6b441038ebcb444080c635316cb2b19a`. Rule list: `[]` (Enabled: `True`). {{(pid=81530) check_auth_methods_against_rules /opt/stack/keystone/keystone/auth/core.py:438}}
Sep 22 16:51:51.861985 dv-cinder-835384-28-smb devstack@keystone.service[81530]: DEBUG keystone.common.fernet_utils [None req-e3cfe7d8-9cae-4013-8cd3-030d05a5dc98 None None] Loaded 2 Fernet keys from /etc/keystone/fernet-keys/, but `[fernet_tokens] max_active_keys = 3`; perhaps there have not been enough key rotations to reach `max_active_keys` yet? {{(pid=81530) load_keys /opt/stack/keystone/keystone/common/fernet_utils.py:286}}
Sep 22 16:51:52.006967 dv-cinder-835384-28-smb devstack@keystone.service[81530]: [pid: 81530|app: 0|req: 16/29] 10.222.0.50 () {58 vars in 1024 bytes} [Thu Sep 22 16:51:51 2022] POST /identity/v3/auth/tokens => generated 799 bytes in 188 msecs (HTTP/1.1 201) 6 headers in 363 bytes (2 switches on core 0)
Sep 22 16:51:52.019173 dv-cinder-835384-28-smb devstack@keystone.service[81529]: DEBUG keystone.server.flask.request_processing.middleware.auth_context [None req-fcfab57a-4b22-4f71-86ea-8691702dd0a9 None None] Validating token access rules against request {{(pid=81529) validate_allowed_request /usr/local/lib/python3.8/dist-packages/keystonemiddleware/auth_token/__init__.py:545}}
Sep 22 16:51:52.028974 dv-cinder-835384-28-smb devstack@keystone.service[81529]: DEBUG dbcounter [-] [81529] Writing DB stats keystone:SELECT=100 {{(pid=81529) stat_writer /usr/local/lib/python3.8/dist-packages/dbcounter.py:114}}
Sep 22 16:51:52.050615 dv-cinder-835384-28-smb devstack@keystone.service[81530]: DEBUG keystone.server.flask.request_processing.req_logging [None req-5d8fd8d4-f99e-4f3f-b129-54191d3dc548 None None] REQUEST_METHOD: `GET` {{(pid=81530) log_request_info /opt/stack/keystone/keystone/server/flask/request_processing/req_logging.py:27}}
Sep 22 16:51:52.050983 dv-cinder-835384-28-smb devstack@keystone.service[81530]: DEBUG keystone.server.flask.request_processing.req_logging [None req-5d8fd8d4-f99e-4f3f-b129-54191d3dc548 None None] SCRIPT_NAME: `/identity` {{(pid=81530) log_request_info /opt/stack/keystone/keystone/server/flask/request_processing/req_logging.py:28}}
Sep 22 16:51:52.051194 dv-cinder-835384-28-smb devstack@keystone.service[81530]: DEBUG keystone.server.flask.request_processing.req_logging [None req-5d8fd8d4-f99e-4f3f-b129-54191d3dc548 None None] PATH_INFO: `/` {{(pid=81530) log_request_info /opt/stack/keystone/keystone/server/flask/request_processing/req_logging.py:29}}
Sep 22 16:51:52.052787 dv-cinder-835384-28-smb devstack@keystone.service[81530]: [pid: 81530|app: 0|req: 17/30] 10.222.0.50 () {54 vars in 927 bytes} [Thu Sep 22 16:51:52 2022] GET /identity => generated 270 bytes in 4 msecs (HTTP/1.1 300) 6 headers in 234 bytes (1 switches on core 0)
Sep 22 16:51:52.057852 dv-cinder-835384-28-smb devstack@keystone.service[81530]: DEBUG keystone.server.flask.request_processing.req_logging [None req-d5a457ec-b851-4f25-9063-fd7c6f9abe59 None None] REQUEST_METHOD: `POST` {{(pid=81530) log_request_info /opt/stack/keystone/keystone/server/flask/request_processing/req_logging.py:27}}
Sep 22 16:51:52.058137 dv-cinder-835384-28-smb devstack@keystone.service[81530]: DEBUG keystone.server.flask.request_processing.req_logging [None req-d5a457ec-b851-4f25-9063-fd7c6f9abe59 None None] SCRIPT_NAME: `/identity` {{(pid=81530) log_request_info /opt/stack/keystone/keystone/server/flask/request_processing/req_logging.py:28}}
Sep 22 16:51:52.058411 dv-cinder-835384-28-smb devstack@keystone.service[81530]: DEBUG keystone.server.flask.request_processing.req_logging [None req-d5a457ec-b851-4f25-9063-fd7c6f9abe59 None None] PATH_INFO: `/v3/auth/tokens` {{(pid=81530) log_request_info /opt/stack/keystone/keystone/server/flask/request_processing/req_logging.py:29}}
Sep 22 16:51:52.074043 dv-cinder-835384-28-smb devstack@keystone.service[81529]: DEBUG keystone.server.flask.request_processing.middleware.auth_context [None req-37d61699-8fce-4611-adee-b523d1fa3ce2 None admin] RBAC: auth_context: {'token': , 'domain_id': None, 'trust_id': None, 'trustor_id': None, 'trustee_id': None, 'domain_name': None, 'group_ids': [], 'user_id': '6b441038ebcb444080c635316cb2b19a', 'user_domain_id': 'default', 'system_scope': 'all', 'project_id': None, 'project_domain_id': None, 'roles': ['admin', 'member', 'reader'], 'is_admin_project': True, 'service_user_id': None, 'service_user_domain_id': None, 'service_project_id': None, 'service_project_domain_id': None, 'service_roles': []} {{(pid=81529) fill_context /opt/stack/keystone/keystone/server/flask/request_processing/middleware/auth_context.py:478}}
Sep 22 16:51:52.074760 dv-cinder-835384-28-smb devstack@keystone.service[81529]: DEBUG keystone.server.flask.request_processing.req_logging [None req-37d61699-8fce-4611-adee-b523d1fa3ce2 None admin] REQUEST_METHOD: `GET` {{(pid=81529) log_request_info /opt/stack/keystone/keystone/server/flask/request_processing/req_logging.py:27}}
Sep 22 16:51:52.075045 dv-cinder-835384-28-smb devstack@keystone.service[81529]: DEBUG keystone.server.flask.request_processing.req_logging [None req-37d61699-8fce-4611-adee-b523d1fa3ce2 None admin] SCRIPT_NAME: `/identity` {{(pid=81529) log_request_info /opt/stack/keystone/keystone/server/flask/request_processing/req_logging.py:28}}
Sep 22 16:51:52.075318 dv-cinder-835384-28-smb devstack@keystone.service[81529]: DEBUG keystone.server.flask.request_processing.req_logging [None req-37d61699-8fce-4611-adee-b523d1fa3ce2 None admin] PATH_INFO: `/v3/users/6b441038ebcb444080c635316cb2b19a` {{(pid=81529) log_request_info /opt/stack/keystone/keystone/server/flask/request_processing/req_logging.py:29}}
Sep 22 16:51:52.078130 dv-cinder-835384-28-smb devstack@keystone.service[81529]: DEBUG keystone.common.rbac_enforcer.enforcer [None req-37d61699-8fce-4611-adee-b523d1fa3ce2 None admin] RBAC: Authorizing `identity:get_user(user_id=6b441038ebcb444080c635316cb2b19a)` {{(pid=81529) enforce_call /opt/stack/keystone/keystone/common/rbac_enforcer/enforcer.py:449}}
Sep 22 16:51:52.079847 dv-cinder-835384-28-smb devstack@keystone.service[81529]: DEBUG keystone.common.rbac_enforcer.enforcer [None req-37d61699-8fce-4611-adee-b523d1fa3ce2 None admin] RBAC: Authorization granted {{(pid=81529) enforce_call /opt/stack/keystone/keystone/common/rbac_enforcer/enforcer.py:457}}
Sep 22 16:51:52.083441 dv-cinder-835384-28-smb devstack@keystone.service[81529]: [pid: 81529|app: 0|req: 14/31] 10.222.0.50 () {56 vars in 1177 bytes} [Thu Sep 22 16:51:51 2022] GET /identity/v3/users/6b441038ebcb444080c635316cb2b19a => generated 247 bytes in 265 msecs (HTTP/1.1 200) 5 headers in 177 bytes (1 switches on core 0)
Sep 22 16:51:52.085681 dv-cinder-835384-28-smb devstack@keystone.service[81530]: DEBUG keystone.auth.core [None req-d5a457ec-b851-4f25-9063-fd7c6f9abe59 None None] MFA Rules not processed for user `6b441038ebcb444080c635316cb2b19a`. Rule list: `[]` (Enabled: `True`). {{(pid=81530) check_auth_methods_against_rules /opt/stack/keystone/keystone/auth/core.py:438}}
Sep 22 16:51:52.086952 dv-cinder-835384-28-smb devstack@keystone.service[81530]: DEBUG keystone.common.fernet_utils [None req-d5a457ec-b851-4f25-9063-fd7c6f9abe59 None None] Loaded 2 Fernet keys from /etc/keystone/fernet-keys/, but `[fernet_tokens] max_active_keys = 3`; perhaps there have not been enough key rotations to reach `max_active_keys` yet? {{(pid=81530) load_keys /opt/stack/keystone/keystone/common/fernet_utils.py:286}}
Sep 22 16:51:52.089715 dv-cinder-835384-28-smb devstack@keystone.service[81529]: DEBUG keystone.server.flask.request_processing.middleware.auth_context [None req-37d61699-8fce-4611-adee-b523d1fa3ce2 None admin] Authenticating user token {{(pid=81529) process_request /usr/local/lib/python3.8/dist-packages/keystonemiddleware/auth_token/__init__.py:407}}
Sep 22 16:51:52.234645 dv-cinder-835384-28-smb devstack@keystone.service[81530]: DEBUG dbcounter [-] [81530] Writing DB stats keystone:SELECT=100 {{(pid=81530) stat_writer /usr/local/lib/python3.8/dist-packages/dbcounter.py:114}}
Sep 22 16:51:52.248533 dv-cinder-835384-28-smb devstack@keystone.service[81530]: [pid: 81530|app: 0|req: 18/32] 10.222.0.50 () {58 vars in 1024 bytes} [Thu Sep 22 16:51:52 2022] POST /identity/v3/auth/tokens => generated 799 bytes in 191 msecs (HTTP/1.1 201) 6 headers in 363 bytes (1 switches on core 0)
Sep 22 16:51:52.249356 dv-cinder-835384-28-smb devstack@keystone.service[81530]: DEBUG keystone.server.flask.request_processing.middleware.auth_context [None req-d5a457ec-b851-4f25-9063-fd7c6f9abe59 None None] Authenticating user token {{(pid=81530) process_request /usr/local/lib/python3.8/dist-packages/keystonemiddleware/auth_token/__init__.py:407}}
Sep 22 16:51:52.313435 dv-cinder-835384-28-smb devstack@keystone.service[81529]: DEBUG keystone.server.flask.request_processing.middleware.auth_context [None req-37d61699-8fce-4611-adee-b523d1fa3ce2 None admin] Validating token access rules against request {{(pid=81529) validate_allowed_request /usr/local/lib/python3.8/dist-packages/keystonemiddleware/auth_token/__init__.py:545}}
Sep 22 16:51:52.372091 dv-cinder-835384-28-smb devstack@keystone.service[81529]: DEBUG keystone.server.flask.request_processing.middleware.auth_context [None req-4abf3f89-8b1c-4f80-81da-a134693fed37 None admin] RBAC: auth_context: {'token': , 'domain_id': None, 'trust_id': None, 'trustor_id': None, 'trustee_id': None, 'domain_name': None, 'group_ids': [], 'user_id': '6b441038ebcb444080c635316cb2b19a', 'user_domain_id': 'default', 'system_scope': 'all', 'project_id': None, 'project_domain_id': None, 'roles': ['admin', 'member', 'reader'], 'is_admin_project': True, 'service_user_id': None, 'service_user_domain_id': None, 'service_project_id': None, 'service_project_domain_id': None, 'service_roles': []} {{(pid=81529) fill_context /opt/stack/keystone/keystone/server/flask/request_processing/middleware/auth_context.py:478}}
Sep 22 16:51:52.372740 dv-cinder-835384-28-smb devstack@keystone.service[81529]: DEBUG keystone.server.flask.request_processing.req_logging [None req-4abf3f89-8b1c-4f80-81da-a134693fed37 None admin] REQUEST_METHOD: `GET` {{(pid=81529) log_request_info /opt/stack/keystone/keystone/server/flask/request_processing/req_logging.py:27}}
Sep 22 16:51:52.373022 dv-cinder-835384-28-smb devstack@keystone.service[81529]: DEBUG keystone.server.flask.request_processing.req_logging [None req-4abf3f89-8b1c-4f80-81da-a134693fed37 None admin] SCRIPT_NAME: `/identity` {{(pid=81529) log_request_info /opt/stack/keystone/keystone/server/flask/request_processing/req_logging.py:28}}
Sep 22 16:51:52.373300 dv-cinder-835384-28-smb devstack@keystone.service[81529]: DEBUG keystone.server.flask.request_processing.req_logging [None req-4abf3f89-8b1c-4f80-81da-a134693fed37 None admin] PATH_INFO: `/v3/domains/default` {{(pid=81529) log_request_info /opt/stack/keystone/keystone/server/flask/request_processing/req_logging.py:29}}
Sep 22 16:51:52.374425 dv-cinder-835384-28-smb devstack@keystone.service[81529]: DEBUG keystone.common.rbac_enforcer.enforcer [None req-4abf3f89-8b1c-4f80-81da-a134693fed37 None admin] RBAC: Authorizing `identity:get_domain(domain_id=default)` {{(pid=81529) enforce_call /opt/stack/keystone/keystone/common/rbac_enforcer/enforcer.py:449}}
Sep 22 16:51:52.375916 dv-cinder-835384-28-smb devstack@keystone.service[81529]: DEBUG keystone.common.rbac_enforcer.enforcer [None req-4abf3f89-8b1c-4f80-81da-a134693fed37 None admin] RBAC: Authorization granted {{(pid=81529) enforce_call /opt/stack/keystone/keystone/common/rbac_enforcer/enforcer.py:457}}
Sep 22 16:51:52.377729 dv-cinder-835384-28-smb devstack@keystone.service[81529]: [pid: 81529|app: 0|req: 15/33] 10.222.0.50 () {56 vars in 1108 bytes} [Thu Sep 22 16:51:52 2022] GET /identity/v3/domains/default => generated 199 bytes in 289 msecs (HTTP/1.1 200) 5 headers in 177 bytes (2 switches on core 0)
Sep 22 16:51:52.378272 dv-cinder-835384-28-smb devstack@keystone.service[81529]: DEBUG keystone.server.flask.request_processing.middleware.auth_context [None req-4abf3f89-8b1c-4f80-81da-a134693fed37 None admin] Authenticating user token {{(pid=81529) process_request /usr/local/lib/python3.8/dist-packages/keystonemiddleware/auth_token/__init__.py:407}}
Sep 22 16:51:52.436114 dv-cinder-835384-28-smb devstack@keystone.service[81530]: DEBUG keystone.server.flask.request_processing.middleware.auth_context [None req-d5a457ec-b851-4f25-9063-fd7c6f9abe59 None None] Validating token access rules against request {{(pid=81530) validate_allowed_request /usr/local/lib/python3.8/dist-packages/keystonemiddleware/auth_token/__init__.py:545}}
Sep 22 16:51:52.469602 dv-cinder-835384-28-smb devstack@keystone.service[81529]: DEBUG dbcounter [-] [81529] Writing DB stats keystone:SELECT=100 {{(pid=81529) stat_writer /usr/local/lib/python3.8/dist-packages/dbcounter.py:114}}
Sep 22 16:51:52.475676 dv-cinder-835384-28-smb devstack@keystone.service[81530]: DEBUG keystone.server.flask.request_processing.middleware.auth_context [None req-a6336ca6-8556-4284-b4d8-5be255cf8eb2 None admin] RBAC: auth_context: {'token': , 'domain_id': None, 'trust_id': None, 'trustor_id': None, 'trustee_id': None, 'domain_name': None, 'group_ids': [], 'user_id': '6b441038ebcb444080c635316cb2b19a', 'user_domain_id': 'default', 'system_scope': 'all', 'project_id': None, 'project_domain_id': None, 'roles': ['admin', 'member', 'reader'], 'is_admin_project': True, 'service_user_id': None, 'service_user_domain_id': None, 'service_project_id': None, 'service_project_domain_id': None, 'service_roles': []} {{(pid=81530) fill_context /opt/stack/keystone/keystone/server/flask/request_processing/middleware/auth_context.py:478}}
Sep 22 16:51:52.476444 dv-cinder-835384-28-smb devstack@keystone.service[81530]: DEBUG keystone.server.flask.request_processing.req_logging [None req-a6336ca6-8556-4284-b4d8-5be255cf8eb2 None admin] REQUEST_METHOD: `GET` {{(pid=81530) log_request_info /opt/stack/keystone/keystone/server/flask/request_processing/req_logging.py:27}}
Sep 22 16:51:52.476827 dv-cinder-835384-28-smb devstack@keystone.service[81530]: DEBUG keystone.server.flask.request_processing.req_logging [None req-a6336ca6-8556-4284-b4d8-5be255cf8eb2 None admin] SCRIPT_NAME: `/identity` {{(pid=81530) log_request_info /opt/stack/keystone/keystone/server/flask/request_processing/req_logging.py:28}}
Sep 22 16:51:52.477203 dv-cinder-835384-28-smb devstack@keystone.service[81530]: DEBUG keystone.server.flask.request_processing.req_logging [None req-a6336ca6-8556-4284-b4d8-5be255cf8eb2 None admin] PATH_INFO: `/v3/domains/Default` {{(pid=81530) log_request_info /opt/stack/keystone/keystone/server/flask/request_processing/req_logging.py:29}}
Sep 22 16:51:52.489282 dv-cinder-835384-28-smb devstack@keystone.service[81530]: DEBUG keystone.common.rbac_enforcer.enforcer [None req-a6336ca6-8556-4284-b4d8-5be255cf8eb2 None admin] RBAC: Authorizing `identity:get_domain(domain_id=Default)` {{(pid=81530) enforce_call /opt/stack/keystone/keystone/common/rbac_enforcer/enforcer.py:449}}
Sep 22 16:51:52.490847 dv-cinder-835384-28-smb devstack@keystone.service[81530]: DEBUG keystone.common.rbac_enforcer.enforcer [None req-a6336ca6-8556-4284-b4d8-5be255cf8eb2 None admin] RBAC: Authorization granted {{(pid=81530) enforce_call /opt/stack/keystone/keystone/common/rbac_enforcer/enforcer.py:457}}
Sep 22 16:51:52.508054 dv-cinder-835384-28-smb devstack@keystone.service[81530]: ERROR keystone.server.flask.application [None req-a6336ca6-8556-4284-b4d8-5be255cf8eb2 None admin] Could not find domain: Default.: keystone.exception.DomainNotFound: Could not find domain: Default.
Sep 22 16:51:52.508054 dv-cinder-835384-28-smb devstack@keystone.service[81530]: ERROR keystone.server.flask.application
Traceback (most recent call last):
Sep 22 16:51:52.508054 dv-cinder-835384-28-smb devstack@keystone.service[81530]: ERROR keystone.server.flask.application
File "/usr/local/lib/python3.8/dist-packages/flask/app.py", line 1820, in full_dispatch_request
Sep 22 16:51:52.508054 dv-cinder-835384-28-smb devstack@keystone.service[81530]: ERROR keystone.server.flask.application rv = self.dispatch_request()
Sep 22 16:51:52.508054 dv-cinder-835384-28-smb devstack@keystone.service[81530]: ERROR keystone.server.flask.application
File "/usr/local/lib/python3.8/dist-packages/flask/app.py", line 1796, in dispatch_request
Sep 22 16:51:52.508054 dv-cinder-835384-28-smb devstack@keystone.service[81530]: ERROR keystone.server.flask.application return self.ensure_sync(self.view_functions[rule.endpoint])(**view_args)
Sep 22 16:51:52.508054 dv-cinder-835384-28-smb devstack@keystone.service[81530]: ERROR keystone.server.flask.application
File "/usr/local/lib/python3.8/dist-packages/flask_restful/__init__.py", line 467, in wrapper
Sep 22 16:51:52.508054 dv-cinder-835384-28-smb devstack@keystone.service[81530]: ERROR keystone.server.flask.application resp = resource(*args, **kwargs)
Sep 22 16:51:52.508054 dv-cinder-835384-28-smb devstack@keystone.service[81530]: ERROR keystone.server.flask.application
File "/usr/local/lib/python3.8/dist-packages/flask/views.py", line 107, in view
Sep 22 16:51:52.508054 dv-cinder-835384-28-smb devstack@keystone.service[81530]: ERROR keystone.server.flask.application return current_app.ensure_sync(self.dispatch_request)(**kwargs)
Sep 22 16:51:52.508054 dv-cinder-835384-28-smb devstack@keystone.service[81530]: ERROR keystone.server.flask.application
File "/usr/local/lib/python3.8/dist-packages/flask_restful/__init__.py", line 582, in dispatch_request
Sep 22 16:51:52.508054 dv-cinder-835384-28-smb devstack@keystone.service[81530]: ERROR keystone.server.flask.application resp = meth(*args, **kwargs)
Sep 22 16:51:52.508054 dv-cinder-835384-28-smb devstack@keystone.service[81530]: ERROR keystone.server.flask.application
File "/opt/stack/keystone/keystone/api/domains.py", line 89, in get
Sep 22 16:51:52.508054 dv-cinder-835384-28-smb devstack@keystone.service[81530]: ERROR keystone.server.flask.application return self._get_domain(domain_id)
Sep 22 16:51:52.508054 dv-cinder-835384-28-smb devstack@keystone.service[81530]: ERROR keystone.server.flask.application
File "/opt/stack/keystone/keystone/api/domains.py", line 97, in _get_domain
Sep 22 16:51:52.508054 dv-cinder-835384-28-smb devstack@keystone.service[81530]: ERROR keystone.server.flask.application domain = PROVIDERS.resource_api.get_domain(domain_id)
Sep 22 16:51:52.509123 dv-cinder-835384-28-smb devstack@keystone.service[81530]: ERROR keystone.server.flask.application
File "/opt/stack/keystone/keystone/common/manager.py", line 115, in wrapped
Sep 22 16:51:52.509123 dv-cinder-835384-28-smb devstack@keystone.service[81530]: ERROR keystone.server.flask.application __ret_val = __f(*args, **kwargs)
Sep 22 16:51:52.509123 dv-cinder-835384-28-smb devstack@keystone.service[81530]: ERROR keystone.server.flask.application
File "/usr/local/lib/python3.8/dist-packages/decorator.py", line 232, in fun
Sep 22 16:51:52.509123 dv-cinder-835384-28-smb devstack@keystone.service[81530]: ERROR keystone.server.flask.application return caller(func, *(extras + args), **kw)
Sep 22 16:51:52.509123 dv-cinder-835384-28-smb devstack@keystone.service[81530]: ERROR keystone.server.flask.application
File "/usr/local/lib/python3.8/dist-packages/dogpile/cache/region.py", line 1577, in get_or_create_for_user_func
Sep 22 16:51:52.509123 dv-cinder-835384-28-smb devstack@keystone.service[81530]: ERROR keystone.server.flask.application return self.get_or_create(
Sep 22 16:51:52.509123 dv-cinder-835384-28-smb devstack@keystone.service[81530]: ERROR keystone.server.flask.application
File "/usr/local/lib/python3.8/dist-packages/dogpile/cache/region.py", line 1042, in get_or_create
Sep 22 16:51:52.509123 dv-cinder-835384-28-smb devstack@keystone.service[81530]: ERROR keystone.server.flask.application with Lock(
Sep 22 16:51:52.509123 dv-cinder-835384-28-smb devstack@keystone.service[81530]: ERROR keystone.server.flask.application
File "/usr/local/lib/python3.8/dist-packages/dogpile/lock.py", line 185, in __enter__
Sep 22 16:51:52.509123 dv-cinder-835384-28-smb devstack@keystone.service[81530]: ERROR keystone.server.flask.application return self._enter()
Sep 22 16:51:52.509123 dv-cinder-835384-28-smb devstack@keystone.service[81530]: ERROR keystone.server.flask.application
File "/usr/local/lib/python3.8/dist-packages/dogpile/lock.py", line 94, in _enter
Sep 22 16:51:52.509123 dv-cinder-835384-28-smb devstack@keystone.service[81530]: ERROR keystone.server.flask.application generated = self._enter_create(value, createdtime)
Sep 22 16:51:52.509123 dv-cinder-835384-28-smb devstack@keystone.service[81530]: ERROR keystone.server.flask.application
File "/usr/local/lib/python3.8/dist-packages/dogpile/lock.py", line 178, in _enter_create
Sep 22 16:51:52.509123 dv-cinder-835384-28-smb devstack@keystone.service[81530]: ERROR keystone.server.flask.application return self.creator()
Sep 22 16:51:52.509123 dv-cinder-835384-28-smb devstack@keystone.service[81530]: ERROR keystone.server.flask.application
File "/usr/local/lib/python3.8/dist-packages/dogpile/cache/region.py", line 995, in gen_value
Sep 22 16:51:52.509123 dv-cinder-835384-28-smb devstack@keystone.service[81530]: ERROR keystone.server.flask.application created_value = creator(
Sep 22 16:51:52.509123 dv-cinder-835384-28-smb devstack@keystone.service[81530]: ERROR keystone.server.flask.application
File "/opt/stack/keystone/keystone/resource/core.py", line 716, in get_domain
Sep 22 16:51:52.510133 dv-cinder-835384-28-smb devstack@keystone.service[81530]: ERROR keystone.server.flask.application raise exception.DomainNotFound(domain_id=domain_id)
Sep 22 16:51:52.510133 dv-cinder-835384-28-smb devstack@keystone.service[81530]: ERROR keystone.server.flask.application keystone.exception.DomainNotFound: Could not find domain: Default.
Sep 22 16:51:52.510133 dv-cinder-835384-28-smb devstack@keystone.service[81530]: ERROR keystone.server.flask.application
Sep 22 16:51:52.511598 dv-cinder-835384-28-smb devstack@keystone.service[81530]: [pid: 81530|app: 0|req: 19/34] 10.222.0.50 () {56 vars in 1108 bytes} [Thu Sep 22 16:51:52 2022] GET /identity/v3/domains/Default => generated 87 bytes in 262 msecs (HTTP/1.1 404) 5 headers in 183 bytes (1 switches on core 0)
Sep 22 16:51:52.512579 dv-cinder-835384-28-smb devstack@keystone.service[81530]: DEBUG keystone.server.flask.request_processing.middleware.auth_context [None req-a6336ca6-8556-4284-b4d8-5be255cf8eb2 None admin] Authenticating user token {{(pid=81530) process_request /usr/local/lib/python3.8/dist-packages/keystonemiddleware/auth_token/__init__.py:407}}
Sep 22 16:51:52.564843 dv-cinder-835384-28-smb devstack@keystone.service[81530]: DEBUG dbcounter [-] [81530] Writing DB stats keystone:SELECT=100 {{(pid=81530) stat_writer /usr/local/lib/python3.8/dist-packages/dbcounter.py:114}}
Sep 22 16:51:52.587974 dv-cinder-835384-28-smb devstack@keystone.service[81529]: DEBUG keystone.server.flask.request_processing.middleware.auth_context [None req-4abf3f89-8b1c-4f80-81da-a134693fed37 None admin] Validating token access rules against request {{(pid=81529) validate_allowed_request /usr/local/lib/python3.8/dist-packages/keystonemiddleware/auth_token/__init__.py:545}}
Sep 22 16:51:52.627138 dv-cinder-835384-28-smb devstack@keystone.service[81530]: DEBUG keystone.server.flask.request_processing.middleware.auth_context [None req-a6336ca6-8556-4284-b4d8-5be255cf8eb2 None admin] Validating token access rules against request {{(pid=81530) validate_allowed_request /usr/local/lib/python3.8/dist-packages/keystonemiddleware/auth_token/__init__.py:545}}
Sep 22 16:51:52.631291 dv-cinder-835384-28-smb devstack@keystone.service[81529]: DEBUG keystone.server.flask.request_processing.middleware.auth_context [None req-5305b264-1504-4b4c-b228-1f5832ddf0d2 None admin] RBAC: auth_context: {'token': , 'domain_id': None, 'trust_id': None, 'trustor_id': None, 'trustee_id': None, 'domain_name': None, 'group_ids': [], 'user_id': '6b441038ebcb444080c635316cb2b19a', 'user_domain_id': 'default', 'system_scope': 'all', 'project_id': None, 'project_domain_id': None, 'roles': ['admin', 'member', 'reader'], 'is_admin_project': True, 'service_user_id': None, 'service_user_domain_id': None, 'service_project_id': None, 'service_project_domain_id': None, 'service_roles': []} {{(pid=81529) fill_context /opt/stack/keystone/keystone/server/flask/request_processing/middleware/auth_context.py:478}}
Sep 22 16:51:52.632148 dv-cinder-835384-28-smb devstack@keystone.service[81529]: DEBUG keystone.server.flask.request_processing.req_logging [None req-5305b264-1504-4b4c-b228-1f5832ddf0d2 None admin] REQUEST_METHOD: `POST` {{(pid=81529) log_request_info /opt/stack/keystone/keystone/server/flask/request_processing/req_logging.py:27}}
Sep 22 16:51:52.632606 dv-cinder-835384-28-smb devstack@keystone.service[81529]: DEBUG keystone.server.flask.request_processing.req_logging [None req-5305b264-1504-4b4c-b228-1f5832ddf0d2 None admin] SCRIPT_NAME: `/identity` {{(pid=81529) log_request_info /opt/stack/keystone/keystone/server/flask/request_processing/req_logging.py:28}}
Sep 22 16:51:52.633053 dv-cinder-835384-28-smb devstack@keystone.service[81529]: DEBUG keystone.server.flask.request_processing.req_logging [None req-5305b264-1504-4b4c-b228-1f5832ddf0d2 None admin] PATH_INFO: `/v3/roles` {{(pid=81529) log_request_info /opt/stack/keystone/keystone/server/flask/request_processing/req_logging.py:29}}
Sep 22 16:51:52.633899 dv-cinder-835384-28-smb devstack@keystone.service[81529]: DEBUG keystone.common.rbac_enforcer.enforcer [None req-5305b264-1504-4b4c-b228-1f5832ddf0d2 None admin] RBAC: Authorizing `identity:create_role()` {{(pid=81529) enforce_call /opt/stack/keystone/keystone/common/rbac_enforcer/enforcer.py:449}}
Sep 22 16:51:52.635499 dv-cinder-835384-28-smb devstack@keystone.service[81529]: DEBUG keystone.common.rbac_enforcer.enforcer [None req-5305b264-1504-4b4c-b228-1f5832ddf0d2 None admin] RBAC: Authorization granted {{(pid=81529) enforce_call /opt/stack/keystone/keystone/common/rbac_enforcer/enforcer.py:457}}
Sep 22 16:51:52.670437 dv-cinder-835384-28-smb devstack@keystone.service[81530]: DEBUG keystone.server.flask.request_processing.middleware.auth_context [None req-6256a804-a6c7-4464-b9a5-6c9748f5e5f6 None admin] RBAC: auth_context: {'token': , 'domain_id': None, 'trust_id': None, 'trustor_id': None, 'trustee_id': None, 'domain_name': None, 'group_ids': [], 'user_id': '6b441038ebcb444080c635316cb2b19a', 'user_domain_id': 'default', 'system_scope': 'all', 'project_id': None, 'project_domain_id': None, 'roles': ['admin', 'member', 'reader'], 'is_admin_project': True, 'service_user_id': None, 'service_user_domain_id': None, 'service_project_id': None, 'service_project_domain_id': None, 'service_roles': []} {{(pid=81530) fill_context /opt/stack/keystone/keystone/server/flask/request_processing/middleware/auth_context.py:478}}
Sep 22 16:51:52.671156 dv-cinder-835384-28-smb devstack@keystone.service[81530]: DEBUG keystone.server.flask.request_processing.req_logging [None req-6256a804-a6c7-4464-b9a5-6c9748f5e5f6 None admin] REQUEST_METHOD: `PUT` {{(pid=81530) log_request_info /opt/stack/keystone/keystone/server/flask/request_processing/req_logging.py:27}}
Sep 22 16:51:52.671449 dv-cinder-835384-28-smb devstack@keystone.service[81530]: DEBUG keystone.server.flask.request_processing.req_logging [None req-6256a804-a6c7-4464-b9a5-6c9748f5e5f6 None admin] SCRIPT_NAME: `/identity` {{(pid=81530) log_request_info /opt/stack/keystone/keystone/server/flask/request_processing/req_logging.py:28}}
Sep 22 16:51:52.671729 dv-cinder-835384-28-smb devstack@keystone.service[81530]: DEBUG keystone.server.flask.request_processing.req_logging [None req-6256a804-a6c7-4464-b9a5-6c9748f5e5f6 None admin] PATH_INFO: `/v3/domains/default/users/6b441038ebcb444080c635316cb2b19a/roles/039ce10567a8460a9bd21a4b11653a8d` {{(pid=81530) log_request_info /opt/stack/keystone/keystone/server/flask/request_processing/req_logging.py:29}}
Sep 22 16:51:52.673720 dv-cinder-835384-28-smb devstack@keystone.service[81530]: DEBUG keystone.common.rbac_enforcer.enforcer [None req-6256a804-a6c7-4464-b9a5-6c9748f5e5f6 None admin] RBAC: Authorizing `identity:create_grant(domain_id=default, user_id=6b441038ebcb444080c635316cb2b19a, role_id=039ce10567a8460a9bd21a4b11653a8d)` {{(pid=81530) enforce_call /opt/stack/keystone/keystone/common/rbac_enforcer/enforcer.py:449}}
Sep 22 16:51:52.676262 dv-cinder-835384-28-smb devstack@keystone.service[81530]: DEBUG keystone.common.rbac_enforcer.enforcer [None req-6256a804-a6c7-4464-b9a5-6c9748f5e5f6 None admin] RBAC: Authorization granted {{(pid=81530) enforce_call /opt/stack/keystone/keystone/common/rbac_enforcer/enforcer.py:457}}
Sep 22 16:51:52.769429 dv-cinder-835384-28-smb devstack@keystone.service[81529]: [pid: 81529|app: 0|req: 16/35] 10.222.0.50 () {60 vars in 1131 bytes} [Thu Sep 22 16:51:52 2022] POST /identity/v3/roles => generated 219 bytes in 391 msecs (HTTP/1.1 201) 5 headers in 182 bytes (1 switches on core 0)
Sep 22 16:51:52.770993 dv-cinder-835384-28-smb devstack@keystone.service[81529]: DEBUG keystone.server.flask.request_processing.middleware.auth_context [None req-5305b264-1504-4b4c-b228-1f5832ddf0d2 None admin] Authenticating user token {{(pid=81529) process_request /usr/local/lib/python3.8/dist-packages/keystonemiddleware/auth_token/__init__.py:407}}
Sep 22 16:51:52.799739 dv-cinder-835384-28-smb devstack@keystone.service[81530]: [pid: 81530|app: 0|req: 20/36] 10.222.0.50 () {58 vars in 1361 bytes} [Thu Sep 22 16:51:52 2022] PUT /identity/v3/domains/default/users/6b441038ebcb444080c635316cb2b19a/roles/039ce10567a8460a9bd21a4b11653a8d => generated 0 bytes in 287 msecs (HTTP/1.1 204) 3 headers in 132 bytes (0 switches on core 0)
Sep 22 16:51:52.801467 dv-cinder-835384-28-smb devstack@keystone.service[81530]: DEBUG keystone.server.flask.request_processing.middleware.auth_context [None req-6256a804-a6c7-4464-b9a5-6c9748f5e5f6 None admin] Authenticating user token {{(pid=81530) process_request /usr/local/lib/python3.8/dist-packages/keystonemiddleware/auth_token/__init__.py:407}}
Sep 22 16:51:52.902702 dv-cinder-835384-28-smb devstack@keystone.service[81529]: DEBUG keystone.server.flask.request_processing.middleware.auth_context [None req-5305b264-1504-4b4c-b228-1f5832ddf0d2 None admin] Validating token access rules against request {{(pid=81529) validate_allowed_request /usr/local/lib/python3.8/dist-packages/keystonemiddleware/auth_token/__init__.py:545}}
Sep 22 16:51:52.907394 dv-cinder-835384-28-smb devstack@keystone.service[81529]: DEBUG dbcounter [-] [81529] Writing DB stats keystone:SELECT=99,keystone:INSERT=1 {{(pid=81529) stat_writer /usr/local/lib/python3.8/dist-packages/dbcounter.py:114}}
Sep 22 16:51:52.920010 dv-cinder-835384-28-smb devstack@keystone.service[81530]: DEBUG keystone.server.flask.request_processing.middleware.auth_context [None req-6256a804-a6c7-4464-b9a5-6c9748f5e5f6 None admin] Validating token access rules against request {{(pid=81530) validate_allowed_request /usr/local/lib/python3.8/dist-packages/keystonemiddleware/auth_token/__init__.py:545}}
Sep 22 16:51:52.935992 dv-cinder-835384-28-smb devstack@keystone.service[81530]: DEBUG dbcounter [-] [81530] Writing DB stats keystone:SELECT=99,keystone:INSERT=1 {{(pid=81530) stat_writer /usr/local/lib/python3.8/dist-packages/dbcounter.py:114}}
Sep 22 16:51:52.999486 dv-cinder-835384-28-smb devstack@keystone.service[81529]: DEBUG keystone.server.flask.request_processing.middleware.auth_context [None req-ec0a16cb-e0a6-4375-9593-1a21479dbd27 None admin] RBAC: auth_context: {'token': , 'domain_id': None, 'trust_id': None, 'trustor_id': None, 'trustee_id': None, 'domain_name': None, 'group_ids': [], 'user_id': '6b441038ebcb444080c635316cb2b19a', 'user_domain_id': 'default', 'system_scope': 'all', 'project_id': None, 'project_domain_id': None, 'roles': ['admin', 'member', 'reader'], 'is_admin_project': True, 'service_user_id': None, 'service_user_domain_id': None, 'service_project_id': None, 'service_project_domain_id': None, 'service_roles': []} {{(pid=81529) fill_context /opt/stack/keystone/keystone/server/flask/request_processing/middleware/auth_context.py:478}}
Sep 22 16:51:53.000139 dv-cinder-835384-28-smb devstack@keystone.service[81529]: DEBUG keystone.server.flask.request_processing.req_logging [None req-ec0a16cb-e0a6-4375-9593-1a21479dbd27 None admin] REQUEST_METHOD: `GET` {{(pid=81529) log_request_info /opt/stack/keystone/keystone/server/flask/request_processing/req_logging.py:27}}
Sep 22 16:51:53.000423 dv-cinder-835384-28-smb devstack@keystone.service[81529]: DEBUG keystone.server.flask.request_processing.req_logging [None req-ec0a16cb-e0a6-4375-9593-1a21479dbd27 None admin] SCRIPT_NAME: `/identity` {{(pid=81529) log_request_info /opt/stack/keystone/keystone/server/flask/request_processing/req_logging.py:28}}
Sep 22 16:51:53.000703 dv-cinder-835384-28-smb devstack@keystone.service[81529]: DEBUG keystone.server.flask.request_processing.req_logging [None req-ec0a16cb-e0a6-4375-9593-1a21479dbd27 None admin] PATH_INFO: `/v3/domains` {{(pid=81529) log_request_info /opt/stack/keystone/keystone/server/flask/request_processing/req_logging.py:29}}
Sep 22 16:51:53.001386 dv-cinder-835384-28-smb devstack@keystone.service[81529]: DEBUG keystone.common.rbac_enforcer.enforcer [None req-ec0a16cb-e0a6-4375-9593-1a21479dbd27 None admin] RBAC: Adding query filter params (name=Default) {{(pid=81529) _extract_filter_values /opt/stack/keystone/keystone/common/rbac_enforcer/enforcer.py:167}}
Sep 22 16:51:53.001697 dv-cinder-835384-28-smb devstack@keystone.service[81529]: DEBUG keystone.common.rbac_enforcer.enforcer [None req-ec0a16cb-e0a6-4375-9593-1a21479dbd27 None admin] RBAC: Authorizing `identity:list_domains()` {{(pid=81529) enforce_call /opt/stack/keystone/keystone/common/rbac_enforcer/enforcer.py:449}}
Sep 22 16:51:53.004855 dv-cinder-835384-28-smb devstack@keystone.service[81529]: DEBUG keystone.common.rbac_enforcer.enforcer [None req-ec0a16cb-e0a6-4375-9593-1a21479dbd27 None admin] RBAC: Authorization granted {{(pid=81529) enforce_call /opt/stack/keystone/keystone/common/rbac_enforcer/enforcer.py:457}}
Sep 22 16:51:53.019562 dv-cinder-835384-28-smb devstack@keystone.service[81530]: DEBUG keystone.server.flask.request_processing.middleware.auth_context [None req-9df9a14d-4a82-43ff-a40c-73c9a59a9b31 None admin] RBAC: auth_context: {'token': , 'domain_id': None, 'trust_id': None, 'trustor_id': None, 'trustee_id': None, 'domain_name': None, 'group_ids': [], 'user_id': '6b441038ebcb444080c635316cb2b19a', 'user_domain_id': 'default', 'system_scope': 'all', 'project_id': None, 'project_domain_id': None, 'roles': ['admin', 'member', 'reader'], 'is_admin_project': True, 'service_user_id': None, 'service_user_domain_id': None, 'service_project_id': None, 'service_project_domain_id': None, 'service_roles': []} {{(pid=81530) fill_context /opt/stack/keystone/keystone/server/flask/request_processing/middleware/auth_context.py:478}}
Sep 22 16:51:53.020189 dv-cinder-835384-28-smb devstack@keystone.service[81530]: DEBUG keystone.server.flask.request_processing.req_logging [None req-9df9a14d-4a82-43ff-a40c-73c9a59a9b31 None admin] REQUEST_METHOD: `POST` {{(pid=81530) log_request_info /opt/stack/keystone/keystone/server/flask/request_processing/req_logging.py:27}}
Sep 22 16:51:53.020661 dv-cinder-835384-28-smb devstack@keystone.service[81530]: DEBUG keystone.server.flask.request_processing.req_logging [None req-9df9a14d-4a82-43ff-a40c-73c9a59a9b31 None admin] SCRIPT_NAME: `/identity` {{(pid=81530) log_request_info /opt/stack/keystone/keystone/server/flask/request_processing/req_logging.py:28}}
Sep 22 16:51:53.020943 dv-cinder-835384-28-smb devstack@keystone.service[81530]: DEBUG keystone.server.flask.request_processing.req_logging [None req-9df9a14d-4a82-43ff-a40c-73c9a59a9b31 None admin] PATH_INFO: `/v3/roles` {{(pid=81530) log_request_info /opt/stack/keystone/keystone/server/flask/request_processing/req_logging.py:29}}
Sep 22 16:51:53.021647 dv-cinder-835384-28-smb devstack@keystone.service[81530]: DEBUG keystone.common.rbac_enforcer.enforcer [None req-9df9a14d-4a82-43ff-a40c-73c9a59a9b31 None admin] RBAC: Authorizing `identity:create_role()` {{(pid=81530) enforce_call /opt/stack/keystone/keystone/common/rbac_enforcer/enforcer.py:449}}
Sep 22 16:51:53.026705 dv-cinder-835384-28-smb devstack@keystone.service[81530]: DEBUG keystone.common.rbac_enforcer.enforcer [None req-9df9a14d-4a82-43ff-a40c-73c9a59a9b31 None admin] RBAC: Authorization granted {{(pid=81530) enforce_call /opt/stack/keystone/keystone/common/rbac_enforcer/enforcer.py:457}}
Sep 22 16:51:53.040806 dv-cinder-835384-28-smb devstack@keystone.service[81529]: [pid: 81529|app: 0|req: 17/37] 10.222.0.50 () {56 vars in 1109 bytes} [Thu Sep 22 16:51:52 2022] GET /identity/v3/domains?name=Default => generated 308 bytes in 270 msecs (HTTP/1.1 200) 5 headers in 177 bytes (1 switches on core 0)
Sep 22 16:51:53.042769 dv-cinder-835384-28-smb devstack@keystone.service[81529]: DEBUG keystone.server.flask.request_processing.req_logging [None req-1a65fa0f-b2f9-4bc1-b40f-3ddc4fd46580 None None] REQUEST_METHOD: `GET` {{(pid=81529) log_request_info /opt/stack/keystone/keystone/server/flask/request_processing/req_logging.py:27}}
Sep 22 16:51:53.043062 dv-cinder-835384-28-smb devstack@keystone.service[81529]: DEBUG keystone.server.flask.request_processing.req_logging [None req-1a65fa0f-b2f9-4bc1-b40f-3ddc4fd46580 None None] SCRIPT_NAME: `/identity` {{(pid=81529) log_request_info /opt/stack/keystone/keystone/server/flask/request_processing/req_logging.py:28}}
Sep 22 16:51:53.043339 dv-cinder-835384-28-smb devstack@keystone.service[81529]: DEBUG keystone.server.flask.request_processing.req_logging [None req-1a65fa0f-b2f9-4bc1-b40f-3ddc4fd46580 None None] PATH_INFO: `/` {{(pid=81529) log_request_info /opt/stack/keystone/keystone/server/flask/request_processing/req_logging.py:29}}
Sep 22 16:51:53.045387 dv-cinder-835384-28-smb devstack@keystone.service[81529]: [pid: 81529|app: 0|req: 18/38] 10.222.0.50 () {54 vars in 927 bytes} [Thu Sep 22 16:51:53 2022] GET /identity => generated 270 bytes in 5 msecs (HTTP/1.1 300) 6 headers in 234 bytes (1 switches on core 0)
Sep 22 16:51:53.047054 dv-cinder-835384-28-smb devstack@keystone.service[81529]: DEBUG keystone.server.flask.request_processing.middleware.auth_context [None req-1a65fa0f-b2f9-4bc1-b40f-3ddc4fd46580 None None] Authenticating user token {{(pid=81529) process_request /usr/local/lib/python3.8/dist-packages/keystonemiddleware/auth_token/__init__.py:407}}
Sep 22 16:51:53.069560 dv-cinder-835384-28-smb devstack@keystone.service[81530]: [pid: 81530|app: 0|req: 21/39] 10.222.0.50 () {60 vars in 1131 bytes} [Thu Sep 22 16:51:52 2022] POST /identity/v3/roles => generated 225 bytes in 269 msecs (HTTP/1.1 201) 5 headers in 182 bytes (1 switches on core 0)
Sep 22 16:51:53.072080 dv-cinder-835384-28-smb devstack@keystone.service[81530]: DEBUG keystone.server.flask.request_processing.req_logging [None req-753f94c8-fccb-4e05-ad76-5752b076b639 None None] REQUEST_METHOD: `POST` {{(pid=81530) log_request_info /opt/stack/keystone/keystone/server/flask/request_processing/req_logging.py:27}}
Sep 22 16:51:53.072533 dv-cinder-835384-28-smb devstack@keystone.service[81530]: DEBUG keystone.server.flask.request_processing.req_logging [None req-753f94c8-fccb-4e05-ad76-5752b076b639 None None] SCRIPT_NAME: `/identity` {{(pid=81530) log_request_info /opt/stack/keystone/keystone/server/flask/request_processing/req_logging.py:28}}
Sep 22 16:51:53.072957 dv-cinder-835384-28-smb devstack@keystone.service[81530]: DEBUG keystone.server.flask.request_processing.req_logging [None req-753f94c8-fccb-4e05-ad76-5752b076b639 None None] PATH_INFO: `/v3/auth/tokens` {{(pid=81530) log_request_info /opt/stack/keystone/keystone/server/flask/request_processing/req_logging.py:29}}
Sep 22 16:51:53.105333 dv-cinder-835384-28-smb devstack@keystone.service[81530]: DEBUG keystone.auth.core [None req-753f94c8-fccb-4e05-ad76-5752b076b639 None None] MFA Rules not processed for user `6b441038ebcb444080c635316cb2b19a`. Rule list: `[]` (Enabled: `True`). {{(pid=81530) check_auth_methods_against_rules /opt/stack/keystone/keystone/auth/core.py:438}}
Sep 22 16:51:53.107680 dv-cinder-835384-28-smb devstack@keystone.service[81530]: DEBUG keystone.common.fernet_utils [None req-753f94c8-fccb-4e05-ad76-5752b076b639 None None] Loaded 2 Fernet keys from /etc/keystone/fernet-keys/, but `[fernet_tokens] max_active_keys = 3`; perhaps there have not been enough key rotations to reach `max_active_keys` yet? {{(pid=81530) load_keys /opt/stack/keystone/keystone/common/fernet_utils.py:286}}
