Jul 26 17:08:23.018060 dv-cinder-835384-17-smb devstack@keystone.service[80085]: DEBUG keystone.server.flask.request_processing.req_logging [None req-30a4fcba-cabb-43bb-9c09-0d0bf47cd4d6 None admin] PATH_INFO: `/v3/roles/member` {{(pid=80085) log_request_info /opt/stack/keystone/keystone/server/flask/request_processing/req_logging.py:29}}
Jul 26 17:08:23.025386 dv-cinder-835384-17-smb devstack@keystone.service[80085]: DEBUG dbcounter [-] [80085] Writing DB stats keystone:SELECT=100 {{(pid=80085) stat_writer /usr/local/lib/python3.8/dist-packages/dbcounter.py:114}}
Jul 26 17:08:23.028911 dv-cinder-835384-17-smb devstack@keystone.service[80085]: DEBUG keystone.common.rbac_enforcer.enforcer [None req-30a4fcba-cabb-43bb-9c09-0d0bf47cd4d6 None admin] Extracting inferred target data resulted in "NOT FOUND (404)". {{(pid=80085) enforce_call /opt/stack/keystone/keystone/common/rbac_enforcer/enforcer.py:409}}
Jul 26 17:08:23.034697 dv-cinder-835384-17-smb devstack@keystone.service[80085]: ERROR keystone.server.flask.application [None req-30a4fcba-cabb-43bb-9c09-0d0bf47cd4d6 None admin] Could not find role: member.: keystone.exception.RoleNotFound: Could not find role: member.
Jul 26 17:08:23.034697 dv-cinder-835384-17-smb devstack@keystone.service[80085]: ERROR keystone.server.flask.application
Traceback (most recent call last):
Jul 26 17:08:23.034697 dv-cinder-835384-17-smb devstack@keystone.service[80085]: ERROR keystone.server.flask.application
File "/usr/local/lib/python3.8/dist-packages/flask/app.py", line 1517, in full_dispatch_request
Jul 26 17:08:23.034697 dv-cinder-835384-17-smb devstack@keystone.service[80085]: ERROR keystone.server.flask.application rv = self.dispatch_request()
Jul 26 17:08:23.034697 dv-cinder-835384-17-smb devstack@keystone.service[80085]: ERROR keystone.server.flask.application
File "/usr/local/lib/python3.8/dist-packages/flask/app.py", line 1503, in dispatch_request
Jul 26 17:08:23.034697 dv-cinder-835384-17-smb devstack@keystone.service[80085]: ERROR keystone.server.flask.application return self.ensure_sync(self.view_functions[rule.endpoint])(**req.view_args)
Jul 26 17:08:23.034697 dv-cinder-835384-17-smb devstack@keystone.service[80085]: ERROR keystone.server.flask.application
File "/usr/local/lib/python3.8/dist-packages/flask_restful/__init__.py", line 467, in wrapper
Jul 26 17:08:23.034697 dv-cinder-835384-17-smb devstack@keystone.service[80085]: ERROR keystone.server.flask.application resp = resource(*args, **kwargs)
Jul 26 17:08:23.034697 dv-cinder-835384-17-smb devstack@keystone.service[80085]: ERROR keystone.server.flask.application
File "/usr/local/lib/python3.8/dist-packages/flask/views.py", line 84, in view
Jul 26 17:08:23.034697 dv-cinder-835384-17-smb devstack@keystone.service[80085]: ERROR keystone.server.flask.application return current_app.ensure_sync(self.dispatch_request)(*args, **kwargs)
Jul 26 17:08:23.034697 dv-cinder-835384-17-smb devstack@keystone.service[80085]: ERROR keystone.server.flask.application
File "/usr/local/lib/python3.8/dist-packages/flask_restful/__init__.py", line 582, in dispatch_request
Jul 26 17:08:23.034697 dv-cinder-835384-17-smb devstack@keystone.service[80085]: ERROR keystone.server.flask.application resp = meth(*args, **kwargs)
Jul 26 17:08:23.034697 dv-cinder-835384-17-smb devstack@keystone.service[80085]: ERROR keystone.server.flask.application
File "/opt/stack/keystone/keystone/api/roles.py", line 50, in get
Jul 26 17:08:23.034697 dv-cinder-835384-17-smb devstack@keystone.service[80085]: ERROR keystone.server.flask.application return self._get_role(role_id)
Jul 26 17:08:23.034697 dv-cinder-835384-17-smb devstack@keystone.service[80085]: ERROR keystone.server.flask.application
File "/opt/stack/keystone/keystone/api/roles.py", line 70, in _get_role
Jul 26 17:08:23.034697 dv-cinder-835384-17-smb devstack@keystone.service[80085]: ERROR keystone.server.flask.application ENFORCER.enforce_call(action='identity:get_role')
Jul 26 17:08:23.035532 dv-cinder-835384-17-smb devstack@keystone.service[80085]: ERROR keystone.server.flask.application
File "/opt/stack/keystone/keystone/common/rbac_enforcer/enforcer.py", line 402, in enforce_call
Jul 26 17:08:23.035532 dv-cinder-835384-17-smb devstack@keystone.service[80085]: ERROR keystone.server.flask.application policy_dict.update(cls._extract_member_target_data(
Jul 26 17:08:23.035532 dv-cinder-835384-17-smb devstack@keystone.service[80085]: ERROR keystone.server.flask.application
File "/opt/stack/keystone/keystone/common/rbac_enforcer/enforcer.py", line 234, in _extract_member_target_data
Jul 26 17:08:23.035532 dv-cinder-835384-17-smb devstack@keystone.service[80085]: ERROR keystone.server.flask.application member_name: func(flask.request.view_args[key])
Jul 26 17:08:23.035532 dv-cinder-835384-17-smb devstack@keystone.service[80085]: ERROR keystone.server.flask.application
File "/opt/stack/keystone/keystone/common/manager.py", line 115, in wrapped
Jul 26 17:08:23.035532 dv-cinder-835384-17-smb devstack@keystone.service[80085]: ERROR keystone.server.flask.application __ret_val = __f(*args, **kwargs)
Jul 26 17:08:23.035532 dv-cinder-835384-17-smb devstack@keystone.service[80085]: ERROR keystone.server.flask.application
File "/usr/local/lib/python3.8/dist-packages/decorator.py", line 232, in fun
Jul 26 17:08:23.035532 dv-cinder-835384-17-smb devstack@keystone.service[80085]: ERROR keystone.server.flask.application return caller(func, *(extras + args), **kw)
Jul 26 17:08:23.035532 dv-cinder-835384-17-smb devstack@keystone.service[80085]: ERROR keystone.server.flask.application
File "/usr/local/lib/python3.8/dist-packages/dogpile/cache/region.py", line 1577, in get_or_create_for_user_func
Jul 26 17:08:23.035532 dv-cinder-835384-17-smb devstack@keystone.service[80085]: ERROR keystone.server.flask.application return self.get_or_create(
Jul 26 17:08:23.035532 dv-cinder-835384-17-smb devstack@keystone.service[80085]: ERROR keystone.server.flask.application
File "/usr/local/lib/python3.8/dist-packages/dogpile/cache/region.py", line 1042, in get_or_create
Jul 26 17:08:23.035532 dv-cinder-835384-17-smb devstack@keystone.service[80085]: ERROR keystone.server.flask.application with Lock(
Jul 26 17:08:23.035532 dv-cinder-835384-17-smb devstack@keystone.service[80085]: ERROR keystone.server.flask.application
File "/usr/local/lib/python3.8/dist-packages/dogpile/lock.py", line 185, in __enter__
Jul 26 17:08:23.035532 dv-cinder-835384-17-smb devstack@keystone.service[80085]: ERROR keystone.server.flask.application return self._enter()
Jul 26 17:08:23.035532 dv-cinder-835384-17-smb devstack@keystone.service[80085]: ERROR keystone.server.flask.application
File "/usr/local/lib/python3.8/dist-packages/dogpile/lock.py", line 94, in _enter
Jul 26 17:08:23.035532 dv-cinder-835384-17-smb devstack@keystone.service[80085]: ERROR keystone.server.flask.application generated = self._enter_create(value, createdtime)
Jul 26 17:08:23.036280 dv-cinder-835384-17-smb devstack@keystone.service[80085]: ERROR keystone.server.flask.application
File "/usr/local/lib/python3.8/dist-packages/dogpile/lock.py", line 178, in _enter_create
Jul 26 17:08:23.036280 dv-cinder-835384-17-smb devstack@keystone.service[80085]: ERROR keystone.server.flask.application return self.creator()
Jul 26 17:08:23.036280 dv-cinder-835384-17-smb devstack@keystone.service[80085]: ERROR keystone.server.flask.application
File "/usr/local/lib/python3.8/dist-packages/dogpile/cache/region.py", line 995, in gen_value
Jul 26 17:08:23.036280 dv-cinder-835384-17-smb devstack@keystone.service[80085]: ERROR keystone.server.flask.application created_value = creator(
Jul 26 17:08:23.036280 dv-cinder-835384-17-smb devstack@keystone.service[80085]: ERROR keystone.server.flask.application
File "/opt/stack/keystone/keystone/assignment/core.py", line 1276, in get_role
Jul 26 17:08:23.036280 dv-cinder-835384-17-smb devstack@keystone.service[80085]: ERROR keystone.server.flask.application return self.driver.get_role(role_id)
Jul 26 17:08:23.036280 dv-cinder-835384-17-smb devstack@keystone.service[80085]: ERROR keystone.server.flask.application
File "/opt/stack/keystone/keystone/assignment/role_backends/sql.py", line 70, in get_role
Jul 26 17:08:23.036280 dv-cinder-835384-17-smb devstack@keystone.service[80085]: ERROR keystone.server.flask.application return self._get_role(session, role_id).to_dict()
Jul 26 17:08:23.036280 dv-cinder-835384-17-smb devstack@keystone.service[80085]: ERROR keystone.server.flask.application
File "/opt/stack/keystone/keystone/assignment/role_backends/sql.py", line 65, in _get_role
Jul 26 17:08:23.036280 dv-cinder-835384-17-smb devstack@keystone.service[80085]: ERROR keystone.server.flask.application raise exception.RoleNotFound(role_id=role_id)
Jul 26 17:08:23.036280 dv-cinder-835384-17-smb devstack@keystone.service[80085]: ERROR keystone.server.flask.application keystone.exception.RoleNotFound: Could not find role: member.
Jul 26 17:08:23.036280 dv-cinder-835384-17-smb devstack@keystone.service[80085]: ERROR keystone.server.flask.application
Jul 26 17:08:23.036280 dv-cinder-835384-17-smb devstack@keystone.service[80085]: [pid: 80085|app: 0|req: 42/81] 10.222.0.46 () {56 vars in 1099 bytes} [Tue Jul 26 17:08:22 2022] GET /identity/v3/roles/member => generated 84 bytes in 152 msecs (HTTP/1.1 404) 5 headers in 183 bytes (1 switches on core 0)
Jul 26 17:08:23.036920 dv-cinder-835384-17-smb devstack@keystone.service[80085]: DEBUG keystone.server.flask.request_processing.middleware.auth_context [None req-30a4fcba-cabb-43bb-9c09-0d0bf47cd4d6 None admin] Authenticating user token {{(pid=80085) process_request /usr/local/lib/python3.8/dist-packages/keystonemiddleware/auth_token/__init__.py:407}}
Jul 26 17:08:23.066799 dv-cinder-835384-17-smb devstack@keystone.service[80086]: DEBUG keystone.common.rbac_enforcer.enforcer [None req-51449690-2835-4c7b-8b81-87f2874b00fa None admin] RBAC: Authorizing `identity:validate_token()` {{(pid=80086) enforce_call /opt/stack/keystone/keystone/common/rbac_enforcer/enforcer.py:449}}
Jul 26 17:08:23.068260 dv-cinder-835384-17-smb devstack@keystone.service[80086]: DEBUG keystone.common.rbac_enforcer.enforcer [None req-51449690-2835-4c7b-8b81-87f2874b00fa None admin] RBAC: Authorization granted {{(pid=80086) enforce_call /opt/stack/keystone/keystone/common/rbac_enforcer/enforcer.py:457}}
Jul 26 17:08:23.134538 dv-cinder-835384-17-smb devstack@keystone.service[80085]: DEBUG keystone.server.flask.request_processing.middleware.auth_context [None req-30a4fcba-cabb-43bb-9c09-0d0bf47cd4d6 None admin] Validating token access rules against request {{(pid=80085) validate_allowed_request /usr/local/lib/python3.8/dist-packages/keystonemiddleware/auth_token/__init__.py:545}}
Jul 26 17:08:23.147746 dv-cinder-835384-17-smb devstack@keystone.service[80086]: DEBUG dbcounter [-] [80086] Writing DB stats keystone:SELECT=100 {{(pid=80086) stat_writer /usr/local/lib/python3.8/dist-packages/dbcounter.py:114}}
Jul 26 17:08:23.166934 dv-cinder-835384-17-smb devstack@keystone.service[80086]: [pid: 80086|app: 0|req: 40/82] 10.222.0.46 () {58 vars in 1282 bytes} [Tue Jul 26 17:08:22 2022] GET /identity/v3/auth/tokens => generated 799 bytes in 304 msecs (HTTP/1.1 200) 6 headers in 358 bytes (1 switches on core 0)
Jul 26 17:08:23.167790 dv-cinder-835384-17-smb devstack@keystone.service[80086]: DEBUG keystone.server.flask.request_processing.middleware.auth_context [None req-51449690-2835-4c7b-8b81-87f2874b00fa None admin] Authenticating user token {{(pid=80086) process_request /usr/local/lib/python3.8/dist-packages/keystonemiddleware/auth_token/__init__.py:407}}
Jul 26 17:08:23.168735 dv-cinder-835384-17-smb devstack@keystone.service[80085]: DEBUG keystone.server.flask.request_processing.middleware.auth_context [None req-a3c6d0ef-20d7-4194-9005-bb3da62117de None admin] RBAC: auth_context: {'token': , 'domain_id': None, 'trust_id': None, 'trustor_id': None, 'trustee_id': None, 'domain_name': None, 'group_ids': [], 'user_id': '39522a259dab49339fe70835c208aa7d', 'user_domain_id': 'default', 'system_scope': 'all', 'project_id': None, 'project_domain_id': None, 'roles': ['admin', 'member', 'reader'], 'is_admin_project': True, 'service_user_id': None, 'service_user_domain_id': None, 'service_project_id': None, 'service_project_domain_id': None, 'service_roles': []} {{(pid=80085) fill_context /opt/stack/keystone/keystone/server/flask/request_processing/middleware/auth_context.py:478}}
Jul 26 17:08:23.169384 dv-cinder-835384-17-smb devstack@keystone.service[80085]: DEBUG keystone.server.flask.request_processing.req_logging [None req-a3c6d0ef-20d7-4194-9005-bb3da62117de None admin] REQUEST_METHOD: `GET` {{(pid=80085) log_request_info /opt/stack/keystone/keystone/server/flask/request_processing/req_logging.py:27}}
Jul 26 17:08:23.169686 dv-cinder-835384-17-smb devstack@keystone.service[80085]: DEBUG keystone.server.flask.request_processing.req_logging [None req-a3c6d0ef-20d7-4194-9005-bb3da62117de None admin] SCRIPT_NAME: `/identity` {{(pid=80085) log_request_info /opt/stack/keystone/keystone/server/flask/request_processing/req_logging.py:28}}
Jul 26 17:08:23.170034 dv-cinder-835384-17-smb devstack@keystone.service[80085]: DEBUG keystone.server.flask.request_processing.req_logging [None req-a3c6d0ef-20d7-4194-9005-bb3da62117de None admin] PATH_INFO: `/v3/domains/default` {{(pid=80085) log_request_info /opt/stack/keystone/keystone/server/flask/request_processing/req_logging.py:29}}
Jul 26 17:08:23.171231 dv-cinder-835384-17-smb devstack@keystone.service[80085]: DEBUG keystone.common.rbac_enforcer.enforcer [None req-a3c6d0ef-20d7-4194-9005-bb3da62117de None admin] RBAC: Authorizing `identity:get_domain(domain_id=default)` {{(pid=80085) enforce_call /opt/stack/keystone/keystone/common/rbac_enforcer/enforcer.py:449}}
Jul 26 17:08:23.172711 dv-cinder-835384-17-smb devstack@keystone.service[80085]: DEBUG keystone.common.rbac_enforcer.enforcer [None req-a3c6d0ef-20d7-4194-9005-bb3da62117de None admin] RBAC: Authorization granted {{(pid=80085) enforce_call /opt/stack/keystone/keystone/common/rbac_enforcer/enforcer.py:457}}
Jul 26 17:08:23.174364 dv-cinder-835384-17-smb devstack@keystone.service[80085]: [pid: 80085|app: 0|req: 43/83] 10.222.0.46 () {56 vars in 1108 bytes} [Tue Jul 26 17:08:23 2022] GET /identity/v3/domains/default => generated 199 bytes in 138 msecs (HTTP/1.1 200) 5 headers in 177 bytes (1 switches on core 0)
Jul 26 17:08:23.175135 dv-cinder-835384-17-smb devstack@keystone.service[80085]: DEBUG keystone.server.flask.request_processing.middleware.auth_context [None req-a3c6d0ef-20d7-4194-9005-bb3da62117de None admin] Authenticating user token {{(pid=80085) process_request /usr/local/lib/python3.8/dist-packages/keystonemiddleware/auth_token/__init__.py:407}}
Jul 26 17:08:23.240499 dv-cinder-835384-17-smb devstack@keystone.service[80085]: DEBUG dbcounter [-] [80085] Writing DB stats keystone:SELECT=100 {{(pid=80085) stat_writer /usr/local/lib/python3.8/dist-packages/dbcounter.py:114}}
Jul 26 17:08:23.270920 dv-cinder-835384-17-smb devstack@keystone.service[80086]: DEBUG keystone.server.flask.request_processing.middleware.auth_context [None req-51449690-2835-4c7b-8b81-87f2874b00fa None admin] Validating token access rules against request {{(pid=80086) validate_allowed_request /usr/local/lib/python3.8/dist-packages/keystonemiddleware/auth_token/__init__.py:545}}
Jul 26 17:08:23.276804 dv-cinder-835384-17-smb devstack@keystone.service[80085]: DEBUG keystone.server.flask.request_processing.middleware.auth_context [None req-a3c6d0ef-20d7-4194-9005-bb3da62117de None admin] Validating token access rules against request {{(pid=80085) validate_allowed_request /usr/local/lib/python3.8/dist-packages/keystonemiddleware/auth_token/__init__.py:545}}
Jul 26 17:08:23.306209 dv-cinder-835384-17-smb devstack@keystone.service[80086]: DEBUG keystone.server.flask.request_processing.middleware.auth_context [None req-c74e7df4-c319-4b7f-aa24-457f19ced9d4 None admin] RBAC: auth_context: {'token': , 'domain_id': None, 'trust_id': None, 'trustor_id': None, 'trustee_id': None, 'domain_name': None, 'group_ids': [], 'user_id': '39522a259dab49339fe70835c208aa7d', 'user_domain_id': 'default', 'system_scope': 'all', 'project_id': None, 'project_domain_id': None, 'roles': ['admin', 'member', 'reader'], 'is_admin_project': True, 'service_user_id': None, 'service_user_domain_id': None, 'service_project_id': None, 'service_project_domain_id': None, 'service_roles': []} {{(pid=80086) fill_context /opt/stack/keystone/keystone/server/flask/request_processing/middleware/auth_context.py:478}}
Jul 26 17:08:23.306852 dv-cinder-835384-17-smb devstack@keystone.service[80086]: DEBUG keystone.server.flask.request_processing.req_logging [None req-c74e7df4-c319-4b7f-aa24-457f19ced9d4 None admin] REQUEST_METHOD: `GET` {{(pid=80086) log_request_info /opt/stack/keystone/keystone/server/flask/request_processing/req_logging.py:27}}
Jul 26 17:08:23.307138 dv-cinder-835384-17-smb devstack@keystone.service[80086]: DEBUG keystone.server.flask.request_processing.req_logging [None req-c74e7df4-c319-4b7f-aa24-457f19ced9d4 None admin] SCRIPT_NAME: `/identity` {{(pid=80086) log_request_info /opt/stack/keystone/keystone/server/flask/request_processing/req_logging.py:28}}
Jul 26 17:08:23.307419 dv-cinder-835384-17-smb devstack@keystone.service[80086]: DEBUG keystone.server.flask.request_processing.req_logging [None req-c74e7df4-c319-4b7f-aa24-457f19ced9d4 None admin] PATH_INFO: `/v3/projects/466ff46ee45f45dc937b3155b20cf080` {{(pid=80086) log_request_info /opt/stack/keystone/keystone/server/flask/request_processing/req_logging.py:29}}
Jul 26 17:08:23.308582 dv-cinder-835384-17-smb devstack@keystone.service[80086]: DEBUG keystone.common.rbac_enforcer.enforcer [None req-c74e7df4-c319-4b7f-aa24-457f19ced9d4 None admin] RBAC: Authorizing `identity:get_project(project_id=466ff46ee45f45dc937b3155b20cf080)` {{(pid=80086) enforce_call /opt/stack/keystone/keystone/common/rbac_enforcer/enforcer.py:449}}
Jul 26 17:08:23.309953 dv-cinder-835384-17-smb devstack@keystone.service[80085]: DEBUG keystone.server.flask.request_processing.middleware.auth_context [None req-b46c917d-b4b9-4483-8bed-fe9cd3e14121 None admin] RBAC: auth_context: {'token': , 'domain_id': None, 'trust_id': None, 'trustor_id': None, 'trustee_id': None, 'domain_name': None, 'group_ids': [], 'user_id': '39522a259dab49339fe70835c208aa7d', 'user_domain_id': 'default', 'system_scope': 'all', 'project_id': None, 'project_domain_id': None, 'roles': ['admin', 'member', 'reader'], 'is_admin_project': True, 'service_user_id': None, 'service_user_domain_id': None, 'service_project_id': None, 'service_project_domain_id': None, 'service_roles': []} {{(pid=80085) fill_context /opt/stack/keystone/keystone/server/flask/request_processing/middleware/auth_context.py:478}}
Jul 26 17:08:23.310061 dv-cinder-835384-17-smb devstack@keystone.service[80086]: DEBUG keystone.common.rbac_enforcer.enforcer [None req-c74e7df4-c319-4b7f-aa24-457f19ced9d4 None admin] RBAC: Authorization granted {{(pid=80086) enforce_call /opt/stack/keystone/keystone/common/rbac_enforcer/enforcer.py:457}}
Jul 26 17:08:23.310584 dv-cinder-835384-17-smb devstack@keystone.service[80085]: DEBUG keystone.server.flask.request_processing.req_logging [None req-b46c917d-b4b9-4483-8bed-fe9cd3e14121 None admin] REQUEST_METHOD: `GET` {{(pid=80085) log_request_info /opt/stack/keystone/keystone/server/flask/request_processing/req_logging.py:27}}
Jul 26 17:08:23.310867 dv-cinder-835384-17-smb devstack@keystone.service[80085]: DEBUG keystone.server.flask.request_processing.req_logging [None req-b46c917d-b4b9-4483-8bed-fe9cd3e14121 None admin] SCRIPT_NAME: `/identity` {{(pid=80085) log_request_info /opt/stack/keystone/keystone/server/flask/request_processing/req_logging.py:28}}
Jul 26 17:08:23.311143 dv-cinder-835384-17-smb devstack@keystone.service[80085]: DEBUG keystone.server.flask.request_processing.req_logging [None req-b46c917d-b4b9-4483-8bed-fe9cd3e14121 None admin] PATH_INFO: `/v3/users/73240aa283f34395b68c28b9d438c68f` {{(pid=80085) log_request_info /opt/stack/keystone/keystone/server/flask/request_processing/req_logging.py:29}}
Jul 26 17:08:23.311720 dv-cinder-835384-17-smb devstack@keystone.service[80086]: [pid: 80086|app: 0|req: 41/84] 10.222.0.46 () {56 vars in 1186 bytes} [Tue Jul 26 17:08:23 2022] GET /identity/v3/projects/466ff46ee45f45dc937b3155b20cf080 => generated 298 bytes in 144 msecs (HTTP/1.1 200) 5 headers in 177 bytes (1 switches on core 0)
Jul 26 17:08:23.313063 dv-cinder-835384-17-smb devstack@keystone.service[80085]: DEBUG keystone.common.rbac_enforcer.enforcer [None req-b46c917d-b4b9-4483-8bed-fe9cd3e14121 None admin] RBAC: Authorizing `identity:get_user(user_id=73240aa283f34395b68c28b9d438c68f)` {{(pid=80085) enforce_call /opt/stack/keystone/keystone/common/rbac_enforcer/enforcer.py:449}}
Jul 26 17:08:23.313154 dv-cinder-835384-17-smb devstack@keystone.service[80086]: DEBUG keystone.server.flask.request_processing.middleware.auth_context [None req-c74e7df4-c319-4b7f-aa24-457f19ced9d4 None admin] Authenticating user token {{(pid=80086) process_request /usr/local/lib/python3.8/dist-packages/keystonemiddleware/auth_token/__init__.py:407}}
Jul 26 17:08:23.314522 dv-cinder-835384-17-smb devstack@keystone.service[80085]: DEBUG keystone.common.rbac_enforcer.enforcer [None req-b46c917d-b4b9-4483-8bed-fe9cd3e14121 None admin] RBAC: Authorization granted {{(pid=80085) enforce_call /opt/stack/keystone/keystone/common/rbac_enforcer/enforcer.py:457}}
Jul 26 17:08:23.316116 dv-cinder-835384-17-smb devstack@keystone.service[80085]: [pid: 80085|app: 0|req: 44/85] 10.222.0.46 () {56 vars in 1177 bytes} [Tue Jul 26 17:08:23 2022] GET /identity/v3/users/73240aa283f34395b68c28b9d438c68f => generated 275 bytes in 141 msecs (HTTP/1.1 200) 5 headers in 177 bytes (1 switches on core 0)
Jul 26 17:08:23.316862 dv-cinder-835384-17-smb devstack@keystone.service[80085]: DEBUG keystone.server.flask.request_processing.middleware.auth_context [None req-b46c917d-b4b9-4483-8bed-fe9cd3e14121 None admin] Authenticating user token {{(pid=80085) process_request /usr/local/lib/python3.8/dist-packages/keystonemiddleware/auth_token/__init__.py:407}}
Jul 26 17:08:23.363283 dv-cinder-835384-17-smb devstack@keystone.service[80086]: DEBUG dbcounter [-] [80086] Writing DB stats keystone:SELECT=100 {{(pid=80086) stat_writer /usr/local/lib/python3.8/dist-packages/dbcounter.py:114}}
Jul 26 17:08:23.412974 dv-cinder-835384-17-smb devstack@keystone.service[80086]: DEBUG keystone.server.flask.request_processing.middleware.auth_context [None req-c74e7df4-c319-4b7f-aa24-457f19ced9d4 None admin] Validating token access rules against request {{(pid=80086) validate_allowed_request /usr/local/lib/python3.8/dist-packages/keystonemiddleware/auth_token/__init__.py:545}}
Jul 26 17:08:23.422351 dv-cinder-835384-17-smb devstack@keystone.service[80085]: DEBUG keystone.server.flask.request_processing.middleware.auth_context [None req-b46c917d-b4b9-4483-8bed-fe9cd3e14121 None admin] Validating token access rules against request {{(pid=80085) validate_allowed_request /usr/local/lib/python3.8/dist-packages/keystonemiddleware/auth_token/__init__.py:545}}
Jul 26 17:08:23.446961 dv-cinder-835384-17-smb devstack@keystone.service[80086]: DEBUG keystone.server.flask.request_processing.middleware.auth_context [None req-ed801d20-7ae1-474c-9b11-b9a04f355f4d None admin] RBAC: auth_context: {'token': , 'domain_id': None, 'trust_id': None, 'trustor_id': None, 'trustee_id': None, 'domain_name': None, 'group_ids': [], 'user_id': '39522a259dab49339fe70835c208aa7d', 'user_domain_id': 'default', 'system_scope': 'all', 'project_id': None, 'project_domain_id': None, 'roles': ['admin', 'member', 'reader'], 'is_admin_project': True, 'service_user_id': None, 'service_user_domain_id': None, 'service_project_id': None, 'service_project_domain_id': None, 'service_roles': []} {{(pid=80086) fill_context /opt/stack/keystone/keystone/server/flask/request_processing/middleware/auth_context.py:478}}
Jul 26 17:08:23.447574 dv-cinder-835384-17-smb devstack@keystone.service[80086]: DEBUG keystone.server.flask.request_processing.req_logging [None req-ed801d20-7ae1-474c-9b11-b9a04f355f4d None admin] REQUEST_METHOD: `GET` {{(pid=80086) log_request_info /opt/stack/keystone/keystone/server/flask/request_processing/req_logging.py:27}}
Jul 26 17:08:23.447855 dv-cinder-835384-17-smb devstack@keystone.service[80086]: DEBUG keystone.server.flask.request_processing.req_logging [None req-ed801d20-7ae1-474c-9b11-b9a04f355f4d None admin] SCRIPT_NAME: `/identity` {{(pid=80086) log_request_info /opt/stack/keystone/keystone/server/flask/request_processing/req_logging.py:28}}
Jul 26 17:08:23.448127 dv-cinder-835384-17-smb devstack@keystone.service[80086]: DEBUG keystone.server.flask.request_processing.req_logging [None req-ed801d20-7ae1-474c-9b11-b9a04f355f4d None admin] PATH_INFO: `/v3/roles` {{(pid=80086) log_request_info /opt/stack/keystone/keystone/server/flask/request_processing/req_logging.py:29}}
Jul 26 17:08:23.448831 dv-cinder-835384-17-smb devstack@keystone.service[80086]: DEBUG keystone.common.rbac_enforcer.enforcer [None req-ed801d20-7ae1-474c-9b11-b9a04f355f4d None admin] RBAC: Adding query filter params (name=member) {{(pid=80086) _extract_filter_values /opt/stack/keystone/keystone/common/rbac_enforcer/enforcer.py:167}}
Jul 26 17:08:23.449134 dv-cinder-835384-17-smb devstack@keystone.service[80086]: DEBUG keystone.common.rbac_enforcer.enforcer [None req-ed801d20-7ae1-474c-9b11-b9a04f355f4d None admin] RBAC: Authorizing `identity:list_roles()` {{(pid=80086) enforce_call /opt/stack/keystone/keystone/common/rbac_enforcer/enforcer.py:449}}
Jul 26 17:08:23.450546 dv-cinder-835384-17-smb devstack@keystone.service[80086]: DEBUG keystone.common.rbac_enforcer.enforcer [None req-ed801d20-7ae1-474c-9b11-b9a04f355f4d None admin] RBAC: Authorization granted {{(pid=80086) enforce_call /opt/stack/keystone/keystone/common/rbac_enforcer/enforcer.py:457}}
Jul 26 17:08:23.455911 dv-cinder-835384-17-smb devstack@keystone.service[80085]: DEBUG keystone.server.flask.request_processing.middleware.auth_context [None req-dd31f616-ceb0-4f7e-9c35-919239a36ff8 None admin] RBAC: auth_context: {'token': , 'domain_id': None, 'trust_id': None, 'trustor_id': None, 'trustee_id': None, 'domain_name': None, 'group_ids': [], 'user_id': '39522a259dab49339fe70835c208aa7d', 'user_domain_id': 'default', 'system_scope': 'all', 'project_id': None, 'project_domain_id': None, 'roles': ['admin', 'member', 'reader'], 'is_admin_project': True, 'service_user_id': None, 'service_user_domain_id': None, 'service_project_id': None, 'service_project_domain_id': None, 'service_roles': []} {{(pid=80085) fill_context /opt/stack/keystone/keystone/server/flask/request_processing/middleware/auth_context.py:478}}
Jul 26 17:08:23.456576 dv-cinder-835384-17-smb devstack@keystone.service[80085]: DEBUG keystone.server.flask.request_processing.req_logging [None req-dd31f616-ceb0-4f7e-9c35-919239a36ff8 None admin] REQUEST_METHOD: `GET` {{(pid=80085) log_request_info /opt/stack/keystone/keystone/server/flask/request_processing/req_logging.py:27}}
Jul 26 17:08:23.456867 dv-cinder-835384-17-smb devstack@keystone.service[80085]: DEBUG keystone.server.flask.request_processing.req_logging [None req-dd31f616-ceb0-4f7e-9c35-919239a36ff8 None admin] SCRIPT_NAME: `/identity` {{(pid=80085) log_request_info /opt/stack/keystone/keystone/server/flask/request_processing/req_logging.py:28}}
Jul 26 17:08:23.457147 dv-cinder-835384-17-smb devstack@keystone.service[80085]: DEBUG keystone.server.flask.request_processing.req_logging [None req-dd31f616-ceb0-4f7e-9c35-919239a36ff8 None admin] PATH_INFO: `/v3/projects/466ff46ee45f45dc937b3155b20cf080` {{(pid=80085) log_request_info /opt/stack/keystone/keystone/server/flask/request_processing/req_logging.py:29}}
Jul 26 17:08:23.458351 dv-cinder-835384-17-smb devstack@keystone.service[80085]: DEBUG keystone.common.rbac_enforcer.enforcer [None req-dd31f616-ceb0-4f7e-9c35-919239a36ff8 None admin] RBAC: Authorizing `identity:get_project(project_id=466ff46ee45f45dc937b3155b20cf080)` {{(pid=80085) enforce_call /opt/stack/keystone/keystone/common/rbac_enforcer/enforcer.py:449}}
Jul 26 17:08:23.458558 dv-cinder-835384-17-smb devstack@keystone.service[80086]: [pid: 80086|app: 0|req: 42/86] 10.222.0.46 () {56 vars in 1101 bytes} [Tue Jul 26 17:08:23 2022] GET /identity/v3/roles?name=member => generated 341 bytes in 146 msecs (HTTP/1.1 200) 5 headers in 177 bytes (1 switches on core 0)
Jul 26 17:08:23.459324 dv-cinder-835384-17-smb devstack@keystone.service[80086]: DEBUG keystone.server.flask.request_processing.middleware.auth_context [None req-ed801d20-7ae1-474c-9b11-b9a04f355f4d None admin] Authenticating user token {{(pid=80086) process_request /usr/local/lib/python3.8/dist-packages/keystonemiddleware/auth_token/__init__.py:407}}
Jul 26 17:08:23.459789 dv-cinder-835384-17-smb devstack@keystone.service[80085]: DEBUG keystone.common.rbac_enforcer.enforcer [None req-dd31f616-ceb0-4f7e-9c35-919239a36ff8 None admin] RBAC: Authorization granted {{(pid=80085) enforce_call /opt/stack/keystone/keystone/common/rbac_enforcer/enforcer.py:457}}
Jul 26 17:08:23.461607 dv-cinder-835384-17-smb devstack@keystone.service[80085]: [pid: 80085|app: 0|req: 45/87] 10.222.0.46 () {56 vars in 1186 bytes} [Tue Jul 26 17:08:23 2022] GET /identity/v3/projects/466ff46ee45f45dc937b3155b20cf080 => generated 298 bytes in 145 msecs (HTTP/1.1 200) 5 headers in 177 bytes (1 switches on core 0)
Jul 26 17:08:23.462252 dv-cinder-835384-17-smb devstack@keystone.service[80085]: DEBUG keystone.server.flask.request_processing.middleware.auth_context [None req-dd31f616-ceb0-4f7e-9c35-919239a36ff8 None admin] Authenticating user token {{(pid=80085) process_request /usr/local/lib/python3.8/dist-packages/keystonemiddleware/auth_token/__init__.py:407}}
Jul 26 17:08:23.465609 dv-cinder-835384-17-smb devstack@keystone.service[80085]: DEBUG dbcounter [-] [80085] Writing DB stats keystone:SELECT=100 {{(pid=80085) stat_writer /usr/local/lib/python3.8/dist-packages/dbcounter.py:114}}
Jul 26 17:08:23.564315 dv-cinder-835384-17-smb devstack@keystone.service[80086]: DEBUG keystone.server.flask.request_processing.middleware.auth_context [None req-ed801d20-7ae1-474c-9b11-b9a04f355f4d None admin] Validating token access rules against request {{(pid=80086) validate_allowed_request /usr/local/lib/python3.8/dist-packages/keystonemiddleware/auth_token/__init__.py:545}}
Jul 26 17:08:23.564481 dv-cinder-835384-17-smb devstack@keystone.service[80085]: DEBUG keystone.server.flask.request_processing.middleware.auth_context [None req-dd31f616-ceb0-4f7e-9c35-919239a36ff8 None admin] Validating token access rules against request {{(pid=80085) validate_allowed_request /usr/local/lib/python3.8/dist-packages/keystonemiddleware/auth_token/__init__.py:545}}
Jul 26 17:08:23.574579 dv-cinder-835384-17-smb devstack@keystone.service[80086]: DEBUG dbcounter [-] [80086] Writing DB stats keystone:SELECT=100 {{(pid=80086) stat_writer /usr/local/lib/python3.8/dist-packages/dbcounter.py:114}}
Jul 26 17:08:23.597715 dv-cinder-835384-17-smb devstack@keystone.service[80085]: DEBUG keystone.server.flask.request_processing.middleware.auth_context [None req-43fc77df-83f5-4a39-bbd7-5b7a200ba892 None admin] RBAC: auth_context: {'token': , 'domain_id': None, 'trust_id': None, 'trustor_id': None, 'trustee_id': None, 'domain_name': None, 'group_ids': [], 'user_id': '39522a259dab49339fe70835c208aa7d', 'user_domain_id': 'default', 'system_scope': 'all', 'project_id': None, 'project_domain_id': None, 'roles': ['admin', 'member', 'reader'], 'is_admin_project': True, 'service_user_id': None, 'service_user_domain_id': None, 'service_project_id': None, 'service_project_domain_id': None, 'service_roles': []} {{(pid=80085) fill_context /opt/stack/keystone/keystone/server/flask/request_processing/middleware/auth_context.py:478}}
Jul 26 17:08:23.598306 dv-cinder-835384-17-smb devstack@keystone.service[80086]: DEBUG keystone.server.flask.request_processing.middleware.auth_context [None req-1ad758a4-0489-4d0e-9dcd-5e28decc9508 None admin] RBAC: auth_context: {'token': , 'domain_id': None, 'trust_id': None, 'trustor_id': None, 'trustee_id': None, 'domain_name': None, 'group_ids': [], 'user_id': '39522a259dab49339fe70835c208aa7d', 'user_domain_id': 'default', 'system_scope': 'all', 'project_id': None, 'project_domain_id': None, 'roles': ['admin', 'member', 'reader'], 'is_admin_project': True, 'service_user_id': None, 'service_user_domain_id': None, 'service_project_id': None, 'service_project_domain_id': None, 'service_roles': []} {{(pid=80086) fill_context /opt/stack/keystone/keystone/server/flask/request_processing/middleware/auth_context.py:478}}
Jul 26 17:08:23.598425 dv-cinder-835384-17-smb devstack@keystone.service[80085]: DEBUG keystone.server.flask.request_processing.req_logging [None req-43fc77df-83f5-4a39-bbd7-5b7a200ba892 None admin] REQUEST_METHOD: `GET` {{(pid=80085) log_request_info /opt/stack/keystone/keystone/server/flask/request_processing/req_logging.py:27}}
Jul 26 17:08:23.598636 dv-cinder-835384-17-smb devstack@keystone.service[80085]: DEBUG keystone.server.flask.request_processing.req_logging [None req-43fc77df-83f5-4a39-bbd7-5b7a200ba892 None admin] SCRIPT_NAME: `/identity` {{(pid=80085) log_request_info /opt/stack/keystone/keystone/server/flask/request_processing/req_logging.py:28}}
Jul 26 17:08:23.598912 dv-cinder-835384-17-smb devstack@keystone.service[80085]: DEBUG keystone.server.flask.request_processing.req_logging [None req-43fc77df-83f5-4a39-bbd7-5b7a200ba892 None admin] PATH_INFO: `/v3/role_assignments` {{(pid=80085) log_request_info /opt/stack/keystone/keystone/server/flask/request_processing/req_logging.py:29}}
Jul 26 17:08:23.598998 dv-cinder-835384-17-smb devstack@keystone.service[80086]: DEBUG keystone.server.flask.request_processing.req_logging [None req-1ad758a4-0489-4d0e-9dcd-5e28decc9508 None admin] REQUEST_METHOD: `POST` {{(pid=80086) log_request_info /opt/stack/keystone/keystone/server/flask/request_processing/req_logging.py:27}}
Jul 26 17:08:23.599191 dv-cinder-835384-17-smb devstack@keystone.service[80086]: DEBUG keystone.server.flask.request_processing.req_logging [None req-1ad758a4-0489-4d0e-9dcd-5e28decc9508 None admin] SCRIPT_NAME: `/identity` {{(pid=80086) log_request_info /opt/stack/keystone/keystone/server/flask/request_processing/req_logging.py:28}}
Jul 26 17:08:23.599465 dv-cinder-835384-17-smb devstack@keystone.service[80086]: DEBUG keystone.server.flask.request_processing.req_logging [None req-1ad758a4-0489-4d0e-9dcd-5e28decc9508 None admin] PATH_INFO: `/v3/users` {{(pid=80086) log_request_info /opt/stack/keystone/keystone/server/flask/request_processing/req_logging.py:29}}
Jul 26 17:08:23.599691 dv-cinder-835384-17-smb devstack@keystone.service[80085]: DEBUG keystone.common.rbac_enforcer.enforcer [None req-43fc77df-83f5-4a39-bbd7-5b7a200ba892 None admin] RBAC: Adding query filter params (role.id=182aaa4533834722b331da19cd280e08, scope.project.id=466ff46ee45f45dc937b3155b20cf080, user.id=39522a259dab49339fe70835c208aa7d) {{(pid=80085) _extract_filter_values /opt/stack/keystone/keystone/common/rbac_enforcer/enforcer.py:167}}
Jul 26 17:08:23.600002 dv-cinder-835384-17-smb devstack@keystone.service[80085]: DEBUG keystone.common.rbac_enforcer.enforcer [None req-43fc77df-83f5-4a39-bbd7-5b7a200ba892 None admin] RBAC: Authorizing `identity:list_role_assignments()` {{(pid=80085) enforce_call /opt/stack/keystone/keystone/common/rbac_enforcer/enforcer.py:449}}
Jul 26 17:08:23.600141 dv-cinder-835384-17-smb devstack@keystone.service[80086]: DEBUG keystone.common.rbac_enforcer.enforcer [None req-1ad758a4-0489-4d0e-9dcd-5e28decc9508 None admin] RBAC: Authorizing `identity:create_user()` {{(pid=80086) enforce_call /opt/stack/keystone/keystone/common/rbac_enforcer/enforcer.py:449}}
Jul 26 17:08:23.601428 dv-cinder-835384-17-smb devstack@keystone.service[80085]: DEBUG keystone.common.rbac_enforcer.enforcer [None req-43fc77df-83f5-4a39-bbd7-5b7a200ba892 None admin] RBAC: Authorization granted {{(pid=80085) enforce_call /opt/stack/keystone/keystone/common/rbac_enforcer/enforcer.py:457}}
Jul 26 17:08:23.601557 dv-cinder-835384-17-smb devstack@keystone.service[80086]: DEBUG keystone.common.rbac_enforcer.enforcer [None req-1ad758a4-0489-4d0e-9dcd-5e28decc9508 None admin] RBAC: Authorization granted {{(pid=80086) enforce_call /opt/stack/keystone/keystone/common/rbac_enforcer/enforcer.py:457}}
Jul 26 17:08:23.606856 dv-cinder-835384-17-smb devstack@keystone.service[80085]: [pid: 80085|app: 0|req: 46/88] 10.222.0.46 () {56 vars in 1374 bytes} [Tue Jul 26 17:08:23 2022] GET /identity/v3/role_assignments?user.id=39522a259dab49339fe70835c208aa7d&scope.project.id=466ff46ee45f45dc937b3155b20cf080&role.id=182aaa4533834722b331da19cd280e08 => generated 259 bytes in 145 msecs (HTTP/1.1 200) 5 headers in 177 bytes (1 switches on core 0)
Jul 26 17:08:23.607628 dv-cinder-835384-17-smb devstack@keystone.service[80085]: DEBUG keystone.server.flask.request_processing.middleware.auth_context [None req-43fc77df-83f5-4a39-bbd7-5b7a200ba892 None admin] Authenticating user token {{(pid=80085) process_request /usr/local/lib/python3.8/dist-packages/keystonemiddleware/auth_token/__init__.py:407}}
Jul 26 17:08:23.631181 dv-cinder-835384-17-smb devstack@keystone.service[80086]: [pid: 80086|app: 0|req: 43/89] 10.222.0.46 () {60 vars in 1132 bytes} [Tue Jul 26 17:08:23 2022] POST /identity/v3/users => generated 289 bytes in 172 msecs (HTTP/1.1 201) 5 headers in 182 bytes (1 switches on core 0)
Jul 26 17:08:23.639295 dv-cinder-835384-17-smb devstack@keystone.service[80086]: DEBUG keystone.server.flask.request_processing.middleware.auth_context [None req-1ad758a4-0489-4d0e-9dcd-5e28decc9508 None admin] Authenticating user token {{(pid=80086) process_request /usr/local/lib/python3.8/dist-packages/keystonemiddleware/auth_token/__init__.py:407}}
Jul 26 17:08:23.714234 dv-cinder-835384-17-smb devstack@keystone.service[80085]: DEBUG dbcounter [-] [80085] Writing DB stats keystone:SELECT=100 {{(pid=80085) stat_writer /usr/local/lib/python3.8/dist-packages/dbcounter.py:114}}
Jul 26 17:08:23.734986 dv-cinder-835384-17-smb devstack@keystone.service[80085]: DEBUG keystone.server.flask.request_processing.middleware.auth_context [None req-43fc77df-83f5-4a39-bbd7-5b7a200ba892 None admin] Validating token access rules against request {{(pid=80085) validate_allowed_request /usr/local/lib/python3.8/dist-packages/keystonemiddleware/auth_token/__init__.py:545}}
Jul 26 17:08:23.775910 dv-cinder-835384-17-smb devstack@keystone.service[80086]: DEBUG keystone.server.flask.request_processing.middleware.auth_context [None req-1ad758a4-0489-4d0e-9dcd-5e28decc9508 None admin] Validating token access rules against request {{(pid=80086) validate_allowed_request /usr/local/lib/python3.8/dist-packages/keystonemiddleware/auth_token/__init__.py:545}}
Jul 26 17:08:23.776913 dv-cinder-835384-17-smb devstack@keystone.service[80085]: DEBUG keystone.server.flask.request_processing.middleware.auth_context [None req-63e99307-f0c6-4ab8-bf33-af264b087b59 None admin] RBAC: auth_context: {'token': , 'domain_id': None, 'trust_id': None, 'trustor_id': None, 'trustee_id': None, 'domain_name': None, 'group_ids': [], 'user_id': '39522a259dab49339fe70835c208aa7d', 'user_domain_id': 'default', 'system_scope': 'all', 'project_id': None, 'project_domain_id': None, 'roles': ['admin', 'member', 'reader'], 'is_admin_project': True, 'service_user_id': None, 'service_user_domain_id': None, 'service_project_id': None, 'service_project_domain_id': None, 'service_roles': []} {{(pid=80085) fill_context /opt/stack/keystone/keystone/server/flask/request_processing/middleware/auth_context.py:478}}
Jul 26 17:08:23.778179 dv-cinder-835384-17-smb devstack@keystone.service[80085]: DEBUG keystone.server.flask.request_processing.req_logging [None req-63e99307-f0c6-4ab8-bf33-af264b087b59 None admin] REQUEST_METHOD: `GET` {{(pid=80085) log_request_info /opt/stack/keystone/keystone/server/flask/request_processing/req_logging.py:27}}
Jul 26 17:08:23.778850 dv-cinder-835384-17-smb devstack@keystone.service[80085]: DEBUG keystone.server.flask.request_processing.req_logging [None req-63e99307-f0c6-4ab8-bf33-af264b087b59 None admin] SCRIPT_NAME: `/identity` {{(pid=80085) log_request_info /opt/stack/keystone/keystone/server/flask/request_processing/req_logging.py:28}}
Jul 26 17:08:23.779686 dv-cinder-835384-17-smb devstack@keystone.service[80085]: DEBUG keystone.server.flask.request_processing.req_logging [None req-63e99307-f0c6-4ab8-bf33-af264b087b59 None admin] PATH_INFO: `/v3/auth/tokens` {{(pid=80085) log_request_info /opt/stack/keystone/keystone/server/flask/request_processing/req_logging.py:29}}
Jul 26 17:08:23.818673 dv-cinder-835384-17-smb devstack@keystone.service[80086]: DEBUG keystone.server.flask.request_processing.middleware.auth_context [None req-400bdffa-ba8f-4710-8ba1-cae5b874fdd3 None admin] RBAC: auth_context: {'token': , 'domain_id': None, 'trust_id': None, 'trustor_id': None, 'trustee_id': None, 'domain_name': None, 'group_ids': [], 'user_id': '39522a259dab49339fe70835c208aa7d', 'user_domain_id': 'default', 'system_scope': 'all', 'project_id': None, 'project_domain_id': None, 'roles': ['admin', 'member', 'reader'], 'is_admin_project': True, 'service_user_id': None, 'service_user_domain_id': None, 'service_project_id': None, 'service_project_domain_id': None, 'service_roles': []} {{(pid=80086) fill_context /opt/stack/keystone/keystone/server/flask/request_processing/middleware/auth_context.py:478}}
Jul 26 17:08:23.819248 dv-cinder-835384-17-smb devstack@keystone.service[80086]: DEBUG keystone.server.flask.request_processing.req_logging [None req-400bdffa-ba8f-4710-8ba1-cae5b874fdd3 None admin] REQUEST_METHOD: `GET` {{(pid=80086) log_request_info /opt/stack/keystone/keystone/server/flask/request_processing/req_logging.py:27}}
Jul 26 17:08:23.819531 dv-cinder-835384-17-smb devstack@keystone.service[80086]: DEBUG keystone.server.flask.request_processing.req_logging [None req-400bdffa-ba8f-4710-8ba1-cae5b874fdd3 None admin] SCRIPT_NAME: `/identity` {{(pid=80086) log_request_info /opt/stack/keystone/keystone/server/flask/request_processing/req_logging.py:28}}
Jul 26 17:08:23.819809 dv-cinder-835384-17-smb devstack@keystone.service[80086]: DEBUG keystone.server.flask.request_processing.req_logging [None req-400bdffa-ba8f-4710-8ba1-cae5b874fdd3 None admin] PATH_INFO: `/v3/users/73240aa283f34395b68c28b9d438c68f` {{(pid=80086) log_request_info /opt/stack/keystone/keystone/server/flask/request_processing/req_logging.py:29}}
Jul 26 17:08:23.821005 dv-cinder-835384-17-smb devstack@keystone.service[80086]: DEBUG keystone.common.rbac_enforcer.enforcer [None req-400bdffa-ba8f-4710-8ba1-cae5b874fdd3 None admin] RBAC: Authorizing `identity:get_user(user_id=73240aa283f34395b68c28b9d438c68f)` {{(pid=80086) enforce_call /opt/stack/keystone/keystone/common/rbac_enforcer/enforcer.py:449}}
Jul 26 17:08:23.822502 dv-cinder-835384-17-smb devstack@keystone.service[80086]: DEBUG keystone.common.rbac_enforcer.enforcer [None req-400bdffa-ba8f-4710-8ba1-cae5b874fdd3 None admin] RBAC: Authorization granted {{(pid=80086) enforce_call /opt/stack/keystone/keystone/common/rbac_enforcer/enforcer.py:457}}
Jul 26 17:08:23.824141 dv-cinder-835384-17-smb devstack@keystone.service[80086]: [pid: 80086|app: 0|req: 44/90] 10.222.0.46 () {56 vars in 1177 bytes} [Tue Jul 26 17:08:23 2022] GET /identity/v3/users/73240aa283f34395b68c28b9d438c68f => generated 275 bytes in 186 msecs (HTTP/1.1 200) 5 headers in 177 bytes (1 switches on core 0)
Jul 26 17:08:23.824912 dv-cinder-835384-17-smb devstack@keystone.service[80086]: DEBUG keystone.server.flask.request_processing.middleware.auth_context [None req-400bdffa-ba8f-4710-8ba1-cae5b874fdd3 None admin] Authenticating user token {{(pid=80086) process_request /usr/local/lib/python3.8/dist-packages/keystonemiddleware/auth_token/__init__.py:407}}
Jul 26 17:08:23.864626 dv-cinder-835384-17-smb devstack@keystone.service[80086]: DEBUG dbcounter [-] [80086] Writing DB stats keystone:SELECT=97,keystone:INSERT=3 {{(pid=80086) stat_writer /usr/local/lib/python3.8/dist-packages/dbcounter.py:114}}
Jul 26 17:08:23.869768 dv-cinder-835384-17-smb devstack@keystone.service[80085]: DEBUG keystone.common.rbac_enforcer.enforcer [None req-63e99307-f0c6-4ab8-bf33-af264b087b59 None admin] RBAC: Authorizing `identity:validate_token()` {{(pid=80085) enforce_call /opt/stack/keystone/keystone/common/rbac_enforcer/enforcer.py:449}}
Jul 26 17:08:23.871276 dv-cinder-835384-17-smb devstack@keystone.service[80085]: DEBUG keystone.common.rbac_enforcer.enforcer [None req-63e99307-f0c6-4ab8-bf33-af264b087b59 None admin] RBAC: Authorization granted {{(pid=80085) enforce_call /opt/stack/keystone/keystone/common/rbac_enforcer/enforcer.py:457}}
Jul 26 17:08:23.960864 dv-cinder-835384-17-smb devstack@keystone.service[80085]: DEBUG dbcounter [-] [80085] Writing DB stats keystone:SELECT=100 {{(pid=80085) stat_writer /usr/local/lib/python3.8/dist-packages/dbcounter.py:114}}
Jul 26 17:08:23.965739 dv-cinder-835384-17-smb devstack@keystone.service[80086]: DEBUG keystone.server.flask.request_processing.middleware.auth_context [None req-400bdffa-ba8f-4710-8ba1-cae5b874fdd3 None admin] Validating token access rules against request {{(pid=80086) validate_allowed_request /usr/local/lib/python3.8/dist-packages/keystonemiddleware/auth_token/__init__.py:545}}
Jul 26 17:08:24.004271 dv-cinder-835384-17-smb devstack@keystone.service[80085]: [pid: 80085|app: 0|req: 47/91] 10.222.0.46 () {58 vars in 1282 bytes} [Tue Jul 26 17:08:23 2022] GET /identity/v3/auth/tokens => generated 799 bytes in 397 msecs (HTTP/1.1 200) 6 headers in 358 bytes (1 switches on core 0)
Jul 26 17:08:24.005649 dv-cinder-835384-17-smb devstack@keystone.service[80085]: DEBUG keystone.server.flask.request_processing.middleware.auth_context [None req-63e99307-f0c6-4ab8-bf33-af264b087b59 None admin] Authenticating user token {{(pid=80085) process_request /usr/local/lib/python3.8/dist-packages/keystonemiddleware/auth_token/__init__.py:407}}
Jul 26 17:08:24.019885 dv-cinder-835384-17-smb devstack@keystone.service[80086]: DEBUG keystone.server.flask.request_processing.middleware.auth_context [None req-d7acbf31-4b9e-48aa-8c9a-a15de8c5f277 None admin] RBAC: auth_context: {'token': , 'domain_id': None, 'trust_id': None, 'trustor_id': None, 'trustee_id': None, 'domain_name': None, 'group_ids': [], 'user_id': '39522a259dab49339fe70835c208aa7d', 'user_domain_id': 'default', 'system_scope': 'all', 'project_id': None, 'project_domain_id': None, 'roles': ['admin', 'member', 'reader'], 'is_admin_project': True, 'service_user_id': None, 'service_user_domain_id': None, 'service_project_id': None, 'service_project_domain_id': None, 'service_roles': []} {{(pid=80086) fill_context /opt/stack/keystone/keystone/server/flask/request_processing/middleware/auth_context.py:478}}
Jul 26 17:08:24.020522 dv-cinder-835384-17-smb devstack@keystone.service[80086]: DEBUG keystone.server.flask.request_processing.req_logging [None req-d7acbf31-4b9e-48aa-8c9a-a15de8c5f277 None admin] REQUEST_METHOD: `GET` {{(pid=80086) log_request_info /opt/stack/keystone/keystone/server/flask/request_processing/req_logging.py:27}}
Jul 26 17:08:24.020803 dv-cinder-835384-17-smb devstack@keystone.service[80086]: DEBUG keystone.server.flask.request_processing.req_logging [None req-d7acbf31-4b9e-48aa-8c9a-a15de8c5f277 None admin] SCRIPT_NAME: `/identity` {{(pid=80086) log_request_info /opt/stack/keystone/keystone/server/flask/request_processing/req_logging.py:28}}
Jul 26 17:08:24.021077 dv-cinder-835384-17-smb devstack@keystone.service[80086]: DEBUG keystone.server.flask.request_processing.req_logging [None req-d7acbf31-4b9e-48aa-8c9a-a15de8c5f277 None admin] PATH_INFO: `/v3/role_assignments` {{(pid=80086) log_request_info /opt/stack/keystone/keystone/server/flask/request_processing/req_logging.py:29}}
Jul 26 17:08:24.021916 dv-cinder-835384-17-smb devstack@keystone.service[80086]: DEBUG keystone.common.rbac_enforcer.enforcer [None req-d7acbf31-4b9e-48aa-8c9a-a15de8c5f277 None admin] RBAC: Adding query filter params (role.id=181491cb54d74fe086995c786e0e9ae1, scope.project.id=466ff46ee45f45dc937b3155b20cf080, user.id=73240aa283f34395b68c28b9d438c68f) {{(pid=80086) _extract_filter_values /opt/stack/keystone/keystone/common/rbac_enforcer/enforcer.py:167}}
Jul 26 17:08:24.022232 dv-cinder-835384-17-smb devstack@keystone.service[80086]: DEBUG keystone.common.rbac_enforcer.enforcer [None req-d7acbf31-4b9e-48aa-8c9a-a15de8c5f277 None admin] RBAC: Authorizing `identity:list_role_assignments()` {{(pid=80086) enforce_call /opt/stack/keystone/keystone/common/rbac_enforcer/enforcer.py:449}}
Jul 26 17:08:24.023775 dv-cinder-835384-17-smb devstack@keystone.service[80086]: DEBUG keystone.common.rbac_enforcer.enforcer [None req-d7acbf31-4b9e-48aa-8c9a-a15de8c5f277 None admin] RBAC: Authorization granted {{(pid=80086) enforce_call /opt/stack/keystone/keystone/common/rbac_enforcer/enforcer.py:457}}
Jul 26 17:08:24.030047 dv-cinder-835384-17-smb devstack@keystone.service[80086]: [pid: 80086|app: 0|req: 45/92] 10.222.0.46 () {56 vars in 1374 bytes} [Tue Jul 26 17:08:23 2022] GET /identity/v3/role_assignments?user.id=73240aa283f34395b68c28b9d438c68f&scope.project.id=466ff46ee45f45dc937b3155b20cf080&role.id=181491cb54d74fe086995c786e0e9ae1 => generated 259 bytes in 205 msecs (HTTP/1.1 200) 5 headers in 177 bytes (1 switches on core 0)
Jul 26 17:08:24.031386 dv-cinder-835384-17-smb devstack@keystone.service[80086]: DEBUG keystone.server.flask.request_processing.middleware.auth_context [None req-d7acbf31-4b9e-48aa-8c9a-a15de8c5f277 None admin] Authenticating user token {{(pid=80086) process_request /usr/local/lib/python3.8/dist-packages/keystonemiddleware/auth_token/__init__.py:407}}
