Jul 26 17:08:41.369668 dv-cinder-835384-17-smb devstack@keystone.service[80085]: DEBUG keystone.server.flask.request_processing.req_logging [None req-906183eb-8242-4987-8254-acb7c6f36c73 None admin] PATH_INFO: `/v3/roles` {{(pid=80085) log_request_info /opt/stack/keystone/keystone/server/flask/request_processing/req_logging.py:29}}
Jul 26 17:08:41.370490 dv-cinder-835384-17-smb devstack@keystone.service[80085]: DEBUG keystone.common.rbac_enforcer.enforcer [None req-906183eb-8242-4987-8254-acb7c6f36c73 None admin] RBAC: Adding query filter params (name=admin) {{(pid=80085) _extract_filter_values /opt/stack/keystone/keystone/common/rbac_enforcer/enforcer.py:167}}
Jul 26 17:08:41.370794 dv-cinder-835384-17-smb devstack@keystone.service[80085]: DEBUG keystone.common.rbac_enforcer.enforcer [None req-906183eb-8242-4987-8254-acb7c6f36c73 None admin] RBAC: Authorizing `identity:list_roles()` {{(pid=80085) enforce_call /opt/stack/keystone/keystone/common/rbac_enforcer/enforcer.py:449}}
Jul 26 17:08:41.372151 dv-cinder-835384-17-smb devstack@keystone.service[80085]: DEBUG keystone.common.rbac_enforcer.enforcer [None req-906183eb-8242-4987-8254-acb7c6f36c73 None admin] RBAC: Authorization granted {{(pid=80085) enforce_call /opt/stack/keystone/keystone/common/rbac_enforcer/enforcer.py:457}}
Jul 26 17:08:41.381527 dv-cinder-835384-17-smb devstack@keystone.service[80085]: [pid: 80085|app: 0|req: 110/226] 10.222.0.46 () {56 vars in 1099 bytes} [Tue Jul 26 17:08:41 2022] GET /identity/v3/roles?name=admin => generated 339 bytes in 239 msecs (HTTP/1.1 200) 5 headers in 177 bytes (1 switches on core 0)
Jul 26 17:08:41.393880 dv-cinder-835384-17-smb devstack@keystone.service[80085]: DEBUG keystone.server.flask.request_processing.middleware.auth_context [None req-906183eb-8242-4987-8254-acb7c6f36c73 None admin] Authenticating user token {{(pid=80085) process_request /usr/local/lib/python3.8/dist-packages/keystonemiddleware/auth_token/__init__.py:407}}
Jul 26 17:08:41.418754 dv-cinder-835384-17-smb devstack@keystone.service[80085]: DEBUG dbcounter [-] [80085] Writing DB stats keystone:SELECT=100 {{(pid=80085) stat_writer /usr/local/lib/python3.8/dist-packages/dbcounter.py:114}}
Jul 26 17:08:41.445935 dv-cinder-835384-17-smb devstack@keystone.service[80086]: DEBUG keystone.server.flask.request_processing.middleware.auth_context [None req-6d54867b-967e-4b2f-a600-05c66ca239a6 None None] Validating token access rules against request {{(pid=80086) validate_allowed_request /usr/local/lib/python3.8/dist-packages/keystonemiddleware/auth_token/__init__.py:545}}
Jul 26 17:08:41.519330 dv-cinder-835384-17-smb devstack@keystone.service[80085]: DEBUG keystone.server.flask.request_processing.middleware.auth_context [None req-906183eb-8242-4987-8254-acb7c6f36c73 None admin] Validating token access rules against request {{(pid=80085) validate_allowed_request /usr/local/lib/python3.8/dist-packages/keystonemiddleware/auth_token/__init__.py:545}}
Jul 26 17:08:41.523353 dv-cinder-835384-17-smb devstack@keystone.service[80086]: DEBUG keystone.server.flask.request_processing.middleware.auth_context [None req-860ceaf0-cd2c-4d6b-a451-fec3a1f7fd0d None admin] RBAC: auth_context: {'token': , 'domain_id': None, 'trust_id': None, 'trustor_id': None, 'trustee_id': None, 'domain_name': None, 'group_ids': [], 'user_id': '39522a259dab49339fe70835c208aa7d', 'user_domain_id': 'default', 'system_scope': 'all', 'project_id': None, 'project_domain_id': None, 'roles': ['admin', 'member', 'reader'], 'is_admin_project': True, 'service_user_id': None, 'service_user_domain_id': None, 'service_project_id': None, 'service_project_domain_id': None, 'service_roles': []} {{(pid=80086) fill_context /opt/stack/keystone/keystone/server/flask/request_processing/middleware/auth_context.py:478}}
Jul 26 17:08:41.524011 dv-cinder-835384-17-smb devstack@keystone.service[80086]: DEBUG keystone.server.flask.request_processing.req_logging [None req-860ceaf0-cd2c-4d6b-a451-fec3a1f7fd0d None admin] REQUEST_METHOD: `GET` {{(pid=80086) log_request_info /opt/stack/keystone/keystone/server/flask/request_processing/req_logging.py:27}}
Jul 26 17:08:41.524289 dv-cinder-835384-17-smb devstack@keystone.service[80086]: DEBUG keystone.server.flask.request_processing.req_logging [None req-860ceaf0-cd2c-4d6b-a451-fec3a1f7fd0d None admin] SCRIPT_NAME: `/identity` {{(pid=80086) log_request_info /opt/stack/keystone/keystone/server/flask/request_processing/req_logging.py:28}}
Jul 26 17:08:41.524560 dv-cinder-835384-17-smb devstack@keystone.service[80086]: DEBUG keystone.server.flask.request_processing.req_logging [None req-860ceaf0-cd2c-4d6b-a451-fec3a1f7fd0d None admin] PATH_INFO: `/v3/roles/anotherrole` {{(pid=80086) log_request_info /opt/stack/keystone/keystone/server/flask/request_processing/req_logging.py:29}}
Jul 26 17:08:41.548658 dv-cinder-835384-17-smb devstack@keystone.service[80086]: DEBUG keystone.common.rbac_enforcer.enforcer [None req-860ceaf0-cd2c-4d6b-a451-fec3a1f7fd0d None admin] Extracting inferred target data resulted in "NOT FOUND (404)". {{(pid=80086) enforce_call /opt/stack/keystone/keystone/common/rbac_enforcer/enforcer.py:409}}
Jul 26 17:08:41.553873 dv-cinder-835384-17-smb devstack@keystone.service[80086]: ERROR keystone.server.flask.application [None req-860ceaf0-cd2c-4d6b-a451-fec3a1f7fd0d None admin] Could not find role: anotherrole.: keystone.exception.RoleNotFound: Could not find role: anotherrole.
Jul 26 17:08:41.553873 dv-cinder-835384-17-smb devstack@keystone.service[80086]: ERROR keystone.server.flask.application
Traceback (most recent call last):
Jul 26 17:08:41.553873 dv-cinder-835384-17-smb devstack@keystone.service[80086]: ERROR keystone.server.flask.application
File "/usr/local/lib/python3.8/dist-packages/flask/app.py", line 1517, in full_dispatch_request
Jul 26 17:08:41.553873 dv-cinder-835384-17-smb devstack@keystone.service[80086]: ERROR keystone.server.flask.application rv = self.dispatch_request()
Jul 26 17:08:41.553873 dv-cinder-835384-17-smb devstack@keystone.service[80086]: ERROR keystone.server.flask.application
File "/usr/local/lib/python3.8/dist-packages/flask/app.py", line 1503, in dispatch_request
Jul 26 17:08:41.553873 dv-cinder-835384-17-smb devstack@keystone.service[80086]: ERROR keystone.server.flask.application return self.ensure_sync(self.view_functions[rule.endpoint])(**req.view_args)
Jul 26 17:08:41.553873 dv-cinder-835384-17-smb devstack@keystone.service[80086]: ERROR keystone.server.flask.application
File "/usr/local/lib/python3.8/dist-packages/flask_restful/__init__.py", line 467, in wrapper
Jul 26 17:08:41.553873 dv-cinder-835384-17-smb devstack@keystone.service[80086]: ERROR keystone.server.flask.application resp = resource(*args, **kwargs)
Jul 26 17:08:41.553873 dv-cinder-835384-17-smb devstack@keystone.service[80086]: ERROR keystone.server.flask.application
File "/usr/local/lib/python3.8/dist-packages/flask/views.py", line 84, in view
Jul 26 17:08:41.553873 dv-cinder-835384-17-smb devstack@keystone.service[80086]: ERROR keystone.server.flask.application return current_app.ensure_sync(self.dispatch_request)(*args, **kwargs)
Jul 26 17:08:41.553873 dv-cinder-835384-17-smb devstack@keystone.service[80086]: ERROR keystone.server.flask.application
File "/usr/local/lib/python3.8/dist-packages/flask_restful/__init__.py", line 582, in dispatch_request
Jul 26 17:08:41.553873 dv-cinder-835384-17-smb devstack@keystone.service[80086]: ERROR keystone.server.flask.application resp = meth(*args, **kwargs)
Jul 26 17:08:41.553873 dv-cinder-835384-17-smb devstack@keystone.service[80086]: ERROR keystone.server.flask.application
File "/opt/stack/keystone/keystone/api/roles.py", line 50, in get
Jul 26 17:08:41.553873 dv-cinder-835384-17-smb devstack@keystone.service[80086]: ERROR keystone.server.flask.application return self._get_role(role_id)
Jul 26 17:08:41.553873 dv-cinder-835384-17-smb devstack@keystone.service[80086]: ERROR keystone.server.flask.application
File "/opt/stack/keystone/keystone/api/roles.py", line 70, in _get_role
Jul 26 17:08:41.553873 dv-cinder-835384-17-smb devstack@keystone.service[80086]: ERROR keystone.server.flask.application ENFORCER.enforce_call(action='identity:get_role')
Jul 26 17:08:41.554924 dv-cinder-835384-17-smb devstack@keystone.service[80086]: ERROR keystone.server.flask.application
File "/opt/stack/keystone/keystone/common/rbac_enforcer/enforcer.py", line 402, in enforce_call
Jul 26 17:08:41.554924 dv-cinder-835384-17-smb devstack@keystone.service[80086]: ERROR keystone.server.flask.application policy_dict.update(cls._extract_member_target_data(
Jul 26 17:08:41.554924 dv-cinder-835384-17-smb devstack@keystone.service[80086]: ERROR keystone.server.flask.application
File "/opt/stack/keystone/keystone/common/rbac_enforcer/enforcer.py", line 234, in _extract_member_target_data
Jul 26 17:08:41.554924 dv-cinder-835384-17-smb devstack@keystone.service[80086]: ERROR keystone.server.flask.application member_name: func(flask.request.view_args[key])
Jul 26 17:08:41.554924 dv-cinder-835384-17-smb devstack@keystone.service[80086]: ERROR keystone.server.flask.application
File "/opt/stack/keystone/keystone/common/manager.py", line 115, in wrapped
Jul 26 17:08:41.554924 dv-cinder-835384-17-smb devstack@keystone.service[80086]: ERROR keystone.server.flask.application __ret_val = __f(*args, **kwargs)
Jul 26 17:08:41.554924 dv-cinder-835384-17-smb devstack@keystone.service[80086]: ERROR keystone.server.flask.application
File "/usr/local/lib/python3.8/dist-packages/decorator.py", line 232, in fun
Jul 26 17:08:41.554924 dv-cinder-835384-17-smb devstack@keystone.service[80086]: ERROR keystone.server.flask.application return caller(func, *(extras + args), **kw)
Jul 26 17:08:41.554924 dv-cinder-835384-17-smb devstack@keystone.service[80086]: ERROR keystone.server.flask.application
File "/usr/local/lib/python3.8/dist-packages/dogpile/cache/region.py", line 1577, in get_or_create_for_user_func
Jul 26 17:08:41.554924 dv-cinder-835384-17-smb devstack@keystone.service[80086]: ERROR keystone.server.flask.application return self.get_or_create(
Jul 26 17:08:41.554924 dv-cinder-835384-17-smb devstack@keystone.service[80086]: ERROR keystone.server.flask.application
File "/usr/local/lib/python3.8/dist-packages/dogpile/cache/region.py", line 1042, in get_or_create
Jul 26 17:08:41.554924 dv-cinder-835384-17-smb devstack@keystone.service[80086]: ERROR keystone.server.flask.application with Lock(
Jul 26 17:08:41.554924 dv-cinder-835384-17-smb devstack@keystone.service[80086]: ERROR keystone.server.flask.application
File "/usr/local/lib/python3.8/dist-packages/dogpile/lock.py", line 185, in __enter__
Jul 26 17:08:41.554924 dv-cinder-835384-17-smb devstack@keystone.service[80086]: ERROR keystone.server.flask.application return self._enter()
Jul 26 17:08:41.554924 dv-cinder-835384-17-smb devstack@keystone.service[80086]: ERROR keystone.server.flask.application
File "/usr/local/lib/python3.8/dist-packages/dogpile/lock.py", line 94, in _enter
Jul 26 17:08:41.554924 dv-cinder-835384-17-smb devstack@keystone.service[80086]: ERROR keystone.server.flask.application generated = self._enter_create(value, createdtime)
Jul 26 17:08:41.555818 dv-cinder-835384-17-smb devstack@keystone.service[80086]: ERROR keystone.server.flask.application
File "/usr/local/lib/python3.8/dist-packages/dogpile/lock.py", line 178, in _enter_create
Jul 26 17:08:41.555818 dv-cinder-835384-17-smb devstack@keystone.service[80086]: ERROR keystone.server.flask.application return self.creator()
Jul 26 17:08:41.555818 dv-cinder-835384-17-smb devstack@keystone.service[80086]: ERROR keystone.server.flask.application
File "/usr/local/lib/python3.8/dist-packages/dogpile/cache/region.py", line 995, in gen_value
Jul 26 17:08:41.555818 dv-cinder-835384-17-smb devstack@keystone.service[80086]: ERROR keystone.server.flask.application created_value = creator(
Jul 26 17:08:41.555818 dv-cinder-835384-17-smb devstack@keystone.service[80086]: ERROR keystone.server.flask.application
File "/opt/stack/keystone/keystone/assignment/core.py", line 1276, in get_role
Jul 26 17:08:41.555818 dv-cinder-835384-17-smb devstack@keystone.service[80086]: ERROR keystone.server.flask.application return self.driver.get_role(role_id)
Jul 26 17:08:41.555818 dv-cinder-835384-17-smb devstack@keystone.service[80086]: ERROR keystone.server.flask.application
File "/opt/stack/keystone/keystone/assignment/role_backends/sql.py", line 70, in get_role
Jul 26 17:08:41.555818 dv-cinder-835384-17-smb devstack@keystone.service[80086]: ERROR keystone.server.flask.application return self._get_role(session, role_id).to_dict()
Jul 26 17:08:41.555818 dv-cinder-835384-17-smb devstack@keystone.service[80086]: ERROR keystone.server.flask.application
File "/opt/stack/keystone/keystone/assignment/role_backends/sql.py", line 65, in _get_role
Jul 26 17:08:41.555818 dv-cinder-835384-17-smb devstack@keystone.service[80086]: ERROR keystone.server.flask.application raise exception.RoleNotFound(role_id=role_id)
Jul 26 17:08:41.555818 dv-cinder-835384-17-smb devstack@keystone.service[80086]: ERROR keystone.server.flask.application keystone.exception.RoleNotFound: Could not find role: anotherrole.
Jul 26 17:08:41.555818 dv-cinder-835384-17-smb devstack@keystone.service[80086]: ERROR keystone.server.flask.application
Jul 26 17:08:41.555818 dv-cinder-835384-17-smb devstack@keystone.service[80086]: [pid: 80086|app: 0|req: 117/227] 10.222.0.46 () {56 vars in 1114 bytes} [Tue Jul 26 17:08:41 2022] GET /identity/v3/roles/anotherrole => generated 89 bytes in 331 msecs (HTTP/1.1 404) 5 headers in 183 bytes (2 switches on core 0)
Jul 26 17:08:41.558970 dv-cinder-835384-17-smb devstack@keystone.service[80085]: DEBUG keystone.server.flask.request_processing.middleware.auth_context [None req-5d988dfe-4d1a-49a6-be35-1cfdc51ae640 None admin] RBAC: auth_context: {'token': , 'domain_id': None, 'trust_id': None, 'trustor_id': None, 'trustee_id': None, 'domain_name': None, 'group_ids': [], 'user_id': '39522a259dab49339fe70835c208aa7d', 'user_domain_id': 'default', 'system_scope': 'all', 'project_id': None, 'project_domain_id': None, 'roles': ['admin', 'member', 'reader'], 'is_admin_project': True, 'service_user_id': None, 'service_user_domain_id': None, 'service_project_id': None, 'service_project_domain_id': None, 'service_roles': []} {{(pid=80085) fill_context /opt/stack/keystone/keystone/server/flask/request_processing/middleware/auth_context.py:478}}
Jul 26 17:08:41.559782 dv-cinder-835384-17-smb devstack@keystone.service[80085]: DEBUG keystone.server.flask.request_processing.req_logging [None req-5d988dfe-4d1a-49a6-be35-1cfdc51ae640 None admin] REQUEST_METHOD: `GET` {{(pid=80085) log_request_info /opt/stack/keystone/keystone/server/flask/request_processing/req_logging.py:27}}
Jul 26 17:08:41.560198 dv-cinder-835384-17-smb devstack@keystone.service[80085]: DEBUG keystone.server.flask.request_processing.req_logging [None req-5d988dfe-4d1a-49a6-be35-1cfdc51ae640 None admin] SCRIPT_NAME: `/identity` {{(pid=80085) log_request_info /opt/stack/keystone/keystone/server/flask/request_processing/req_logging.py:28}}
Jul 26 17:08:41.560628 dv-cinder-835384-17-smb devstack@keystone.service[80085]: DEBUG keystone.server.flask.request_processing.req_logging [None req-5d988dfe-4d1a-49a6-be35-1cfdc51ae640 None admin] PATH_INFO: `/v3/users/58c89db50f124d8f89efbe13f490212e` {{(pid=80085) log_request_info /opt/stack/keystone/keystone/server/flask/request_processing/req_logging.py:29}}
Jul 26 17:08:41.562011 dv-cinder-835384-17-smb devstack@keystone.service[80085]: DEBUG keystone.common.rbac_enforcer.enforcer [None req-5d988dfe-4d1a-49a6-be35-1cfdc51ae640 None admin] RBAC: Authorizing `identity:get_user(user_id=58c89db50f124d8f89efbe13f490212e)` {{(pid=80085) enforce_call /opt/stack/keystone/keystone/common/rbac_enforcer/enforcer.py:449}}
Jul 26 17:08:41.562469 dv-cinder-835384-17-smb devstack@keystone.service[80086]: DEBUG keystone.server.flask.request_processing.middleware.auth_context [None req-860ceaf0-cd2c-4d6b-a451-fec3a1f7fd0d None admin] Authenticating user token {{(pid=80086) process_request /usr/local/lib/python3.8/dist-packages/keystonemiddleware/auth_token/__init__.py:407}}
Jul 26 17:08:41.563938 dv-cinder-835384-17-smb devstack@keystone.service[80085]: DEBUG keystone.common.rbac_enforcer.enforcer [None req-5d988dfe-4d1a-49a6-be35-1cfdc51ae640 None admin] RBAC: Authorization granted {{(pid=80085) enforce_call /opt/stack/keystone/keystone/common/rbac_enforcer/enforcer.py:457}}
Jul 26 17:08:41.565805 dv-cinder-835384-17-smb devstack@keystone.service[80085]: [pid: 80085|app: 0|req: 111/228] 10.222.0.46 () {56 vars in 1177 bytes} [Tue Jul 26 17:08:41 2022] GET /identity/v3/users/58c89db50f124d8f89efbe13f490212e => generated 283 bytes in 175 msecs (HTTP/1.1 200) 5 headers in 177 bytes (1 switches on core 0)
Jul 26 17:08:41.573875 dv-cinder-835384-17-smb devstack@keystone.service[80085]: DEBUG keystone.server.flask.request_processing.middleware.auth_context [None req-5d988dfe-4d1a-49a6-be35-1cfdc51ae640 None admin] Authenticating user token {{(pid=80085) process_request /usr/local/lib/python3.8/dist-packages/keystonemiddleware/auth_token/__init__.py:407}}
Jul 26 17:08:41.648789 dv-cinder-835384-17-smb devstack@keystone.service[80086]: DEBUG dbcounter [-] [80086] Writing DB stats keystone:SELECT=100 {{(pid=80086) stat_writer /usr/local/lib/python3.8/dist-packages/dbcounter.py:114}}
Jul 26 17:08:41.731130 dv-cinder-835384-17-smb devstack@keystone.service[80085]: DEBUG dbcounter [-] [80085] Writing DB stats keystone:SELECT=100 {{(pid=80085) stat_writer /usr/local/lib/python3.8/dist-packages/dbcounter.py:114}}
Jul 26 17:08:41.736866 dv-cinder-835384-17-smb devstack@keystone.service[80086]: DEBUG keystone.server.flask.request_processing.middleware.auth_context [None req-860ceaf0-cd2c-4d6b-a451-fec3a1f7fd0d None admin] Validating token access rules against request {{(pid=80086) validate_allowed_request /usr/local/lib/python3.8/dist-packages/keystonemiddleware/auth_token/__init__.py:545}}
Jul 26 17:08:41.759708 dv-cinder-835384-17-smb devstack@keystone.service[80085]: DEBUG keystone.server.flask.request_processing.middleware.auth_context [None req-5d988dfe-4d1a-49a6-be35-1cfdc51ae640 None admin] Validating token access rules against request {{(pid=80085) validate_allowed_request /usr/local/lib/python3.8/dist-packages/keystonemiddleware/auth_token/__init__.py:545}}
Jul 26 17:08:41.780257 dv-cinder-835384-17-smb devstack@keystone.service[80086]: DEBUG keystone.server.flask.request_processing.middleware.auth_context [None req-5bacfc2b-0335-43cb-8060-95d7df8b0c33 None admin] RBAC: auth_context: {'token': , 'domain_id': None, 'trust_id': None, 'trustor_id': None, 'trustee_id': None, 'domain_name': None, 'group_ids': [], 'user_id': '39522a259dab49339fe70835c208aa7d', 'user_domain_id': 'default', 'system_scope': 'all', 'project_id': None, 'project_domain_id': None, 'roles': ['admin', 'member', 'reader'], 'is_admin_project': True, 'service_user_id': None, 'service_user_domain_id': None, 'service_project_id': None, 'service_project_domain_id': None, 'service_roles': []} {{(pid=80086) fill_context /opt/stack/keystone/keystone/server/flask/request_processing/middleware/auth_context.py:478}}
Jul 26 17:08:41.780882 dv-cinder-835384-17-smb devstack@keystone.service[80086]: DEBUG keystone.server.flask.request_processing.req_logging [None req-5bacfc2b-0335-43cb-8060-95d7df8b0c33 None admin] REQUEST_METHOD: `GET` {{(pid=80086) log_request_info /opt/stack/keystone/keystone/server/flask/request_processing/req_logging.py:27}}
Jul 26 17:08:41.781164 dv-cinder-835384-17-smb devstack@keystone.service[80086]: DEBUG keystone.server.flask.request_processing.req_logging [None req-5bacfc2b-0335-43cb-8060-95d7df8b0c33 None admin] SCRIPT_NAME: `/identity` {{(pid=80086) log_request_info /opt/stack/keystone/keystone/server/flask/request_processing/req_logging.py:28}}
Jul 26 17:08:41.781507 dv-cinder-835384-17-smb devstack@keystone.service[80086]: DEBUG keystone.server.flask.request_processing.req_logging [None req-5bacfc2b-0335-43cb-8060-95d7df8b0c33 None admin] PATH_INFO: `/v3/roles` {{(pid=80086) log_request_info /opt/stack/keystone/keystone/server/flask/request_processing/req_logging.py:29}}
Jul 26 17:08:41.782259 dv-cinder-835384-17-smb devstack@keystone.service[80086]: DEBUG keystone.common.rbac_enforcer.enforcer [None req-5bacfc2b-0335-43cb-8060-95d7df8b0c33 None admin] RBAC: Adding query filter params (name=anotherrole) {{(pid=80086) _extract_filter_values /opt/stack/keystone/keystone/common/rbac_enforcer/enforcer.py:167}}
Jul 26 17:08:41.782563 dv-cinder-835384-17-smb devstack@keystone.service[80086]: DEBUG keystone.common.rbac_enforcer.enforcer [None req-5bacfc2b-0335-43cb-8060-95d7df8b0c33 None admin] RBAC: Authorizing `identity:list_roles()` {{(pid=80086) enforce_call /opt/stack/keystone/keystone/common/rbac_enforcer/enforcer.py:449}}
Jul 26 17:08:41.783945 dv-cinder-835384-17-smb devstack@keystone.service[80086]: DEBUG keystone.common.rbac_enforcer.enforcer [None req-5bacfc2b-0335-43cb-8060-95d7df8b0c33 None admin] RBAC: Authorization granted {{(pid=80086) enforce_call /opt/stack/keystone/keystone/common/rbac_enforcer/enforcer.py:457}}
Jul 26 17:08:41.806748 dv-cinder-835384-17-smb devstack@keystone.service[80086]: [pid: 80086|app: 0|req: 118/229] 10.222.0.46 () {56 vars in 1111 bytes} [Tue Jul 26 17:08:41 2022] GET /identity/v3/roles?name=anotherrole => generated 334 bytes in 245 msecs (HTTP/1.1 200) 5 headers in 177 bytes (2 switches on core 0)
Jul 26 17:08:41.810778 dv-cinder-835384-17-smb devstack@keystone.service[80086]: DEBUG keystone.server.flask.request_processing.middleware.auth_context [None req-5bacfc2b-0335-43cb-8060-95d7df8b0c33 None admin] Authenticating user token {{(pid=80086) process_request /usr/local/lib/python3.8/dist-packages/keystonemiddleware/auth_token/__init__.py:407}}
Jul 26 17:08:41.829629 dv-cinder-835384-17-smb devstack@keystone.service[80085]: DEBUG keystone.server.flask.request_processing.middleware.auth_context [None req-2907b6a7-89b6-4228-8634-26b3701c1dc6 None admin] RBAC: auth_context: {'token': , 'domain_id': None, 'trust_id': None, 'trustor_id': None, 'trustee_id': None, 'domain_name': None, 'group_ids': [], 'user_id': '39522a259dab49339fe70835c208aa7d', 'user_domain_id': 'default', 'system_scope': 'all', 'project_id': None, 'project_domain_id': None, 'roles': ['admin', 'member', 'reader'], 'is_admin_project': True, 'service_user_id': None, 'service_user_domain_id': None, 'service_project_id': None, 'service_project_domain_id': None, 'service_roles': []} {{(pid=80085) fill_context /opt/stack/keystone/keystone/server/flask/request_processing/middleware/auth_context.py:478}}
Jul 26 17:08:41.830615 dv-cinder-835384-17-smb devstack@keystone.service[80085]: DEBUG keystone.server.flask.request_processing.req_logging [None req-2907b6a7-89b6-4228-8634-26b3701c1dc6 None admin] REQUEST_METHOD: `GET` {{(pid=80085) log_request_info /opt/stack/keystone/keystone/server/flask/request_processing/req_logging.py:27}}
Jul 26 17:08:41.831041 dv-cinder-835384-17-smb devstack@keystone.service[80085]: DEBUG keystone.server.flask.request_processing.req_logging [None req-2907b6a7-89b6-4228-8634-26b3701c1dc6 None admin] SCRIPT_NAME: `/identity` {{(pid=80085) log_request_info /opt/stack/keystone/keystone/server/flask/request_processing/req_logging.py:28}}
Jul 26 17:08:41.831464 dv-cinder-835384-17-smb devstack@keystone.service[80085]: DEBUG keystone.server.flask.request_processing.req_logging [None req-2907b6a7-89b6-4228-8634-26b3701c1dc6 None admin] PATH_INFO: `/v3/projects/df8e2638d1aa4218a38d119c639bf59c` {{(pid=80085) log_request_info /opt/stack/keystone/keystone/server/flask/request_processing/req_logging.py:29}}
Jul 26 17:08:41.837154 dv-cinder-835384-17-smb devstack@keystone.service[80085]: DEBUG keystone.common.rbac_enforcer.enforcer [None req-2907b6a7-89b6-4228-8634-26b3701c1dc6 None admin] RBAC: Authorizing `identity:get_project(project_id=df8e2638d1aa4218a38d119c639bf59c)` {{(pid=80085) enforce_call /opt/stack/keystone/keystone/common/rbac_enforcer/enforcer.py:449}}
Jul 26 17:08:41.839670 dv-cinder-835384-17-smb devstack@keystone.service[80085]: DEBUG keystone.common.rbac_enforcer.enforcer [None req-2907b6a7-89b6-4228-8634-26b3701c1dc6 None admin] RBAC: Authorization granted {{(pid=80085) enforce_call /opt/stack/keystone/keystone/common/rbac_enforcer/enforcer.py:457}}
Jul 26 17:08:41.843513 dv-cinder-835384-17-smb devstack@keystone.service[80085]: [pid: 80085|app: 0|req: 112/230] 10.222.0.46 () {56 vars in 1186 bytes} [Tue Jul 26 17:08:41 2022] GET /identity/v3/projects/df8e2638d1aa4218a38d119c639bf59c => generated 302 bytes in 272 msecs (HTTP/1.1 200) 5 headers in 177 bytes (2 switches on core 0)
Jul 26 17:08:41.853053 dv-cinder-835384-17-smb devstack@keystone.service[80085]: DEBUG keystone.server.flask.request_processing.middleware.auth_context [None req-2907b6a7-89b6-4228-8634-26b3701c1dc6 None admin] Authenticating user token {{(pid=80085) process_request /usr/local/lib/python3.8/dist-packages/keystonemiddleware/auth_token/__init__.py:407}}
Jul 26 17:08:42.018295 dv-cinder-835384-17-smb devstack@keystone.service[80086]: DEBUG dbcounter [-] [80086] Writing DB stats keystone:SELECT=100 {{(pid=80086) stat_writer /usr/local/lib/python3.8/dist-packages/dbcounter.py:114}}
Jul 26 17:08:42.022377 dv-cinder-835384-17-smb devstack@keystone.service[80086]: DEBUG keystone.server.flask.request_processing.middleware.auth_context [None req-5bacfc2b-0335-43cb-8060-95d7df8b0c33 None admin] Validating token access rules against request {{(pid=80086) validate_allowed_request /usr/local/lib/python3.8/dist-packages/keystonemiddleware/auth_token/__init__.py:545}}
Jul 26 17:08:42.028613 dv-cinder-835384-17-smb devstack@keystone.service[80085]: DEBUG keystone.server.flask.request_processing.middleware.auth_context [None req-2907b6a7-89b6-4228-8634-26b3701c1dc6 None admin] Validating token access rules against request {{(pid=80085) validate_allowed_request /usr/local/lib/python3.8/dist-packages/keystonemiddleware/auth_token/__init__.py:545}}
Jul 26 17:08:42.082081 dv-cinder-835384-17-smb devstack@keystone.service[80085]: DEBUG keystone.server.flask.request_processing.middleware.auth_context [None req-a7ac4cf0-8482-4a8e-94f0-99c27c9e9bf4 None admin] RBAC: auth_context: {'token': , 'domain_id': None, 'trust_id': None, 'trustor_id': None, 'trustee_id': None, 'domain_name': None, 'group_ids': [], 'user_id': '39522a259dab49339fe70835c208aa7d', 'user_domain_id': 'default', 'system_scope': 'all', 'project_id': None, 'project_domain_id': None, 'roles': ['admin', 'member', 'reader'], 'is_admin_project': True, 'service_user_id': None, 'service_user_domain_id': None, 'service_project_id': None, 'service_project_domain_id': None, 'service_roles': []} {{(pid=80085) fill_context /opt/stack/keystone/keystone/server/flask/request_processing/middleware/auth_context.py:478}}
Jul 26 17:08:42.082814 dv-cinder-835384-17-smb devstack@keystone.service[80085]: DEBUG keystone.server.flask.request_processing.req_logging [None req-a7ac4cf0-8482-4a8e-94f0-99c27c9e9bf4 None admin] REQUEST_METHOD: `PUT` {{(pid=80085) log_request_info /opt/stack/keystone/keystone/server/flask/request_processing/req_logging.py:27}}
Jul 26 17:08:42.083101 dv-cinder-835384-17-smb devstack@keystone.service[80085]: DEBUG keystone.server.flask.request_processing.req_logging [None req-a7ac4cf0-8482-4a8e-94f0-99c27c9e9bf4 None admin] SCRIPT_NAME: `/identity` {{(pid=80085) log_request_info /opt/stack/keystone/keystone/server/flask/request_processing/req_logging.py:28}}
Jul 26 17:08:42.083373 dv-cinder-835384-17-smb devstack@keystone.service[80085]: DEBUG keystone.server.flask.request_processing.req_logging [None req-a7ac4cf0-8482-4a8e-94f0-99c27c9e9bf4 None admin] PATH_INFO: `/v3/projects/df8e2638d1aa4218a38d119c639bf59c/users/58c89db50f124d8f89efbe13f490212e/roles/182aaa4533834722b331da19cd280e08` {{(pid=80085) log_request_info /opt/stack/keystone/keystone/server/flask/request_processing/req_logging.py:29}}
Jul 26 17:08:42.085342 dv-cinder-835384-17-smb devstack@keystone.service[80085]: DEBUG keystone.common.rbac_enforcer.enforcer [None req-a7ac4cf0-8482-4a8e-94f0-99c27c9e9bf4 None admin] RBAC: Authorizing `identity:create_grant(project_id=df8e2638d1aa4218a38d119c639bf59c, user_id=58c89db50f124d8f89efbe13f490212e, role_id=182aaa4533834722b331da19cd280e08)` {{(pid=80085) enforce_call /opt/stack/keystone/keystone/common/rbac_enforcer/enforcer.py:449}}
Jul 26 17:08:42.087045 dv-cinder-835384-17-smb devstack@keystone.service[80085]: DEBUG keystone.common.rbac_enforcer.enforcer [None req-a7ac4cf0-8482-4a8e-94f0-99c27c9e9bf4 None admin] RBAC: Authorization granted {{(pid=80085) enforce_call /opt/stack/keystone/keystone/common/rbac_enforcer/enforcer.py:457}}
Jul 26 17:08:42.092369 dv-cinder-835384-17-smb devstack@keystone.service[80086]: DEBUG keystone.server.flask.request_processing.middleware.auth_context [None req-e0eab836-c0c9-45d4-9219-0ca2a88b3b82 None admin] RBAC: auth_context: {'token': , 'domain_id': None, 'trust_id': None, 'trustor_id': None, 'trustee_id': None, 'domain_name': None, 'group_ids': [], 'user_id': '39522a259dab49339fe70835c208aa7d', 'user_domain_id': 'default', 'system_scope': 'all', 'project_id': None, 'project_domain_id': None, 'roles': ['admin', 'member', 'reader'], 'is_admin_project': True, 'service_user_id': None, 'service_user_domain_id': None, 'service_project_id': None, 'service_project_domain_id': None, 'service_roles': []} {{(pid=80086) fill_context /opt/stack/keystone/keystone/server/flask/request_processing/middleware/auth_context.py:478}}
Jul 26 17:08:42.095164 dv-cinder-835384-17-smb devstack@keystone.service[80086]: DEBUG keystone.server.flask.request_processing.req_logging [None req-e0eab836-c0c9-45d4-9219-0ca2a88b3b82 None admin] REQUEST_METHOD: `GET` {{(pid=80086) log_request_info /opt/stack/keystone/keystone/server/flask/request_processing/req_logging.py:27}}
Jul 26 17:08:42.095164 dv-cinder-835384-17-smb devstack@keystone.service[80086]: DEBUG keystone.server.flask.request_processing.req_logging [None req-e0eab836-c0c9-45d4-9219-0ca2a88b3b82 None admin] SCRIPT_NAME: `/identity` {{(pid=80086) log_request_info /opt/stack/keystone/keystone/server/flask/request_processing/req_logging.py:28}}
Jul 26 17:08:42.095164 dv-cinder-835384-17-smb devstack@keystone.service[80086]: DEBUG keystone.server.flask.request_processing.req_logging [None req-e0eab836-c0c9-45d4-9219-0ca2a88b3b82 None admin] PATH_INFO: `/v3/users/58c89db50f124d8f89efbe13f490212e` {{(pid=80086) log_request_info /opt/stack/keystone/keystone/server/flask/request_processing/req_logging.py:29}}
Jul 26 17:08:42.096333 dv-cinder-835384-17-smb devstack@keystone.service[80086]: DEBUG keystone.common.rbac_enforcer.enforcer [None req-e0eab836-c0c9-45d4-9219-0ca2a88b3b82 None admin] RBAC: Authorizing `identity:get_user(user_id=58c89db50f124d8f89efbe13f490212e)` {{(pid=80086) enforce_call /opt/stack/keystone/keystone/common/rbac_enforcer/enforcer.py:449}}
Jul 26 17:08:42.098681 dv-cinder-835384-17-smb devstack@keystone.service[80086]: DEBUG keystone.common.rbac_enforcer.enforcer [None req-e0eab836-c0c9-45d4-9219-0ca2a88b3b82 None admin] RBAC: Authorization granted {{(pid=80086) enforce_call /opt/stack/keystone/keystone/common/rbac_enforcer/enforcer.py:457}}
Jul 26 17:08:42.105497 dv-cinder-835384-17-smb devstack@keystone.service[80086]: [pid: 80086|app: 0|req: 119/231] 10.222.0.46 () {56 vars in 1177 bytes} [Tue Jul 26 17:08:41 2022] GET /identity/v3/users/58c89db50f124d8f89efbe13f490212e => generated 283 bytes in 290 msecs (HTTP/1.1 200) 5 headers in 177 bytes (1 switches on core 0)
Jul 26 17:08:42.107417 dv-cinder-835384-17-smb devstack@keystone.service[80086]: DEBUG keystone.server.flask.request_processing.middleware.auth_context [None req-e0eab836-c0c9-45d4-9219-0ca2a88b3b82 None admin] Authenticating user token {{(pid=80086) process_request /usr/local/lib/python3.8/dist-packages/keystonemiddleware/auth_token/__init__.py:407}}
Jul 26 17:08:42.115861 dv-cinder-835384-17-smb devstack@keystone.service[80085]: [pid: 80085|app: 0|req: 113/232] 10.222.0.46 () {58 vars in 1439 bytes} [Tue Jul 26 17:08:41 2022] PUT /identity/v3/projects/df8e2638d1aa4218a38d119c639bf59c/users/58c89db50f124d8f89efbe13f490212e/roles/182aaa4533834722b331da19cd280e08 => generated 0 bytes in 264 msecs (HTTP/1.1 204) 3 headers in 132 bytes (0 switches on core 0)
Jul 26 17:08:42.269803 dv-cinder-835384-17-smb devstack@keystone.service[80086]: DEBUG keystone.server.flask.request_processing.middleware.auth_context [None req-e0eab836-c0c9-45d4-9219-0ca2a88b3b82 None admin] Validating token access rules against request {{(pid=80086) validate_allowed_request /usr/local/lib/python3.8/dist-packages/keystonemiddleware/auth_token/__init__.py:545}}
Jul 26 17:08:42.324615 dv-cinder-835384-17-smb devstack@keystone.service[80086]: DEBUG keystone.server.flask.request_processing.middleware.auth_context [None req-646cecbc-20b7-4ae4-a652-16745c40203c None admin] RBAC: auth_context: {'token': , 'domain_id': None, 'trust_id': None, 'trustor_id': None, 'trustee_id': None, 'domain_name': None, 'group_ids': [], 'user_id': '39522a259dab49339fe70835c208aa7d', 'user_domain_id': 'default', 'system_scope': 'all', 'project_id': None, 'project_domain_id': None, 'roles': ['admin', 'member', 'reader'], 'is_admin_project': True, 'service_user_id': None, 'service_user_domain_id': None, 'service_project_id': None, 'service_project_domain_id': None, 'service_roles': []} {{(pid=80086) fill_context /opt/stack/keystone/keystone/server/flask/request_processing/middleware/auth_context.py:478}}
Jul 26 17:08:42.325267 dv-cinder-835384-17-smb devstack@keystone.service[80086]: DEBUG keystone.server.flask.request_processing.req_logging [None req-646cecbc-20b7-4ae4-a652-16745c40203c None admin] REQUEST_METHOD: `GET` {{(pid=80086) log_request_info /opt/stack/keystone/keystone/server/flask/request_processing/req_logging.py:27}}
Jul 26 17:08:42.325547 dv-cinder-835384-17-smb devstack@keystone.service[80086]: DEBUG keystone.server.flask.request_processing.req_logging [None req-646cecbc-20b7-4ae4-a652-16745c40203c None admin] SCRIPT_NAME: `/identity` {{(pid=80086) log_request_info /opt/stack/keystone/keystone/server/flask/request_processing/req_logging.py:28}}
Jul 26 17:08:42.325842 dv-cinder-835384-17-smb devstack@keystone.service[80086]: DEBUG keystone.server.flask.request_processing.req_logging [None req-646cecbc-20b7-4ae4-a652-16745c40203c None admin] PATH_INFO: `/v3/projects/df8e2638d1aa4218a38d119c639bf59c` {{(pid=80086) log_request_info /opt/stack/keystone/keystone/server/flask/request_processing/req_logging.py:29}}
Jul 26 17:08:42.327522 dv-cinder-835384-17-smb devstack@keystone.service[80086]: DEBUG keystone.common.rbac_enforcer.enforcer [None req-646cecbc-20b7-4ae4-a652-16745c40203c None admin] RBAC: Authorizing `identity:get_project(project_id=df8e2638d1aa4218a38d119c639bf59c)` {{(pid=80086) enforce_call /opt/stack/keystone/keystone/common/rbac_enforcer/enforcer.py:449}}
Jul 26 17:08:42.329057 dv-cinder-835384-17-smb devstack@keystone.service[80086]: DEBUG keystone.common.rbac_enforcer.enforcer [None req-646cecbc-20b7-4ae4-a652-16745c40203c None admin] RBAC: Authorization granted {{(pid=80086) enforce_call /opt/stack/keystone/keystone/common/rbac_enforcer/enforcer.py:457}}
Jul 26 17:08:42.331057 dv-cinder-835384-17-smb devstack@keystone.service[80086]: [pid: 80086|app: 0|req: 120/233] 10.222.0.46 () {56 vars in 1186 bytes} [Tue Jul 26 17:08:42 2022] GET /identity/v3/projects/df8e2638d1aa4218a38d119c639bf59c => generated 302 bytes in 224 msecs (HTTP/1.1 200) 5 headers in 177 bytes (2 switches on core 0)
Jul 26 17:08:42.338886 dv-cinder-835384-17-smb devstack@keystone.service[80085]: DEBUG keystone.server.flask.request_processing.middleware.auth_context [None req-a7ac4cf0-8482-4a8e-94f0-99c27c9e9bf4 None admin] Authenticating user token {{(pid=80085) process_request /usr/local/lib/python3.8/dist-packages/keystonemiddleware/auth_token/__init__.py:407}}
Jul 26 17:08:42.366288 dv-cinder-835384-17-smb devstack@keystone.service[80085]: DEBUG dbcounter [-] [80085] Writing DB stats keystone:SELECT=99,keystone:INSERT=1 {{(pid=80085) stat_writer /usr/local/lib/python3.8/dist-packages/dbcounter.py:114}}
Jul 26 17:08:42.456135 dv-cinder-835384-17-smb devstack@keystone.service[80085]: DEBUG keystone.server.flask.request_processing.middleware.auth_context [None req-a7ac4cf0-8482-4a8e-94f0-99c27c9e9bf4 None admin] Validating token access rules against request {{(pid=80085) validate_allowed_request /usr/local/lib/python3.8/dist-packages/keystonemiddleware/auth_token/__init__.py:545}}
Jul 26 17:08:42.495984 dv-cinder-835384-17-smb devstack@keystone.service[80085]: DEBUG keystone.server.flask.request_processing.middleware.auth_context [None req-6138215e-f1c0-4f43-b9a4-fdfe057e7d79 None admin] RBAC: auth_context: {'token': , 'domain_id': None, 'trust_id': None, 'trustor_id': None, 'trustee_id': None, 'domain_name': None, 'group_ids': [], 'user_id': '39522a259dab49339fe70835c208aa7d', 'user_domain_id': 'default', 'system_scope': 'all', 'project_id': None, 'project_domain_id': None, 'roles': ['admin', 'member', 'reader'], 'is_admin_project': True, 'service_user_id': None, 'service_user_domain_id': None, 'service_project_id': None, 'service_project_domain_id': None, 'service_roles': []} {{(pid=80085) fill_context /opt/stack/keystone/keystone/server/flask/request_processing/middleware/auth_context.py:478}}
Jul 26 17:08:42.496719 dv-cinder-835384-17-smb devstack@keystone.service[80085]: DEBUG keystone.server.flask.request_processing.req_logging [None req-6138215e-f1c0-4f43-b9a4-fdfe057e7d79 None admin] REQUEST_METHOD: `PUT` {{(pid=80085) log_request_info /opt/stack/keystone/keystone/server/flask/request_processing/req_logging.py:27}}
Jul 26 17:08:42.497003 dv-cinder-835384-17-smb devstack@keystone.service[80085]: DEBUG keystone.server.flask.request_processing.req_logging [None req-6138215e-f1c0-4f43-b9a4-fdfe057e7d79 None admin] SCRIPT_NAME: `/identity` {{(pid=80085) log_request_info /opt/stack/keystone/keystone/server/flask/request_processing/req_logging.py:28}}
Jul 26 17:08:42.497290 dv-cinder-835384-17-smb devstack@keystone.service[80085]: DEBUG keystone.server.flask.request_processing.req_logging [None req-6138215e-f1c0-4f43-b9a4-fdfe057e7d79 None admin] PATH_INFO: `/v3/projects/df8e2638d1aa4218a38d119c639bf59c/users/58c89db50f124d8f89efbe13f490212e/roles/3af8bf9bcfc342c0baad039a65a543c0` {{(pid=80085) log_request_info /opt/stack/keystone/keystone/server/flask/request_processing/req_logging.py:29}}
Jul 26 17:08:42.503762 dv-cinder-835384-17-smb devstack@keystone.service[80085]: DEBUG keystone.common.rbac_enforcer.enforcer [None req-6138215e-f1c0-4f43-b9a4-fdfe057e7d79 None admin] RBAC: Authorizing `identity:create_grant(project_id=df8e2638d1aa4218a38d119c639bf59c, user_id=58c89db50f124d8f89efbe13f490212e, role_id=3af8bf9bcfc342c0baad039a65a543c0)` {{(pid=80085) enforce_call /opt/stack/keystone/keystone/common/rbac_enforcer/enforcer.py:449}}
Jul 26 17:08:42.505229 dv-cinder-835384-17-smb devstack@keystone.service[80085]: DEBUG keystone.common.rbac_enforcer.enforcer [None req-6138215e-f1c0-4f43-b9a4-fdfe057e7d79 None admin] RBAC: Authorization granted {{(pid=80085) enforce_call /opt/stack/keystone/keystone/common/rbac_enforcer/enforcer.py:457}}
Jul 26 17:08:42.526525 dv-cinder-835384-17-smb devstack@keystone.service[80085]: [pid: 80085|app: 0|req: 114/234] 10.222.0.46 () {58 vars in 1439 bytes} [Tue Jul 26 17:08:42 2022] PUT /identity/v3/projects/df8e2638d1aa4218a38d119c639bf59c/users/58c89db50f124d8f89efbe13f490212e/roles/3af8bf9bcfc342c0baad039a65a543c0 => generated 0 bytes in 188 msecs (HTTP/1.1 204) 3 headers in 132 bytes (0 switches on core 0)
Jul 26 17:08:42.560394 dv-cinder-835384-17-smb devstack@keystone.service[80086]: DEBUG keystone.server.flask.request_processing.req_logging [None req-31e2282a-c756-4a97-b342-730210fa0f1b None None] REQUEST_METHOD: `GET` {{(pid=80086) log_request_info /opt/stack/keystone/keystone/server/flask/request_processing/req_logging.py:27}}
Jul 26 17:08:42.560928 dv-cinder-835384-17-smb devstack@keystone.service[80086]: DEBUG keystone.server.flask.request_processing.req_logging [None req-31e2282a-c756-4a97-b342-730210fa0f1b None None] SCRIPT_NAME: `/identity` {{(pid=80086) log_request_info /opt/stack/keystone/keystone/server/flask/request_processing/req_logging.py:28}}
Jul 26 17:08:42.561131 dv-cinder-835384-17-smb devstack@keystone.service[80086]: DEBUG keystone.server.flask.request_processing.req_logging [None req-31e2282a-c756-4a97-b342-730210fa0f1b None None] PATH_INFO: `/` {{(pid=80086) log_request_info /opt/stack/keystone/keystone/server/flask/request_processing/req_logging.py:29}}
Jul 26 17:08:42.563447 dv-cinder-835384-17-smb devstack@keystone.service[80086]: [pid: 80086|app: 0|req: 121/235] 10.222.0.46 () {54 vars in 926 bytes} [Tue Jul 26 17:08:42 2022] GET /identity => generated 270 bytes in 4 msecs (HTTP/1.1 300) 6 headers in 234 bytes (1 switches on core 0)
Jul 26 17:08:42.569282 dv-cinder-835384-17-smb devstack@keystone.service[80085]: DEBUG keystone.server.flask.request_processing.req_logging [None req-8ffa830c-f573-4bd0-958b-24a9704a640b None None] REQUEST_METHOD: `POST` {{(pid=80085) log_request_info /opt/stack/keystone/keystone/server/flask/request_processing/req_logging.py:27}}
Jul 26 17:08:42.569601 dv-cinder-835384-17-smb devstack@keystone.service[80085]: DEBUG keystone.server.flask.request_processing.req_logging [None req-8ffa830c-f573-4bd0-958b-24a9704a640b None None] SCRIPT_NAME: `/identity` {{(pid=80085) log_request_info /opt/stack/keystone/keystone/server/flask/request_processing/req_logging.py:28}}
Jul 26 17:08:42.569917 dv-cinder-835384-17-smb devstack@keystone.service[80085]: DEBUG keystone.server.flask.request_processing.req_logging [None req-8ffa830c-f573-4bd0-958b-24a9704a640b None None] PATH_INFO: `/v3/auth/tokens` {{(pid=80085) log_request_info /opt/stack/keystone/keystone/server/flask/request_processing/req_logging.py:29}}
Jul 26 17:08:42.597706 dv-cinder-835384-17-smb devstack@keystone.service[80085]: DEBUG keystone.auth.core [None req-8ffa830c-f573-4bd0-958b-24a9704a640b None None] MFA Rules not processed for user `39522a259dab49339fe70835c208aa7d`. Rule list: `[]` (Enabled: `True`). {{(pid=80085) check_auth_methods_against_rules /opt/stack/keystone/keystone/auth/core.py:438}}
Jul 26 17:08:42.599051 dv-cinder-835384-17-smb devstack@keystone.service[80085]: DEBUG keystone.common.fernet_utils [None req-8ffa830c-f573-4bd0-958b-24a9704a640b None None] Loaded 2 Fernet keys from /etc/keystone/fernet-keys/, but `[fernet_tokens] max_active_keys = 3`; perhaps there have not been enough key rotations to reach `max_active_keys` yet? {{(pid=80085) load_keys /opt/stack/keystone/keystone/common/fernet_utils.py:286}}
Jul 26 17:08:42.614909 dv-cinder-835384-17-smb devstack@keystone.service[80086]: DEBUG keystone.server.flask.request_processing.req_logging [None req-50cbdd01-81f4-492c-86b9-a80977440d64 None None] REQUEST_METHOD: `GET` {{(pid=80086) log_request_info /opt/stack/keystone/keystone/server/flask/request_processing/req_logging.py:27}}
Jul 26 17:08:42.615214 dv-cinder-835384-17-smb devstack@keystone.service[80086]: DEBUG keystone.server.flask.request_processing.req_logging [None req-50cbdd01-81f4-492c-86b9-a80977440d64 None None] SCRIPT_NAME: `/identity` {{(pid=80086) log_request_info /opt/stack/keystone/keystone/server/flask/request_processing/req_logging.py:28}}
Jul 26 17:08:42.617085 dv-cinder-835384-17-smb devstack@keystone.service[80086]: DEBUG keystone.server.flask.request_processing.req_logging [None req-50cbdd01-81f4-492c-86b9-a80977440d64 None None] PATH_INFO: `/` {{(pid=80086) log_request_info /opt/stack/keystone/keystone/server/flask/request_processing/req_logging.py:29}}
Jul 26 17:08:42.617085 dv-cinder-835384-17-smb devstack@keystone.service[80086]: [pid: 80086|app: 0|req: 122/236] 10.222.0.46 () {54 vars in 926 bytes} [Tue Jul 26 17:08:42 2022] GET /identity => generated 270 bytes in 3 msecs (HTTP/1.1 300) 6 headers in 234 bytes (1 switches on core 0)
Jul 26 17:08:42.622954 dv-cinder-835384-17-smb devstack@keystone.service[80086]: DEBUG keystone.server.flask.request_processing.req_logging [None req-8af12379-6bb2-4dc6-8a85-bb9698c0a6d8 None None] REQUEST_METHOD: `POST` {{(pid=80086) log_request_info /opt/stack/keystone/keystone/server/flask/request_processing/req_logging.py:27}}
Jul 26 17:08:42.623244 dv-cinder-835384-17-smb devstack@keystone.service[80086]: DEBUG keystone.server.flask.request_processing.req_logging [None req-8af12379-6bb2-4dc6-8a85-bb9698c0a6d8 None None] SCRIPT_NAME: `/identity` {{(pid=80086) log_request_info /opt/stack/keystone/keystone/server/flask/request_processing/req_logging.py:28}}
Jul 26 17:08:42.623508 dv-cinder-835384-17-smb devstack@keystone.service[80086]: DEBUG keystone.server.flask.request_processing.req_logging [None req-8af12379-6bb2-4dc6-8a85-bb9698c0a6d8 None None] PATH_INFO: `/v3/auth/tokens` {{(pid=80086) log_request_info /opt/stack/keystone/keystone/server/flask/request_processing/req_logging.py:29}}
Jul 26 17:08:42.644427 dv-cinder-835384-17-smb devstack@keystone.service[80086]: DEBUG keystone.auth.core [None req-8af12379-6bb2-4dc6-8a85-bb9698c0a6d8 None None] MFA Rules not processed for user `39522a259dab49339fe70835c208aa7d`. Rule list: `[]` (Enabled: `True`). {{(pid=80086) check_auth_methods_against_rules /opt/stack/keystone/keystone/auth/core.py:438}}
Jul 26 17:08:42.645741 dv-cinder-835384-17-smb devstack@keystone.service[80086]: DEBUG keystone.common.fernet_utils [None req-8af12379-6bb2-4dc6-8a85-bb9698c0a6d8 None None] Loaded 2 Fernet keys from /etc/keystone/fernet-keys/, but `[fernet_tokens] max_active_keys = 3`; perhaps there have not been enough key rotations to reach `max_active_keys` yet? {{(pid=80086) load_keys /opt/stack/keystone/keystone/common/fernet_utils.py:286}}
Jul 26 17:08:42.678193 dv-cinder-835384-17-smb devstack@keystone.service[80086]: DEBUG dbcounter [-] [80086] Writing DB stats keystone:SELECT=100 {{(pid=80086) stat_writer /usr/local/lib/python3.8/dist-packages/dbcounter.py:114}}
Jul 26 17:08:42.711586 dv-cinder-835384-17-smb devstack@keystone.service[80085]: [pid: 80085|app: 0|req: 115/237] 10.222.0.46 () {58 vars in 1023 bytes} [Tue Jul 26 17:08:42 2022] POST /identity/v3/auth/tokens => generated 799 bytes in 143 msecs (HTTP/1.1 201) 6 headers in 363 bytes (2 switches on core 0)
Jul 26 17:08:42.743095 dv-cinder-835384-17-smb devstack@keystone.service[80085]: DEBUG keystone.server.flask.request_processing.middleware.auth_context [None req-8ffa830c-f573-4bd0-958b-24a9704a640b None None] Authenticating user token {{(pid=80085) process_request /usr/local/lib/python3.8/dist-packages/keystonemiddleware/auth_token/__init__.py:407}}
Jul 26 17:08:42.759730 dv-cinder-835384-17-smb devstack@keystone.service[80085]: DEBUG dbcounter [-] [80085] Writing DB stats keystone:SELECT=99,keystone:INSERT=1 {{(pid=80085) stat_writer /usr/local/lib/python3.8/dist-packages/dbcounter.py:114}}
Jul 26 17:08:42.772833 dv-cinder-835384-17-smb devstack@keystone.service[80086]: [pid: 80086|app: 0|req: 123/238] 10.222.0.46 () {58 vars in 1023 bytes} [Tue Jul 26 17:08:42 2022] POST /identity/v3/auth/tokens => generated 799 bytes in 151 msecs (HTTP/1.1 201) 6 headers in 363 bytes (1 switches on core 0)
Jul 26 17:08:42.802908 dv-cinder-835384-17-smb devstack@keystone.service[80086]: DEBUG keystone.server.flask.request_processing.middleware.auth_context [None req-8af12379-6bb2-4dc6-8a85-bb9698c0a6d8 None None] Authenticating user token {{(pid=80086) process_request /usr/local/lib/python3.8/dist-packages/keystonemiddleware/auth_token/__init__.py:407}}
Jul 26 17:08:42.893184 dv-cinder-835384-17-smb devstack@keystone.service[80085]: DEBUG keystone.server.flask.request_processing.middleware.auth_context [None req-8ffa830c-f573-4bd0-958b-24a9704a640b None None] Validating token access rules against request {{(pid=80085) validate_allowed_request /usr/local/lib/python3.8/dist-packages/keystonemiddleware/auth_token/__init__.py:545}}
Jul 26 17:08:42.927303 dv-cinder-835384-17-smb devstack@keystone.service[80086]: DEBUG keystone.server.flask.request_processing.middleware.auth_context [None req-8af12379-6bb2-4dc6-8a85-bb9698c0a6d8 None None] Validating token access rules against request {{(pid=80086) validate_allowed_request /usr/local/lib/python3.8/dist-packages/keystonemiddleware/auth_token/__init__.py:545}}
Jul 26 17:08:42.939633 dv-cinder-835384-17-smb devstack@keystone.service[80085]: DEBUG keystone.server.flask.request_processing.middleware.auth_context [None req-dc05eaf5-bdaa-4662-a048-453aeaba7833 None admin] RBAC: auth_context: {'token': , 'domain_id': None, 'trust_id': None, 'trustor_id': None, 'trustee_id': None, 'domain_name': None, 'group_ids': [], 'user_id': '39522a259dab49339fe70835c208aa7d', 'user_domain_id': 'default', 'system_scope': 'all', 'project_id': None, 'project_domain_id': None, 'roles': ['admin', 'member', 'reader'], 'is_admin_project': True, 'service_user_id': None, 'service_user_domain_id': None, 'service_project_id': None, 'service_project_domain_id': None, 'service_roles': []} {{(pid=80085) fill_context /opt/stack/keystone/keystone/server/flask/request_processing/middleware/auth_context.py:478}}
Jul 26 17:08:42.940294 dv-cinder-835384-17-smb devstack@keystone.service[80085]: DEBUG keystone.server.flask.request_processing.req_logging [None req-dc05eaf5-bdaa-4662-a048-453aeaba7833 None admin] REQUEST_METHOD: `GET` {{(pid=80085) log_request_info /opt/stack/keystone/keystone/server/flask/request_processing/req_logging.py:27}}
