Jul 26 17:22:33.893248 dv-cinder-835384-17-smb devstack@c-api.service[110762]: WARNING cinder.quota [None req-967cdc9c-fcc4-428b-a22a-acd766a07f6e tempest-VolumeQuotasAdminTestJSON-1433061919 tempest-VolumeQuotasAdminTestJSON-1433061919-project-admin] Deprecated: Default quota for resource: snapshots_lvmdriver-1 is set by the default quota flag: quota_snapshots_lvmdriver-1, it is now deprecated. Please use the default quota class for default quota.
Jul 26 17:22:33.897487 dv-cinder-835384-17-smb devstack@c-api.service[110760]: DEBUG cinder.api.middleware.request_id [None req-a92caaf2-ba43-4478-9919-d5258d09b163 None None] RequestId filter calling following filter/app {{(pid=110760) _context_setter /opt/stack/cinder/cinder/api/middleware/request_id.py:62}}
Jul 26 17:22:33.898737 dv-cinder-835384-17-smb devstack@c-api.service[110762]: WARNING cinder.quota [None req-967cdc9c-fcc4-428b-a22a-acd766a07f6e tempest-VolumeQuotasAdminTestJSON-1433061919 tempest-VolumeQuotasAdminTestJSON-1433061919-project-admin] Deprecated: Default quota for resource: snapshots___DEFAULT__ is set by the default quota flag: quota_snapshots___DEFAULT__, it is now deprecated. Please use the default quota class for default quota.
Jul 26 17:22:33.905914 dv-cinder-835384-17-smb devstack@c-api.service[110760]: INFO cinder.api.openstack.wsgi [None req-a92caaf2-ba43-4478-9919-d5258d09b163 tempest-GroupSnapshotsTest-784006057 tempest-GroupSnapshotsTest-784006057-project] POST http://10.222.0.46/volume/v3/5a28ef2b936442eaa801ca195fcd5aff/groups/6a91c1ad-9c04-4586-aad5-4526e9f58bb0/action
Jul 26 17:22:33.906862 dv-cinder-835384-17-smb devstack@c-api.service[110760]: DEBUG cinder.api.openstack.wsgi [None req-a92caaf2-ba43-4478-9919-d5258d09b163 tempest-GroupSnapshotsTest-784006057 tempest-GroupSnapshotsTest-784006057-project] Action body: b'{"delete": {"delete-volumes": true}}' {{(pid=110760) get_method /opt/stack/cinder/cinder/api/openstack/wsgi.py:983}}
Jul 26 17:22:33.907050 dv-cinder-835384-17-smb devstack@c-api.service[110760]: DEBUG cinder.api.openstack.wsgi [None req-a92caaf2-ba43-4478-9919-d5258d09b163 tempest-GroupSnapshotsTest-784006057 tempest-GroupSnapshotsTest-784006057-project] Action: 'action', calling method: delete_group, body: {"delete": {"delete-volumes": true}} {{(pid=110760) _process_stack /opt/stack/cinder/cinder/api/openstack/wsgi.py:866}}
Jul 26 17:22:33.922096 dv-cinder-835384-17-smb devstack@c-api.service[110760]: DEBUG cinder.api.v3.groups [None req-a92caaf2-ba43-4478-9919-d5258d09b163 tempest-GroupSnapshotsTest-784006057 tempest-GroupSnapshotsTest-784006057-project] delete called for group 6a91c1ad-9c04-4586-aad5-4526e9f58bb0 {{(pid=110760) _delete /opt/stack/cinder/cinder/api/v3/groups.py:117}}
Jul 26 17:22:33.922426 dv-cinder-835384-17-smb devstack@c-api.service[110760]: INFO cinder.api.v3.groups [None req-a92caaf2-ba43-4478-9919-d5258d09b163 tempest-GroupSnapshotsTest-784006057 tempest-GroupSnapshotsTest-784006057-project] Delete group with id: 6a91c1ad-9c04-4586-aad5-4526e9f58bb0
Jul 26 17:22:33.939793 dv-cinder-835384-17-smb devstack@c-api.service[110760]: /usr/local/lib/python3.8/dist-packages/oslo_context/context.py:100: DeprecationWarning: Policy enforcement is depending on the value of is_admin. This key is deprecated. Please update your policy file to use the standard policy values.
Jul 26 17:22:33.939793 dv-cinder-835384-17-smb devstack@c-api.service[110760]: warnings.warn('Policy enforcement is depending on the value of '
Jul 26 17:22:33.941914 dv-cinder-835384-17-smb devstack@c-api.service[110762]: INFO cinder.api.openstack.wsgi [None req-967cdc9c-fcc4-428b-a22a-acd766a07f6e tempest-VolumeQuotasAdminTestJSON-1433061919 tempest-VolumeQuotasAdminTestJSON-1433061919-project-admin] http://10.222.0.46/volume/v3/41afc6ea07ce405b8591c48f05d99cd0/os-quota-sets/8721db684bc44d038dce73d26af0d1df returned with HTTP 200
Jul 26 17:22:33.956111 dv-cinder-835384-17-smb devstack@c-api.service[110762]: [pid: 110762|app: 0|req: 80/168] 10.222.0.46 () {58 vars in 1331 bytes} [Tue Jul 26 17:22:33 2022] GET /volume/v3/41afc6ea07ce405b8591c48f05d99cd0/os-quota-sets/8721db684bc44d038dce73d26af0d1df => generated 557 bytes in 391 msecs (HTTP/1.1 200) 7 headers in 285 bytes (1 switches on core 0)
Jul 26 17:22:33.962108 dv-cinder-835384-17-smb devstack@c-api.service[110762]: DEBUG cinder.api.middleware.request_id [None req-d56fb5db-e3aa-4cd1-b0d4-1d4c91276315 None None] RequestId filter calling following filter/app {{(pid=110762) _context_setter /opt/stack/cinder/cinder/api/middleware/request_id.py:62}}
Jul 26 17:22:33.982698 dv-cinder-835384-17-smb devstack@c-api.service[110762]: INFO cinder.api.openstack.wsgi [None req-d56fb5db-e3aa-4cd1-b0d4-1d4c91276315 tempest-VolumeQuotasAdminTestJSON-1433061919 tempest-VolumeQuotasAdminTestJSON-1433061919-project-admin] GET http://10.222.0.46/volume/v3/41afc6ea07ce405b8591c48f05d99cd0/os-quota-sets/8721db684bc44d038dce73d26af0d1df/defaults
Jul 26 17:22:33.985706 dv-cinder-835384-17-smb devstack@c-api.service[110762]: DEBUG cinder.api.openstack.wsgi [None req-d56fb5db-e3aa-4cd1-b0d4-1d4c91276315 tempest-VolumeQuotasAdminTestJSON-1433061919 tempest-VolumeQuotasAdminTestJSON-1433061919-project-admin] Empty body provided in request {{(pid=110762) get_body /opt/stack/cinder/cinder/api/openstack/wsgi.py:715}}
Jul 26 17:22:33.986435 dv-cinder-835384-17-smb devstack@c-api.service[110762]: DEBUG cinder.api.openstack.wsgi [None req-d56fb5db-e3aa-4cd1-b0d4-1d4c91276315 tempest-VolumeQuotasAdminTestJSON-1433061919 tempest-VolumeQuotasAdminTestJSON-1433061919-project-admin] Calling method 'defaults' {{(pid=110762) _process_stack /opt/stack/cinder/cinder/api/openstack/wsgi.py:868}}
Jul 26 17:22:34.038026 dv-cinder-835384-17-smb devstack@c-api.service[110762]: INFO cinder.api.openstack.wsgi [None req-d56fb5db-e3aa-4cd1-b0d4-1d4c91276315 tempest-VolumeQuotasAdminTestJSON-1433061919 tempest-VolumeQuotasAdminTestJSON-1433061919-project-admin] http://10.222.0.46/volume/v3/41afc6ea07ce405b8591c48f05d99cd0/os-quota-sets/8721db684bc44d038dce73d26af0d1df/defaults returned with HTTP 200
Jul 26 17:22:34.039829 dv-cinder-835384-17-smb devstack@c-api.service[110762]: [pid: 110762|app: 0|req: 81/169] 10.222.0.46 () {58 vars in 1358 bytes} [Tue Jul 26 17:22:33 2022] GET /volume/v3/41afc6ea07ce405b8591c48f05d99cd0/os-quota-sets/8721db684bc44d038dce73d26af0d1df/defaults => generated 557 bytes in 83 msecs (HTTP/1.1 200) 7 headers in 285 bytes (1 switches on core 0)
Jul 26 17:22:34.049351 dv-cinder-835384-17-smb devstack@c-api.service[110762]: DEBUG cinder.api.middleware.request_id [None req-c9ae6d83-724f-4845-bed4-3202d7d42262 None None] RequestId filter calling following filter/app {{(pid=110762) _context_setter /opt/stack/cinder/cinder/api/middleware/request_id.py:62}}
Jul 26 17:22:34.059644 dv-cinder-835384-17-smb devstack@c-api.service[110762]: INFO cinder.api.openstack.wsgi [None req-c9ae6d83-724f-4845-bed4-3202d7d42262 tempest-VolumeQuotasAdminTestJSON-1433061919 tempest-VolumeQuotasAdminTestJSON-1433061919-project-admin] PUT http://10.222.0.46/volume/v3/41afc6ea07ce405b8591c48f05d99cd0/os-quota-sets/8721db684bc44d038dce73d26af0d1df
Jul 26 17:22:34.060726 dv-cinder-835384-17-smb devstack@c-api.service[110762]: DEBUG cinder.api.openstack.wsgi [None req-c9ae6d83-724f-4845-bed4-3202d7d42262 tempest-VolumeQuotasAdminTestJSON-1433061919 tempest-VolumeQuotasAdminTestJSON-1433061919-project-admin] Action: 'update', calling method: update, body: {"quota_set": {"volumes": 15}} {{(pid=110762) _process_stack /opt/stack/cinder/cinder/api/openstack/wsgi.py:866}}
Jul 26 17:22:34.147202 dv-cinder-835384-17-smb devstack@c-api.service[110760]: INFO cinder.api.openstack.wsgi [None req-a92caaf2-ba43-4478-9919-d5258d09b163 tempest-GroupSnapshotsTest-784006057 tempest-GroupSnapshotsTest-784006057-project] http://10.222.0.46/volume/v3/5a28ef2b936442eaa801ca195fcd5aff/groups/6a91c1ad-9c04-4586-aad5-4526e9f58bb0/action returned with HTTP 202
Jul 26 17:22:34.149072 dv-cinder-835384-17-smb devstack@c-api.service[110760]: [pid: 110760|app: 0|req: 89/170] 10.222.0.46 () {62 vars in 1405 bytes} [Tue Jul 26 17:22:33 2022] POST /volume/v3/5a28ef2b936442eaa801ca195fcd5aff/groups/6a91c1ad-9c04-4586-aad5-4526e9f58bb0/action => generated 0 bytes in 253 msecs (HTTP/1.1 202) 6 headers in 234 bytes (1 switches on core 0)
Jul 26 17:22:34.154528 dv-cinder-835384-17-smb devstack@c-api.service[110760]: DEBUG cinder.api.middleware.request_id [None req-84a0a969-83ae-4502-996b-f719b8faa52a None None] RequestId filter calling following filter/app {{(pid=110760) _context_setter /opt/stack/cinder/cinder/api/middleware/request_id.py:62}}
Jul 26 17:22:34.159595 dv-cinder-835384-17-smb devstack@c-api.service[110762]: DEBUG dbcounter [-] [110762] Writing DB stats cinder:SELECT=80,cinder:INSERT=8,cinder:UPDATE=12 {{(pid=110762) stat_writer /usr/local/lib/python3.8/dist-packages/dbcounter.py:114}}
Jul 26 17:22:34.160334 dv-cinder-835384-17-smb devstack@c-api.service[110760]: INFO cinder.api.openstack.wsgi [None req-84a0a969-83ae-4502-996b-f719b8faa52a tempest-GroupSnapshotsTest-784006057 tempest-GroupSnapshotsTest-784006057-project] GET http://10.222.0.46/volume/v3/5a28ef2b936442eaa801ca195fcd5aff/volumes/4de9fa25-e48a-4e0d-9331-60eaaf516868
Jul 26 17:22:34.163507 dv-cinder-835384-17-smb devstack@c-api.service[110760]: DEBUG cinder.api.openstack.wsgi [None req-84a0a969-83ae-4502-996b-f719b8faa52a tempest-GroupSnapshotsTest-784006057 tempest-GroupSnapshotsTest-784006057-project] Empty body provided in request {{(pid=110760) get_body /opt/stack/cinder/cinder/api/openstack/wsgi.py:715}}
Jul 26 17:22:34.165730 dv-cinder-835384-17-smb devstack@c-api.service[110760]: DEBUG cinder.api.openstack.wsgi [None req-84a0a969-83ae-4502-996b-f719b8faa52a tempest-GroupSnapshotsTest-784006057 tempest-GroupSnapshotsTest-784006057-project] Calling method 'show' {{(pid=110760) _process_stack /opt/stack/cinder/cinder/api/openstack/wsgi.py:868}}
Jul 26 17:22:34.226113 dv-cinder-835384-17-smb devstack@c-api.service[110760]: /usr/local/lib/python3.8/dist-packages/oslo_context/context.py:100: DeprecationWarning: Policy enforcement is depending on the value of is_admin. This key is deprecated. Please update your policy file to use the standard policy values.
Jul 26 17:22:34.226113 dv-cinder-835384-17-smb devstack@c-api.service[110760]: warnings.warn('Policy enforcement is depending on the value of '
Jul 26 17:22:34.249394 dv-cinder-835384-17-smb devstack@c-api.service[110760]: DEBUG dbcounter [-] [110760] Writing DB stats cinder:SELECT=88,cinder:INSERT=3,cinder:UPDATE=9 {{(pid=110760) stat_writer /usr/local/lib/python3.8/dist-packages/dbcounter.py:114}}
Jul 26 17:22:34.266487 dv-cinder-835384-17-smb devstack@c-api.service[110760]: INFO cinder.volume.api [None req-84a0a969-83ae-4502-996b-f719b8faa52a tempest-GroupSnapshotsTest-784006057 tempest-GroupSnapshotsTest-784006057-project] Volume info retrieved successfully.
Jul 26 17:22:34.284209 dv-cinder-835384-17-smb devstack@c-api.service[110760]: WARNING stevedore.named [None req-84a0a969-83ae-4502-996b-f719b8faa52a tempest-GroupSnapshotsTest-784006057 tempest-GroupSnapshotsTest-784006057-project] Could not load cinder.keymgr.conf_key_mgr.ConfKeyManager
Jul 26 17:22:34.285621 dv-cinder-835384-17-smb devstack@c-api.service[110760]: WARNING castellan.key_manager [None req-84a0a969-83ae-4502-996b-f719b8faa52a tempest-GroupSnapshotsTest-784006057 tempest-GroupSnapshotsTest-784006057-project] Deprecation Warning : cinder.keymgr.conf_key_mgr.ConfKeyManager is not a stevedore based driver, trying to load it as a class: stevedore.exception.NoMatches: No 'castellan.drivers' driver found, looking for 'cinder.keymgr.conf_key_mgr.ConfKeyManager'
Jul 26 17:22:34.313380 dv-cinder-835384-17-smb devstack@c-api.service[110760]: DEBUG oslo_db.sqlalchemy.engines [None req-84a0a969-83ae-4502-996b-f719b8faa52a tempest-GroupSnapshotsTest-784006057 tempest-GroupSnapshotsTest-784006057-project] MySQL server mode set to STRICT_TRANS_TABLES,STRICT_ALL_TABLES,NO_ZERO_IN_DATE,NO_ZERO_DATE,ERROR_FOR_DIVISION_BY_ZERO,TRADITIONAL,NO_ENGINE_SUBSTITUTION {{(pid=110760) _check_effective_sql_mode /usr/local/lib/python3.8/dist-packages/oslo_db/sqlalchemy/engines.py:314}}
Jul 26 17:22:34.334240 dv-cinder-835384-17-smb devstack@c-api.service[110760]: /usr/local/lib/python3.8/dist-packages/oslo_context/context.py:100: DeprecationWarning: Policy enforcement is depending on the value of is_admin. This key is deprecated. Please update your policy file to use the standard policy values.
Jul 26 17:22:34.334240 dv-cinder-835384-17-smb devstack@c-api.service[110760]: warnings.warn('Policy enforcement is depending on the value of '
Jul 26 17:22:34.363844 dv-cinder-835384-17-smb devstack@c-api.service[110762]: INFO cinder.api.openstack.wsgi [None req-c9ae6d83-724f-4845-bed4-3202d7d42262 tempest-VolumeQuotasAdminTestJSON-1433061919 tempest-VolumeQuotasAdminTestJSON-1433061919-project-admin] http://10.222.0.46/volume/v3/41afc6ea07ce405b8591c48f05d99cd0/os-quota-sets/8721db684bc44d038dce73d26af0d1df returned with HTTP 200
Jul 26 17:22:34.363844 dv-cinder-835384-17-smb devstack@c-api.service[110762]: [pid: 110762|app: 0|req: 82/171] 10.222.0.46 () {60 vars in 1351 bytes} [Tue Jul 26 17:22:34 2022] PUT /volume/v3/41afc6ea07ce405b8591c48f05d99cd0/os-quota-sets/8721db684bc44d038dce73d26af0d1df => generated 515 bytes in 310 msecs (HTTP/1.1 200) 7 headers in 285 bytes (1 switches on core 0)
Jul 26 17:22:34.366937 dv-cinder-835384-17-smb devstack@c-api.service[110762]: DEBUG cinder.api.middleware.request_id [None req-dbf6f593-17ed-4232-ba95-9ab1b1333a16 None None] RequestId filter calling following filter/app {{(pid=110762) _context_setter /opt/stack/cinder/cinder/api/middleware/request_id.py:62}}
Jul 26 17:22:34.389859 dv-cinder-835384-17-smb devstack@c-api.service[110762]: INFO cinder.api.openstack.wsgi [None req-dbf6f593-17ed-4232-ba95-9ab1b1333a16 tempest-VolumeQuotasAdminTestJSON-1433061919 tempest-VolumeQuotasAdminTestJSON-1433061919-project-admin] DELETE http://10.222.0.46/volume/v3/41afc6ea07ce405b8591c48f05d99cd0/os-quota-sets/8721db684bc44d038dce73d26af0d1df
Jul 26 17:22:34.391511 dv-cinder-835384-17-smb devstack@c-api.service[110762]: DEBUG cinder.api.openstack.wsgi [None req-dbf6f593-17ed-4232-ba95-9ab1b1333a16 tempest-VolumeQuotasAdminTestJSON-1433061919 tempest-VolumeQuotasAdminTestJSON-1433061919-project-admin] Empty body provided in request {{(pid=110762) get_body /opt/stack/cinder/cinder/api/openstack/wsgi.py:715}}
Jul 26 17:22:34.394349 dv-cinder-835384-17-smb devstack@c-api.service[110762]: DEBUG cinder.api.openstack.wsgi [None req-dbf6f593-17ed-4232-ba95-9ab1b1333a16 tempest-VolumeQuotasAdminTestJSON-1433061919 tempest-VolumeQuotasAdminTestJSON-1433061919-project-admin] Calling method 'delete' {{(pid=110762) _process_stack /opt/stack/cinder/cinder/api/openstack/wsgi.py:868}}
Jul 26 17:22:34.429950 dv-cinder-835384-17-smb devstack@c-api.service[110760]: INFO cinder.api.openstack.wsgi [None req-84a0a969-83ae-4502-996b-f719b8faa52a tempest-GroupSnapshotsTest-784006057 tempest-GroupSnapshotsTest-784006057-project] http://10.222.0.46/volume/v3/5a28ef2b936442eaa801ca195fcd5aff/volumes/4de9fa25-e48a-4e0d-9331-60eaaf516868 returned with HTTP 200
Jul 26 17:22:34.435008 dv-cinder-835384-17-smb devstack@c-api.service[110760]: [pid: 110760|app: 0|req: 90/172] 10.222.0.46 () {60 vars in 1366 bytes} [Tue Jul 26 17:22:34 2022] GET /volume/v3/5a28ef2b936442eaa801ca195fcd5aff/volumes/4de9fa25-e48a-4e0d-9331-60eaaf516868 => generated 991 bytes in 281 msecs (HTTP/1.1 200) 7 headers in 286 bytes (1 switches on core 0)
Jul 26 17:22:34.470403 dv-cinder-835384-17-smb devstack@c-api.service[110762]: INFO cinder.api.openstack.wsgi [None req-dbf6f593-17ed-4232-ba95-9ab1b1333a16 tempest-VolumeQuotasAdminTestJSON-1433061919 tempest-VolumeQuotasAdminTestJSON-1433061919-project-admin] http://10.222.0.46/volume/v3/41afc6ea07ce405b8591c48f05d99cd0/os-quota-sets/8721db684bc44d038dce73d26af0d1df returned with HTTP 200
Jul 26 17:22:34.475409 dv-cinder-835384-17-smb devstack@c-api.service[110762]: [pid: 110762|app: 0|req: 83/173] 10.222.0.46 () {58 vars in 1334 bytes} [Tue Jul 26 17:22:34 2022] DELETE /volume/v3/41afc6ea07ce405b8591c48f05d99cd0/os-quota-sets/8721db684bc44d038dce73d26af0d1df => generated 0 bytes in 108 msecs (HTTP/1.1 200) 7 headers in 283 bytes (2 switches on core 0)
Jul 26 17:22:34.477616 dv-cinder-835384-17-smb devstack@c-api.service[110760]: DEBUG cinder.api.middleware.request_id [None req-8f98c108-ec46-417e-b5e9-6a9293671afd None None] RequestId filter calling following filter/app {{(pid=110760) _context_setter /opt/stack/cinder/cinder/api/middleware/request_id.py:62}}
Jul 26 17:22:34.483478 dv-cinder-835384-17-smb devstack@c-api.service[110760]: INFO cinder.api.openstack.wsgi [None req-8f98c108-ec46-417e-b5e9-6a9293671afd tempest-VolumeQuotasAdminTestJSON-1433061919 tempest-VolumeQuotasAdminTestJSON-1433061919-project-admin] GET http://10.222.0.46/volume/v3/41afc6ea07ce405b8591c48f05d99cd0/os-quota-sets/8721db684bc44d038dce73d26af0d1df
Jul 26 17:22:34.484308 dv-cinder-835384-17-smb devstack@c-api.service[110760]: DEBUG cinder.api.openstack.wsgi [None req-8f98c108-ec46-417e-b5e9-6a9293671afd tempest-VolumeQuotasAdminTestJSON-1433061919 tempest-VolumeQuotasAdminTestJSON-1433061919-project-admin] Empty body provided in request {{(pid=110760) get_body /opt/stack/cinder/cinder/api/openstack/wsgi.py:715}}
Jul 26 17:22:34.485014 dv-cinder-835384-17-smb devstack@c-api.service[110760]: DEBUG cinder.api.openstack.wsgi [None req-8f98c108-ec46-417e-b5e9-6a9293671afd tempest-VolumeQuotasAdminTestJSON-1433061919 tempest-VolumeQuotasAdminTestJSON-1433061919-project-admin] Calling method 'show' {{(pid=110760) _process_stack /opt/stack/cinder/cinder/api/openstack/wsgi.py:868}}
Jul 26 17:22:34.532210 dv-cinder-835384-17-smb devstack@c-api.service[110760]: WARNING cinder.quota [None req-8f98c108-ec46-417e-b5e9-6a9293671afd tempest-VolumeQuotasAdminTestJSON-1433061919 tempest-VolumeQuotasAdminTestJSON-1433061919-project-admin] Deprecated: Default quota for resource: backups is set by the default quota flag: quota_backups, it is now deprecated. Please use the default quota class for default quota.
Jul 26 17:22:34.546677 dv-cinder-835384-17-smb devstack@c-api.service[110760]: WARNING cinder.quota [None req-8f98c108-ec46-417e-b5e9-6a9293671afd tempest-VolumeQuotasAdminTestJSON-1433061919 tempest-VolumeQuotasAdminTestJSON-1433061919-project-admin] Deprecated: Default quota for resource: backup_gigabytes is set by the default quota flag: quota_backup_gigabytes, it is now deprecated. Please use the default quota class for default quota.
Jul 26 17:22:34.555717 dv-cinder-835384-17-smb devstack@c-api.service[110760]: WARNING cinder.quota [None req-8f98c108-ec46-417e-b5e9-6a9293671afd tempest-VolumeQuotasAdminTestJSON-1433061919 tempest-VolumeQuotasAdminTestJSON-1433061919-project-admin] Deprecated: Default quota for resource: gigabytes_tempest-GroupSnapshotsTest-volume-type-920033007 is set by the default quota flag: quota_gigabytes_tempest-GroupSnapshotsTest-volume-type-920033007, it is now deprecated. Please use the default quota class for default quota.
Jul 26 17:22:34.557844 dv-cinder-835384-17-smb devstack@c-api.service[110760]: WARNING cinder.quota [None req-8f98c108-ec46-417e-b5e9-6a9293671afd tempest-VolumeQuotasAdminTestJSON-1433061919 tempest-VolumeQuotasAdminTestJSON-1433061919-project-admin] Deprecated: Default quota for resource: snapshots_tempest-GroupSnapshotsTest-volume-type-920033007 is set by the default quota flag: quota_snapshots_tempest-GroupSnapshotsTest-volume-type-920033007, it is now deprecated. Please use the default quota class for default quota.
Jul 26 17:22:34.559485 dv-cinder-835384-17-smb devstack@c-api.service[110760]: WARNING cinder.quota [None req-8f98c108-ec46-417e-b5e9-6a9293671afd tempest-VolumeQuotasAdminTestJSON-1433061919 tempest-VolumeQuotasAdminTestJSON-1433061919-project-admin] Deprecated: Default quota for resource: volumes_lvmdriver-1 is set by the default quota flag: quota_volumes_lvmdriver-1, it is now deprecated. Please use the default quota class for default quota.
Jul 26 17:22:34.562083 dv-cinder-835384-17-smb devstack@c-api.service[110760]: WARNING cinder.quota [None req-8f98c108-ec46-417e-b5e9-6a9293671afd tempest-VolumeQuotasAdminTestJSON-1433061919 tempest-VolumeQuotasAdminTestJSON-1433061919-project-admin] Deprecated: Default quota for resource: gigabytes_lvmdriver-1 is set by the default quota flag: quota_gigabytes_lvmdriver-1, it is now deprecated. Please use the default quota class for default quota.
Jul 26 17:22:34.564878 dv-cinder-835384-17-smb devstack@c-api.service[110760]: WARNING cinder.quota [None req-8f98c108-ec46-417e-b5e9-6a9293671afd tempest-VolumeQuotasAdminTestJSON-1433061919 tempest-VolumeQuotasAdminTestJSON-1433061919-project-admin] Deprecated: Default quota for resource: snapshots_lvmdriver-1 is set by the default quota flag: quota_snapshots_lvmdriver-1, it is now deprecated. Please use the default quota class for default quota.
Jul 26 17:22:34.566745 dv-cinder-835384-17-smb devstack@c-api.service[110760]: WARNING cinder.quota [None req-8f98c108-ec46-417e-b5e9-6a9293671afd tempest-VolumeQuotasAdminTestJSON-1433061919 tempest-VolumeQuotasAdminTestJSON-1433061919-project-admin] Deprecated: Default quota for resource: volumes___DEFAULT__ is set by the default quota flag: quota_volumes___DEFAULT__, it is now deprecated. Please use the default quota class for default quota.
Jul 26 17:22:34.570104 dv-cinder-835384-17-smb devstack@c-api.service[110760]: WARNING cinder.quota [None req-8f98c108-ec46-417e-b5e9-6a9293671afd tempest-VolumeQuotasAdminTestJSON-1433061919 tempest-VolumeQuotasAdminTestJSON-1433061919-project-admin] Deprecated: Default quota for resource: gigabytes___DEFAULT__ is set by the default quota flag: quota_gigabytes___DEFAULT__, it is now deprecated. Please use the default quota class for default quota.
Jul 26 17:22:34.574486 dv-cinder-835384-17-smb devstack@c-api.service[110760]: WARNING cinder.quota [None req-8f98c108-ec46-417e-b5e9-6a9293671afd tempest-VolumeQuotasAdminTestJSON-1433061919 tempest-VolumeQuotasAdminTestJSON-1433061919-project-admin] Deprecated: Default quota for resource: snapshots___DEFAULT__ is set by the default quota flag: quota_snapshots___DEFAULT__, it is now deprecated. Please use the default quota class for default quota.
Jul 26 17:22:34.602714 dv-cinder-835384-17-smb devstack@c-api.service[110760]: INFO cinder.api.openstack.wsgi [None req-8f98c108-ec46-417e-b5e9-6a9293671afd tempest-VolumeQuotasAdminTestJSON-1433061919 tempest-VolumeQuotasAdminTestJSON-1433061919-project-admin] http://10.222.0.46/volume/v3/41afc6ea07ce405b8591c48f05d99cd0/os-quota-sets/8721db684bc44d038dce73d26af0d1df returned with HTTP 200
Jul 26 17:22:34.603534 dv-cinder-835384-17-smb devstack@c-api.service[110760]: [pid: 110760|app: 0|req: 91/174] 10.222.0.46 () {58 vars in 1331 bytes} [Tue Jul 26 17:22:34 2022] GET /volume/v3/41afc6ea07ce405b8591c48f05d99cd0/os-quota-sets/8721db684bc44d038dce73d26af0d1df => generated 557 bytes in 127 msecs (HTTP/1.1 200) 7 headers in 285 bytes (1 switches on core 0)
Jul 26 17:22:34.611148 dv-cinder-835384-17-smb devstack@c-api.service[110762]: DEBUG cinder.api.middleware.request_id [None req-6362fd64-f822-444a-8ee8-d5f05d94c4f7 None None] RequestId filter calling following filter/app {{(pid=110762) _context_setter /opt/stack/cinder/cinder/api/middleware/request_id.py:62}}
Jul 26 17:22:34.616736 dv-cinder-835384-17-smb devstack@c-api.service[110762]: INFO cinder.api.openstack.wsgi [None req-6362fd64-f822-444a-8ee8-d5f05d94c4f7 tempest-VolumeQuotasAdminTestJSON-1433061919 tempest-VolumeQuotasAdminTestJSON-1433061919-project-admin] PUT http://10.222.0.46/volume/v3/41afc6ea07ce405b8591c48f05d99cd0/os-quota-sets/8721db684bc44d038dce73d26af0d1df
Jul 26 17:22:34.617480 dv-cinder-835384-17-smb devstack@c-api.service[110762]: DEBUG cinder.api.openstack.wsgi [None req-6362fd64-f822-444a-8ee8-d5f05d94c4f7 tempest-VolumeQuotasAdminTestJSON-1433061919 tempest-VolumeQuotasAdminTestJSON-1433061919-project-admin] Action: 'update', calling method: update, body: {"quota_set": {"volumes": 10, "per_volume_gigabytes": -1, "snapshots": 10, "gigabytes": 1000, "backups": 10, "backup_gigabytes": 1000}} {{(pid=110762) _process_stack /opt/stack/cinder/cinder/api/openstack/wsgi.py:866}}
Jul 26 17:22:35.028701 dv-cinder-835384-17-smb devstack@c-api.service[110762]: INFO cinder.api.openstack.wsgi [None req-6362fd64-f822-444a-8ee8-d5f05d94c4f7 tempest-VolumeQuotasAdminTestJSON-1433061919 tempest-VolumeQuotasAdminTestJSON-1433061919-project-admin] http://10.222.0.46/volume/v3/41afc6ea07ce405b8591c48f05d99cd0/os-quota-sets/8721db684bc44d038dce73d26af0d1df returned with HTTP 200
Jul 26 17:22:35.037746 dv-cinder-835384-17-smb devstack@c-api.service[110762]: [pid: 110762|app: 0|req: 84/175] 10.222.0.46 () {60 vars in 1352 bytes} [Tue Jul 26 17:22:34 2022] PUT /volume/v3/41afc6ea07ce405b8591c48f05d99cd0/os-quota-sets/8721db684bc44d038dce73d26af0d1df => generated 515 bytes in 427 msecs (HTTP/1.1 200) 7 headers in 285 bytes (1 switches on core 0)
Jul 26 17:22:35.054358 dv-cinder-835384-17-smb devstack@c-api.service[110760]: DEBUG cinder.api.middleware.request_id [None req-4e34d757-e17c-41e9-acdf-2ea7db8e0b5c None None] RequestId filter calling following filter/app {{(pid=110760) _context_setter /opt/stack/cinder/cinder/api/middleware/request_id.py:62}}
Jul 26 17:22:35.081590 dv-cinder-835384-17-smb devstack@c-api.service[110760]: INFO cinder.api.openstack.wsgi [None req-4e34d757-e17c-41e9-acdf-2ea7db8e0b5c tempest-VolumeQuotasAdminTestJSON-1433061919 tempest-VolumeQuotasAdminTestJSON-1433061919-project-admin] GET http://10.222.0.46/volume/v3/41afc6ea07ce405b8591c48f05d99cd0/os-quota-sets/8721db684bc44d038dce73d26af0d1df/defaults
Jul 26 17:22:35.082171 dv-cinder-835384-17-smb devstack@c-api.service[110760]: DEBUG cinder.api.openstack.wsgi [None req-4e34d757-e17c-41e9-acdf-2ea7db8e0b5c tempest-VolumeQuotasAdminTestJSON-1433061919 tempest-VolumeQuotasAdminTestJSON-1433061919-project-admin] Empty body provided in request {{(pid=110760) get_body /opt/stack/cinder/cinder/api/openstack/wsgi.py:715}}
Jul 26 17:22:35.088190 dv-cinder-835384-17-smb devstack@c-api.service[110760]: DEBUG cinder.api.openstack.wsgi [None req-4e34d757-e17c-41e9-acdf-2ea7db8e0b5c tempest-VolumeQuotasAdminTestJSON-1433061919 tempest-VolumeQuotasAdminTestJSON-1433061919-project-admin] Calling method 'defaults' {{(pid=110760) _process_stack /opt/stack/cinder/cinder/api/openstack/wsgi.py:868}}
Jul 26 17:22:35.194620 dv-cinder-835384-17-smb devstack@c-api.service[110760]: INFO cinder.api.openstack.wsgi [None req-4e34d757-e17c-41e9-acdf-2ea7db8e0b5c tempest-VolumeQuotasAdminTestJSON-1433061919 tempest-VolumeQuotasAdminTestJSON-1433061919-project-admin] http://10.222.0.46/volume/v3/41afc6ea07ce405b8591c48f05d99cd0/os-quota-sets/8721db684bc44d038dce73d26af0d1df/defaults returned with HTTP 200
Jul 26 17:22:35.209306 dv-cinder-835384-17-smb devstack@c-api.service[110762]: DEBUG cinder.api.middleware.request_id [None req-9e23fe16-c1c1-493c-a64f-bcb51f7c970d None None] RequestId filter calling following filter/app {{(pid=110762) _context_setter /opt/stack/cinder/cinder/api/middleware/request_id.py:62}}
Jul 26 17:22:35.223110 dv-cinder-835384-17-smb devstack@c-api.service[110762]: INFO cinder.api.openstack.wsgi [None req-9e23fe16-c1c1-493c-a64f-bcb51f7c970d tempest-VolumeQuotasAdminTestJSON-1433061919 tempest-VolumeQuotasAdminTestJSON-1433061919-project-admin] GET http://10.222.0.46/volume/v3/41afc6ea07ce405b8591c48f05d99cd0/os-quota-sets/8721db684bc44d038dce73d26af0d1df
Jul 26 17:22:35.223665 dv-cinder-835384-17-smb devstack@c-api.service[110762]: DEBUG cinder.api.openstack.wsgi [None req-9e23fe16-c1c1-493c-a64f-bcb51f7c970d tempest-VolumeQuotasAdminTestJSON-1433061919 tempest-VolumeQuotasAdminTestJSON-1433061919-project-admin] Empty body provided in request {{(pid=110762) get_body /opt/stack/cinder/cinder/api/openstack/wsgi.py:715}}
Jul 26 17:22:35.224759 dv-cinder-835384-17-smb devstack@c-api.service[110760]: [pid: 110760|app: 0|req: 92/176] 10.222.0.46 () {58 vars in 1358 bytes} [Tue Jul 26 17:22:35 2022] GET /volume/v3/41afc6ea07ce405b8591c48f05d99cd0/os-quota-sets/8721db684bc44d038dce73d26af0d1df/defaults => generated 557 bytes in 172 msecs (HTTP/1.1 200) 7 headers in 285 bytes (1 switches on core 0)
Jul 26 17:22:35.227337 dv-cinder-835384-17-smb devstack@c-api.service[110762]: DEBUG cinder.api.openstack.wsgi [None req-9e23fe16-c1c1-493c-a64f-bcb51f7c970d tempest-VolumeQuotasAdminTestJSON-1433061919 tempest-VolumeQuotasAdminTestJSON-1433061919-project-admin] Calling method 'show' {{(pid=110762) _process_stack /opt/stack/cinder/cinder/api/openstack/wsgi.py:868}}
Jul 26 17:22:35.376712 dv-cinder-835384-17-smb devstack@c-api.service[110762]: INFO cinder.api.openstack.wsgi [None req-9e23fe16-c1c1-493c-a64f-bcb51f7c970d tempest-VolumeQuotasAdminTestJSON-1433061919 tempest-VolumeQuotasAdminTestJSON-1433061919-project-admin] http://10.222.0.46/volume/v3/41afc6ea07ce405b8591c48f05d99cd0/os-quota-sets/8721db684bc44d038dce73d26af0d1df returned with HTTP 200
Jul 26 17:22:35.389158 dv-cinder-835384-17-smb devstack@c-api.service[110760]: DEBUG cinder.api.middleware.request_id [None req-47ecb977-4bcb-481e-b3e8-6ddb0748b6a5 None None] RequestId filter calling following filter/app {{(pid=110760) _context_setter /opt/stack/cinder/cinder/api/middleware/request_id.py:62}}
Jul 26 17:22:35.390584 dv-cinder-835384-17-smb devstack@c-api.service[110762]: [pid: 110762|app: 0|req: 85/177] 10.222.0.46 () {58 vars in 1331 bytes} [Tue Jul 26 17:22:35 2022] GET /volume/v3/41afc6ea07ce405b8591c48f05d99cd0/os-quota-sets/8721db684bc44d038dce73d26af0d1df => generated 557 bytes in 183 msecs (HTTP/1.1 200) 7 headers in 285 bytes (2 switches on core 0)
Jul 26 17:22:35.395895 dv-cinder-835384-17-smb devstack@c-api.service[110760]: INFO cinder.api.openstack.wsgi [None req-47ecb977-4bcb-481e-b3e8-6ddb0748b6a5 tempest-VolumeQuotasAdminTestJSON-1433061919 tempest-VolumeQuotasAdminTestJSON-1433061919-project-admin] GET http://10.222.0.46/volume/v3/41afc6ea07ce405b8591c48f05d99cd0/os-quota-sets/8721db684bc44d038dce73d26af0d1df?usage=True
Jul 26 17:22:35.396651 dv-cinder-835384-17-smb devstack@c-api.service[110760]: DEBUG cinder.api.openstack.wsgi [None req-47ecb977-4bcb-481e-b3e8-6ddb0748b6a5 tempest-VolumeQuotasAdminTestJSON-1433061919 tempest-VolumeQuotasAdminTestJSON-1433061919-project-admin] Empty body provided in request {{(pid=110760) get_body /opt/stack/cinder/cinder/api/openstack/wsgi.py:715}}
Jul 26 17:22:35.397406 dv-cinder-835384-17-smb devstack@c-api.service[110760]: DEBUG cinder.api.openstack.wsgi [None req-47ecb977-4bcb-481e-b3e8-6ddb0748b6a5 tempest-VolumeQuotasAdminTestJSON-1433061919 tempest-VolumeQuotasAdminTestJSON-1433061919-project-admin] Calling method 'show' {{(pid=110760) _process_stack /opt/stack/cinder/cinder/api/openstack/wsgi.py:868}}
Jul 26 17:22:35.449605 dv-cinder-835384-17-smb devstack@c-api.service[110762]: DEBUG cinder.api.middleware.request_id [None req-8ffd7cb4-c7a4-486f-84f4-beb60927b995 None None] RequestId filter calling following filter/app {{(pid=110762) _context_setter /opt/stack/cinder/cinder/api/middleware/request_id.py:62}}
Jul 26 17:22:35.456444 dv-cinder-835384-17-smb devstack@c-api.service[110762]: INFO cinder.api.openstack.wsgi [None req-8ffd7cb4-c7a4-486f-84f4-beb60927b995 tempest-GroupSnapshotsTest-784006057 tempest-GroupSnapshotsTest-784006057-project] GET http://10.222.0.46/volume/v3/5a28ef2b936442eaa801ca195fcd5aff/volumes/4de9fa25-e48a-4e0d-9331-60eaaf516868
Jul 26 17:22:35.457392 dv-cinder-835384-17-smb devstack@c-api.service[110762]: DEBUG cinder.api.openstack.wsgi [None req-8ffd7cb4-c7a4-486f-84f4-beb60927b995 tempest-GroupSnapshotsTest-784006057 tempest-GroupSnapshotsTest-784006057-project] Empty body provided in request {{(pid=110762) get_body /opt/stack/cinder/cinder/api/openstack/wsgi.py:715}}
Jul 26 17:22:35.458722 dv-cinder-835384-17-smb devstack@c-api.service[110762]: DEBUG cinder.api.openstack.wsgi [None req-8ffd7cb4-c7a4-486f-84f4-beb60927b995 tempest-GroupSnapshotsTest-784006057 tempest-GroupSnapshotsTest-784006057-project] Calling method 'show' {{(pid=110762) _process_stack /opt/stack/cinder/cinder/api/openstack/wsgi.py:868}}
Jul 26 17:22:35.499018 dv-cinder-835384-17-smb devstack@c-api.service[110762]: INFO cinder.api.openstack.wsgi [None req-8ffd7cb4-c7a4-486f-84f4-beb60927b995 tempest-GroupSnapshotsTest-784006057 tempest-GroupSnapshotsTest-784006057-project] http://10.222.0.46/volume/v3/5a28ef2b936442eaa801ca195fcd5aff/volumes/4de9fa25-e48a-4e0d-9331-60eaaf516868 returned with HTTP 404
Jul 26 17:22:35.515023 dv-cinder-835384-17-smb devstack@c-api.service[110762]: [pid: 110762|app: 0|req: 86/178] 10.222.0.46 () {60 vars in 1366 bytes} [Tue Jul 26 17:22:35 2022] GET /volume/v3/5a28ef2b936442eaa801ca195fcd5aff/volumes/4de9fa25-e48a-4e0d-9331-60eaaf516868 => generated 109 bytes in 66 msecs (HTTP/1.1 404) 7 headers in 293 bytes (1 switches on core 0)
Jul 26 17:22:35.518747 dv-cinder-835384-17-smb devstack@c-api.service[110762]: DEBUG cinder.api.middleware.request_id [None req-76051c6e-61c8-4ba2-974c-c6f0b6c9da40 None None] RequestId filter calling following filter/app {{(pid=110762) _context_setter /opt/stack/cinder/cinder/api/middleware/request_id.py:62}}
Jul 26 17:22:35.532381 dv-cinder-835384-17-smb devstack@c-api.service[110762]: INFO cinder.api.openstack.wsgi [None req-76051c6e-61c8-4ba2-974c-c6f0b6c9da40 tempest-GroupSnapshotsTest-784006057 tempest-GroupSnapshotsTest-784006057-project] GET http://10.222.0.46/volume/v3/5a28ef2b936442eaa801ca195fcd5aff/groups/6a91c1ad-9c04-4586-aad5-4526e9f58bb0
Jul 26 17:22:35.535299 dv-cinder-835384-17-smb devstack@c-api.service[110760]: INFO cinder.api.openstack.wsgi [None req-47ecb977-4bcb-481e-b3e8-6ddb0748b6a5 tempest-VolumeQuotasAdminTestJSON-1433061919 tempest-VolumeQuotasAdminTestJSON-1433061919-project-admin] http://10.222.0.46/volume/v3/41afc6ea07ce405b8591c48f05d99cd0/os-quota-sets/8721db684bc44d038dce73d26af0d1df?usage=True returned with HTTP 200
Jul 26 17:22:35.549855 dv-cinder-835384-17-smb devstack@c-api.service[110760]: [pid: 110760|app: 0|req: 93/179] 10.222.0.46 () {58 vars in 1352 bytes} [Tue Jul 26 17:22:35 2022] GET /volume/v3/41afc6ea07ce405b8591c48f05d99cd0/os-quota-sets/8721db684bc44d038dce73d26af0d1df?usage=True => generated 1181 bytes in 152 msecs (HTTP/1.1 200) 7 headers in 286 bytes (2 switches on core 0)
Jul 26 17:22:35.554451 dv-cinder-835384-17-smb devstack@c-api.service[110762]: DEBUG cinder.api.openstack.wsgi [None req-76051c6e-61c8-4ba2-974c-c6f0b6c9da40 tempest-GroupSnapshotsTest-784006057 tempest-GroupSnapshotsTest-784006057-project] Empty body provided in request {{(pid=110762) get_body /opt/stack/cinder/cinder/api/openstack/wsgi.py:715}}
Jul 26 17:22:35.557511 dv-cinder-835384-17-smb devstack@c-api.service[110762]: DEBUG cinder.api.openstack.wsgi [None req-76051c6e-61c8-4ba2-974c-c6f0b6c9da40 tempest-GroupSnapshotsTest-784006057 tempest-GroupSnapshotsTest-784006057-project] Calling method 'version_select' {{(pid=110762) _process_stack /opt/stack/cinder/cinder/api/openstack/wsgi.py:868}}
Jul 26 17:22:35.558092 dv-cinder-835384-17-smb devstack@c-api.service[110760]: DEBUG cinder.api.middleware.request_id [None req-ab2c26d3-37ec-45ec-8f5e-321f524a2fa4 None None] RequestId filter calling following filter/app {{(pid=110760) _context_setter /opt/stack/cinder/cinder/api/middleware/request_id.py:62}}
Jul 26 17:22:35.564018 dv-cinder-835384-17-smb devstack@c-api.service[110762]: DEBUG cinder.api.v3.groups [None req-76051c6e-61c8-4ba2-974c-c6f0b6c9da40 tempest-GroupSnapshotsTest-784006057 tempest-GroupSnapshotsTest-784006057-project] show called for member 6a91c1ad-9c04-4586-aad5-4526e9f58bb0 {{(pid=110762) show /opt/stack/cinder/cinder/api/v3/groups.py:58}}
Jul 26 17:22:35.591860 dv-cinder-835384-17-smb devstack@c-api.service[110762]: INFO cinder.api.openstack.wsgi [None req-76051c6e-61c8-4ba2-974c-c6f0b6c9da40 tempest-GroupSnapshotsTest-784006057 tempest-GroupSnapshotsTest-784006057-project] http://10.222.0.46/volume/v3/5a28ef2b936442eaa801ca195fcd5aff/groups/6a91c1ad-9c04-4586-aad5-4526e9f58bb0 returned with HTTP 404
Jul 26 17:22:35.602670 dv-cinder-835384-17-smb devstack@c-api.service[110762]: [pid: 110762|app: 0|req: 87/180] 10.222.0.46 () {60 vars in 1363 bytes} [Tue Jul 26 17:22:35 2022] GET /volume/v3/5a28ef2b936442eaa801ca195fcd5aff/groups/6a91c1ad-9c04-4586-aad5-4526e9f58bb0 => generated 108 bytes in 83 msecs (HTTP/1.1 404) 7 headers in 293 bytes (1 switches on core 0)
Jul 26 17:22:35.605090 dv-cinder-835384-17-smb devstack@c-api.service[110762]: DEBUG cinder.api.middleware.request_id [None req-0383d2ee-ad1e-42c7-b1f3-ac088b453206 None None] RequestId filter calling following filter/app {{(pid=110762) _context_setter /opt/stack/cinder/cinder/api/middleware/request_id.py:62}}
Jul 26 17:22:35.618695 dv-cinder-835384-17-smb devstack@c-api.service[110762]: INFO cinder.api.openstack.wsgi [None req-0383d2ee-ad1e-42c7-b1f3-ac088b453206 tempest-GroupSnapshotsTest-784006057 tempest-GroupSnapshotsTest-784006057-project] DELETE http://10.222.0.46/volume/v3/5a28ef2b936442eaa801ca195fcd5aff/group_snapshots/8ed2b4b7-2243-4759-9c15-5d001ab25d35
Jul 26 17:22:35.630683 dv-cinder-835384-17-smb devstack@c-api.service[110762]: DEBUG cinder.api.openstack.wsgi [None req-0383d2ee-ad1e-42c7-b1f3-ac088b453206 tempest-GroupSnapshotsTest-784006057 tempest-GroupSnapshotsTest-784006057-project] Empty body provided in request {{(pid=110762) get_body /opt/stack/cinder/cinder/api/openstack/wsgi.py:715}}
Jul 26 17:22:35.631210 dv-cinder-835384-17-smb devstack@c-api.service[110762]: DEBUG cinder.api.openstack.wsgi [None req-0383d2ee-ad1e-42c7-b1f3-ac088b453206 tempest-GroupSnapshotsTest-784006057 tempest-GroupSnapshotsTest-784006057-project] Calling method 'version_select' {{(pid=110762) _process_stack /opt/stack/cinder/cinder/api/openstack/wsgi.py:868}}
Jul 26 17:22:35.631593 dv-cinder-835384-17-smb devstack@c-api.service[110762]: DEBUG cinder.api.v3.group_snapshots [None req-0383d2ee-ad1e-42c7-b1f3-ac088b453206 tempest-GroupSnapshotsTest-784006057 tempest-GroupSnapshotsTest-784006057-project] delete called for member 8ed2b4b7-2243-4759-9c15-5d001ab25d35 {{(pid=110762) delete /opt/stack/cinder/cinder/api/v3/group_snapshots.py:72}}
Jul 26 17:22:35.631880 dv-cinder-835384-17-smb devstack@c-api.service[110762]: INFO cinder.api.v3.group_snapshots [None req-0383d2ee-ad1e-42c7-b1f3-ac088b453206 tempest-GroupSnapshotsTest-784006057 tempest-GroupSnapshotsTest-784006057-project] Delete group_snapshot with id: 8ed2b4b7-2243-4759-9c15-5d001ab25d35
Jul 26 17:22:35.658501 dv-cinder-835384-17-smb devstack@c-api.service[110762]: /usr/local/lib/python3.8/dist-packages/oslo_context/context.py:100: DeprecationWarning: Policy enforcement is depending on the value of is_admin. This key is deprecated. Please update your policy file to use the standard policy values.
Jul 26 17:22:35.658501 dv-cinder-835384-17-smb devstack@c-api.service[110762]: warnings.warn('Policy enforcement is depending on the value of '
Jul 26 17:22:35.870396 dv-cinder-835384-17-smb devstack@c-api.service[110762]: DEBUG dbcounter [-] [110762] Writing DB stats cinder:SELECT=91,cinder:INSERT=7,cinder:UPDATE=2 {{(pid=110762) stat_writer /usr/local/lib/python3.8/dist-packages/dbcounter.py:114}}
Jul 26 17:22:35.907131 dv-cinder-835384-17-smb devstack@c-api.service[110762]: INFO cinder.api.openstack.wsgi [None req-0383d2ee-ad1e-42c7-b1f3-ac088b453206 tempest-GroupSnapshotsTest-784006057 tempest-GroupSnapshotsTest-784006057-project] http://10.222.0.46/volume/v3/5a28ef2b936442eaa801ca195fcd5aff/group_snapshots/8ed2b4b7-2243-4759-9c15-5d001ab25d35 returned with HTTP 202
Jul 26 17:22:35.909170 dv-cinder-835384-17-smb devstack@c-api.service[110762]: [pid: 110762|app: 0|req: 88/181] 10.222.0.46 () {60 vars in 1393 bytes} [Tue Jul 26 17:22:35 2022] DELETE /volume/v3/5a28ef2b936442eaa801ca195fcd5aff/group_snapshots/8ed2b4b7-2243-4759-9c15-5d001ab25d35 => generated 0 bytes in 305 msecs (HTTP/1.1 202) 6 headers in 234 bytes (1 switches on core 0)
Jul 26 17:22:35.922749 dv-cinder-835384-17-smb devstack@c-api.service[110762]: DEBUG cinder.api.middleware.request_id [None req-76d6dec4-140f-4272-841a-c880617406d5 None None] RequestId filter calling following filter/app {{(pid=110762) _context_setter /opt/stack/cinder/cinder/api/middleware/request_id.py:62}}
Jul 26 17:22:35.928492 dv-cinder-835384-17-smb devstack@c-api.service[110762]: INFO cinder.api.openstack.wsgi [None req-76d6dec4-140f-4272-841a-c880617406d5 tempest-GroupSnapshotsTest-784006057 tempest-GroupSnapshotsTest-784006057-project] GET http://10.222.0.46/volume/v3/5a28ef2b936442eaa801ca195fcd5aff/volumes/detail
Jul 26 17:22:35.928991 dv-cinder-835384-17-smb devstack@c-api.service[110762]: DEBUG cinder.api.openstack.wsgi [None req-76d6dec4-140f-4272-841a-c880617406d5 tempest-GroupSnapshotsTest-784006057 tempest-GroupSnapshotsTest-784006057-project] Empty body provided in request {{(pid=110762) get_body /opt/stack/cinder/cinder/api/openstack/wsgi.py:715}}
Jul 26 17:22:35.929444 dv-cinder-835384-17-smb devstack@c-api.service[110762]: DEBUG cinder.api.openstack.wsgi [None req-76d6dec4-140f-4272-841a-c880617406d5 tempest-GroupSnapshotsTest-784006057 tempest-GroupSnapshotsTest-784006057-project] Calling method 'detail' {{(pid=110762) _process_stack /opt/stack/cinder/cinder/api/openstack/wsgi.py:868}}
Jul 26 17:22:35.930764 dv-cinder-835384-17-smb devstack@c-api.service[110760]: INFO cinder.api.openstack.wsgi [None req-ab2c26d3-37ec-45ec-8f5e-321f524a2fa4 tempest-VolumeQuotasAdminTestJSON-2104007412 tempest-VolumeQuotasAdminTestJSON-2104007412-project] POST http://10.222.0.46/volume/v3/8721db684bc44d038dce73d26af0d1df/volumes
Jul 26 17:22:35.931534 dv-cinder-835384-17-smb devstack@c-api.service[110760]: DEBUG cinder.api.openstack.wsgi [None req-ab2c26d3-37ec-45ec-8f5e-321f524a2fa4 tempest-VolumeQuotasAdminTestJSON-2104007412 tempest-VolumeQuotasAdminTestJSON-2104007412-project] Action: 'create', calling method: create, body: {"volume": {"size": 1, "name": "tempest-VolumeQuotasAdminTestJSON-Volume-899365408"}} {{(pid=110760) _process_stack /opt/stack/cinder/cinder/api/openstack/wsgi.py:866}}
Jul 26 17:22:35.934414 dv-cinder-835384-17-smb devstack@c-api.service[110760]: DEBUG cinder.api.v3.volumes [None req-ab2c26d3-37ec-45ec-8f5e-321f524a2fa4 tempest-VolumeQuotasAdminTestJSON-2104007412 tempest-VolumeQuotasAdminTestJSON-2104007412-project] Create volume request body: {'volume': {'size': 1, 'name': 'tempest-VolumeQuotasAdminTestJSON-Volume-899365408'}} {{(pid=110760) create /opt/stack/cinder/cinder/api/v3/volumes.py:298}}
Jul 26 17:22:35.934751 dv-cinder-835384-17-smb devstack@c-api.service[110760]: INFO cinder.api.v3.volumes [None req-ab2c26d3-37ec-45ec-8f5e-321f524a2fa4 tempest-VolumeQuotasAdminTestJSON-2104007412 tempest-VolumeQuotasAdminTestJSON-2104007412-project] Create volume of 1 GB
Jul 26 17:22:35.945102 dv-cinder-835384-17-smb devstack@c-api.service[110762]: DEBUG cinder.api.api_utils [None req-76d6dec4-140f-4272-841a-c880617406d5 tempest-GroupSnapshotsTest-784006057 tempest-GroupSnapshotsTest-784006057-project] Removing options '' from query. {{(pid=110762) remove_invalid_filter_options /opt/stack/cinder/cinder/api/api_utils.py:83}}
Jul 26 17:22:35.946024 dv-cinder-835384-17-smb devstack@c-api.service[110762]: /usr/local/lib/python3.8/dist-packages/oslo_context/context.py:100: DeprecationWarning: Policy enforcement is depending on the value of is_admin. This key is deprecated. Please update your policy file to use the standard policy values.
Jul 26 17:22:35.946024 dv-cinder-835384-17-smb devstack@c-api.service[110762]: warnings.warn('Policy enforcement is depending on the value of '
Jul 26 17:22:35.947534 dv-cinder-835384-17-smb devstack@c-api.service[110762]: DEBUG cinder.volume.api [None req-76d6dec4-140f-4272-841a-c880617406d5 tempest-GroupSnapshotsTest-784006057 tempest-GroupSnapshotsTest-784006057-project] Searching by: MultiDict([('no_migration_targets', True)]). {{(pid=110762) get_all /opt/stack/cinder/cinder/volume/api.py:664}}
Jul 26 17:22:35.963853 dv-cinder-835384-17-smb devstack@c-api.service[110760]: INFO cinder.volume.api [None req-ab2c26d3-37ec-45ec-8f5e-321f524a2fa4 tempest-VolumeQuotasAdminTestJSON-2104007412 tempest-VolumeQuotasAdminTestJSON-2104007412-project] Availability Zones retrieved successfully.
Jul 26 17:22:36.008564 dv-cinder-835384-17-smb devstack@c-api.service[110760]: DEBUG cinder.volume.api [None req-ab2c26d3-37ec-45ec-8f5e-321f524a2fa4 tempest-VolumeQuotasAdminTestJSON-2104007412 tempest-VolumeQuotasAdminTestJSON-2104007412-project] Flow 'volume_create_api' (b45611ae-3ae3-4a7f-be8b-1b441ab26340) transitioned into state 'RUNNING' from state 'PENDING' {{(pid=110760) _flow_receiver /usr/local/lib/python3.8/dist-packages/taskflow/listeners/logging.py:141}}
Jul 26 17:22:36.036712 dv-cinder-835384-17-smb devstack@c-api.service[110760]: DEBUG cinder.volume.api [None req-ab2c26d3-37ec-45ec-8f5e-321f524a2fa4 tempest-VolumeQuotasAdminTestJSON-2104007412 tempest-VolumeQuotasAdminTestJSON-2104007412-project] Task 'cinder.volume.flows.api.create_volume.ExtractVolumeRequestTask;volume:create' (132b8e53-80ad-4ec5-90a8-6327b6b0336d) transitioned into state 'RUNNING' from state 'PENDING' {{(pid=110760) _task_receiver /usr/local/lib/python3.8/dist-packages/taskflow/listeners/logging.py:190}}
Jul 26 17:22:36.039356 dv-cinder-835384-17-smb devstack@c-api.service[110760]: DEBUG cinder.volume.flows.api.create_volume [None req-ab2c26d3-37ec-45ec-8f5e-321f524a2fa4 tempest-VolumeQuotasAdminTestJSON-2104007412 tempest-VolumeQuotasAdminTestJSON-2104007412-project] Validating volume size '1' using validate_int {{(pid=110760) _extract_size /opt/stack/cinder/cinder/volume/flows/api/create_volume.py:228}}
Jul 26 17:22:36.184088 dv-cinder-835384-17-smb devstack@c-api.service[110762]: INFO cinder.volume.api [None req-76d6dec4-140f-4272-841a-c880617406d5 tempest-GroupSnapshotsTest-784006057 tempest-GroupSnapshotsTest-784006057-project] Get all volumes completed successfully.
Jul 26 17:22:36.190819 dv-cinder-835384-17-smb devstack@c-api.service[110762]: WARNING stevedore.named [None req-76d6dec4-140f-4272-841a-c880617406d5 tempest-GroupSnapshotsTest-784006057 tempest-GroupSnapshotsTest-784006057-project] Could not load cinder.keymgr.conf_key_mgr.ConfKeyManager
Jul 26 17:22:36.196960 dv-cinder-835384-17-smb devstack@c-api.service[110762]: WARNING castellan.key_manager [None req-76d6dec4-140f-4272-841a-c880617406d5 tempest-GroupSnapshotsTest-784006057 tempest-GroupSnapshotsTest-784006057-project] Deprecation Warning : cinder.keymgr.conf_key_mgr.ConfKeyManager is not a stevedore based driver, trying to load it as a class: stevedore.exception.NoMatches: No 'castellan.drivers' driver found, looking for 'cinder.keymgr.conf_key_mgr.ConfKeyManager'
Jul 26 17:22:36.200050 dv-cinder-835384-17-smb devstack@c-api.service[110760]: DEBUG cinder.volume.api [None req-ab2c26d3-37ec-45ec-8f5e-321f524a2fa4 tempest-VolumeQuotasAdminTestJSON-2104007412 tempest-VolumeQuotasAdminTestJSON-2104007412-project] Task 'cinder.volume.flows.api.create_volume.ExtractVolumeRequestTask;volume:create' (132b8e53-80ad-4ec5-90a8-6327b6b0336d) transitioned into state 'SUCCESS' from state 'RUNNING' with result '{'size': 1, 'snapshot_id': None, 'source_volid': None, 'volume_type': VolumeType(created_at=2022-07-26T17:12:07Z,deleted=False,deleted_at=None,description='Default Volume Type',extra_specs={},id=972f7630-c002-428b-9871-20359815022c,is_public=True,name='__DEFAULT__',projects=[],qos_specs=,qos_specs_id=None,updated_at=2022-07-26T17:12:07Z), 'volume_type_id': '972f7630-c002-428b-9871-20359815022c', 'encryption_key_id': None, 'qos_specs': None, 'consistencygroup_id': None, 'cgsnapshot_id': None, 'group_id': None, 'replication_status': 'disabled', 'refresh_az': False, 'backup_id': None, 'multiattach': False, 'availability_zones': ['nova']}' {{(pid=110760) _task_receiver /usr/local/lib/python3.8/dist-packages/taskflow/listeners/logging.py:178}}
Jul 26 17:22:36.202500 dv-cinder-835384-17-smb devstack@c-api.service[110760]: DEBUG cinder.volume.api [None req-ab2c26d3-37ec-45ec-8f5e-321f524a2fa4 tempest-VolumeQuotasAdminTestJSON-2104007412 tempest-VolumeQuotasAdminTestJSON-2104007412-project] Task 'cinder.volume.flows.api.create_volume.QuotaReserveTask;volume:create' (14892b81-e583-4f57-91cb-de4b2a47fd8f) transitioned into state 'RUNNING' from state 'PENDING' {{(pid=110760) _task_receiver /usr/local/lib/python3.8/dist-packages/taskflow/listeners/logging.py:190}}
Jul 26 17:22:36.242179 dv-cinder-835384-17-smb devstack@c-api.service[110762]: DEBUG oslo_db.sqlalchemy.engines [None req-76d6dec4-140f-4272-841a-c880617406d5 tempest-GroupSnapshotsTest-784006057 tempest-GroupSnapshotsTest-784006057-project] MySQL server mode set to STRICT_TRANS_TABLES,STRICT_ALL_TABLES,NO_ZERO_IN_DATE,NO_ZERO_DATE,ERROR_FOR_DIVISION_BY_ZERO,TRADITIONAL,NO_ENGINE_SUBSTITUTION {{(pid=110762) _check_effective_sql_mode /usr/local/lib/python3.8/dist-packages/oslo_db/sqlalchemy/engines.py:314}}
Jul 26 17:22:36.263032 dv-cinder-835384-17-smb devstack@c-api.service[110762]: /usr/local/lib/python3.8/dist-packages/oslo_context/context.py:100: DeprecationWarning: Policy enforcement is depending on the value of is_admin. This key is deprecated. Please update your policy file to use the standard policy values.
Jul 26 17:22:36.263032 dv-cinder-835384-17-smb devstack@c-api.service[110762]: warnings.warn('Policy enforcement is depending on the value of '
