Jul 12 18:47:57.536643 dv-cinder-835384-15-iscsi neutron-server[111181]: DEBUG neutron.db.l3_hamode_db [None req-364b474b-f394-48d1-be97-68bda50d0a17 None None] neutron.services.l3_router.l3_router_plugin.L3RouterPlugin method get_ha_sync_data_for_host called with arguments (, 'dv-cinder-835384-15-iscsi', Agent(admin_state_up=True,agent_type='L3 agent',availability_zone='nova',binary='neutron-l3-agent',configurations={"agent_mode": "legacy", "ex_gw_ports": 1, "extensions": [], "floating_ips": 0, "handle_internal_only_routers": true, "interface_driver": "openvswitch", "interfaces": 1, "log_agent_heartbeats": false, "routers": 1},created_at=2022-07-12T18:39:09Z,description=,heartbeat_timestamp=2022-07-12T18:47:39Z,host='dv-cinder-835384-15-iscsi',id=7611aeea-8b0e-462a-8732-7cfb8baddd4c,load=0,resource_versions=,resources_synced=,started_at=2022-07-12T18:39:09Z,topic='l3_agent')) {'router_ids': ['ca878d3f-5967-4753-9f4c-1b8b720b3ea0'], 'active': True} {{(pid=111181) wrapper /usr/local/lib/python3.8/dist-packages/oslo_log/helpers.py:65}}
Jul 12 18:47:57.600513 dv-cinder-835384-15-iscsi neutron-server[111180]: DEBUG neutron_lib.callbacks.manager [None req-65b74161-936c-4f97-93d2-c699361d4e91 admin admin] Publish callbacks [] for port (9006fced-208f-4516-a222-0c12be706bce), precommit_create {{(pid=111180) _notify_loop /usr/local/lib/python3.8/dist-packages/neutron_lib/callbacks/manager.py:176}}
Jul 12 18:47:57.619014 dv-cinder-835384-15-iscsi neutron-server[111181]: DEBUG neutron.api.rpc.handlers.l3_rpc [None req-f06ee459-48d5-43a5-bf8a-c66c62704efd None None] Checking router: 24e87829-d24d-42cf-bd69-e5338ab4e5f0 for host: dv-cinder-835384-15-iscsi {{(pid=111181) _ensure_host_set_on_ports /opt/stack/neutron/neutron/api/rpc/handlers/l3_rpc.py:155}}
Jul 12 18:47:57.619014 dv-cinder-835384-15-iscsi neutron-server[111181]: DEBUG neutron.api.rpc.handlers.l3_rpc [None req-f06ee459-48d5-43a5-bf8a-c66c62704efd None None] Updating router 24e87829-d24d-42cf-bd69-e5338ab4e5f0 port 6dcb4fac-b627-4e1c-9948-e078c525d426 binding host dv-cinder-835384-15-iscsi {{(pid=111181) _ensure_host_set_on_port /opt/stack/neutron/neutron/api/rpc/handlers/l3_rpc.py:205}}
Jul 12 18:47:57.623086 dv-cinder-835384-15-iscsi neutron-server[111179]: DEBUG neutron_lib.callbacks.manager [None req-f4788e68-fbcf-4472-a147-deadb1a8c34f admin admin] Publish callbacks [] for security_group (None), before_create {{(pid=111179) _notify_loop /usr/local/lib/python3.8/dist-packages/neutron_lib/callbacks/manager.py:176}}
Jul 12 18:47:57.662046 dv-cinder-835384-15-iscsi neutron-server[111181]: DEBUG neutron.plugins.ml2.plugin [None req-1eb820ff-c623-49a1-b193-1b28745c48a0 None None] Current status of the port 2afca224-41fd-4b50-ba5d-17ef29b477be is: DOWN; New status is: ACTIVE {{(pid=111181) _update_individual_port_db_status /opt/stack/neutron/neutron/plugins/ml2/plugin.py:2292}}
Jul 12 18:47:57.662738 dv-cinder-835384-15-iscsi neutron-server[111181]: DEBUG neutron_lib.callbacks.manager [None req-1eb820ff-c623-49a1-b193-1b28745c48a0 None None] Publish callbacks ['neutron.plugins.ml2.plugin.SecurityGroupDbMixin._ensure_default_security_group_handler-670705'] for port (2afca224-41fd-4b50-ba5d-17ef29b477be), before_update {{(pid=111181) _notify_loop /usr/local/lib/python3.8/dist-packages/neutron_lib/callbacks/manager.py:176}}
Jul 12 18:47:57.674404 dv-cinder-835384-15-iscsi neutron-server[111181]: DEBUG neutron.db.provisioning_blocks [None req-f2242763-01bd-4546-b3e4-ff9672872e40 None None] Provisioning complete for port 2367a77a-03c1-4639-9611-dbbaac222b38 triggered by entity DHCP. {{(pid=111181) provisioning_complete /opt/stack/neutron/neutron/db/provisioning_blocks.py:145}}
Jul 12 18:47:57.674950 dv-cinder-835384-15-iscsi neutron-server[111181]: DEBUG neutron_lib.callbacks.manager [None req-f2242763-01bd-4546-b3e4-ff9672872e40 None None] Publish callbacks ['neutron.plugins.ml2.plugin.Ml2Plugin._port_provisioned-712801'] for port (2367a77a-03c1-4639-9611-dbbaac222b38), provisioning_complete {{(pid=111181) _notify_loop /usr/local/lib/python3.8/dist-packages/neutron_lib/callbacks/manager.py:176}}
Jul 12 18:47:57.689670 dv-cinder-835384-15-iscsi neutron-server[111180]: DEBUG dbcounter [-] [111180] Writing DB stats neutron:SELECT=96,neutron:INSERT=2,neutron:UPDATE=1,neutron:DELETE=1 {{(pid=111180) stat_writer /usr/local/lib/python3.8/dist-packages/dbcounter.py:114}}
Jul 12 18:47:57.727742 dv-cinder-835384-15-iscsi neutron-server[111181]: DEBUG neutron_lib.callbacks.manager [None req-f06ee459-48d5-43a5-bf8a-c66c62704efd None None] Publish callbacks ['neutron.plugins.ml2.plugin.SecurityGroupDbMixin._ensure_default_security_group_handler-670705'] for port (6dcb4fac-b627-4e1c-9948-e078c525d426), before_update {{(pid=111181) _notify_loop /usr/local/lib/python3.8/dist-packages/neutron_lib/callbacks/manager.py:176}}
Jul 12 18:47:57.731482 dv-cinder-835384-15-iscsi neutron-server[111181]: DEBUG neutron.plugins.ml2.db [None req-1eb820ff-c623-49a1-b193-1b28745c48a0 None None] For port 2afca224-41fd-4b50-ba5d-17ef29b477be, host dv-cinder-835384-15-iscsi, got binding levels [PortBindingLevel(driver='openvswitch',host='dv-cinder-835384-15-iscsi',level=0,port_id=2afca224-41fd-4b50-ba5d-17ef29b477be,segment=NetworkSegment(d636ae59-a762-46c3-af0c-2d007ad1f203),segment_id=d636ae59-a762-46c3-af0c-2d007ad1f203)] {{(pid=111181) get_binding_level_objs /opt/stack/neutron/neutron/plugins/ml2/db.py:74}}
Jul 12 18:47:57.779195 dv-cinder-835384-15-iscsi neutron-server[111180]: DEBUG neutron_lib.callbacks.manager [None req-65b74161-936c-4f97-93d2-c699361d4e91 admin admin] Publish callbacks ['neutron.plugins.ml2.plugin.SecurityGroupServerNotifierRpcMixin._notify_sg_on_port_change-668724', 'neutron.plugins.ml2.ovo_rpc._ObjectChangeHandler.handle_event-215917', 'neutron.api.rpc.agentnotifiers.dhcp_rpc_agent_api.DhcpAgentNotifyAPI._native_event_send_dhcp_notification-1577054', 'neutron.db.l3_dvrscheduler_db._notify_l3_agent_new_port-8739053503079'] for port (9006fced-208f-4516-a222-0c12be706bce), after_create {{(pid=111180) _notify_loop /usr/local/lib/python3.8/dist-packages/neutron_lib/callbacks/manager.py:176}}
Jul 12 18:47:57.831894 dv-cinder-835384-15-iscsi neutron-server[111181]: DEBUG neutron_lib.callbacks.manager [None req-1eb820ff-c623-49a1-b193-1b28745c48a0 None None] Publish callbacks ['neutron.plugins.ml2.plugin.SecurityGroupServerNotifierRpcMixin._notify_sg_on_port_change-668724', 'neutron.plugins.ml2.ovo_rpc._ObjectChangeHandler.handle_event-215917', 'neutron.api.rpc.agentnotifiers.dhcp_rpc_agent_api.DhcpAgentNotifyAPI._native_event_send_dhcp_notification-1577054', 'neutron.db.l3_db.L3RpcNotifierMixin._notify_gateway_port_ip_changed-8739054014504', 'neutron.db.l3_dvrscheduler_db._notify_l3_agent_port_update-8739053503097', 'neutron.db.l3_hascheduler_db._notify_l3_agent_ha_port_update-8739053503115'] for port (2afca224-41fd-4b50-ba5d-17ef29b477be), after_update {{(pid=111181) _notify_loop /usr/local/lib/python3.8/dist-packages/neutron_lib/callbacks/manager.py:176}}
Jul 12 18:47:57.833710 dv-cinder-835384-15-iscsi neutron-server[111181]: DEBUG neutron.plugins.ml2.rpc [None req-1eb820ff-c623-49a1-b193-1b28745c48a0 None None] Device 54c5f630-4c05-4ef3-b31b-a0459c27f863 up at agent ovs-agent-dv-cinder-835384-15-iscsi {{(pid=111181) update_device_up /opt/stack/neutron/neutron/plugins/ml2/rpc.py:296}}
Jul 12 18:47:57.847004 dv-cinder-835384-15-iscsi neutron-server[111180]: DEBUG neutron.scheduler.dhcp_agent_scheduler [None req-65b74161-936c-4f97-93d2-c699361d4e91 admin admin] Network 73f2462e-063e-48c5-a19d-1d4dfbc64d32 is already hosted by enough agents. {{(pid=111180) _get_dhcp_agents_hosting_network /opt/stack/neutron/neutron/scheduler/dhcp_agent_scheduler.py:275}}
Jul 12 18:47:57.857551 dv-cinder-835384-15-iscsi neutron-server[111180]: DEBUG neutron.api.rpc.handlers.resources_rpc [None req-65b74161-936c-4f97-93d2-c699361d4e91 admin admin] Pushing event updated for resources: {'Port': ['ID=9006fced-208f-4516-a222-0c12be706bce,revision_number=1']} {{(pid=111180) push /opt/stack/neutron/neutron/api/rpc/handlers/resources_rpc.py:237}}
Jul 12 18:47:57.857551 dv-cinder-835384-15-iscsi neutron-server[111180]: DEBUG neutron.scheduler.base_scheduler [None req-65b74161-936c-4f97-93d2-c699361d4e91 admin admin] Resources bound (agent type, host, resource id): {{(pid=111180) schedule /opt/stack/neutron/neutron/scheduler/base_scheduler.py:57}}
Jul 12 18:47:57.858353 dv-cinder-835384-15-iscsi neutron-server[111180]: DEBUG neutron.db.l3_dvrscheduler_db [None req-65b74161-936c-4f97-93d2-c699361d4e91 admin admin] Received port after_create {{(pid=111180) _notify_l3_agent_new_port /opt/stack/neutron/neutron/db/l3_dvrscheduler_db.py:542}}
Jul 12 18:47:57.858717 dv-cinder-835384-15-iscsi neutron-server[111180]: DEBUG neutron_lib.callbacks.manager [None req-65b74161-936c-4f97-93d2-c699361d4e91 admin admin] Publish callbacks ['neutron.services.l3_router.l3_router_plugin.DVRResourceOperationHandler._add_csnat_on_interface_create-1771354'] for router_interface (24e87829-d24d-42cf-bd69-e5338ab4e5f0), before_create {{(pid=111180) _notify_loop /usr/local/lib/python3.8/dist-packages/neutron_lib/callbacks/manager.py:176}}
Jul 12 18:47:57.877838 dv-cinder-835384-15-iscsi neutron-server[111179]: DEBUG neutron_lib.callbacks.manager [None req-589f66ce-0dde-4fcb-900d-fe6709260f2a admin admin] Publish callbacks ['neutron.plugins.ml2.plugin.Ml2Plugin._network_delete_precommit_handler-711166', 'neutron.services.segments.db._delete_segments_for_network-8739053821305'] for network (eb7a3708-e442-4701-b551-b4cf52d21769), precommit_delete {{(pid=111179) _notify_loop /usr/local/lib/python3.8/dist-packages/neutron_lib/callbacks/manager.py:176}}
Jul 12 18:47:57.934470 dv-cinder-835384-15-iscsi neutron-server[111181]: DEBUG neutron.db.l3_dvr_db [None req-364b474b-f394-48d1-be97-68bda50d0a17 None None] Set router ca878d3f-5967-4753-9f4c-1b8b720b3ea0 gateway port host: dv-cinder-835384-15-iscsi {{(pid=111181) _build_routers_list /opt/stack/neutron/neutron/db/l3_dvr_db.py:907}}
Jul 12 18:47:57.941545 dv-cinder-835384-15-iscsi neutron-server[111179]: DEBUG neutron_lib.callbacks.manager [None req-589f66ce-0dde-4fcb-900d-fe6709260f2a admin admin] Subscribe: > segment before_delete 55550000 {{(pid=111179) subscribe /usr/local/lib/python3.8/dist-packages/neutron_lib/callbacks/manager.py:45}}
Jul 12 18:47:57.942590 dv-cinder-835384-15-iscsi neutron-server[111179]: DEBUG neutron_lib.callbacks.manager [None req-589f66ce-0dde-4fcb-900d-fe6709260f2a admin admin] Subscribe: > subnet precommit_delete_associations 55550000 {{(pid=111179) subscribe /usr/local/lib/python3.8/dist-packages/neutron_lib/callbacks/manager.py:45}}
Jul 12 18:47:57.943517 dv-cinder-835384-15-iscsi neutron-server[111179]: DEBUG neutron_lib.callbacks.manager [None req-589f66ce-0dde-4fcb-900d-fe6709260f2a admin admin] Subscribe: > segment_host_mapping after_create 55550000 {{(pid=111179) subscribe /usr/local/lib/python3.8/dist-packages/neutron_lib/callbacks/manager.py:45}}
Jul 12 18:47:57.944254 dv-cinder-835384-15-iscsi neutron-server[111179]: DEBUG neutron_lib.callbacks.manager [None req-589f66ce-0dde-4fcb-900d-fe6709260f2a admin admin] Subscribe: > port after_create 55550000 {{(pid=111179) subscribe /usr/local/lib/python3.8/dist-packages/neutron_lib/callbacks/manager.py:45}}
Jul 12 18:47:57.945031 dv-cinder-835384-15-iscsi neutron-server[111179]: DEBUG neutron_lib.callbacks.manager [None req-589f66ce-0dde-4fcb-900d-fe6709260f2a admin admin] Subscribe: > port after_delete 55550000 {{(pid=111179) subscribe /usr/local/lib/python3.8/dist-packages/neutron_lib/callbacks/manager.py:45}}
Jul 12 18:47:57.945613 dv-cinder-835384-15-iscsi neutron-server[111179]: DEBUG neutron_lib.callbacks.manager [None req-589f66ce-0dde-4fcb-900d-fe6709260f2a admin admin] Subscribe: > port after_update 55550000 {{(pid=111179) subscribe /usr/local/lib/python3.8/dist-packages/neutron_lib/callbacks/manager.py:45}}
Jul 12 18:47:57.946063 dv-cinder-835384-15-iscsi neutron-server[111179]: DEBUG neutron_lib.callbacks.manager [None req-589f66ce-0dde-4fcb-900d-fe6709260f2a admin admin] Subscribe: > segment after_delete 55550000 {{(pid=111179) subscribe /usr/local/lib/python3.8/dist-packages/neutron_lib/callbacks/manager.py:45}}
Jul 12 18:47:57.946540 dv-cinder-835384-15-iscsi neutron-server[111179]: DEBUG neutron_lib.callbacks.manager [None req-589f66ce-0dde-4fcb-900d-fe6709260f2a admin admin] Subscribe: > subnet after_create 55550000 {{(pid=111179) subscribe /usr/local/lib/python3.8/dist-packages/neutron_lib/callbacks/manager.py:45}}
Jul 12 18:47:57.946988 dv-cinder-835384-15-iscsi neutron-server[111179]: DEBUG neutron_lib.callbacks.manager [None req-589f66ce-0dde-4fcb-900d-fe6709260f2a admin admin] Subscribe: > subnet after_delete 55550000 {{(pid=111179) subscribe /usr/local/lib/python3.8/dist-packages/neutron_lib/callbacks/manager.py:45}}
Jul 12 18:47:57.947588 dv-cinder-835384-15-iscsi neutron-server[111179]: DEBUG neutron_lib.callbacks.manager [None req-589f66ce-0dde-4fcb-900d-fe6709260f2a admin admin] Subscribe: > subnet after_update 55550000 {{(pid=111179) subscribe /usr/local/lib/python3.8/dist-packages/neutron_lib/callbacks/manager.py:45}}
Jul 12 18:47:57.970600 dv-cinder-835384-15-iscsi neutron-server[111182]: DEBUG neutron_lib.callbacks.manager [None req-4b2d2667-c4f2-4520-a3f8-6cc1cfeaee82 None None] Publish callbacks [] for port (fe8998a3-d7c8-4096-b6ee-2abf35f7cfa2), precommit_update {{(pid=111182) _notify_loop /usr/local/lib/python3.8/dist-packages/neutron_lib/callbacks/manager.py:176}}
Jul 12 18:47:57.981615 dv-cinder-835384-15-iscsi neutron-server[111180]: DEBUG neutron.wsgi [-] (111180) accepted ('10.222.0.59', 37956) {{(pid=111180) server /usr/local/lib/python3.8/dist-packages/eventlet/wsgi.py:1004}}
Jul 12 18:47:58.047200 dv-cinder-835384-15-iscsi neutron-server[111182]: DEBUG neutron_lib.callbacks.manager [None req-4b2d2667-c4f2-4520-a3f8-6cc1cfeaee82 None None] Publish callbacks ['neutron.plugins.ml2.plugin.SecurityGroupServerNotifierRpcMixin._notify_sg_on_port_change-668724', 'neutron.plugins.ml2.ovo_rpc._ObjectChangeHandler.handle_event-215917', 'neutron.api.rpc.agentnotifiers.dhcp_rpc_agent_api.DhcpAgentNotifyAPI._native_event_send_dhcp_notification-1577054', 'neutron.db.l3_db.L3RpcNotifierMixin._notify_gateway_port_ip_changed-8739054014504', 'neutron.db.l3_dvrscheduler_db._notify_l3_agent_port_update-8739053503097', 'neutron.db.l3_hascheduler_db._notify_l3_agent_ha_port_update-8739053503115'] for port (fe8998a3-d7c8-4096-b6ee-2abf35f7cfa2), after_update {{(pid=111182) _notify_loop /usr/local/lib/python3.8/dist-packages/neutron_lib/callbacks/manager.py:176}}
Jul 12 18:47:58.154393 dv-cinder-835384-15-iscsi neutron-server[111181]: DEBUG dbcounter [-] [111181] Writing DB stats neutron:SELECT=100 {{(pid=111181) stat_writer /usr/local/lib/python3.8/dist-packages/dbcounter.py:114}}
Jul 12 18:47:58.168187 dv-cinder-835384-15-iscsi neutron-server[111182]: DEBUG neutron.api.rpc.handlers.resources_rpc [None req-fe292898-e78c-4b61-9fc9-a0f06ecd5038 None None] Pushing event updated for resources: {'Port': ['ID=fe8998a3-d7c8-4096-b6ee-2abf35f7cfa2,revision_number=2']} {{(pid=111182) push /opt/stack/neutron/neutron/api/rpc/handlers/resources_rpc.py:237}}
Jul 12 18:47:58.176761 dv-cinder-835384-15-iscsi neutron-server[111182]: DEBUG neutron.plugins.ml2.managers [None req-4b2d2667-c4f2-4520-a3f8-6cc1cfeaee82 None None] Attempting to bind port fe8998a3-d7c8-4096-b6ee-2abf35f7cfa2 on host dv-cinder-835384-15-iscsi for vnic_type normal with profile {{(pid=111182) bind_port /opt/stack/neutron/neutron/plugins/ml2/managers.py:810}}
Jul 12 18:47:58.177155 dv-cinder-835384-15-iscsi neutron-server[111182]: DEBUG neutron.plugins.ml2.managers [None req-4b2d2667-c4f2-4520-a3f8-6cc1cfeaee82 None None] Attempting to bind port fe8998a3-d7c8-4096-b6ee-2abf35f7cfa2 by drivers openvswitch,hyperv on host dv-cinder-835384-15-iscsi at level 0 using segments [{'id': 'd636ae59-a762-46c3-af0c-2d007ad1f203', 'network_type': 'flat', 'physical_network': 'physnet1', 'segmentation_id': None, 'network_id': '95ec1ad7-aa1e-4f75-b47c-b3b29d3a8e3b'}] {{(pid=111182) _bind_port_level /opt/stack/neutron/neutron/plugins/ml2/managers.py:835}}
Jul 12 18:47:58.177766 dv-cinder-835384-15-iscsi neutron-server[111182]: DEBUG neutron.plugins.ml2.drivers.mech_agent [None req-4b2d2667-c4f2-4520-a3f8-6cc1cfeaee82 None None] Attempting to bind port fe8998a3-d7c8-4096-b6ee-2abf35f7cfa2 on network 95ec1ad7-aa1e-4f75-b47c-b3b29d3a8e3b {{(pid=111182) bind_port /opt/stack/neutron/neutron/plugins/ml2/drivers/mech_agent.py:91}}
Jul 12 18:47:58.191468 dv-cinder-835384-15-iscsi neutron-server[111182]: DEBUG neutron.plugins.ml2.drivers.mech_agent [None req-4b2d2667-c4f2-4520-a3f8-6cc1cfeaee82 None None] Checking agent: {'id': '560a635a-385e-41fd-bc8e-3416c9b89e19', 'agent_type': 'Open vSwitch agent', 'binary': 'neutron-openvswitch-agent', 'topic': 'N/A', 'host': 'dv-cinder-835384-15-iscsi', 'admin_state_up': True, 'created_at': datetime.datetime(2022, 7, 12, 18, 39, 11), 'started_at': datetime.datetime(2022, 7, 12, 18, 39, 41), 'heartbeat_timestamp': datetime.datetime(2022, 7, 12, 18, 47, 41), 'description': None, 'resources_synced': None, 'availability_zone': None, 'alive': True, 'configurations': {'arp_responder_enabled': False, 'baremetal_smartnic': False, 'bridge_mappings': {'physnet1': 'br-data'}, 'datapath_type': 'system', 'devices': 0, 'enable_distributed_routing': False, 'extensions': [], 'in_distributed_mode': False, 'integration_bridge': 'br-int', 'l2_population': False, 'log_agent_heartbeats': False, 'ovs_capabilities': {'datapath_types': ['netdev', 'system'], 'iface_types': ['erspan', 'geneve', 'gre', 'internal', 'ip6erspan', 'ip6gre', 'lisp', 'patch', 'stt', 'system', 'tap', 'vxlan']}, 'ovs_hybrid_plug': False, 'resource_provider_bandwidths': {}, 'resource_provider_hypervisors': {'br-data': 'dv-cinder-835384-15-iscsi'}, 'resource_provider_inventory_defaults': {'allocation_ratio': 1.0, 'min_unit': 1, 'step_size': 1, 'reserved': 0}, 'resource_provider_packet_processing_inventory_defaults': {'allocation_ratio': 1.0, 'min_unit': 1, 'step_size': 1, 'reserved': 0}, 'resource_provider_packet_processing_with_direction': {}, 'resource_provider_packet_processing_without_direction': {}, 'tunnel_types': [], 'tunneling_ip': None, 'vhostuser_socket_dir': '/var/run/openvswitch'}, 'resource_versions': {'AddressGroup': '1.2', 'Agent': '1.1', 'ConntrackHelper': '1.0', 'LocalIPAssociation': '1.0', 'Log': '1.0', 'NDPProxy': '1.0', 'Network': '1.1', 'Port': '1.7', 'PortForwarding': '1.3', 'QosPolicy': '1.10', 'SecurityGroup': '1.5', 'SecurityGroupRule': '1.2', 'SubPort': '1.0', 'Subnet': '1.1', 'Trunk': '1.1'}} {{(pid=111182) bind_port /opt/stack/neutron/neutron/plugins/ml2/drivers/mech_agent.py:110}}
Jul 12 18:47:58.192938 dv-cinder-835384-15-iscsi neutron-server[111182]: DEBUG neutron.plugins.ml2.drivers.mech_agent [None req-4b2d2667-c4f2-4520-a3f8-6cc1cfeaee82 None None] Checking segment: {'id': 'd636ae59-a762-46c3-af0c-2d007ad1f203', 'network_type': 'flat', 'physical_network': 'physnet1', 'segmentation_id': None, 'network_id': '95ec1ad7-aa1e-4f75-b47c-b3b29d3a8e3b'} for mappings: {'physnet1': 'br-data'} with network types: ['local', 'flat', 'vlan'] {{(pid=111182) check_segment_for_agent /opt/stack/neutron/neutron/plugins/ml2/drivers/mech_agent.py:373}}
Jul 12 18:47:58.193352 dv-cinder-835384-15-iscsi neutron-server[111182]: DEBUG neutron_lib.callbacks.manager [None req-4b2d2667-c4f2-4520-a3f8-6cc1cfeaee82 None None] Publish callbacks [] for ovs_bridge_name (None), before_read {{(pid=111182) _notify_loop /usr/local/lib/python3.8/dist-packages/neutron_lib/callbacks/manager.py:176}}
Jul 12 18:47:58.193744 dv-cinder-835384-15-iscsi neutron-server[111182]: DEBUG neutron.plugins.ml2.drivers.mech_agent [None req-4b2d2667-c4f2-4520-a3f8-6cc1cfeaee82 None None] Bound using segment: {'id': 'd636ae59-a762-46c3-af0c-2d007ad1f203', 'network_type': 'flat', 'physical_network': 'physnet1', 'segmentation_id': None, 'network_id': '95ec1ad7-aa1e-4f75-b47c-b3b29d3a8e3b'} {{(pid=111182) bind_port /opt/stack/neutron/neutron/plugins/ml2/drivers/mech_agent.py:120}}
Jul 12 18:47:58.198221 dv-cinder-835384-15-iscsi neutron-server[111182]: DEBUG neutron.plugins.ml2.managers [None req-4b2d2667-c4f2-4520-a3f8-6cc1cfeaee82 None None] Bound port: fe8998a3-d7c8-4096-b6ee-2abf35f7cfa2, host: dv-cinder-835384-15-iscsi, vif_type: ovs, vif_details: {"connectivity": "l2", "port_filter": true, "ovs_hybrid_plug": false, "datapath_type": "system", "bridge_name": "br-int"}, binding_levels: [{'bound_driver': 'openvswitch', 'bound_segment': {'id': 'd636ae59-a762-46c3-af0c-2d007ad1f203', 'network_type': 'flat', 'physical_network': 'physnet1', 'segmentation_id': None, 'network_id': '95ec1ad7-aa1e-4f75-b47c-b3b29d3a8e3b'}}] {{(pid=111182) _bind_port_level /opt/stack/neutron/neutron/plugins/ml2/managers.py:947}}
Jul 12 18:47:58.200471 dv-cinder-835384-15-iscsi neutron-server[111182]: DEBUG neutron_lib.callbacks.manager [None req-4b2d2667-c4f2-4520-a3f8-6cc1cfeaee82 None None] Publish callbacks ['neutron.plugins.ml2.plugin.SecurityGroupDbMixin._ensure_default_security_group_handler-670705'] for port (fe8998a3-d7c8-4096-b6ee-2abf35f7cfa2), before_update {{(pid=111182) _notify_loop /usr/local/lib/python3.8/dist-packages/neutron_lib/callbacks/manager.py:176}}
Jul 12 18:47:58.238815 dv-cinder-835384-15-iscsi neutron-server[111180]: DEBUG neutron_lib.callbacks.manager [None req-6be9bb41-cfa1-4db9-acb1-f210f8df2236 admin admin] Publish callbacks [] for security_group (None), before_create {{(pid=111180) _notify_loop /usr/local/lib/python3.8/dist-packages/neutron_lib/callbacks/manager.py:176}}
Jul 12 18:47:58.270910 dv-cinder-835384-15-iscsi neutron-server[111181]: DEBUG neutron.plugins.ml2.plugin [None req-f2242763-01bd-4546-b3e4-ff9672872e40 None None] Current status of the port 2367a77a-03c1-4639-9611-dbbaac222b38 is: ACTIVE; New status is: ACTIVE {{(pid=111181) _update_individual_port_db_status /opt/stack/neutron/neutron/plugins/ml2/plugin.py:2292}}
Jul 12 18:47:58.314970 dv-cinder-835384-15-iscsi neutron-server[111182]: DEBUG dbcounter [-] [111182] Writing DB stats neutron:SELECT=98,neutron:UPDATE=2 {{(pid=111182) stat_writer /usr/local/lib/python3.8/dist-packages/dbcounter.py:114}}
Jul 12 18:47:58.320557 dv-cinder-835384-15-iscsi neutron-server[111181]: DEBUG neutron.api.rpc.handlers.resources_rpc [None req-1eb820ff-c623-49a1-b193-1b28745c48a0 None None] Pushing event updated for resources: {'Port': ['ID=2afca224-41fd-4b50-ba5d-17ef29b477be,revision_number=4']} {{(pid=111181) push /opt/stack/neutron/neutron/api/rpc/handlers/resources_rpc.py:237}}
Jul 12 18:47:58.325342 dv-cinder-835384-15-iscsi neutron-server[111182]: DEBUG neutron.plugins.ml2.db [None req-4b2d2667-c4f2-4520-a3f8-6cc1cfeaee82 None None] For port fe8998a3-d7c8-4096-b6ee-2abf35f7cfa2, host dv-cinder-835384-15-iscsi, cleared binding levels {{(pid=111182) clear_binding_levels /opt/stack/neutron/neutron/plugins/ml2/db.py:87}}
Jul 12 18:47:58.337837 dv-cinder-835384-15-iscsi neutron-server[111182]: DEBUG neutron.plugins.ml2.db [None req-4b2d2667-c4f2-4520-a3f8-6cc1cfeaee82 None None] For port fe8998a3-d7c8-4096-b6ee-2abf35f7cfa2, host dv-cinder-835384-15-iscsi, set binding levels [PortBindingLevel(driver='openvswitch',host='dv-cinder-835384-15-iscsi',level=0,port_id=fe8998a3-d7c8-4096-b6ee-2abf35f7cfa2,segment=NetworkSegment(d636ae59-a762-46c3-af0c-2d007ad1f203),segment_id=d636ae59-a762-46c3-af0c-2d007ad1f203)] {{(pid=111182) set_binding_levels /opt/stack/neutron/neutron/plugins/ml2/db.py:59}}
Jul 12 18:47:58.375322 dv-cinder-835384-15-iscsi neutron-server[111181]: DEBUG neutron.db.provisioning_blocks [None req-f2242763-01bd-4546-b3e4-ff9672872e40 None None] Provisioning complete for port 54c5f630-4c05-4ef3-b31b-a0459c27f863 triggered by entity DHCP. {{(pid=111181) provisioning_complete /opt/stack/neutron/neutron/db/provisioning_blocks.py:145}}
Jul 12 18:47:58.375556 dv-cinder-835384-15-iscsi neutron-server[111181]: DEBUG neutron_lib.callbacks.manager [None req-f2242763-01bd-4546-b3e4-ff9672872e40 None None] Publish callbacks ['neutron.plugins.ml2.plugin.Ml2Plugin._port_provisioned-712801'] for port (54c5f630-4c05-4ef3-b31b-a0459c27f863), provisioning_complete {{(pid=111181) _notify_loop /usr/local/lib/python3.8/dist-packages/neutron_lib/callbacks/manager.py:176}}
Jul 12 18:47:58.376884 dv-cinder-835384-15-iscsi neutron-server[111181]: DEBUG neutron.db.provisioning_blocks [None req-1eb820ff-c623-49a1-b193-1b28745c48a0 None None] Provisioning complete for port 54c5f630-4c05-4ef3-b31b-a0459c27f863 triggered by entity L2. {{(pid=111181) provisioning_complete /opt/stack/neutron/neutron/db/provisioning_blocks.py:145}}
Jul 12 18:47:58.377239 dv-cinder-835384-15-iscsi neutron-server[111181]: DEBUG neutron_lib.callbacks.manager [None req-1eb820ff-c623-49a1-b193-1b28745c48a0 None None] Publish callbacks ['neutron.plugins.ml2.plugin.Ml2Plugin._port_provisioned-712801'] for port (54c5f630-4c05-4ef3-b31b-a0459c27f863), provisioning_complete {{(pid=111181) _notify_loop /usr/local/lib/python3.8/dist-packages/neutron_lib/callbacks/manager.py:176}}
Jul 12 18:47:58.401138 dv-cinder-835384-15-iscsi neutron-server[111179]: DEBUG neutron_lib.callbacks.manager [None req-589f66ce-0dde-4fcb-900d-fe6709260f2a admin admin] Subscribe: > subnet after_create 55550000 {{(pid=111179) subscribe /usr/local/lib/python3.8/dist-packages/neutron_lib/callbacks/manager.py:45}}
Jul 12 18:47:58.401593 dv-cinder-835384-15-iscsi neutron-server[111179]: DEBUG neutron_lib.callbacks.manager [None req-589f66ce-0dde-4fcb-900d-fe6709260f2a admin admin] Subscribe: > subnet after_delete 55550000 {{(pid=111179) subscribe /usr/local/lib/python3.8/dist-packages/neutron_lib/callbacks/manager.py:45}}
Jul 12 18:47:58.401926 dv-cinder-835384-15-iscsi neutron-server[111179]: DEBUG neutron_lib.callbacks.manager [None req-589f66ce-0dde-4fcb-900d-fe6709260f2a admin admin] Subscribe: > subnet before_create 55550000 {{(pid=111179) subscribe /usr/local/lib/python3.8/dist-packages/neutron_lib/callbacks/manager.py:45}}
Jul 12 18:47:58.402302 dv-cinder-835384-15-iscsi neutron-server[111179]: DEBUG neutron_lib.callbacks.manager [None req-589f66ce-0dde-4fcb-900d-fe6709260f2a admin admin] Subscribe: > subnet before_update 55550000 {{(pid=111179) subscribe /usr/local/lib/python3.8/dist-packages/neutron_lib/callbacks/manager.py:45}}
Jul 12 18:47:58.402663 dv-cinder-835384-15-iscsi neutron-server[111179]: DEBUG neutron.services.segments.db [None req-589f66ce-0dde-4fcb-900d-fe6709260f2a admin admin] neutron.services.segments.plugin.Plugin method get_segments called with arguments (,) {'filters': {'network_id': ['eb7a3708-e442-4701-b551-b4cf52d21769']}} {{(pid=111179) wrapper /usr/local/lib/python3.8/dist-packages/oslo_log/helpers.py:65}}
Jul 12 18:47:58.421074 dv-cinder-835384-15-iscsi neutron-server[111179]: DEBUG neutron.wsgi [-] (111179) accepted ('10.222.0.59', 37966) {{(pid=111179) server /usr/local/lib/python3.8/dist-packages/eventlet/wsgi.py:1004}}
Jul 12 18:47:58.422472 dv-cinder-835384-15-iscsi neutron-server[111179]: DEBUG dbcounter [-] [111179] Writing DB stats neutron:SELECT=97,neutron:INSERT=1,neutron:UPDATE=2 {{(pid=111179) stat_writer /usr/local/lib/python3.8/dist-packages/dbcounter.py:114}}
Jul 12 18:47:58.425149 dv-cinder-835384-15-iscsi neutron-server[111182]: DEBUG neutron_lib.callbacks.manager [None req-4b2d2667-c4f2-4520-a3f8-6cc1cfeaee82 None None] Publish callbacks ['neutron.plugins.ml2.plugin.SecurityGroupServerNotifierRpcMixin._notify_sg_on_port_change-668724', 'neutron.plugins.ml2.ovo_rpc._ObjectChangeHandler.handle_event-215917', 'neutron.api.rpc.agentnotifiers.dhcp_rpc_agent_api.DhcpAgentNotifyAPI._native_event_send_dhcp_notification-1577054', 'neutron.db.l3_db.L3RpcNotifierMixin._notify_gateway_port_ip_changed-8739054014504', 'neutron.db.l3_dvrscheduler_db._notify_l3_agent_port_update-8739053503097', 'neutron.db.l3_hascheduler_db._notify_l3_agent_ha_port_update-8739053503115'] for port (fe8998a3-d7c8-4096-b6ee-2abf35f7cfa2), after_update {{(pid=111182) _notify_loop /usr/local/lib/python3.8/dist-packages/neutron_lib/callbacks/manager.py:176}}
Jul 12 18:47:58.493941 dv-cinder-835384-15-iscsi neutron-server[111179]: DEBUG neutron_lib.callbacks.manager [None req-f4788e68-fbcf-4472-a147-deadb1a8c34f admin admin] Publish callbacks [] for security_group (421d5cde-3d08-4388-812f-f48508a2582a), precommit_create {{(pid=111179) _notify_loop /usr/local/lib/python3.8/dist-packages/neutron_lib/callbacks/manager.py:176}}
Jul 12 18:47:58.508904 dv-cinder-835384-15-iscsi neutron-server[111179]: DEBUG neutron.services.segments.db [None req-589f66ce-0dde-4fcb-900d-fe6709260f2a admin admin] neutron.services.segments.plugin.Plugin method delete_segment called with arguments (, 'a579d194-b0ca-4b7c-837b-26754f0fbac2') {'for_net_delete': True} {{(pid=111179) wrapper /usr/local/lib/python3.8/dist-packages/oslo_log/helpers.py:65}}
Jul 12 18:47:58.509219 dv-cinder-835384-15-iscsi neutron-server[111179]: DEBUG neutron.services.segments.db [None req-589f66ce-0dde-4fcb-900d-fe6709260f2a admin admin] neutron.services.segments.plugin.Plugin method get_segment called with arguments (, 'a579d194-b0ca-4b7c-837b-26754f0fbac2') {} {{(pid=111179) wrapper /usr/local/lib/python3.8/dist-packages/oslo_log/helpers.py:65}}
Jul 12 18:47:58.511498 dv-cinder-835384-15-iscsi neutron-server[111182]: DEBUG neutron.db.l3_dvrscheduler_db [None req-4b2d2667-c4f2-4520-a3f8-6cc1cfeaee82 None None] Routers {'b650ea18-5f44-40bb-8cd9-e1631ed549c9'} bound to L3 agent in host dv-cinder-835384-15-iscsi {{(pid=111182) _get_router_ids_for_agent /opt/stack/neutron/neutron/db/l3_dvrscheduler_db.py:426}}
Jul 12 18:47:58.512411 dv-cinder-835384-15-iscsi neutron-server[111182]: DEBUG neutron.db.l3_hamode_db [None req-4b2d2667-c4f2-4520-a3f8-6cc1cfeaee82 None None] neutron.services.l3_router.l3_router_plugin.L3RouterPlugin method get_ha_sync_data_for_host called with arguments (, 'dv-cinder-835384-15-iscsi', Agent(admin_state_up=True,agent_type='L3 agent',availability_zone='nova',binary='neutron-l3-agent',configurations={"agent_mode": "legacy", "ex_gw_ports": 1, "extensions": [], "floating_ips": 0, "handle_internal_only_routers": true, "interface_driver": "openvswitch", "interfaces": 1, "log_agent_heartbeats": false, "routers": 1},created_at=2022-07-12T18:39:09Z,description=,heartbeat_timestamp=2022-07-12T18:47:39Z,host='dv-cinder-835384-15-iscsi',id=7611aeea-8b0e-462a-8732-7cfb8baddd4c,load=0,resource_versions=,resources_synced=,started_at=2022-07-12T18:39:09Z,topic='l3_agent')) {'router_ids': ['b650ea18-5f44-40bb-8cd9-e1631ed549c9'], 'active': True} {{(pid=111182) wrapper /usr/local/lib/python3.8/dist-packages/oslo_log/helpers.py:65}}
Jul 12 18:47:58.516353 dv-cinder-835384-15-iscsi neutron-server[111182]: DEBUG neutron.api.rpc.handlers.resources_rpc [None req-fe292898-e78c-4b61-9fc9-a0f06ecd5038 None None] Pushing event updated for resources: {'Port': ['ID=fe8998a3-d7c8-4096-b6ee-2abf35f7cfa2,revision_number=3']} {{(pid=111182) push /opt/stack/neutron/neutron/api/rpc/handlers/resources_rpc.py:237}}
Jul 12 18:47:58.538461 dv-cinder-835384-15-iscsi neutron-server[111179]: DEBUG neutron_lib.callbacks.manager [None req-589f66ce-0dde-4fcb-900d-fe6709260f2a admin admin] Publish callbacks ['neutron.plugins.ml2.db._prevent_segment_delete_with_port_bound-8739053822594', 'neutron.services.segments.plugin.Plugin._prevent_segment_delete_with_subnet_associated-2062736'] for segment (a579d194-b0ca-4b7c-837b-26754f0fbac2), before_delete {{(pid=111179) _notify_loop /usr/local/lib/python3.8/dist-packages/neutron_lib/callbacks/manager.py:176}}
Jul 12 18:47:58.565020 dv-cinder-835384-15-iscsi neutron-server[111180]: DEBUG neutron_lib.callbacks.manager [None req-6be9bb41-cfa1-4db9-acb1-f210f8df2236 admin admin] Publish callbacks [] for security_group (d1ad4f70-0ccb-424f-a569-51f383191494), precommit_create {{(pid=111180) _notify_loop /usr/local/lib/python3.8/dist-packages/neutron_lib/callbacks/manager.py:176}}
Jul 12 18:47:58.608615 dv-cinder-835384-15-iscsi neutron-server[111179]: DEBUG neutron_lib.callbacks.manager [None req-f4788e68-fbcf-4472-a147-deadb1a8c34f admin admin] Publish callbacks ['neutron.plugins.ml2.ovo_rpc._ObjectChangeHandler.handle_event-1615045'] for security_group (421d5cde-3d08-4388-812f-f48508a2582a), after_create {{(pid=111179) _notify_loop /usr/local/lib/python3.8/dist-packages/neutron_lib/callbacks/manager.py:176}}
Jul 12 18:47:58.616863 dv-cinder-835384-15-iscsi neutron-server[111179]: DEBUG neutron_lib.callbacks.manager [None req-589f66ce-0dde-4fcb-900d-fe6709260f2a admin admin] Publish callbacks ['neutron.plugins.ml2.plugin.Ml2Plugin._handle_segment_change-771694'] for segment (a579d194-b0ca-4b7c-837b-26754f0fbac2), precommit_delete {{(pid=111179) _notify_loop /usr/local/lib/python3.8/dist-packages/neutron_lib/callbacks/manager.py:176}}
Jul 12 18:47:58.625386 dv-cinder-835384-15-iscsi neutron-server[111180]: DEBUG neutron_lib.callbacks.manager [None req-65b74161-936c-4f97-93d2-c699361d4e91 admin admin] Publish callbacks ['neutron.plugins.ml2.plugin.SecurityGroupDbMixin._ensure_default_security_group_handler-670705'] for port (9006fced-208f-4516-a222-0c12be706bce), before_update {{(pid=111180) _notify_loop /usr/local/lib/python3.8/dist-packages/neutron_lib/callbacks/manager.py:176}}
Jul 12 18:47:58.642638 dv-cinder-835384-15-iscsi neutron-server[111179]: DEBUG neutron.plugins.ml2.drivers.type_vlan [None req-589f66ce-0dde-4fcb-900d-fe6709260f2a admin admin] Releasing vlan 413 on physical network physnet1 to pool {{(pid=111179) release_segment /opt/stack/neutron/neutron/plugins/ml2/drivers/type_vlan.py:304}}
Jul 12 18:47:58.643162 dv-cinder-835384-15-iscsi neutron-server[111179]: DEBUG neutron_lib.callbacks.manager [None req-589f66ce-0dde-4fcb-900d-fe6709260f2a admin admin] Publish callbacks ['neutron.plugins.ml2.plugin.Ml2Plugin._handle_segment_change-771694', 'neutron.services.segments.plugin.NovaSegmentNotifier._notify_segment_deleted-252396254'] for segment (a579d194-b0ca-4b7c-837b-26754f0fbac2), after_delete {{(pid=111179) _notify_loop /usr/local/lib/python3.8/dist-packages/neutron_lib/callbacks/manager.py:176}}
Jul 12 18:47:58.657274 dv-cinder-835384-15-iscsi neutron-server[111180]: DEBUG dbcounter [-] [111180] Writing DB stats neutron:SELECT=97,neutron:DELETE=3 {{(pid=111180) stat_writer /usr/local/lib/python3.8/dist-packages/dbcounter.py:114}}
Jul 12 18:47:58.663750 dv-cinder-835384-15-iscsi neutron-server[111180]: DEBUG neutron_lib.callbacks.manager [None req-6be9bb41-cfa1-4db9-acb1-f210f8df2236 admin admin] Publish callbacks ['neutron.plugins.ml2.ovo_rpc._ObjectChangeHandler.handle_event-1615045'] for security_group (d1ad4f70-0ccb-424f-a569-51f383191494), after_create {{(pid=111180) _notify_loop /usr/local/lib/python3.8/dist-packages/neutron_lib/callbacks/manager.py:176}}
Jul 12 18:47:58.720758 dv-cinder-835384-15-iscsi neutron-server[111182]: DEBUG neutron.db.l3_dvr_db [None req-4b2d2667-c4f2-4520-a3f8-6cc1cfeaee82 None None] Set router b650ea18-5f44-40bb-8cd9-e1631ed549c9 gateway port host: dv-cinder-835384-15-iscsi {{(pid=111182) _build_routers_list /opt/stack/neutron/neutron/db/l3_dvr_db.py:907}}
Jul 12 18:47:58.765639 dv-cinder-835384-15-iscsi neutron-server[111181]: DEBUG dbcounter [-] [111181] Writing DB stats neutron:SELECT=98,neutron:UPDATE=2 {{(pid=111181) stat_writer /usr/local/lib/python3.8/dist-packages/dbcounter.py:114}}
Jul 12 18:47:58.768148 dv-cinder-835384-15-iscsi neutron-server[111181]: DEBUG dbcounter [-] [111181] Writing DB stats neutron:SELECT=99,neutron:UPDATE=1 {{(pid=111181) stat_writer /usr/local/lib/python3.8/dist-packages/dbcounter.py:114}}
Jul 12 18:47:58.800232 dv-cinder-835384-15-iscsi neutron-server[111181]: DEBUG neutron.db.l3_hamode_db [None req-364b474b-f394-48d1-be97-68bda50d0a17 None None] neutron.services.l3_router.l3_router_plugin.L3RouterPlugin method _process_sync_ha_data called with arguments (, [{'id': 'ca878d3f-5967-4753-9f4c-1b8b720b3ea0', 'name': 'tempest-DeleteServersTestJSON-936567599-router', 'tenant_id': '72abacc31aec413ab443150dcdf1bdce', 'admin_state_up': True, 'status': 'ACTIVE', 'external_gateway_info': {'network_id': '95ec1ad7-aa1e-4f75-b47c-b3b29d3a8e3b', 'external_fixed_ips': [{'subnet_id': '28ef0662-1e0c-416f-a839-c9e968002859', 'ip_address': '172.27.3.85'}], 'enable_snat': True}, 'gw_port_id': '2afca224-41fd-4b50-ba5d-17ef29b477be', 'description': '', 'availability_zones': ['nova'], 'distributed': False, 'ha': False, 'ha_vr_id': 0, 'availability_zone_hints': [], 'routes': [], 'flavor_id': None, 'tags': [], 'created_at': '2022-07-12T18:47:47Z', 'updated_at': '2022-07-12T18:47:54Z', 'revision_number': 4, 'project_id': '72abacc31aec413ab443150dcdf1bdce', 'gw_port': {'id': '2afca224-41fd-4b50-ba5d-17ef29b477be', 'name': '', 'network_id': '95ec1ad7-aa1e-4f75-b47c-b3b29d3a8e3b', 'tenant_id': '', 'mac_address': 'fa:16:3e:fc:30:40', 'admin_state_up': True, 'status': 'DOWN', 'device_id': 'ca878d3f-5967-4753-9f4c-1b8b720b3ea0', 'device_owner': 'network:router_gateway', 'standard_attr_id': 63, 'fixed_ips': [{'subnet_id': '28ef0662-1e0c-416f-a839-c9e968002859', 'ip_address': '172.27.3.85', 'prefixlen': 24}], 'allowed_address_pairs': [], 'extra_dhcp_opts': [], 'security_groups': [], 'description': '', 'binding:vnic_type': 'normal', 'binding:profile': {}, 'binding:host_id': 'dv-cinder-835384-15-iscsi', 'binding:vif_type': 'ovs', 'binding:vif_details': {'connectivity': 'l2', 'port_filter': True, 'ovs_hybrid_plug': False, 'datapath_type': 'system', 'bridge_name': 'br-int', 'bound_drivers': {'0': 'openvswitch'}}, 'port_security_enabled': False, 'tags': [], 'created_at': '2022-07-12T18:47:48Z', 'updated_at': '2022-07-12T18:47:53Z', 'revision_number': 3, 'project_id': '', 'subnets': [{'id': '28ef0662-1e0c-416f-a839-c9e968002859', 'cidr': '172.27.3.0/24', 'gateway_ip': '172.27.3.1', 'dns_nameservers': [], 'ipv6_ra_mode': None, 'subnetpool_id': None}], 'extra_subnets': [], 'address_scopes': {4: None, 6: None}, 'mtu': 1500}, 'enable_snat': True, 'gw_port_host': 'dv-cinder-835384-15-iscsi', '_interfaces': [{'id': '3f32011d-478e-426c-a304-53c23109070d', 'name': '', 'network_id': 'd25a2909-7ae4-4023-bcad-bc9108c980e6', 'tenant_id': '72abacc31aec413ab443150dcdf1bdce', 'mac_address': 'fa:16:3e:2d:3b:45', 'admin_state_up': True, 'status': 'DOWN', 'device_id': 'ca878d3f-5967-4753-9f4c-1b8b720b3ea0', 'device_owner': 'network:router_interface', 'standard_attr_id': 72, 'fixed_ips': [{'subnet_id': '6578c7be-0086-4d37-924e-e1057bf93107', 'ip_address': '172.20.0.1', 'prefixlen': 28}], 'allowed_address_pairs': [], 'extra_dhcp_opts': [], 'security_groups': [], 'description': '', 'binding:vnic_type': 'normal', 'binding:profile': {}, 'binding:host_id': '', 'binding:vif_type': 'unbound', 'binding:vif_details': {}, 'port_security_enabled': False, 'tags': [], 'created_at': '2022-07-12T18:47:52Z', 'updated_at': '2022-07-12T18:47:55Z', 'revision_number': 2, 'project_id': '72abacc31aec413ab443150dcdf1bdce', 'subnets': [{'id': '6578c7be-0086-4d37-924e-e1057bf93107', 'cidr': '172.20.0.0/28', 'gateway_ip': '172.20.0.1', 'dns_nameservers': [], 'ipv6_ra_mode': None, 'subnetpool_id': None}], 'extra_subnets': [], 'address_scopes': {4: None, 6: None}, 'mtu': 1500}]}], 'dv-cinder-835384-15-iscsi', False) {} {{(pid=111181) wrapper /usr/local/lib/python3.8/dist-packages/oslo_log/helpers.py:65}}
Jul 12 18:47:58.824160 dv-cinder-835384-15-iscsi neutron-server[111181]: DEBUG neutron.plugins.ml2.plugin [None req-f2242763-01bd-4546-b3e4-ff9672872e40 None None] Current status of the port 54c5f630-4c05-4ef3-b31b-a0459c27f863 is: ACTIVE; New status is: ACTIVE {{(pid=111181) _update_individual_port_db_status /opt/stack/neutron/neutron/plugins/ml2/plugin.py:2292}}
Jul 12 18:47:58.835207 dv-cinder-835384-15-iscsi neutron-server[111179]: DEBUG neutron.wsgi [-] (111179) accepted ('10.222.0.59', 37990) {{(pid=111179) server /usr/local/lib/python3.8/dist-packages/eventlet/wsgi.py:1004}}
Jul 12 18:47:58.852878 dv-cinder-835384-15-iscsi neutron-server[111179]: WARNING keystonemiddleware.auth_token [-] A valid token was submitted as a service token, but it was not a valid service token. This is incorrect but backwards compatible behaviour. This will be removed in future releases.
Jul 12 18:47:58.868800 dv-cinder-835384-15-iscsi neutron-server[111181]: DEBUG neutron.plugins.ml2.plugin [None req-1eb820ff-c623-49a1-b193-1b28745c48a0 None None] Current status of the port 54c5f630-4c05-4ef3-b31b-a0459c27f863 is: ACTIVE; New status is: ACTIVE {{(pid=111181) _update_individual_port_db_status /opt/stack/neutron/neutron/plugins/ml2/plugin.py:2292}}
Jul 12 18:47:58.878470 dv-cinder-835384-15-iscsi neutron-server[111181]: DEBUG neutron.api.rpc.handlers.l3_rpc [None req-364b474b-f394-48d1-be97-68bda50d0a17 None None] Checking router: ca878d3f-5967-4753-9f4c-1b8b720b3ea0 for host: dv-cinder-835384-15-iscsi {{(pid=111181) _ensure_host_set_on_ports /opt/stack/neutron/neutron/api/rpc/handlers/l3_rpc.py:155}}
Jul 12 18:47:58.878996 dv-cinder-835384-15-iscsi neutron-server[111181]: DEBUG neutron.api.rpc.handlers.l3_rpc [None req-364b474b-f394-48d1-be97-68bda50d0a17 None None] Updating router ca878d3f-5967-4753-9f4c-1b8b720b3ea0 port 3f32011d-478e-426c-a304-53c23109070d binding host dv-cinder-835384-15-iscsi {{(pid=111181) _ensure_host_set_on_port /opt/stack/neutron/neutron/api/rpc/handlers/l3_rpc.py:205}}
Jul 12 18:47:58.919487 dv-cinder-835384-15-iscsi neutron-server[111180]: DEBUG neutron_lib.callbacks.manager [None req-65b74161-936c-4f97-93d2-c699361d4e91 admin admin] Publish callbacks [] for port (9006fced-208f-4516-a222-0c12be706bce), precommit_update {{(pid=111180) _notify_loop /usr/local/lib/python3.8/dist-packages/neutron_lib/callbacks/manager.py:176}}
Jul 12 18:47:58.926226 dv-cinder-835384-15-iscsi neutron-server[111181]: DEBUG neutron_lib.callbacks.manager [None req-364b474b-f394-48d1-be97-68bda50d0a17 None None] Publish callbacks ['neutron.plugins.ml2.plugin.SecurityGroupDbMixin._ensure_default_security_group_handler-670705'] for port (3f32011d-478e-426c-a304-53c23109070d), before_update {{(pid=111181) _notify_loop /usr/local/lib/python3.8/dist-packages/neutron_lib/callbacks/manager.py:176}}
Jul 12 18:47:58.955129 dv-cinder-835384-15-iscsi neutron-server[111180]: INFO neutron.wsgi [None req-6be9bb41-cfa1-4db9-acb1-f210f8df2236 admin admin] 10.222.0.59 "GET /v2.0/security-groups?tenant_id=e945991092864139baa9c052f5692be8&name=default HTTP/1.1" status: 200 len: 2992 time: 0.9722240
Jul 12 18:47:58.958405 dv-cinder-835384-15-iscsi neutron-server[111180]: DEBUG neutron.wsgi [-] (111180) accepted ('10.222.0.59', 38002) {{(pid=111180) server /usr/local/lib/python3.8/dist-packages/eventlet/wsgi.py:1004}}
Jul 12 18:47:58.960217 dv-cinder-835384-15-iscsi neutron-server[111181]: DEBUG neutron_lib.callbacks.manager [None req-f06ee459-48d5-43a5-bf8a-c66c62704efd None None] Publish callbacks [] for port (6dcb4fac-b627-4e1c-9948-e078c525d426), precommit_update {{(pid=111181) _notify_loop /usr/local/lib/python3.8/dist-packages/neutron_lib/callbacks/manager.py:176}}
Jul 12 18:47:58.965101 dv-cinder-835384-15-iscsi neutron-server[111181]: DEBUG neutron.db.provisioning_blocks [None req-f2242763-01bd-4546-b3e4-ff9672872e40 None None] Provisioning complete for port 3f32011d-478e-426c-a304-53c23109070d triggered by entity DHCP. {{(pid=111181) provisioning_complete /opt/stack/neutron/neutron/db/provisioning_blocks.py:145}}
Jul 12 18:47:58.965614 dv-cinder-835384-15-iscsi neutron-server[111181]: DEBUG neutron_lib.callbacks.manager [None req-f2242763-01bd-4546-b3e4-ff9672872e40 None None] Publish callbacks ['neutron.plugins.ml2.plugin.Ml2Plugin._port_provisioned-712801'] for port (3f32011d-478e-426c-a304-53c23109070d), provisioning_complete {{(pid=111181) _notify_loop /usr/local/lib/python3.8/dist-packages/neutron_lib/callbacks/manager.py:176}}
Jul 12 18:47:58.976386 dv-cinder-835384-15-iscsi neutron-server[111180]: DEBUG neutron.api.rpc.handlers.resources_rpc [None req-6be9bb41-cfa1-4db9-acb1-f210f8df2236 admin admin] Pushing event updated for resources: {'SecurityGroup': ['ID=d1ad4f70-0ccb-424f-a569-51f383191494,revision_number=1']} {{(pid=111180) push /opt/stack/neutron/neutron/api/rpc/handlers/resources_rpc.py:237}}
Jul 12 18:47:58.976823 dv-cinder-835384-15-iscsi neutron-server[111179]: DEBUG neutron_lib.callbacks.manager [None req-95b83c14-f5db-4557-9899-3223c801631c admin admin] Publish callbacks [] for security_group (None), before_create {{(pid=111179) _notify_loop /usr/local/lib/python3.8/dist-packages/neutron_lib/callbacks/manager.py:176}}
Jul 12 18:47:58.985322 dv-cinder-835384-15-iscsi neutron-server[111179]: DEBUG neutron.api.rpc.handlers.resources_rpc [None req-f4788e68-fbcf-4472-a147-deadb1a8c34f admin admin] Pushing event updated for resources: {'SecurityGroup': ['ID=421d5cde-3d08-4388-812f-f48508a2582a,revision_number=1']} {{(pid=111179) push /opt/stack/neutron/neutron/api/rpc/handlers/resources_rpc.py:237}}
Jul 12 18:47:59.041081 dv-cinder-835384-15-iscsi neutron-server[111180]: DEBUG neutron_lib.callbacks.manager [None req-65b74161-936c-4f97-93d2-c699361d4e91 admin admin] Publish callbacks ['neutron.plugins.ml2.plugin.SecurityGroupServerNotifierRpcMixin._notify_sg_on_port_change-668724', 'neutron.plugins.ml2.ovo_rpc._ObjectChangeHandler.handle_event-215917', 'neutron.api.rpc.agentnotifiers.dhcp_rpc_agent_api.DhcpAgentNotifyAPI._native_event_send_dhcp_notification-1577054', 'neutron.db.l3_db.L3RpcNotifierMixin._notify_gateway_port_ip_changed-8739054014504', 'neutron.db.l3_dvrscheduler_db._notify_l3_agent_port_update-8739053503097', 'neutron.db.l3_hascheduler_db._notify_l3_agent_ha_port_update-8739053503115'] for port (9006fced-208f-4516-a222-0c12be706bce), after_update {{(pid=111180) _notify_loop /usr/local/lib/python3.8/dist-packages/neutron_lib/callbacks/manager.py:176}}
Jul 12 18:47:59.043139 dv-cinder-835384-15-iscsi neutron-server[111180]: DEBUG neutron_lib.callbacks.manager [None req-65b74161-936c-4f97-93d2-c699361d4e91 admin admin] Publish callbacks ['neutron.api.rpc.agentnotifiers.dhcp_rpc_agent_api.DhcpAgentNotifyAPI._after_router_interface_created-1577072', 'neutron.services.l3_router.l3_router_plugin.DVRResourceOperationHandler._update_snat_v6_addrs_after_intf_update-1796395'] for router_interface (24e87829-d24d-42cf-bd69-e5338ab4e5f0), after_create {{(pid=111180) _notify_loop /usr/local/lib/python3.8/dist-packages/neutron_lib/callbacks/manager.py:176}}
Jul 12 18:47:59.044489 dv-cinder-835384-15-iscsi neutron-server[111181]: DEBUG neutron.plugins.ml2.plugin [None req-f2242763-01bd-4546-b3e4-ff9672872e40 None None] Port 3f32011d-478e-426c-a304-53c23109070d cannot update to ACTIVE because it is not bound. {{(pid=111181) _port_provisioned /opt/stack/neutron/neutron/plugins/ml2/plugin.py:348}}
Jul 12 18:47:59.068086 dv-cinder-835384-15-iscsi neutron-server[111182]: DEBUG dbcounter [-] [111182] Writing DB stats neutron:SELECT=96,neutron:UPDATE=3,neutron:INSERT=1 {{(pid=111182) stat_writer /usr/local/lib/python3.8/dist-packages/dbcounter.py:114}}
Jul 12 18:47:59.069385 dv-cinder-835384-15-iscsi neutron-server[111179]: DEBUG neutron_lib.callbacks.manager [None req-95b83c14-f5db-4557-9899-3223c801631c admin admin] Publish callbacks [] for security_group (90874194-530c-435a-b1dd-0f51bbef1813), precommit_create {{(pid=111179) _notify_loop /usr/local/lib/python3.8/dist-packages/neutron_lib/callbacks/manager.py:176}}
Jul 12 18:47:59.071347 dv-cinder-835384-15-iscsi neutron-server[111179]: DEBUG dbcounter [-] [111179] Writing DB stats neutron:SELECT=95,neutron:INSERT=1,neutron:DELETE=4 {{(pid=111179) stat_writer /usr/local/lib/python3.8/dist-packages/dbcounter.py:114}}
Jul 12 18:47:59.074806 dv-cinder-835384-15-iscsi neutron-server[111179]: DEBUG neutron_lib.callbacks.manager [None req-898f4f27-7033-4f66-8ed1-396d4525863c admin admin] Publish callbacks ['neutron.plugins.ml2.plugin.SecurityGroupDbMixin._ensure_default_security_group_handler-670705'] for port (None), before_create {{(pid=111179) _notify_loop /usr/local/lib/python3.8/dist-packages/neutron_lib/callbacks/manager.py:176}}
