Jul 06 15:15:15.587394 dv-cinder-835384-13-iscsi neutron-server[104163]: DEBUG neutron.wsgi [-] (104163) accepted ('10.222.0.40', 44014) {{(pid=104163) server /usr/local/lib/python3.8/dist-packages/eventlet/wsgi.py:1004}}
Jul 06 15:15:15.601431 dv-cinder-835384-13-iscsi neutron-server[104163]: DEBUG neutron_lib.callbacks.manager [None req-f5c082f9-dbb6-418c-bec2-22d4fa8665fc admin admin] Publish callbacks [] for security_group (None), before_create {{(pid=104163) _notify_loop /usr/local/lib/python3.8/dist-packages/neutron_lib/callbacks/manager.py:176}}
Jul 06 15:15:15.663819 dv-cinder-835384-13-iscsi neutron-server[104163]: DEBUG dbcounter [-] [104163] Writing DB stats neutron:SELECT=88,neutron:DELETE=1,neutron:INSERT=10,neutron:UPDATE=1 {{(pid=104163) stat_writer /usr/local/lib/python3.8/dist-packages/dbcounter.py:114}}
Jul 06 15:15:15.687958 dv-cinder-835384-13-iscsi neutron-server[104163]: DEBUG neutron_lib.callbacks.manager [None req-f5c082f9-dbb6-418c-bec2-22d4fa8665fc admin admin] Publish callbacks [] for security_group (943f7be5-43fd-461c-8eb8-ebe6ba8506e8), precommit_create {{(pid=104163) _notify_loop /usr/local/lib/python3.8/dist-packages/neutron_lib/callbacks/manager.py:176}}
Jul 06 15:15:15.692508 dv-cinder-835384-13-iscsi neutron-server[104165]: DEBUG neutron.db.l3_hamode_db [None req-19712be6-5d0d-4a7e-b3ce-589e2ed3543f None None] neutron.services.l3_router.l3_router_plugin.L3RouterPlugin method _process_sync_ha_data called with arguments (, [{'id': 'bc6e3ffa-9b53-47ac-8850-3982b0dce984', 'name': 'tempest-AttachVolumeTestJSON-589655538-router', 'tenant_id': '22702ca0782647309b9fd01edbbe97e0', 'admin_state_up': True, 'status': 'ACTIVE', 'external_gateway_info': {'network_id': '7941e3c9-6c77-4703-8080-4b98b86671e7', 'external_fixed_ips': [{'subnet_id': 'ef0af696-7569-489a-89d4-4048469ce598', 'ip_address': '172.27.1.85'}], 'enable_snat': True}, 'gw_port_id': '78c0b93e-44d1-4eec-b6ce-99d9a75e5723', 'description': '', 'availability_zones': ['nova'], 'distributed': False, 'ha': False, 'ha_vr_id': 0, 'availability_zone_hints': [], 'routes': [], 'flavor_id': None, 'tags': [], 'created_at': '2022-07-06T15:14:11Z', 'updated_at': '2022-07-06T15:14:21Z', 'revision_number': 4, 'project_id': '22702ca0782647309b9fd01edbbe97e0', 'gw_port': {'id': '78c0b93e-44d1-4eec-b6ce-99d9a75e5723', 'name': '', 'network_id': '7941e3c9-6c77-4703-8080-4b98b86671e7', 'tenant_id': '', 'mac_address': 'fa:16:3e:e7:af:8a', 'admin_state_up': True, 'status': 'ACTIVE', 'device_id': 'bc6e3ffa-9b53-47ac-8850-3982b0dce984', 'device_owner': 'network:router_gateway', 'standard_attr_id': 68, 'fixed_ips': [{'subnet_id': 'ef0af696-7569-489a-89d4-4048469ce598', 'ip_address': '172.27.1.85', 'prefixlen': 24}], 'allowed_address_pairs': [], 'extra_dhcp_opts': [], 'security_groups': [], 'description': '', 'binding:vnic_type': 'normal', 'binding:profile': {}, 'binding:host_id': 'dv-cinder-835384-13-iscsi', 'binding:vif_type': 'ovs', 'binding:vif_details': {'connectivity': 'l2', 'port_filter': True, 'ovs_hybrid_plug': False, 'datapath_type': 'system', 'bridge_name': 'br-int', 'bound_drivers': {'0': 'openvswitch'}}, 'port_security_enabled': False, 'tags': [], 'created_at': '2022-07-06T15:14:13Z', 'updated_at': '2022-07-06T15:14:33Z', 'revision_number': 4, 'project_id': '', 'subnets': [{'id': 'ef0af696-7569-489a-89d4-4048469ce598', 'cidr': '172.27.1.0/24', 'gateway_ip': '172.27.1.1', 'dns_nameservers': [], 'ipv6_ra_mode': None, 'subnetpool_id': None}], 'extra_subnets': [], 'address_scopes': {4: None, 6: None}, 'mtu': 1500}, 'enable_snat': True, 'gw_port_host': 'dv-cinder-835384-13-iscsi', '_floatingips': [{'id': 'd4f6721f-1b94-4d89-b7a2-9ebd1014aee8', 'tenant_id': '22702ca0782647309b9fd01edbbe97e0', 'floating_ip_address': '172.27.1.211', 'floating_network_id': '7941e3c9-6c77-4703-8080-4b98b86671e7', 'router_id': 'bc6e3ffa-9b53-47ac-8850-3982b0dce984', 'port_id': '47296c6c-cbc8-409c-a708-94b9b75da942', 'fixed_ip_address': '172.20.0.3', 'status': 'DOWN', 'standard_attr_id': 100, 'description': '', 'qos_policy_id': None, 'qos_network_policy_id': None, 'port_details': {'name': '', 'network_id': '49562d3f-71cf-486f-8baf-e0504f2fc4c7', 'mac_address': 'fa:16:3e:e1:a3:3f', 'admin_state_up': True, 'status': 'ACTIVE', 'device_id': '10726b9b-0fac-4dab-9d56-2a2cd2a5e55c', 'device_owner': 'compute:nova'}, 'dns_domain': '', 'dns_name': '', 'tags': [], 'created_at': '2022-07-06T15:14:28Z', 'updated_at': '2022-07-06T15:15:13Z', 'revision_number': 1, 'project_id': '22702ca0782647309b9fd01edbbe97e0', 'fixed_ip_address_scope': None}], '_interfaces': [{'id': '8fc7a140-8cfc-49c7-8250-25a9e53c0f48', 'name': '', 'network_id': '49562d3f-71cf-486f-8baf-e0504f2fc4c7', 'tenant_id': '22702ca0782647309b9fd01edbbe97e0', 'mac_address': 'fa:16:3e:bf:73:a7', 'admin_state_up': True, 'status': 'ACTIVE', 'device_id': 'bc6e3ffa-9b53-47ac-8850-3982b0dce984', 'device_owner': 'network:router_interface', 'standard_attr_id': 86, 'fixed_ips': [{'subnet_id': '4e3d385a-dd7e-480e-846d-87ecb5a41405', 'ip_address': '172.20.0.1', 'prefixlen': 28}], 'allowed_address_pairs': [], 'extra_dhcp_opts': [], 'security_groups': [], 'description': '', 'binding:vnic_type': 'normal', 'binding:profile': {}, 'binding:host_id': 'dv-cinder-835384-13-iscsi', 'binding:vif_type': 'ovs', 'binding:vif_details': {'connectivity': 'l2', 'port_filter': True, 'ovs_hybrid_plug': False, 'datapath_type': 'system', 'bridge_name': 'br-int', 'bound_drivers': {'0': 'openvswitch'}}, 'port_security_enabled': False, 'tags': [], 'created_at': '2022-07-06T15:14:19Z', 'updated_at': '2022-07-06T15:14:32Z', 'revision_number': 5, 'project_id': '22702ca0782647309b9fd01edbbe97e0', 'subnets': [{'id': '4e3d385a-dd7e-480e-846d-87ecb5a41405', 'cidr': '172.20.0.0/28', 'gateway_ip': '172.20.0.1', 'dns_nameservers': [], 'ipv6_ra_mode': None, 'subnetpool_id': None}], 'extra_subnets': [], 'address_scopes': {4: None, 6: None}, 'mtu': 1500}]}], 'dv-cinder-835384-13-iscsi', False) {} {{(pid=104165) wrapper /usr/local/lib/python3.8/dist-packages/oslo_log/helpers.py:65}}
Jul 06 15:15:15.694608 dv-cinder-835384-13-iscsi neutron-server[104163]: DEBUG neutron_lib.callbacks.manager [None req-f5c082f9-dbb6-418c-bec2-22d4fa8665fc admin admin] Publish callbacks ['neutron.plugins.ml2.ovo_rpc._ObjectChangeHandler.handle_event-1947364'] for security_group (943f7be5-43fd-461c-8eb8-ebe6ba8506e8), after_create {{(pid=104163) _notify_loop /usr/local/lib/python3.8/dist-packages/neutron_lib/callbacks/manager.py:176}}
Jul 06 15:15:15.717482 dv-cinder-835384-13-iscsi neutron-server[104165]: DEBUG neutron.api.rpc.handlers.l3_rpc [None req-19712be6-5d0d-4a7e-b3ce-589e2ed3543f None None] The sync data for ids ['bc6e3ffa-9b53-47ac-8850-3982b0dce984'] in dv-cinder-835384-13-iscsi is: [{'id': 'bc6e3ffa-9b53-47ac-8850-3982b0dce984', 'name': 'tempest-AttachVolumeTestJSON-589655538-router', 'tenant_id': '22702ca0782647309b9fd01edbbe97e0', 'admin_state_up': True, 'status': 'ACTIVE', 'external_gateway_info': {'network_id': '7941e3c9-6c77-4703-8080-4b98b86671e7', 'external_fixed_ips': [{'subnet_id': 'ef0af696-7569-489a-89d4-4048469ce598', 'ip_address': '172.27.1.85'}], 'enable_snat': True}, 'gw_port_id': '78c0b93e-44d1-4eec-b6ce-99d9a75e5723', 'description': '', 'availability_zones': ['nova'], 'distributed': False, 'ha': False, 'ha_vr_id': 0, 'availability_zone_hints': [], 'routes': [], 'flavor_id': None, 'tags': [], 'created_at': '2022-07-06T15:14:11Z', 'updated_at': '2022-07-06T15:14:21Z', 'revision_number': 4, 'project_id': '22702ca0782647309b9fd01edbbe97e0', 'gw_port': {'id': '78c0b93e-44d1-4eec-b6ce-99d9a75e5723', 'name': '', 'network_id': '7941e3c9-6c77-4703-8080-4b98b86671e7', 'tenant_id': '', 'mac_address': 'fa:16:3e:e7:af:8a', 'admin_state_up': True, 'status': 'ACTIVE', 'device_id': 'bc6e3ffa-9b53-47ac-8850-3982b0dce984', 'device_owner': 'network:router_gateway', 'standard_attr_id': 68, 'fixed_ips': [{'subnet_id': 'ef0af696-7569-489a-89d4-4048469ce598', 'ip_address': '172.27.1.85', 'prefixlen': 24}], 'allowed_address_pairs': [], 'extra_dhcp_opts': [], 'security_groups': [], 'description': '', 'binding:vnic_type': 'normal', 'binding:profile': {}, 'binding:host_id': 'dv-cinder-835384-13-iscsi', 'binding:vif_type': 'ovs', 'binding:vif_details': {'connectivity': 'l2', 'port_filter': True, 'ovs_hybrid_plug': False, 'datapath_type': 'system', 'bridge_name': 'br-int', 'bound_drivers': {'0': 'openvswitch'}}, 'port_security_enabled': False, 'tags': [], 'created_at': '2022-07-06T15:14:13Z', 'updated_at': '2022-07-06T15:14:33Z', 'revision_number': 4, 'project_id': '', 'subnets': [{'id': 'ef0af696-7569-489a-89d4-4048469ce598', 'cidr': '172.27.1.0/24', 'gateway_ip': '172.27.1.1', 'dns_nameservers': [], 'ipv6_ra_mode': None, 'subnetpool_id': None}], 'extra_subnets': [], 'address_scopes': {4: None, 6: None}, 'mtu': 1500}, 'enable_snat': True, 'gw_port_host': 'dv-cinder-835384-13-iscsi', '_floatingips': [{'id': 'd4f6721f-1b94-4d89-b7a2-9ebd1014aee8', 'tenant_id': '22702ca0782647309b9fd01edbbe97e0', 'floating_ip_address': '172.27.1.211', 'floating_network_id': '7941e3c9-6c77-4703-8080-4b98b86671e7', 'router_id': 'bc6e3ffa-9b53-47ac-8850-3982b0dce984', 'port_id': '47296c6c-cbc8-409c-a708-94b9b75da942', 'fixed_ip_address': '172.20.0.3', 'status': 'DOWN', 'standard_attr_id': 100, 'description': '', 'qos_policy_id': None, 'qos_network_policy_id': None, 'port_details': {'name': '', 'network_id': '49562d3f-71cf-486f-8baf-e0504f2fc4c7', 'mac_address': 'fa:16:3e:e1:a3:3f', 'admin_state_up': True, 'status': 'ACTIVE', 'device_id': '10726b9b-0fac-4dab-9d56-2a2cd2a5e55c', 'device_owner': 'compute:nova'}, 'dns_domain': '', 'dns_name': '', 'tags': [], 'created_at': '2022-07-06T15:14:28Z', 'updated_at': '2022-07-06T15:15:13Z', 'revision_number': 1, 'project_id': '22702ca0782647309b9fd01edbbe97e0', 'fixed_ip_address_scope': None}], '_interfaces': [{'id': '8fc7a140-8cfc-49c7-8250-25a9e53c0f48', 'name': '', 'network_id': '49562d3f-71cf-486f-8baf-e0504f2fc4c7', 'tenant_id': '22702ca0782647309b9fd01edbbe97e0', 'mac_address': 'fa:16:3e:bf:73:a7', 'admin_state_up': True, 'status': 'ACTIVE', 'device_id': 'bc6e3ffa-9b53-47ac-8850-3982b0dce984', 'device_owner': 'network:router_interface', 'standard_attr_id': 86, 'fixed_ips': [{'subnet_id': '4e3d385a-dd7e-480e-846d-87ecb5a41405', 'ip_address': '172.20.0.1', 'prefixlen': 28}], 'allowed_address_pairs': [], 'extra_dhcp_opts': [], 'security_groups': [], 'description': '', 'binding:vnic_type': 'normal', 'binding:profile': {}, 'binding:host_id': 'dv-cinder-835384-13-iscsi', 'binding:vif_type': 'ovs', 'binding:vif_details': {'connectivity': 'l2', 'port_filter': True, 'ovs_hybrid_plug': False, 'datapath_type': 'system', 'bridge_name': 'br-int', 'bound_drivers': {'0': 'openvswitch'}}, 'port_security_enabled': False, 'tags': [], 'created_at': '2022-07-06T15:14:19Z', 'updated_at': '2022-07-06T15:14:32Z', 'revision_number': 5, 'project_id': '22702ca0782647309b9fd01edbbe97e0', 'subnets': [{'id': '4e3d385a-dd7e-480e-846d-87ecb5a41405', 'cidr': '172.20.0.0/28', 'gateway_ip': '172.20.0.1', 'dns_nameservers': [], 'ipv6_ra_mode': None, 'subnetpool_id': None}], 'extra_subnets': [], 'address_scopes': {4: None, 6: None}, 'mtu': 1500}]}] {{(pid=104165) sync_routers /opt/stack/neutron/neutron/api/rpc/handlers/l3_rpc.py:137}}
Jul 06 15:15:15.738352 dv-cinder-835384-13-iscsi neutron-server[104163]: INFO neutron.wsgi [None req-f5c082f9-dbb6-418c-bec2-22d4fa8665fc admin admin] 10.222.0.40 "GET /v2.0/security-groups?tenant_id=7aac0c32ffd54a65804ea18286f99ed2&name=default HTTP/1.1" status: 200 len: 2996 time: 0.1497104
Jul 06 15:15:15.739601 dv-cinder-835384-13-iscsi neutron-server[104163]: DEBUG neutron.wsgi [-] (104163) accepted ('10.222.0.40', 44016) {{(pid=104163) server /usr/local/lib/python3.8/dist-packages/eventlet/wsgi.py:1004}}
Jul 06 15:15:15.740283 dv-cinder-835384-13-iscsi neutron-server[104163]: DEBUG neutron.api.rpc.handlers.resources_rpc [None req-f5c082f9-dbb6-418c-bec2-22d4fa8665fc admin admin] Pushing event updated for resources: {'SecurityGroup': ['ID=943f7be5-43fd-461c-8eb8-ebe6ba8506e8,revision_number=1']} {{(pid=104163) push /opt/stack/neutron/neutron/api/rpc/handlers/resources_rpc.py:237}}
Jul 06 15:15:15.786158 dv-cinder-835384-13-iscsi neutron-server[104164]: DEBUG neutron.plugins.ml2.rpc [None req-3ad83d96-9153-4c30-ae45-e3515d56e61a None None] Device 50bcb4d3-4624-4728-a2c0-40d4178b7c9a details requested by agent hyperv_hv-cinder-83538 with host hv-cinder-83538 {{(pid=104164) get_device_details /opt/stack/neutron/neutron/plugins/ml2/rpc.py:102}}
Jul 06 15:15:15.801373 dv-cinder-835384-13-iscsi neutron-server[104163]: DEBUG neutron_lib.callbacks.manager [None req-09edf4c0-7761-45f3-9198-d27d054d126a admin admin] Publish callbacks [] for security_group (943f7be5-43fd-461c-8eb8-ebe6ba8506e8), before_delete {{(pid=104163) _notify_loop /usr/local/lib/python3.8/dist-packages/neutron_lib/callbacks/manager.py:176}}
Jul 06 15:15:15.829381 dv-cinder-835384-13-iscsi neutron-server[104163]: DEBUG neutron_lib.callbacks.manager [None req-09edf4c0-7761-45f3-9198-d27d054d126a admin admin] Publish callbacks [] for security_group (943f7be5-43fd-461c-8eb8-ebe6ba8506e8), precommit_delete {{(pid=104163) _notify_loop /usr/local/lib/python3.8/dist-packages/neutron_lib/callbacks/manager.py:176}}
Jul 06 15:15:15.915265 dv-cinder-835384-13-iscsi neutron-server[104163]: DEBUG neutron_lib.callbacks.manager [None req-09edf4c0-7761-45f3-9198-d27d054d126a admin admin] Publish callbacks ['neutron.plugins.ml2.ovo_rpc._ObjectChangeHandler.handle_event-1947364'] for security_group (943f7be5-43fd-461c-8eb8-ebe6ba8506e8), after_delete {{(pid=104163) _notify_loop /usr/local/lib/python3.8/dist-packages/neutron_lib/callbacks/manager.py:176}}
Jul 06 15:15:15.918087 dv-cinder-835384-13-iscsi neutron-server[104163]: DEBUG neutron_lib.callbacks.manager [None req-09edf4c0-7761-45f3-9198-d27d054d126a admin admin] Publish callbacks [] for security_group (None), before_response {{(pid=104163) _notify_loop /usr/local/lib/python3.8/dist-packages/neutron_lib/callbacks/manager.py:176}}
Jul 06 15:15:15.929119 dv-cinder-835384-13-iscsi neutron-server[104163]: INFO neutron.wsgi [None req-09edf4c0-7761-45f3-9198-d27d054d126a admin admin] 10.222.0.40 "DELETE /v2.0/security-groups/943f7be5-43fd-461c-8eb8-ebe6ba8506e8 HTTP/1.1" status: 204 len: 168 time: 0.1855800
Jul 06 15:15:15.939207 dv-cinder-835384-13-iscsi neutron-server[104163]: DEBUG neutron.api.rpc.handlers.resources_rpc [None req-09edf4c0-7761-45f3-9198-d27d054d126a admin admin] Pushing event deleted for resources: {'SecurityGroup': ['ID=943f7be5-43fd-461c-8eb8-ebe6ba8506e8,revision_number=None']} {{(pid=104163) push /opt/stack/neutron/neutron/api/rpc/handlers/resources_rpc.py:237}}
Jul 06 15:15:16.186490 dv-cinder-835384-13-iscsi neutron-server[104163]: DEBUG dbcounter [-] [104163] Writing DB stats neutron:SELECT=92,neutron:INSERT=5,neutron:UPDATE=1,neutron:DELETE=2 {{(pid=104163) stat_writer /usr/local/lib/python3.8/dist-packages/dbcounter.py:114}}
Jul 06 15:15:16.194032 dv-cinder-835384-13-iscsi neutron-server[104162]: INFO neutron.wsgi [req-5dedb931-b444-4eb4-b303-2e2ea2680bde req-7d1a43ca-e267-4e15-928f-09337dd7f051 service neutron] 10.222.0.33 "GET /v2.0/floatingips?fixed_ip_address=172.20.0.3&port_id=47296c6c-cbc8-409c-a708-94b9b75da942 HTTP/1.1" status: 200 len: 999 time: 0.2265091
Jul 06 15:15:16.214244 dv-cinder-835384-13-iscsi neutron-server[104163]: INFO neutron.wsgi [req-7c8b011d-c464-4c05-a09b-ffd0cd24c94f req-76ef60dd-02b5-4c99-aef6-034a77aa1bc7 service neutron] 10.222.0.33 "GET /v2.0/networks/4a428f02-7ece-473a-8a97-1d977231045b?fields=segments HTTP/1.1" status: 200 len: 212 time: 0.2489762
Jul 06 15:15:16.243776 dv-cinder-835384-13-iscsi neutron-server[104163]: DEBUG neutron.pecan_wsgi.hooks.policy_enforcement [req-31cd9d6b-d46f-4e18-9260-d3e90b2284a0 req-aa7d3801-f968-49af-ba3f-cb71369c9073 tempest-AttachVolumeShelveTestJSON-587354510 tempest-AttachVolumeShelveTestJSON-587354510-project] Attributes excluded by policy engine: ['standard_attr_id', 'binding:profile', 'binding:host_id', 'binding:vif_type', 'binding:vif_details'] {{(pid=104163) _exclude_attributes_by_policy /opt/stack/neutron/neutron/pecan_wsgi/hooks/policy_enforcement.py:259}}
Jul 06 15:15:16.245938 dv-cinder-835384-13-iscsi neutron-server[104163]: INFO neutron.wsgi [req-31cd9d6b-d46f-4e18-9260-d3e90b2284a0 req-aa7d3801-f968-49af-ba3f-cb71369c9073 tempest-AttachVolumeShelveTestJSON-587354510 tempest-AttachVolumeShelveTestJSON-587354510-project] 10.222.0.40 "GET /v2.0/ports?device_id=b683dda2-5964-4889-b736-f637e76897cb HTTP/1.1" status: 200 len: 944 time: 0.0744228
Jul 06 15:15:16.254886 dv-cinder-835384-13-iscsi neutron-server[104164]: DEBUG dbcounter [-] [104164] Writing DB stats neutron:SELECT=100 {{(pid=104164) stat_writer /usr/local/lib/python3.8/dist-packages/dbcounter.py:114}}
Jul 06 15:15:16.261676 dv-cinder-835384-13-iscsi neutron-server[104164]: DEBUG neutron.plugins.ml2.db [None req-3ad83d96-9153-4c30-ae45-e3515d56e61a None None] For port 50bcb4d3-4624-4728-a2c0-40d4178b7c9a, host hv-cinder-83538, got binding levels [PortBindingLevel(driver='hyperv',host='hv-cinder-83538',level=0,port_id=50bcb4d3-4624-4728-a2c0-40d4178b7c9a,segment=NetworkSegment(7fabad50-d249-44f5-8b59-fb0d948fd210),segment_id=7fabad50-d249-44f5-8b59-fb0d948fd210)] {{(pid=104164) get_binding_level_objs /opt/stack/neutron/neutron/plugins/ml2/db.py:74}}
Jul 06 15:15:16.289792 dv-cinder-835384-13-iscsi neutron-server[104164]: DEBUG neutron.plugins.ml2.rpc [None req-3ad83d96-9153-4c30-ae45-e3515d56e61a None None] Returning: {'device': '50bcb4d3-4624-4728-a2c0-40d4178b7c9a', 'network_id': '9879e7aa-e07c-4148-8d9f-9004d6b4b544', 'port_id': '50bcb4d3-4624-4728-a2c0-40d4178b7c9a', 'mac_address': 'fa:16:3e:f4:76:eb', 'admin_state_up': True, 'network_type': 'vlan', 'segmentation_id': 608, 'physical_network': 'physnet1', 'mtu': 1500, 'fixed_ips': [{'subnet_id': 'a93f9ee9-f2a1-4312-a929-b90233adb2f4', 'ip_address': '172.20.0.11'}], 'device_owner': 'compute:nova', 'allowed_address_pairs': [], 'port_security_enabled': True, 'qos_policy_id': None, 'qos_network_policy_id': None, 'profile': {}, 'propagate_uplink_status': False} {{(pid=104164) _get_device_details /opt/stack/neutron/neutron/plugins/ml2/rpc.py:184}}
Jul 06 15:15:16.344186 dv-cinder-835384-13-iscsi neutron-server[104163]: INFO neutron.wsgi [req-31cd9d6b-d46f-4e18-9260-d3e90b2284a0 req-53a69944-4c65-44f0-818b-39d0c645666a tempest-AttachVolumeShelveTestJSON-587354510 tempest-AttachVolumeShelveTestJSON-587354510-project] 10.222.0.40 "GET /v2.0/security-groups?id=0dc6cfa0-ac18-4d16-89e9-cbf74e8b1bdf&fields=id&fields=name HTTP/1.1" status: 200 len: 313 time: 0.0854530
Jul 06 15:15:16.362500 dv-cinder-835384-13-iscsi neutron-server[104164]: DEBUG neutron.plugins.ml2.plugin [None req-3ad83d96-9153-4c30-ae45-e3515d56e61a None None] Current status of the port 50bcb4d3-4624-4728-a2c0-40d4178b7c9a is: DOWN; New status is: BUILD {{(pid=104164) _update_individual_port_db_status /opt/stack/neutron/neutron/plugins/ml2/plugin.py:2292}}
Jul 06 15:15:16.362901 dv-cinder-835384-13-iscsi neutron-server[104164]: DEBUG neutron_lib.callbacks.manager [None req-3ad83d96-9153-4c30-ae45-e3515d56e61a None None] Publish callbacks ['neutron.plugins.ml2.plugin.SecurityGroupDbMixin._ensure_default_security_group_handler-918769'] for port (50bcb4d3-4624-4728-a2c0-40d4178b7c9a), before_update {{(pid=104164) _notify_loop /usr/local/lib/python3.8/dist-packages/neutron_lib/callbacks/manager.py:176}}
Jul 06 15:15:16.394183 dv-cinder-835384-13-iscsi neutron-server[104164]: DEBUG neutron.notifiers.nova [None req-3ad83d96-9153-4c30-ae45-e3515d56e61a None None] Ignoring state change previous_port_status: DOWN current_port_status: BUILD port_id 50bcb4d3-4624-4728-a2c0-40d4178b7c9a {{(pid=104164) record_port_status_changed /opt/stack/neutron/neutron/notifiers/nova.py:233}}
Jul 06 15:15:16.419006 dv-cinder-835384-13-iscsi neutron-server[104164]: DEBUG neutron.plugins.ml2.db [None req-3ad83d96-9153-4c30-ae45-e3515d56e61a None None] For port 50bcb4d3-4624-4728-a2c0-40d4178b7c9a, host hv-cinder-83538, got binding levels [PortBindingLevel(driver='hyperv',host='hv-cinder-83538',level=0,port_id=50bcb4d3-4624-4728-a2c0-40d4178b7c9a,segment=NetworkSegment(7fabad50-d249-44f5-8b59-fb0d948fd210),segment_id=7fabad50-d249-44f5-8b59-fb0d948fd210)] {{(pid=104164) get_binding_level_objs /opt/stack/neutron/neutron/plugins/ml2/db.py:74}}
Jul 06 15:15:16.426054 dv-cinder-835384-13-iscsi neutron-server[104164]: DEBUG neutron_lib.callbacks.manager [None req-3ad83d96-9153-4c30-ae45-e3515d56e61a None None] Publish callbacks ['neutron.plugins.ml2.plugin.SecurityGroupServerNotifierRpcMixin._notify_sg_on_port_change-920372', 'neutron.plugins.ml2.ovo_rpc._ObjectChangeHandler.handle_event-218373', 'neutron.api.rpc.agentnotifiers.dhcp_rpc_agent_api.DhcpAgentNotifyAPI._native_event_send_dhcp_notification-2069567', 'neutron.db.l3_db.L3RpcNotifierMixin._notify_gateway_port_ip_changed-8758737636837', 'neutron.db.l3_dvrscheduler_db._notify_l3_agent_port_update-8758737208989', 'neutron.db.l3_hascheduler_db._notify_l3_agent_ha_port_update-8758737209007'] for port (50bcb4d3-4624-4728-a2c0-40d4178b7c9a), after_update {{(pid=104164) _notify_loop /usr/local/lib/python3.8/dist-packages/neutron_lib/callbacks/manager.py:176}}
Jul 06 15:15:16.481834 dv-cinder-835384-13-iscsi neutron-server[104164]: DEBUG neutron.api.rpc.handlers.resources_rpc [None req-3ad83d96-9153-4c30-ae45-e3515d56e61a None None] Pushing event updated for resources: {'Port': ['ID=50bcb4d3-4624-4728-a2c0-40d4178b7c9a,revision_number=4']} {{(pid=104164) push /opt/stack/neutron/neutron/api/rpc/handlers/resources_rpc.py:237}}
Jul 06 15:15:16.490889 dv-cinder-835384-13-iscsi neutron-server[104164]: DEBUG neutron.api.rpc.callbacks.version_manager [None req-3ad83d96-9153-4c30-ae45-e3515d56e61a None None] Version for resource type AddressGroup changed None to 1.2 on consumer Open vSwitch agent@dv-cinder-835384-13-iscsi {{(pid=104164) _set_version /opt/stack/neutron/neutron/api/rpc/callbacks/version_manager.py:113}}
Jul 06 15:15:16.491506 dv-cinder-835384-13-iscsi neutron-server[104164]: DEBUG neutron.api.rpc.callbacks.version_manager [None req-3ad83d96-9153-4c30-ae45-e3515d56e61a None None] Version for resource type Agent changed None to 1.1 on consumer Open vSwitch agent@dv-cinder-835384-13-iscsi {{(pid=104164) _set_version /opt/stack/neutron/neutron/api/rpc/callbacks/version_manager.py:113}}
Jul 06 15:15:16.491860 dv-cinder-835384-13-iscsi neutron-server[104164]: DEBUG neutron.api.rpc.callbacks.version_manager [None req-3ad83d96-9153-4c30-ae45-e3515d56e61a None None] Version for resource type ConntrackHelper changed None to 1.0 on consumer Open vSwitch agent@dv-cinder-835384-13-iscsi {{(pid=104164) _set_version /opt/stack/neutron/neutron/api/rpc/callbacks/version_manager.py:113}}
Jul 06 15:15:16.492198 dv-cinder-835384-13-iscsi neutron-server[104164]: DEBUG neutron.api.rpc.callbacks.version_manager [None req-3ad83d96-9153-4c30-ae45-e3515d56e61a None None] Version for resource type LocalIPAssociation changed None to 1.0 on consumer Open vSwitch agent@dv-cinder-835384-13-iscsi {{(pid=104164) _set_version /opt/stack/neutron/neutron/api/rpc/callbacks/version_manager.py:113}}
Jul 06 15:15:16.492523 dv-cinder-835384-13-iscsi neutron-server[104164]: DEBUG neutron.api.rpc.callbacks.version_manager [None req-3ad83d96-9153-4c30-ae45-e3515d56e61a None None] Version for resource type Log changed None to 1.0 on consumer Open vSwitch agent@dv-cinder-835384-13-iscsi {{(pid=104164) _set_version /opt/stack/neutron/neutron/api/rpc/callbacks/version_manager.py:113}}
Jul 06 15:15:16.492845 dv-cinder-835384-13-iscsi neutron-server[104164]: DEBUG neutron.api.rpc.callbacks.version_manager [None req-3ad83d96-9153-4c30-ae45-e3515d56e61a None None] Version for resource type NDPProxy changed None to 1.0 on consumer Open vSwitch agent@dv-cinder-835384-13-iscsi {{(pid=104164) _set_version /opt/stack/neutron/neutron/api/rpc/callbacks/version_manager.py:113}}
Jul 06 15:15:16.493162 dv-cinder-835384-13-iscsi neutron-server[104164]: DEBUG neutron.api.rpc.callbacks.version_manager [None req-3ad83d96-9153-4c30-ae45-e3515d56e61a None None] Version for resource type Network changed None to 1.1 on consumer Open vSwitch agent@dv-cinder-835384-13-iscsi {{(pid=104164) _set_version /opt/stack/neutron/neutron/api/rpc/callbacks/version_manager.py:113}}
Jul 06 15:15:16.493479 dv-cinder-835384-13-iscsi neutron-server[104164]: DEBUG neutron.api.rpc.callbacks.version_manager [None req-3ad83d96-9153-4c30-ae45-e3515d56e61a None None] Version for resource type Port changed None to 1.7 on consumer Open vSwitch agent@dv-cinder-835384-13-iscsi {{(pid=104164) _set_version /opt/stack/neutron/neutron/api/rpc/callbacks/version_manager.py:113}}
Jul 06 15:15:16.493823 dv-cinder-835384-13-iscsi neutron-server[104164]: DEBUG neutron.api.rpc.callbacks.version_manager [None req-3ad83d96-9153-4c30-ae45-e3515d56e61a None None] Version for resource type PortForwarding changed None to 1.3 on consumer Open vSwitch agent@dv-cinder-835384-13-iscsi {{(pid=104164) _set_version /opt/stack/neutron/neutron/api/rpc/callbacks/version_manager.py:113}}
Jul 06 15:15:16.494144 dv-cinder-835384-13-iscsi neutron-server[104164]: DEBUG neutron.api.rpc.callbacks.version_manager [None req-3ad83d96-9153-4c30-ae45-e3515d56e61a None None] Version for resource type QosPolicy changed None to 1.10 on consumer Open vSwitch agent@dv-cinder-835384-13-iscsi {{(pid=104164) _set_version /opt/stack/neutron/neutron/api/rpc/callbacks/version_manager.py:113}}
Jul 06 15:15:16.494457 dv-cinder-835384-13-iscsi neutron-server[104164]: DEBUG neutron.api.rpc.callbacks.version_manager [None req-3ad83d96-9153-4c30-ae45-e3515d56e61a None None] Version for resource type SecurityGroup changed None to 1.5 on consumer Open vSwitch agent@dv-cinder-835384-13-iscsi {{(pid=104164) _set_version /opt/stack/neutron/neutron/api/rpc/callbacks/version_manager.py:113}}
Jul 06 15:15:16.494903 dv-cinder-835384-13-iscsi neutron-server[104164]: DEBUG neutron.api.rpc.callbacks.version_manager [None req-3ad83d96-9153-4c30-ae45-e3515d56e61a None None] Version for resource type SecurityGroupRule changed None to 1.2 on consumer Open vSwitch agent@dv-cinder-835384-13-iscsi {{(pid=104164) _set_version /opt/stack/neutron/neutron/api/rpc/callbacks/version_manager.py:113}}
Jul 06 15:15:16.495103 dv-cinder-835384-13-iscsi neutron-server[104164]: DEBUG neutron.api.rpc.callbacks.version_manager [None req-3ad83d96-9153-4c30-ae45-e3515d56e61a None None] Version for resource type SubPort changed None to 1.0 on consumer Open vSwitch agent@dv-cinder-835384-13-iscsi {{(pid=104164) _set_version /opt/stack/neutron/neutron/api/rpc/callbacks/version_manager.py:113}}
Jul 06 15:15:16.495414 dv-cinder-835384-13-iscsi neutron-server[104164]: DEBUG neutron.api.rpc.callbacks.version_manager [None req-3ad83d96-9153-4c30-ae45-e3515d56e61a None None] Version for resource type Subnet changed None to 1.1 on consumer Open vSwitch agent@dv-cinder-835384-13-iscsi {{(pid=104164) _set_version /opt/stack/neutron/neutron/api/rpc/callbacks/version_manager.py:113}}
Jul 06 15:15:16.495727 dv-cinder-835384-13-iscsi neutron-server[104164]: DEBUG neutron.api.rpc.callbacks.version_manager [None req-3ad83d96-9153-4c30-ae45-e3515d56e61a None None] Version for resource type Trunk changed None to 1.1 on consumer Open vSwitch agent@dv-cinder-835384-13-iscsi {{(pid=104164) _set_version /opt/stack/neutron/neutron/api/rpc/callbacks/version_manager.py:113}}
Jul 06 15:15:16.552180 dv-cinder-835384-13-iscsi neutron-server[104163]: DEBUG neutron.wsgi [-] (104163) accepted ('10.222.0.40', 44046) {{(pid=104163) server /usr/local/lib/python3.8/dist-packages/eventlet/wsgi.py:1004}}
Jul 06 15:15:16.567850 dv-cinder-835384-13-iscsi neutron-server[104163]: DEBUG neutron_lib.callbacks.manager [None req-13a25aba-4cdc-4747-9756-031155fc404c admin admin] Publish callbacks [] for security_group (None), before_create {{(pid=104163) _notify_loop /usr/local/lib/python3.8/dist-packages/neutron_lib/callbacks/manager.py:176}}
Jul 06 15:15:16.664700 dv-cinder-835384-13-iscsi neutron-server[104163]: DEBUG neutron.pecan_wsgi.hooks.policy_enforcement [req-f044b4ac-bb56-425f-a801-5977c1590c31 req-be670148-1398-4a4c-b6d4-05975f2c4a4a tempest-ServerRescueNegativeTestJSON-23357961 tempest-ServerRescueNegativeTestJSON-23357961-project] Attributes excluded by policy engine: ['standard_attr_id', 'binding:profile', 'binding:host_id', 'binding:vif_type', 'binding:vif_details'] {{(pid=104163) _exclude_attributes_by_policy /opt/stack/neutron/neutron/pecan_wsgi/hooks/policy_enforcement.py:259}}
Jul 06 15:15:16.666371 dv-cinder-835384-13-iscsi neutron-server[104163]: INFO neutron.wsgi [req-f044b4ac-bb56-425f-a801-5977c1590c31 req-be670148-1398-4a4c-b6d4-05975f2c4a4a tempest-ServerRescueNegativeTestJSON-23357961 tempest-ServerRescueNegativeTestJSON-23357961-project] 10.222.0.40 "GET /v2.0/ports?device_id=ad15fb73-30a9-4d83-a31d-bb205ded5aa9 HTTP/1.1" status: 200 len: 946 time: 0.0700471
Jul 06 15:15:16.767733 dv-cinder-835384-13-iscsi neutron-server[104162]: DEBUG neutron.pecan_wsgi.hooks.policy_enforcement [req-5dedb931-b444-4eb4-b303-2e2ea2680bde req-ef50cb56-ffbe-4cfb-8fb5-6cb669809ce3 service neutron] Attributes excluded by policy engine: ['standard_attr_id', 'shared'] {{(pid=104162) _exclude_attributes_by_policy /opt/stack/neutron/neutron/pecan_wsgi/hooks/policy_enforcement.py:259}}
Jul 06 15:15:16.769722 dv-cinder-835384-13-iscsi neutron-server[104162]: INFO neutron.wsgi [req-5dedb931-b444-4eb4-b303-2e2ea2680bde req-ef50cb56-ffbe-4cfb-8fb5-6cb669809ce3 service neutron] 10.222.0.33 "GET /v2.0/subnets?id=4e3d385a-dd7e-480e-846d-87ecb5a41405 HTTP/1.1" status: 200 len: 849 time: 0.0575264
Jul 06 15:15:16.770486 dv-cinder-835384-13-iscsi neutron-server[104163]: DEBUG neutron_lib.callbacks.manager [None req-13a25aba-4cdc-4747-9756-031155fc404c admin admin] Publish callbacks [] for security_group (0721360a-8b9f-41b7-9a0e-65392f5379ee), precommit_create {{(pid=104163) _notify_loop /usr/local/lib/python3.8/dist-packages/neutron_lib/callbacks/manager.py:176}}
Jul 06 15:15:16.775903 dv-cinder-835384-13-iscsi neutron-server[104163]: INFO neutron.wsgi [req-f044b4ac-bb56-425f-a801-5977c1590c31 req-8da89731-8e97-4efb-a58c-8737f0788ffd tempest-ServerRescueNegativeTestJSON-23357961 tempest-ServerRescueNegativeTestJSON-23357961-project] 10.222.0.40 "GET /v2.0/security-groups?id=e84e8a59-05b8-47b5-bd1e-f57b319984a0&fields=id&fields=name HTTP/1.1" status: 200 len: 286 time: 0.0985107
Jul 06 15:15:16.792139 dv-cinder-835384-13-iscsi neutron-server[104163]: DEBUG neutron_lib.callbacks.manager [None req-13a25aba-4cdc-4747-9756-031155fc404c admin admin] Publish callbacks ['neutron.plugins.ml2.ovo_rpc._ObjectChangeHandler.handle_event-1947364'] for security_group (0721360a-8b9f-41b7-9a0e-65392f5379ee), after_create {{(pid=104163) _notify_loop /usr/local/lib/python3.8/dist-packages/neutron_lib/callbacks/manager.py:176}}
Jul 06 15:15:16.822657 dv-cinder-835384-13-iscsi neutron-server[104164]: DEBUG neutron.api.rpc.handlers.l3_rpc [None req-b7542516-a6de-4c44-8f27-4f6ce238d2aa None None] New status for floating IP d4f6721f-1b94-4d89-b7a2-9ebd1014aee8: ACTIVE {{(pid=104164) update_floatingip_statuses /opt/stack/neutron/neutron/api/rpc/handlers/l3_rpc.py:269}}
Jul 06 15:15:16.858690 dv-cinder-835384-13-iscsi neutron-server[104162]: DEBUG neutron.pecan_wsgi.hooks.policy_enforcement [req-5dedb931-b444-4eb4-b303-2e2ea2680bde req-d5261024-32de-4b14-8a06-7670b397c4fc service neutron] Attributes excluded by policy engine: ['standard_attr_id'] {{(pid=104162) _exclude_attributes_by_policy /opt/stack/neutron/neutron/pecan_wsgi/hooks/policy_enforcement.py:259}}
Jul 06 15:15:16.860249 dv-cinder-835384-13-iscsi neutron-server[104162]: INFO neutron.wsgi [req-5dedb931-b444-4eb4-b303-2e2ea2680bde req-d5261024-32de-4b14-8a06-7670b397c4fc service neutron] 10.222.0.33 "GET /v2.0/ports?network_id=49562d3f-71cf-486f-8baf-e0504f2fc4c7&device_owner=network%3Adhcp HTTP/1.1" status: 200 len: 1213 time: 0.0817153
Jul 06 15:15:17.007105 dv-cinder-835384-13-iscsi neutron-server[104162]: INFO neutron.wsgi [req-5dedb931-b444-4eb4-b303-2e2ea2680bde req-7c057fa8-0d34-4f15-917c-2d981ee788bb service neutron] 10.222.0.33 "GET /v2.0/networks/49562d3f-71cf-486f-8baf-e0504f2fc4c7?fields=segments HTTP/1.1" status: 200 len: 212 time: 0.1362939
Jul 06 15:15:17.072964 dv-cinder-835384-13-iscsi neutron-server[104163]: INFO neutron.wsgi [None req-13a25aba-4cdc-4747-9756-031155fc404c admin admin] 10.222.0.40 "GET /v2.0/security-groups?tenant_id=c0d4789e82084a83a84c8fad5604f77e&name=default HTTP/1.1" status: 200 len: 2996 time: 0.5193973
Jul 06 15:15:17.084827 dv-cinder-835384-13-iscsi neutron-server[104163]: DEBUG neutron.wsgi [-] (104163) accepted ('10.222.0.40', 44064) {{(pid=104163) server /usr/local/lib/python3.8/dist-packages/eventlet/wsgi.py:1004}}
Jul 06 15:15:17.096507 dv-cinder-835384-13-iscsi neutron-server[104163]: DEBUG neutron.api.rpc.handlers.resources_rpc [None req-13a25aba-4cdc-4747-9756-031155fc404c admin admin] Pushing event updated for resources: {'SecurityGroup': ['ID=0721360a-8b9f-41b7-9a0e-65392f5379ee,revision_number=1']} {{(pid=104163) push /opt/stack/neutron/neutron/api/rpc/handlers/resources_rpc.py:237}}
Jul 06 15:15:17.114802 dv-cinder-835384-13-iscsi neutron-server[104163]: INFO neutron.wsgi [req-7c8b011d-c464-4c05-a09b-ffd0cd24c94f req-ee4c9680-97ab-4d67-b629-39e9e6eda961 service neutron] 10.222.0.33 "GET /v2.0/networks/4a428f02-7ece-473a-8a97-1d977231045b?fields=provider%3Aphysical_network&fields=provider%3Anetwork_type HTTP/1.1" status: 200 len: 281 time: 0.3940763
Jul 06 15:15:17.131970 dv-cinder-835384-13-iscsi neutron-server[104162]: DEBUG dbcounter [-] [104162] Writing DB stats neutron:SELECT=92,neutron:INSERT=7,neutron:UPDATE=1 {{(pid=104162) stat_writer /usr/local/lib/python3.8/dist-packages/dbcounter.py:114}}
Jul 06 15:15:17.145265 dv-cinder-835384-13-iscsi neutron-server[104164]: DEBUG neutron.plugins.ml2.db [None req-3ad83d96-9153-4c30-ae45-e3515d56e61a None None] get_ports_and_sgs() called for port_ids ['50bcb4d3-4624-4728-a2c0-40d4178b7c9a'] {{(pid=104164) get_ports_and_sgs /opt/stack/neutron/neutron/plugins/ml2/db.py:156}}
Jul 06 15:15:17.171964 dv-cinder-835384-13-iscsi neutron-server[104162]: INFO neutron.wsgi [req-5dedb931-b444-4eb4-b303-2e2ea2680bde req-9fb2e392-4c4e-4dd4-82c8-99fe8656fc5d service neutron] 10.222.0.33 "GET /v2.0/networks/49562d3f-71cf-486f-8baf-e0504f2fc4c7?fields=provider%3Aphysical_network&fields=provider%3Anetwork_type HTTP/1.1" status: 200 len: 281 time: 0.1398766
Jul 06 15:15:17.174340 dv-cinder-835384-13-iscsi neutron-server[104163]: DEBUG neutron_lib.callbacks.manager [None req-94b054fb-aa70-457b-9131-2082e8a2d7cd admin admin] Publish callbacks [] for security_group (0721360a-8b9f-41b7-9a0e-65392f5379ee), before_delete {{(pid=104163) _notify_loop /usr/local/lib/python3.8/dist-packages/neutron_lib/callbacks/manager.py:176}}
Jul 06 15:15:17.196034 dv-cinder-835384-13-iscsi neutron-server[104163]: DEBUG dbcounter [-] [104163] Writing DB stats neutron:SELECT=93,neutron:DELETE=2,neutron:INSERT=5 {{(pid=104163) stat_writer /usr/local/lib/python3.8/dist-packages/dbcounter.py:114}}
Jul 06 15:15:17.220736 dv-cinder-835384-13-iscsi neutron-server[104163]: DEBUG neutron_lib.callbacks.manager [None req-94b054fb-aa70-457b-9131-2082e8a2d7cd admin admin] Publish callbacks [] for security_group (0721360a-8b9f-41b7-9a0e-65392f5379ee), precommit_delete {{(pid=104163) _notify_loop /usr/local/lib/python3.8/dist-packages/neutron_lib/callbacks/manager.py:176}}
Jul 06 15:15:17.270969 dv-cinder-835384-13-iscsi neutron-server[104164]: DEBUG dbcounter [-] [104164] Writing DB stats neutron:SELECT=94,neutron:DELETE=1,neutron:UPDATE=5 {{(pid=104164) stat_writer /usr/local/lib/python3.8/dist-packages/dbcounter.py:114}}
Jul 06 15:15:17.324407 dv-cinder-835384-13-iscsi neutron-server[104163]: DEBUG neutron_lib.callbacks.manager [None req-94b054fb-aa70-457b-9131-2082e8a2d7cd admin admin] Publish callbacks ['neutron.plugins.ml2.ovo_rpc._ObjectChangeHandler.handle_event-1947364'] for security_group (0721360a-8b9f-41b7-9a0e-65392f5379ee), after_delete {{(pid=104163) _notify_loop /usr/local/lib/python3.8/dist-packages/neutron_lib/callbacks/manager.py:176}}
Jul 06 15:15:17.329463 dv-cinder-835384-13-iscsi neutron-server[104163]: DEBUG neutron_lib.callbacks.manager [None req-94b054fb-aa70-457b-9131-2082e8a2d7cd admin admin] Publish callbacks [] for security_group (None), before_response {{(pid=104163) _notify_loop /usr/local/lib/python3.8/dist-packages/neutron_lib/callbacks/manager.py:176}}
Jul 06 15:15:17.331129 dv-cinder-835384-13-iscsi neutron-server[104163]: INFO neutron.wsgi [None req-94b054fb-aa70-457b-9131-2082e8a2d7cd admin admin] 10.222.0.40 "DELETE /v2.0/security-groups/0721360a-8b9f-41b7-9a0e-65392f5379ee HTTP/1.1" status: 204 len: 168 time: 0.2452867
Jul 06 15:15:17.347538 dv-cinder-835384-13-iscsi neutron-server[104163]: DEBUG neutron.api.rpc.handlers.resources_rpc [None req-94b054fb-aa70-457b-9131-2082e8a2d7cd admin admin] Pushing event deleted for resources: {'SecurityGroup': ['ID=0721360a-8b9f-41b7-9a0e-65392f5379ee,revision_number=None']} {{(pid=104163) push /opt/stack/neutron/neutron/api/rpc/handlers/resources_rpc.py:237}}
Jul 06 15:15:17.512829 dv-cinder-835384-13-iscsi neutron-server[104163]: DEBUG neutron.pecan_wsgi.hooks.policy_enforcement [req-714470d7-1c4c-4c06-b56a-902e27d74ad9 req-ca306ada-9e93-47f0-8cad-33e923b1e713 tempest-AttachVolumeShelveTestJSON-587354510 tempest-AttachVolumeShelveTestJSON-587354510-project] Attributes excluded by policy engine: ['standard_attr_id', 'binding:profile', 'binding:host_id', 'binding:vif_type', 'binding:vif_details'] {{(pid=104163) _exclude_attributes_by_policy /opt/stack/neutron/neutron/pecan_wsgi/hooks/policy_enforcement.py:259}}
Jul 06 15:15:17.522130 dv-cinder-835384-13-iscsi neutron-server[104163]: INFO neutron.wsgi [req-714470d7-1c4c-4c06-b56a-902e27d74ad9 req-ca306ada-9e93-47f0-8cad-33e923b1e713 tempest-AttachVolumeShelveTestJSON-587354510 tempest-AttachVolumeShelveTestJSON-587354510-project] 10.222.0.40 "GET /v2.0/ports?device_id=b683dda2-5964-4889-b736-f637e76897cb HTTP/1.1" status: 200 len: 945 time: 0.0704267
Jul 06 15:15:17.602535 dv-cinder-835384-13-iscsi neutron-server[104163]: INFO neutron.wsgi [req-88736397-3a63-4ac8-a30b-51037f052f0d req-0cc71a44-398d-4b20-bd69-abf69e2202e8 service neutron] 10.222.0.33 "GET /v2.0/ports?device_id=bf3dd6f1-146e-45f0-97b6-5af84a4a3aad&fields=binding%3Ahost_id&fields=binding%3Avif_type HTTP/1.1" status: 200 len: 275 time: 0.0780470
Jul 06 15:15:17.620442 dv-cinder-835384-13-iscsi neutron-server[104163]: INFO neutron.wsgi [req-714470d7-1c4c-4c06-b56a-902e27d74ad9 req-c4ab31da-7a10-40aa-8d52-6edf27dab79e tempest-AttachVolumeShelveTestJSON-587354510 tempest-AttachVolumeShelveTestJSON-587354510-project] 10.222.0.40 "GET /v2.0/security-groups?id=0dc6cfa0-ac18-4d16-89e9-cbf74e8b1bdf&fields=id&fields=name HTTP/1.1" status: 200 len: 313 time: 0.0973840
Jul 06 15:15:17.913668 dv-cinder-835384-13-iscsi neutron-server[104163]: DEBUG neutron.pecan_wsgi.hooks.policy_enforcement [req-2610b3f2-2ae0-4481-8bd7-7bb727e88628 req-c9d4ac83-e116-4769-838b-c1082fc643ec tempest-ServerRescueNegativeTestJSON-23357961 tempest-ServerRescueNegativeTestJSON-23357961-project] Attributes excluded by policy engine: ['standard_attr_id', 'binding:profile', 'binding:host_id', 'binding:vif_type', 'binding:vif_details'] {{(pid=104163) _exclude_attributes_by_policy /opt/stack/neutron/neutron/pecan_wsgi/hooks/policy_enforcement.py:259}}
Jul 06 15:15:17.915206 dv-cinder-835384-13-iscsi neutron-server[104163]: INFO neutron.wsgi [req-2610b3f2-2ae0-4481-8bd7-7bb727e88628 req-c9d4ac83-e116-4769-838b-c1082fc643ec tempest-ServerRescueNegativeTestJSON-23357961 tempest-ServerRescueNegativeTestJSON-23357961-project] 10.222.0.40 "GET /v2.0/ports?device_id=ad15fb73-30a9-4d83-a31d-bb205ded5aa9 HTTP/1.1" status: 200 len: 946 time: 0.0545204
Jul 06 15:15:17.969501 dv-cinder-835384-13-iscsi neutron-server[104163]: INFO neutron.wsgi [req-2610b3f2-2ae0-4481-8bd7-7bb727e88628 req-96e0aa23-4378-4c84-aee8-904df609f268 tempest-ServerRescueNegativeTestJSON-23357961 tempest-ServerRescueNegativeTestJSON-23357961-project] 10.222.0.40 "GET /v2.0/security-groups?id=e84e8a59-05b8-47b5-bd1e-f57b319984a0&fields=id&fields=name HTTP/1.1" status: 200 len: 286 time: 0.0476298
Jul 06 15:15:18.001014 dv-cinder-835384-13-iscsi neutron-server[104162]: DEBUG neutron.wsgi [-] (104162) accepted ('10.222.0.40', 44120) {{(pid=104162) server /usr/local/lib/python3.8/dist-packages/eventlet/wsgi.py:1004}}
Jul 06 15:15:18.207342 dv-cinder-835384-13-iscsi neutron-server[104162]: DEBUG neutron_lib.callbacks.manager [None req-71da560c-5aec-47fa-9f57-e2fc523c95b3 admin admin] Publish callbacks [] for security_group (None), before_create {{(pid=104162) _notify_loop /usr/local/lib/python3.8/dist-packages/neutron_lib/callbacks/manager.py:176}}
Jul 06 15:15:18.282868 dv-cinder-835384-13-iscsi neutron-server[104163]: DEBUG neutron.pecan_wsgi.hooks.policy_enforcement [req-bf572b1b-b68c-46a0-9420-24924671cc55 req-e1712ff7-ccec-4baf-ad92-bc904aeb8310 tempest-ServerRescueNegativeTestJSON-23357961 tempest-ServerRescueNegativeTestJSON-23357961-project] Attributes excluded by policy engine: ['standard_attr_id', 'binding:profile', 'binding:host_id', 'binding:vif_type', 'binding:vif_details'] {{(pid=104163) _exclude_attributes_by_policy /opt/stack/neutron/neutron/pecan_wsgi/hooks/policy_enforcement.py:259}}
Jul 06 15:15:18.291587 dv-cinder-835384-13-iscsi neutron-server[104163]: INFO neutron.wsgi [req-bf572b1b-b68c-46a0-9420-24924671cc55 req-e1712ff7-ccec-4baf-ad92-bc904aeb8310 tempest-ServerRescueNegativeTestJSON-23357961 tempest-ServerRescueNegativeTestJSON-23357961-project] 10.222.0.40 "GET /v2.0/ports?device_id=ad15fb73-30a9-4d83-a31d-bb205ded5aa9 HTTP/1.1" status: 200 len: 946 time: 0.0668595
Jul 06 15:15:18.321942 dv-cinder-835384-13-iscsi neutron-server[104163]: DEBUG dbcounter [-] [104163] Writing DB stats neutron:SELECT=92,neutron:INSERT=6,neutron:UPDATE=1,neutron:DELETE=1 {{(pid=104163) stat_writer /usr/local/lib/python3.8/dist-packages/dbcounter.py:114}}
Jul 06 15:15:18.343711 dv-cinder-835384-13-iscsi neutron-server[104163]: INFO neutron.wsgi [req-bf572b1b-b68c-46a0-9420-24924671cc55 req-839c5293-5ca2-4759-9577-278b4ca0151d tempest-ServerRescueNegativeTestJSON-23357961 tempest-ServerRescueNegativeTestJSON-23357961-project] 10.222.0.40 "GET /v2.0/security-groups?id=e84e8a59-05b8-47b5-bd1e-f57b319984a0&fields=id&fields=name HTTP/1.1" status: 200 len: 286 time: 0.0510118
Jul 06 15:15:18.347984 dv-cinder-835384-13-iscsi neutron-server[104162]: DEBUG dbcounter [-] [104162] Writing DB stats neutron:SELECT=91,neutron:DELETE=4,neutron:INSERT=5 {{(pid=104162) stat_writer /usr/local/lib/python3.8/dist-packages/dbcounter.py:114}}
Jul 06 15:15:18.353555 dv-cinder-835384-13-iscsi neutron-server[104162]: DEBUG neutron_lib.callbacks.manager [None req-71da560c-5aec-47fa-9f57-e2fc523c95b3 admin admin] Publish callbacks [] for security_group (890a206d-543d-462c-b4cb-0fb5113f8325), precommit_create {{(pid=104162) _notify_loop /usr/local/lib/python3.8/dist-packages/neutron_lib/callbacks/manager.py:176}}
Jul 06 15:15:18.363273 dv-cinder-835384-13-iscsi neutron-server[104162]: DEBUG neutron_lib.callbacks.manager [None req-71da560c-5aec-47fa-9f57-e2fc523c95b3 admin admin] Publish callbacks ['neutron.plugins.ml2.ovo_rpc._ObjectChangeHandler.handle_event-1947364'] for security_group (890a206d-543d-462c-b4cb-0fb5113f8325), after_create {{(pid=104162) _notify_loop /usr/local/lib/python3.8/dist-packages/neutron_lib/callbacks/manager.py:176}}
Jul 06 15:15:18.424246 dv-cinder-835384-13-iscsi neutron-server[104162]: INFO neutron.wsgi [None req-71da560c-5aec-47fa-9f57-e2fc523c95b3 admin admin] 10.222.0.40 "GET /v2.0/security-groups?tenant_id=200ccee2754f40c68c4d6b968e3156a0&name=default HTTP/1.1" status: 200 len: 2996 time: 0.4193630
Jul 06 15:15:18.424246 dv-cinder-835384-13-iscsi neutron-server[104162]: DEBUG neutron.api.rpc.handlers.resources_rpc [None req-71da560c-5aec-47fa-9f57-e2fc523c95b3 admin admin] Pushing event updated for resources: {'SecurityGroup': ['ID=890a206d-543d-462c-b4cb-0fb5113f8325,revision_number=1']} {{(pid=104162) push /opt/stack/neutron/neutron/api/rpc/handlers/resources_rpc.py:237}}
Jul 06 15:15:18.425307 dv-cinder-835384-13-iscsi neutron-server[104163]: DEBUG neutron.wsgi [-] (104163) accepted ('10.222.0.40', 44140) {{(pid=104163) server /usr/local/lib/python3.8/dist-packages/eventlet/wsgi.py:1004}}
Jul 06 15:15:18.481101 dv-cinder-835384-13-iscsi neutron-server[104163]: DEBUG neutron_lib.callbacks.manager [None req-7bf92a08-d7e9-4ab9-9cf7-13045a6c1483 admin admin] Publish callbacks [] for security_group (890a206d-543d-462c-b4cb-0fb5113f8325), before_delete {{(pid=104163) _notify_loop /usr/local/lib/python3.8/dist-packages/neutron_lib/callbacks/manager.py:176}}
Jul 06 15:15:18.503799 dv-cinder-835384-13-iscsi neutron-server[104163]: DEBUG neutron_lib.callbacks.manager [None req-7bf92a08-d7e9-4ab9-9cf7-13045a6c1483 admin admin] Publish callbacks [] for security_group (890a206d-543d-462c-b4cb-0fb5113f8325), precommit_delete {{(pid=104163) _notify_loop /usr/local/lib/python3.8/dist-packages/neutron_lib/callbacks/manager.py:176}}
Jul 06 15:15:18.572495 dv-cinder-835384-13-iscsi neutron-server[104164]: DEBUG neutron.plugins.ml2.rpc [None req-3ad83d96-9153-4c30-ae45-e3515d56e61a None None] Device 50bcb4d3-4624-4728-a2c0-40d4178b7c9a up at agent hyperv_hv-cinder-83538 {{(pid=104164) update_device_up /opt/stack/neutron/neutron/plugins/ml2/rpc.py:296}}
Jul 06 15:15:18.607790 dv-cinder-835384-13-iscsi neutron-server[104163]: DEBUG neutron.pecan_wsgi.hooks.policy_enforcement [req-88736397-3a63-4ac8-a30b-51037f052f0d req-ad42f9ac-3b15-4417-abca-86c91b8e7edc service neutron] Attributes excluded by policy engine: ['standard_attr_id'] {{(pid=104163) _exclude_attributes_by_policy /opt/stack/neutron/neutron/pecan_wsgi/hooks/policy_enforcement.py:259}}
Jul 06 15:15:18.609590 dv-cinder-835384-13-iscsi neutron-server[104163]: INFO neutron.wsgi [req-88736397-3a63-4ac8-a30b-51037f052f0d req-ad42f9ac-3b15-4417-abca-86c91b8e7edc service neutron] 10.222.0.33 "GET /v2.0/ports?tenant_id=b7f5c489db974da985605a75fb674f2c&device_id=bf3dd6f1-146e-45f0-97b6-5af84a4a3aad HTTP/1.1" status: 200 len: 1129 time: 0.0482471
Jul 06 15:15:18.610888 dv-cinder-835384-13-iscsi neutron-server[104163]: DEBUG neutron_lib.callbacks.manager [None req-7bf92a08-d7e9-4ab9-9cf7-13045a6c1483 admin admin] Publish callbacks ['neutron.plugins.ml2.ovo_rpc._ObjectChangeHandler.handle_event-1947364'] for security_group (890a206d-543d-462c-b4cb-0fb5113f8325), after_delete {{(pid=104163) _notify_loop /usr/local/lib/python3.8/dist-packages/neutron_lib/callbacks/manager.py:176}}
Jul 06 15:15:18.613625 dv-cinder-835384-13-iscsi neutron-server[104163]: DEBUG neutron_lib.callbacks.manager [None req-7bf92a08-d7e9-4ab9-9cf7-13045a6c1483 admin admin] Publish callbacks [] for security_group (None), before_response {{(pid=104163) _notify_loop /usr/local/lib/python3.8/dist-packages/neutron_lib/callbacks/manager.py:176}}
Jul 06 15:15:18.617667 dv-cinder-835384-13-iscsi neutron-server[104163]: INFO neutron.wsgi [None req-7bf92a08-d7e9-4ab9-9cf7-13045a6c1483 admin admin] 10.222.0.40 "DELETE /v2.0/security-groups/890a206d-543d-462c-b4cb-0fb5113f8325 HTTP/1.1" status: 204 len: 168 time: 0.1912763
Jul 06 15:15:18.618323 dv-cinder-835384-13-iscsi neutron-server[104164]: DEBUG neutron.db.provisioning_blocks [None req-3ad83d96-9153-4c30-ae45-e3515d56e61a None None] Provisioning for port 50bcb4d3-4624-4728-a2c0-40d4178b7c9a completed by entity L2. {{(pid=104164) provisioning_complete /opt/stack/neutron/neutron/db/provisioning_blocks.py:137}}
Jul 06 15:15:18.628102 dv-cinder-835384-13-iscsi neutron-server[104164]: DEBUG neutron.db.provisioning_blocks [None req-3ad83d96-9153-4c30-ae45-e3515d56e61a None None] Provisioning complete for port 50bcb4d3-4624-4728-a2c0-40d4178b7c9a triggered by entity L2. {{(pid=104164) provisioning_complete /opt/stack/neutron/neutron/db/provisioning_blocks.py:145}}
Jul 06 15:15:18.628522 dv-cinder-835384-13-iscsi neutron-server[104164]: DEBUG neutron_lib.callbacks.manager [None req-3ad83d96-9153-4c30-ae45-e3515d56e61a None None] Publish callbacks ['neutron.plugins.ml2.plugin.Ml2Plugin._port_provisioned-893765'] for port (50bcb4d3-4624-4728-a2c0-40d4178b7c9a), provisioning_complete {{(pid=104164) _notify_loop /usr/local/lib/python3.8/dist-packages/neutron_lib/callbacks/manager.py:176}}
Jul 06 15:15:18.628625 dv-cinder-835384-13-iscsi neutron-server[104163]: DEBUG neutron.api.rpc.handlers.resources_rpc [None req-7bf92a08-d7e9-4ab9-9cf7-13045a6c1483 admin admin] Pushing event deleted for resources: {'SecurityGroup': ['ID=890a206d-543d-462c-b4cb-0fb5113f8325,revision_number=None']} {{(pid=104163) push /opt/stack/neutron/neutron/api/rpc/handlers/resources_rpc.py:237}}
Jul 06 15:15:18.744866 dv-cinder-835384-13-iscsi neutron-server[104164]: DEBUG neutron.plugins.ml2.plugin [None req-3ad83d96-9153-4c30-ae45-e3515d56e61a None None] Current status of the port 50bcb4d3-4624-4728-a2c0-40d4178b7c9a is: BUILD; New status is: ACTIVE {{(pid=104164) _update_individual_port_db_status /opt/stack/neutron/neutron/plugins/ml2/plugin.py:2292}}
Jul 06 15:15:18.745426 dv-cinder-835384-13-iscsi neutron-server[104164]: DEBUG neutron_lib.callbacks.manager [None req-3ad83d96-9153-4c30-ae45-e3515d56e61a None None] Publish callbacks ['neutron.plugins.ml2.plugin.SecurityGroupDbMixin._ensure_default_security_group_handler-918769'] for port (50bcb4d3-4624-4728-a2c0-40d4178b7c9a), before_update {{(pid=104164) _notify_loop /usr/local/lib/python3.8/dist-packages/neutron_lib/callbacks/manager.py:176}}
