Jun 23 17:11:12.185312 dv-cinder-835384-10-iscsi devstack@n-api.service[117897]: DEBUG nova.api.openstack.wsgi_app [-] oslo_messaging_rabbit.rabbit_ha_queues = False {{(pid=117897) log_opt_values /usr/local/lib/python3.8/dist-packages/oslo_config/cfg.py:2609}}
Jun 23 17:11:12.185625 dv-cinder-835384-10-iscsi devstack@n-api.service[117897]: DEBUG nova.api.openstack.wsgi_app [-] oslo_messaging_rabbit.rabbit_interval_max = 30 {{(pid=117897) log_opt_values /usr/local/lib/python3.8/dist-packages/oslo_config/cfg.py:2609}}
Jun 23 17:11:12.185979 dv-cinder-835384-10-iscsi devstack@n-api.service[117897]: DEBUG nova.api.openstack.wsgi_app [-] oslo_messaging_rabbit.rabbit_login_method = AMQPLAIN {{(pid=117897) log_opt_values /usr/local/lib/python3.8/dist-packages/oslo_config/cfg.py:2609}}
Jun 23 17:11:12.186298 dv-cinder-835384-10-iscsi devstack@n-api.service[117897]: DEBUG nova.api.openstack.wsgi_app [-] oslo_messaging_rabbit.rabbit_qos_prefetch_count = 0 {{(pid=117897) log_opt_values /usr/local/lib/python3.8/dist-packages/oslo_config/cfg.py:2609}}
Jun 23 17:11:12.186610 dv-cinder-835384-10-iscsi devstack@n-api.service[117897]: DEBUG nova.api.openstack.wsgi_app [-] oslo_messaging_rabbit.rabbit_quorum_queue = False {{(pid=117897) log_opt_values /usr/local/lib/python3.8/dist-packages/oslo_config/cfg.py:2609}}
Jun 23 17:11:12.186932 dv-cinder-835384-10-iscsi devstack@n-api.service[117897]: DEBUG nova.api.openstack.wsgi_app [-] oslo_messaging_rabbit.rabbit_retry_backoff = 2 {{(pid=117897) log_opt_values /usr/local/lib/python3.8/dist-packages/oslo_config/cfg.py:2609}}
Jun 23 17:11:12.187249 dv-cinder-835384-10-iscsi devstack@n-api.service[117897]: DEBUG nova.api.openstack.wsgi_app [-] oslo_messaging_rabbit.rabbit_retry_interval = 1 {{(pid=117897) log_opt_values /usr/local/lib/python3.8/dist-packages/oslo_config/cfg.py:2609}}
Jun 23 17:11:12.187563 dv-cinder-835384-10-iscsi devstack@n-api.service[117897]: DEBUG nova.api.openstack.wsgi_app [-] oslo_messaging_rabbit.rabbit_transient_queues_ttl = 1800 {{(pid=117897) log_opt_values /usr/local/lib/python3.8/dist-packages/oslo_config/cfg.py:2609}}
Jun 23 17:11:12.187881 dv-cinder-835384-10-iscsi devstack@n-api.service[117897]: DEBUG nova.api.openstack.wsgi_app [-] oslo_messaging_rabbit.rpc_conn_pool_size = 30 {{(pid=117897) log_opt_values /usr/local/lib/python3.8/dist-packages/oslo_config/cfg.py:2609}}
Jun 23 17:11:12.188200 dv-cinder-835384-10-iscsi devstack@n-api.service[117897]: DEBUG nova.api.openstack.wsgi_app [-] oslo_messaging_rabbit.ssl = False {{(pid=117897) log_opt_values /usr/local/lib/python3.8/dist-packages/oslo_config/cfg.py:2609}}
Jun 23 17:11:12.188534 dv-cinder-835384-10-iscsi devstack@n-api.service[117897]: DEBUG nova.api.openstack.wsgi_app [-] oslo_messaging_rabbit.ssl_ca_file = {{(pid=117897) log_opt_values /usr/local/lib/python3.8/dist-packages/oslo_config/cfg.py:2609}}
Jun 23 17:11:12.188862 dv-cinder-835384-10-iscsi devstack@n-api.service[117897]: DEBUG nova.api.openstack.wsgi_app [-] oslo_messaging_rabbit.ssl_cert_file = {{(pid=117897) log_opt_values /usr/local/lib/python3.8/dist-packages/oslo_config/cfg.py:2609}}
Jun 23 17:11:12.189175 dv-cinder-835384-10-iscsi devstack@n-api.service[117897]: DEBUG nova.api.openstack.wsgi_app [-] oslo_messaging_rabbit.ssl_enforce_fips_mode = False {{(pid=117897) log_opt_values /usr/local/lib/python3.8/dist-packages/oslo_config/cfg.py:2609}}
Jun 23 17:11:12.189503 dv-cinder-835384-10-iscsi devstack@n-api.service[117897]: DEBUG nova.api.openstack.wsgi_app [-] oslo_messaging_rabbit.ssl_key_file = {{(pid=117897) log_opt_values /usr/local/lib/python3.8/dist-packages/oslo_config/cfg.py:2609}}
Jun 23 17:11:12.189852 dv-cinder-835384-10-iscsi devstack@n-api.service[117897]: DEBUG nova.api.openstack.wsgi_app [-] oslo_messaging_rabbit.ssl_version = {{(pid=117897) log_opt_values /usr/local/lib/python3.8/dist-packages/oslo_config/cfg.py:2609}}
Jun 23 17:11:12.190205 dv-cinder-835384-10-iscsi devstack@n-api.service[117897]: DEBUG nova.api.openstack.wsgi_app [-] oslo_messaging_notifications.driver = ['messagingv2'] {{(pid=117897) log_opt_values /usr/local/lib/python3.8/dist-packages/oslo_config/cfg.py:2609}}
Jun 23 17:11:12.190859 dv-cinder-835384-10-iscsi devstack@n-api.service[117897]: DEBUG nova.api.openstack.wsgi_app [-] oslo_messaging_notifications.retry = -1 {{(pid=117897) log_opt_values /usr/local/lib/python3.8/dist-packages/oslo_config/cfg.py:2609}}
Jun 23 17:11:12.191213 dv-cinder-835384-10-iscsi devstack@n-api.service[117897]: DEBUG nova.api.openstack.wsgi_app [-] oslo_messaging_notifications.topics = ['notifications'] {{(pid=117897) log_opt_values /usr/local/lib/python3.8/dist-packages/oslo_config/cfg.py:2609}}
Jun 23 17:11:12.191547 dv-cinder-835384-10-iscsi devstack@n-api.service[117897]: DEBUG nova.api.openstack.wsgi_app [-] oslo_messaging_notifications.transport_url = **** {{(pid=117897) log_opt_values /usr/local/lib/python3.8/dist-packages/oslo_config/cfg.py:2609}}
Jun 23 17:11:12.192409 dv-cinder-835384-10-iscsi devstack@n-api.service[117897]: DEBUG nova.api.openstack.wsgi_app [-] oslo_reports.file_event_handler = None {{(pid=117897) log_opt_values /usr/local/lib/python3.8/dist-packages/oslo_config/cfg.py:2609}}
Jun 23 17:11:12.192742 dv-cinder-835384-10-iscsi devstack@n-api.service[117897]: DEBUG nova.api.openstack.wsgi_app [-] oslo_reports.file_event_handler_interval = 1 {{(pid=117897) log_opt_values /usr/local/lib/python3.8/dist-packages/oslo_config/cfg.py:2609}}
Jun 23 17:11:12.193053 dv-cinder-835384-10-iscsi devstack@n-api.service[117897]: DEBUG nova.api.openstack.wsgi_app [-] oslo_reports.log_dir = None {{(pid=117897) log_opt_values /usr/local/lib/python3.8/dist-packages/oslo_config/cfg.py:2609}}
Jun 23 17:11:12.193301 dv-cinder-835384-10-iscsi devstack@n-api.service[117897]: DEBUG nova.api.openstack.wsgi_app [-] ******************************************************************************** {{(pid=117897) log_opt_values /usr/local/lib/python3.8/dist-packages/oslo_config/cfg.py:2613}}
Jun 23 17:11:12.236440 dv-cinder-835384-10-iscsi devstack@n-api.service[117896]: INFO dbcounter [None req-885f9465-5f14-4e96-b482-c44c3f2cb826 None None] Registered counter for database nova_api
Jun 23 17:11:12.257517 dv-cinder-835384-10-iscsi devstack@n-api.service[117897]: INFO dbcounter [None req-d1e63a39-dcf5-40ed-80bf-195c73803a89 None None] Registered counter for database nova_api
Jun 23 17:11:12.257775 dv-cinder-835384-10-iscsi devstack@n-api.service[117896]: DEBUG oslo_db.sqlalchemy.engines [None req-885f9465-5f14-4e96-b482-c44c3f2cb826 None None] MySQL server mode set to STRICT_TRANS_TABLES,STRICT_ALL_TABLES,NO_ZERO_IN_DATE,NO_ZERO_DATE,ERROR_FOR_DIVISION_BY_ZERO,TRADITIONAL,NO_ENGINE_SUBSTITUTION {{(pid=117896) _check_effective_sql_mode /usr/local/lib/python3.8/dist-packages/oslo_db/sqlalchemy/engines.py:314}}
Jun 23 17:11:12.264142 dv-cinder-835384-10-iscsi devstack@n-api.service[117896]: DEBUG dbcounter [-] [117896] Writer thread running {{(pid=117896) stat_writer /usr/local/lib/python3.8/dist-packages/dbcounter.py:99}}
Jun 23 17:11:12.278714 dv-cinder-835384-10-iscsi devstack@n-api.service[117897]: DEBUG oslo_db.sqlalchemy.engines [None req-d1e63a39-dcf5-40ed-80bf-195c73803a89 None None] MySQL server mode set to STRICT_TRANS_TABLES,STRICT_ALL_TABLES,NO_ZERO_IN_DATE,NO_ZERO_DATE,ERROR_FOR_DIVISION_BY_ZERO,TRADITIONAL,NO_ENGINE_SUBSTITUTION {{(pid=117897) _check_effective_sql_mode /usr/local/lib/python3.8/dist-packages/oslo_db/sqlalchemy/engines.py:314}}
Jun 23 17:11:12.286945 dv-cinder-835384-10-iscsi devstack@n-api.service[117897]: DEBUG dbcounter [-] [117897] Writer thread running {{(pid=117897) stat_writer /usr/local/lib/python3.8/dist-packages/dbcounter.py:99}}
Jun 23 17:11:12.324646 dv-cinder-835384-10-iscsi devstack@n-api.service[117896]: DEBUG nova.context [None req-885f9465-5f14-4e96-b482-c44c3f2cb826 None None] Found 2 cells: 00000000-0000-0000-0000-000000000000(cell0),d03b830d-8c4e-49e2-9a0f-91b2a277455e(cell1) {{(pid=117896) load_cells /opt/stack/nova/nova/context.py:464}}
Jun 23 17:11:12.328787 dv-cinder-835384-10-iscsi devstack@n-api.service[117896]: DEBUG oslo_concurrency.lockutils [None req-885f9465-5f14-4e96-b482-c44c3f2cb826 None None] Lock "00000000-0000-0000-0000-000000000000" acquired by "nova.context.set_target_cell..get_or_set_cached_cell_and_set_connections" :: waited 0.000s {{(pid=117896) inner /usr/local/lib/python3.8/dist-packages/oslo_concurrency/lockutils.py:386}}
Jun 23 17:11:12.330408 dv-cinder-835384-10-iscsi devstack@n-api.service[117896]: DEBUG oslo_concurrency.lockutils [None req-885f9465-5f14-4e96-b482-c44c3f2cb826 None None] Lock "00000000-0000-0000-0000-000000000000" "released" by "nova.context.set_target_cell..get_or_set_cached_cell_and_set_connections" :: held 0.002s {{(pid=117896) inner /usr/local/lib/python3.8/dist-packages/oslo_concurrency/lockutils.py:400}}
Jun 23 17:11:12.331203 dv-cinder-835384-10-iscsi devstack@n-api.service[117896]: DEBUG oslo_concurrency.lockutils [None req-885f9465-5f14-4e96-b482-c44c3f2cb826 None None] Lock "d03b830d-8c4e-49e2-9a0f-91b2a277455e" acquired by "nova.context.set_target_cell..get_or_set_cached_cell_and_set_connections" :: waited 0.000s {{(pid=117896) inner /usr/local/lib/python3.8/dist-packages/oslo_concurrency/lockutils.py:386}}
Jun 23 17:11:12.333581 dv-cinder-835384-10-iscsi devstack@n-api.service[117896]: DEBUG oslo_concurrency.lockutils [None req-885f9465-5f14-4e96-b482-c44c3f2cb826 None None] Lock "d03b830d-8c4e-49e2-9a0f-91b2a277455e" "released" by "nova.context.set_target_cell..get_or_set_cached_cell_and_set_connections" :: held 0.002s {{(pid=117896) inner /usr/local/lib/python3.8/dist-packages/oslo_concurrency/lockutils.py:400}}
Jun 23 17:11:12.335607 dv-cinder-835384-10-iscsi devstack@n-api.service[117896]: INFO dbcounter [None req-885f9465-5f14-4e96-b482-c44c3f2cb826 None None] Registered counter for database nova_cell0
Jun 23 17:11:12.339677 dv-cinder-835384-10-iscsi devstack@n-api.service[117896]: INFO dbcounter [None req-885f9465-5f14-4e96-b482-c44c3f2cb826 None None] Registered counter for database nova_cell1
Jun 23 17:11:12.346705 dv-cinder-835384-10-iscsi devstack@n-api.service[117897]: DEBUG nova.context [None req-d1e63a39-dcf5-40ed-80bf-195c73803a89 None None] Found 2 cells: 00000000-0000-0000-0000-000000000000(cell0),d03b830d-8c4e-49e2-9a0f-91b2a277455e(cell1) {{(pid=117897) load_cells /opt/stack/nova/nova/context.py:464}}
Jun 23 17:11:12.346988 dv-cinder-835384-10-iscsi devstack@n-api.service[117896]: DEBUG oslo_db.sqlalchemy.engines [None req-885f9465-5f14-4e96-b482-c44c3f2cb826 None None] MySQL server mode set to STRICT_TRANS_TABLES,STRICT_ALL_TABLES,NO_ZERO_IN_DATE,NO_ZERO_DATE,ERROR_FOR_DIVISION_BY_ZERO,TRADITIONAL,NO_ENGINE_SUBSTITUTION {{(pid=117896) _check_effective_sql_mode /usr/local/lib/python3.8/dist-packages/oslo_db/sqlalchemy/engines.py:314}}
Jun 23 17:11:12.349608 dv-cinder-835384-10-iscsi devstack@n-api.service[117896]: DEBUG oslo_db.sqlalchemy.engines [None req-885f9465-5f14-4e96-b482-c44c3f2cb826 None None] MySQL server mode set to STRICT_TRANS_TABLES,STRICT_ALL_TABLES,NO_ZERO_IN_DATE,NO_ZERO_DATE,ERROR_FOR_DIVISION_BY_ZERO,TRADITIONAL,NO_ENGINE_SUBSTITUTION {{(pid=117896) _check_effective_sql_mode /usr/local/lib/python3.8/dist-packages/oslo_db/sqlalchemy/engines.py:314}}
Jun 23 17:11:12.351705 dv-cinder-835384-10-iscsi devstack@n-api.service[117897]: DEBUG oslo_concurrency.lockutils [None req-d1e63a39-dcf5-40ed-80bf-195c73803a89 None None] Lock "00000000-0000-0000-0000-000000000000" acquired by "nova.context.set_target_cell..get_or_set_cached_cell_and_set_connections" :: waited 0.000s {{(pid=117897) inner /usr/local/lib/python3.8/dist-packages/oslo_concurrency/lockutils.py:386}}
Jun 23 17:11:12.353315 dv-cinder-835384-10-iscsi devstack@n-api.service[117897]: DEBUG oslo_concurrency.lockutils [None req-d1e63a39-dcf5-40ed-80bf-195c73803a89 None None] Lock "00000000-0000-0000-0000-000000000000" "released" by "nova.context.set_target_cell..get_or_set_cached_cell_and_set_connections" :: held 0.002s {{(pid=117897) inner /usr/local/lib/python3.8/dist-packages/oslo_concurrency/lockutils.py:400}}
Jun 23 17:11:12.354037 dv-cinder-835384-10-iscsi devstack@n-api.service[117896]: DEBUG dbcounter [-] [117896] Writer thread running {{(pid=117896) stat_writer /usr/local/lib/python3.8/dist-packages/dbcounter.py:99}}
Jun 23 17:11:12.354148 dv-cinder-835384-10-iscsi devstack@n-api.service[117897]: DEBUG oslo_concurrency.lockutils [None req-d1e63a39-dcf5-40ed-80bf-195c73803a89 None None] Lock "d03b830d-8c4e-49e2-9a0f-91b2a277455e" acquired by "nova.context.set_target_cell..get_or_set_cached_cell_and_set_connections" :: waited 0.000s {{(pid=117897) inner /usr/local/lib/python3.8/dist-packages/oslo_concurrency/lockutils.py:386}}
Jun 23 17:11:12.356135 dv-cinder-835384-10-iscsi devstack@n-api.service[117897]: DEBUG oslo_concurrency.lockutils [None req-d1e63a39-dcf5-40ed-80bf-195c73803a89 None None] Lock "d03b830d-8c4e-49e2-9a0f-91b2a277455e" "released" by "nova.context.set_target_cell..get_or_set_cached_cell_and_set_connections" :: held 0.002s {{(pid=117897) inner /usr/local/lib/python3.8/dist-packages/oslo_concurrency/lockutils.py:400}}
Jun 23 17:11:12.358202 dv-cinder-835384-10-iscsi devstack@n-api.service[117897]: INFO dbcounter [None req-d1e63a39-dcf5-40ed-80bf-195c73803a89 None None] Registered counter for database nova_cell0
Jun 23 17:11:12.362282 dv-cinder-835384-10-iscsi devstack@n-api.service[117897]: INFO dbcounter [None req-d1e63a39-dcf5-40ed-80bf-195c73803a89 None None] Registered counter for database nova_cell1
Jun 23 17:11:12.370567 dv-cinder-835384-10-iscsi devstack@n-api.service[117897]: DEBUG oslo_db.sqlalchemy.engines [None req-d1e63a39-dcf5-40ed-80bf-195c73803a89 None None] MySQL server mode set to STRICT_TRANS_TABLES,STRICT_ALL_TABLES,NO_ZERO_IN_DATE,NO_ZERO_DATE,ERROR_FOR_DIVISION_BY_ZERO,TRADITIONAL,NO_ENGINE_SUBSTITUTION {{(pid=117897) _check_effective_sql_mode /usr/local/lib/python3.8/dist-packages/oslo_db/sqlalchemy/engines.py:314}}
Jun 23 17:11:12.371966 dv-cinder-835384-10-iscsi devstack@n-api.service[117897]: DEBUG oslo_db.sqlalchemy.engines [None req-d1e63a39-dcf5-40ed-80bf-195c73803a89 None None] MySQL server mode set to STRICT_TRANS_TABLES,STRICT_ALL_TABLES,NO_ZERO_IN_DATE,NO_ZERO_DATE,ERROR_FOR_DIVISION_BY_ZERO,TRADITIONAL,NO_ENGINE_SUBSTITUTION {{(pid=117897) _check_effective_sql_mode /usr/local/lib/python3.8/dist-packages/oslo_db/sqlalchemy/engines.py:314}}
Jun 23 17:11:12.378771 dv-cinder-835384-10-iscsi devstack@n-api.service[117897]: DEBUG dbcounter [-] [117897] Writer thread running {{(pid=117897) stat_writer /usr/local/lib/python3.8/dist-packages/dbcounter.py:99}}
Jun 23 17:11:12.380237 dv-cinder-835384-10-iscsi devstack@n-api.service[117897]: DEBUG dbcounter [-] [117897] Writer thread running {{(pid=117897) stat_writer /usr/local/lib/python3.8/dist-packages/dbcounter.py:99}}
Jun 23 17:11:12.495610 dv-cinder-835384-10-iscsi devstack@n-api.service[117896]: DEBUG dbcounter [-] [117896] Writer thread running {{(pid=117896) stat_writer /usr/local/lib/python3.8/dist-packages/dbcounter.py:99}}
Jun 23 17:11:12.506270 dv-cinder-835384-10-iscsi devstack@n-api.service[117896]: INFO dbcounter [None req-885f9465-5f14-4e96-b482-c44c3f2cb826 None None] Registered counter for database nova_cell0
Jun 23 17:11:12.513461 dv-cinder-835384-10-iscsi devstack@n-api.service[117896]: DEBUG oslo_db.sqlalchemy.engines [None req-885f9465-5f14-4e96-b482-c44c3f2cb826 None None] MySQL server mode set to STRICT_TRANS_TABLES,STRICT_ALL_TABLES,NO_ZERO_IN_DATE,NO_ZERO_DATE,ERROR_FOR_DIVISION_BY_ZERO,TRADITIONAL,NO_ENGINE_SUBSTITUTION {{(pid=117896) _check_effective_sql_mode /usr/local/lib/python3.8/dist-packages/oslo_db/sqlalchemy/engines.py:314}}
Jun 23 17:11:12.518903 dv-cinder-835384-10-iscsi devstack@n-api.service[117896]: DEBUG dbcounter [-] [117896] Writer thread running {{(pid=117896) stat_writer /usr/local/lib/python3.8/dist-packages/dbcounter.py:99}}
Jun 23 17:11:12.529649 dv-cinder-835384-10-iscsi devstack@n-api.service[117897]: INFO dbcounter [None req-d1e63a39-dcf5-40ed-80bf-195c73803a89 None None] Registered counter for database nova_cell0
Jun 23 17:11:12.536941 dv-cinder-835384-10-iscsi devstack@n-api.service[117897]: DEBUG oslo_db.sqlalchemy.engines [None req-d1e63a39-dcf5-40ed-80bf-195c73803a89 None None] MySQL server mode set to STRICT_TRANS_TABLES,STRICT_ALL_TABLES,NO_ZERO_IN_DATE,NO_ZERO_DATE,ERROR_FOR_DIVISION_BY_ZERO,TRADITIONAL,NO_ENGINE_SUBSTITUTION {{(pid=117897) _check_effective_sql_mode /usr/local/lib/python3.8/dist-packages/oslo_db/sqlalchemy/engines.py:314}}
Jun 23 17:11:12.541432 dv-cinder-835384-10-iscsi devstack@n-api.service[117897]: DEBUG dbcounter [-] [117897] Writer thread running {{(pid=117897) stat_writer /usr/local/lib/python3.8/dist-packages/dbcounter.py:99}}
Jun 23 17:11:12.859240 dv-cinder-835384-10-iscsi devstack@n-api.service[117897]: WARNING keystonemiddleware.auth_token [None req-d1e63a39-dcf5-40ed-80bf-195c73803a89 None None] AuthToken middleware is set with keystone_authtoken.service_token_roles_required set to False. This is backwards compatible but deprecated behaviour. Please set this to True.
Jun 23 17:11:12.861770 dv-cinder-835384-10-iscsi devstack@n-api.service[117896]: WARNING keystonemiddleware.auth_token [None req-885f9465-5f14-4e96-b482-c44c3f2cb826 None None] AuthToken middleware is set with keystone_authtoken.service_token_roles_required set to False. This is backwards compatible but deprecated behaviour. Please set this to True.
Jun 23 17:11:12.866889 dv-cinder-835384-10-iscsi devstack@n-api.service[117897]: WARNING keystonemiddleware.auth_token [None req-d1e63a39-dcf5-40ed-80bf-195c73803a89 None None] Configuring www_authenticate_uri to point to the public identity endpoint is required; clients may not be able to authenticate against an admin endpoint
Jun 23 17:11:12.869881 dv-cinder-835384-10-iscsi devstack@n-api.service[117896]: WARNING keystonemiddleware.auth_token [None req-885f9465-5f14-4e96-b482-c44c3f2cb826 None None] Configuring www_authenticate_uri to point to the public identity endpoint is required; clients may not be able to authenticate against an admin endpoint
Jun 23 17:11:13.213718 dv-cinder-835384-10-iscsi devstack@n-api.service[117897]: WARNING keystonemiddleware.auth_token [None req-d1e63a39-dcf5-40ed-80bf-195c73803a89 None None] AuthToken middleware is set with keystone_authtoken.service_token_roles_required set to False. This is backwards compatible but deprecated behaviour. Please set this to True.
Jun 23 17:11:13.219818 dv-cinder-835384-10-iscsi devstack@n-api.service[117897]: WARNING keystonemiddleware.auth_token [None req-d1e63a39-dcf5-40ed-80bf-195c73803a89 None None] Configuring www_authenticate_uri to point to the public identity endpoint is required; clients may not be able to authenticate against an admin endpoint
Jun 23 17:11:13.225647 dv-cinder-835384-10-iscsi devstack@n-api.service[117897]: WSGI app 0 (mountpoint='') ready in 6 seconds on interpreter 0x5590a991f9c0 pid: 117897 (default app)
Jun 23 17:11:13.227448 dv-cinder-835384-10-iscsi devstack@n-api.service[117896]: WARNING keystonemiddleware.auth_token [None req-885f9465-5f14-4e96-b482-c44c3f2cb826 None None] AuthToken middleware is set with keystone_authtoken.service_token_roles_required set to False. This is backwards compatible but deprecated behaviour. Please set this to True.
Jun 23 17:11:13.233483 dv-cinder-835384-10-iscsi devstack@n-api.service[117896]: WARNING keystonemiddleware.auth_token [None req-885f9465-5f14-4e96-b482-c44c3f2cb826 None None] Configuring www_authenticate_uri to point to the public identity endpoint is required; clients may not be able to authenticate against an admin endpoint
Jun 23 17:11:13.239005 dv-cinder-835384-10-iscsi devstack@n-api.service[117896]: WSGI app 0 (mountpoint='') ready in 6 seconds on interpreter 0x5590a991f9c0 pid: 117896 (default app)
Jun 23 17:11:52.807183 dv-cinder-835384-10-iscsi devstack@n-api.service[117897]: DEBUG dbcounter [-] [117897] Writing DB stats nova_api:SELECT=3 {{(pid=117897) stat_writer /usr/local/lib/python3.8/dist-packages/dbcounter.py:114}}
Jun 23 17:11:52.808635 dv-cinder-835384-10-iscsi devstack@n-api.service[117897]: DEBUG dbcounter [-] [117897] Writing DB stats nova_cell1:SELECT=3 {{(pid=117897) stat_writer /usr/local/lib/python3.8/dist-packages/dbcounter.py:114}}
Jun 23 17:11:52.809634 dv-cinder-835384-10-iscsi devstack@n-api.service[117897]: DEBUG dbcounter [-] [117897] Writing DB stats nova_cell0:SELECT=3 {{(pid=117897) stat_writer /usr/local/lib/python3.8/dist-packages/dbcounter.py:114}}
Jun 23 17:11:52.810416 dv-cinder-835384-10-iscsi devstack@n-api.service[117897]: DEBUG dbcounter [-] [117897] Writing DB stats nova_cell0:SELECT=3 {{(pid=117897) stat_writer /usr/local/lib/python3.8/dist-packages/dbcounter.py:114}}
Jun 23 17:11:53.221760 dv-cinder-835384-10-iscsi devstack@n-api.service[117896]: DEBUG dbcounter [-] [117896] Writing DB stats nova_api:SELECT=3 {{(pid=117896) stat_writer /usr/local/lib/python3.8/dist-packages/dbcounter.py:114}}
Jun 23 17:11:53.222736 dv-cinder-835384-10-iscsi devstack@n-api.service[117896]: DEBUG dbcounter [-] [117896] Writing DB stats nova_cell1:SELECT=3 {{(pid=117896) stat_writer /usr/local/lib/python3.8/dist-packages/dbcounter.py:114}}
Jun 23 17:11:53.223480 dv-cinder-835384-10-iscsi devstack@n-api.service[117896]: DEBUG dbcounter [-] [117896] Writing DB stats nova_cell0:SELECT=3 {{(pid=117896) stat_writer /usr/local/lib/python3.8/dist-packages/dbcounter.py:114}}
Jun 23 17:11:53.224234 dv-cinder-835384-10-iscsi devstack@n-api.service[117896]: DEBUG dbcounter [-] [117896] Writing DB stats nova_cell0:SELECT=3 {{(pid=117896) stat_writer /usr/local/lib/python3.8/dist-packages/dbcounter.py:114}}
Jun 23 17:11:54.030898 dv-cinder-835384-10-iscsi devstack@n-api.service[117897]: DEBUG nova.api.openstack.wsgi [None req-a03f7279-e67d-4b8d-b272-d792f71ed5dc tempest-VolumesGetTestJSON-1829234929 tempest-VolumesGetTestJSON-1829234929-project] Action: 'create', calling method: .version_select at 0x7f342fb7d790>, body: {"volume": {"size": 1, "display_name": "tempest-VolumesGetTestJSON-Volume-1289132266", "metadata": {"Type": "work"}}} {{(pid=117897) _process_stack /opt/stack/nova/nova/api/openstack/wsgi.py:511}}
Jun 23 17:11:54.615471 dv-cinder-835384-10-iscsi devstack@n-api.service[117896]: DEBUG nova.api.openstack.wsgi [None req-aad4683c-e58e-4715-8e19-36b5235b8137 tempest-VolumesSnapshotsTestJSON-188202839 tempest-VolumesSnapshotsTestJSON-188202839-project] Action: 'create', calling method: .version_select at 0x7f342fb82700>, body: {"volume": {"size": 1, "display_name": "tempest-VolumesSnapshotsTestJSON-volume-1407387777"}} {{(pid=117896) _process_stack /opt/stack/nova/nova/api/openstack/wsgi.py:511}}
Jun 23 17:11:56.282610 dv-cinder-835384-10-iscsi devstack@n-api.service[117897]: INFO nova.api.openstack.requestlog [None req-a03f7279-e67d-4b8d-b272-d792f71ed5dc tempest-VolumesGetTestJSON-1829234929 tempest-VolumesGetTestJSON-1829234929-project] 10.222.0.18 "POST /compute/v2.1/os-volumes" status: 200 len: 353 microversion: 2.1 time: 3.486714
Jun 23 17:11:56.291205 dv-cinder-835384-10-iscsi devstack@n-api.service[117897]: [pid: 117897|app: 0|req: 1/1] 10.222.0.18 () {60 vars in 1155 bytes} [Thu Jun 23 17:11:52 2022] POST /compute/v2.1/os-volumes => generated 353 bytes in 3497 msecs (HTTP/1.1 200) 10 headers in 448 bytes (1 switches on core 0)
Jun 23 17:11:56.297532 dv-cinder-835384-10-iscsi devstack@n-api.service[117897]: DEBUG nova.api.openstack.wsgi [None req-88492706-255b-4014-95f7-c4fee2252a16 tempest-VolumesTestJSON-584438792 tempest-VolumesTestJSON-584438792-project] Calling method '.version_select at 0x7f342fa495e0>' {{(pid=117897) _process_stack /opt/stack/nova/nova/api/openstack/wsgi.py:513}}
Jun 23 17:11:57.023672 dv-cinder-835384-10-iscsi devstack@n-api.service[117896]: INFO nova.api.openstack.requestlog [None req-aad4683c-e58e-4715-8e19-36b5235b8137 tempest-VolumesSnapshotsTestJSON-188202839 tempest-VolumesSnapshotsTestJSON-188202839-project] 10.222.0.18 "POST /compute/v2.1/os-volumes" status: 200 len: 345 microversion: 2.1 time: 3.807360
Jun 23 17:11:57.031455 dv-cinder-835384-10-iscsi devstack@n-api.service[117896]: [pid: 117896|app: 0|req: 1/2] 10.222.0.18 () {60 vars in 1154 bytes} [Thu Jun 23 17:11:53 2022] POST /compute/v2.1/os-volumes => generated 345 bytes in 3817 msecs (HTTP/1.1 200) 10 headers in 448 bytes (1 switches on core 0)
Jun 23 17:11:57.042897 dv-cinder-835384-10-iscsi devstack@n-api.service[117896]: DEBUG nova.api.openstack.wsgi [None req-984f0fcb-c5f5-467a-83e9-dbfaa5ca976e tempest-VolumesGetTestJSON-1829234929 tempest-VolumesGetTestJSON-1829234929-project] Calling method '.version_select at 0x7f342fa4a550>' {{(pid=117896) _process_stack /opt/stack/nova/nova/api/openstack/wsgi.py:513}}
Jun 23 17:11:57.298609 dv-cinder-835384-10-iscsi devstack@n-api.service[117897]: INFO nova.api.openstack.requestlog [None req-88492706-255b-4014-95f7-c4fee2252a16 tempest-VolumesTestJSON-584438792 tempest-VolumesTestJSON-584438792-project] 10.222.0.18 "GET /compute/v2.1/os-volumes/691e06eb-9646-4fe0-b221-e4c3f55e7166" status: 200 len: 351 microversion: 2.1 time: 1.005367
Jun 23 17:11:57.299602 dv-cinder-835384-10-iscsi devstack@n-api.service[117897]: [pid: 117897|app: 0|req: 2/3] 10.222.0.18 () {58 vars in 1244 bytes} [Thu Jun 23 17:11:56 2022] GET /compute/v2.1/os-volumes/691e06eb-9646-4fe0-b221-e4c3f55e7166 => generated 351 bytes in 1008 msecs (HTTP/1.1 200) 9 headers in 357 bytes (1 switches on core 0)
Jun 23 17:11:57.305474 dv-cinder-835384-10-iscsi devstack@n-api.service[117897]: DEBUG nova.api.openstack.wsgi [None req-9e42c23d-5f7c-40c8-81a3-893a1bb1e5b0 tempest-VolumesSnapshotsTestJSON-188202839 tempest-VolumesSnapshotsTestJSON-188202839-project] Calling method '.version_select at 0x7f342fa49820>' {{(pid=117897) _process_stack /opt/stack/nova/nova/api/openstack/wsgi.py:513}}
Jun 23 17:11:57.405122 dv-cinder-835384-10-iscsi devstack@n-api.service[117896]: INFO nova.api.openstack.requestlog [None req-984f0fcb-c5f5-467a-83e9-dbfaa5ca976e tempest-VolumesGetTestJSON-1829234929 tempest-VolumesGetTestJSON-1829234929-project] 10.222.0.18 "GET /compute/v2.1/os-volumes/07dd8617-e35a-46c9-b75d-fbbb20f4cc19" status: 200 len: 354 microversion: 2.1 time: 0.372042
Jun 23 17:11:57.406601 dv-cinder-835384-10-iscsi devstack@n-api.service[117896]: [pid: 117896|app: 0|req: 2/4] 10.222.0.18 () {58 vars in 1244 bytes} [Thu Jun 23 17:11:57 2022] GET /compute/v2.1/os-volumes/07dd8617-e35a-46c9-b75d-fbbb20f4cc19 => generated 354 bytes in 374 msecs (HTTP/1.1 200) 9 headers in 357 bytes (1 switches on core 0)
Jun 23 17:11:57.429207 dv-cinder-835384-10-iscsi devstack@n-api.service[117896]: DEBUG nova.api.openstack.wsgi [None req-7d6b59fd-dfce-482d-966e-2e72a8bbe4d9 tempest-VolumesGetTestJSON-1829234929 tempest-VolumesGetTestJSON-1829234929-project] Calling method '.version_select at 0x7f342fa4a8b0>' {{(pid=117896) _process_stack /opt/stack/nova/nova/api/openstack/wsgi.py:513}}
Jun 23 17:11:57.584968 dv-cinder-835384-10-iscsi devstack@n-api.service[117897]: INFO nova.api.openstack.requestlog [None req-9e42c23d-5f7c-40c8-81a3-893a1bb1e5b0 tempest-VolumesSnapshotsTestJSON-188202839 tempest-VolumesSnapshotsTestJSON-188202839-project] 10.222.0.18 "GET /compute/v2.1/os-volumes/1efb4909-daa6-4c2b-81d4-b358ae6607c8" status: 200 len: 346 microversion: 2.1 time: 0.284192
Jun 23 17:11:57.585615 dv-cinder-835384-10-iscsi devstack@n-api.service[117897]: [pid: 117897|app: 0|req: 3/5] 10.222.0.18 () {58 vars in 1244 bytes} [Thu Jun 23 17:11:57 2022] GET /compute/v2.1/os-volumes/1efb4909-daa6-4c2b-81d4-b358ae6607c8 => generated 346 bytes in 285 msecs (HTTP/1.1 200) 9 headers in 357 bytes (1 switches on core 0)
Jun 23 17:11:57.597475 dv-cinder-835384-10-iscsi devstack@n-api.service[117897]: DEBUG nova.api.openstack.wsgi [None req-79747c8c-61d3-4632-bb6c-a3553ae3daba tempest-VolumesSnapshotsTestJSON-188202839 tempest-VolumesSnapshotsTestJSON-188202839-project] Action: 'create', calling method: .version_select at 0x7f342fa49dc0>, body: {"snapshot": {"volume_id": "1efb4909-daa6-4c2b-81d4-b358ae6607c8", "display_name": "tempest-VolumesSnapshotsTestJSON-Snapshot-1411394493"}} {{(pid=117897) _process_stack /opt/stack/nova/nova/api/openstack/wsgi.py:511}}
Jun 23 17:11:57.782815 dv-cinder-835384-10-iscsi devstack@n-api.service[117896]: INFO nova.api.openstack.requestlog [None req-7d6b59fd-dfce-482d-966e-2e72a8bbe4d9 tempest-VolumesGetTestJSON-1829234929 tempest-VolumesGetTestJSON-1829234929-project] 10.222.0.18 "GET /compute/v2.1/os-volumes/07dd8617-e35a-46c9-b75d-fbbb20f4cc19" status: 200 len: 354 microversion: 2.1 time: 0.302547
Jun 23 17:11:57.782815 dv-cinder-835384-10-iscsi devstack@n-api.service[117896]: [pid: 117896|app: 0|req: 3/6] 10.222.0.18 () {58 vars in 1244 bytes} [Thu Jun 23 17:11:57 2022] GET /compute/v2.1/os-volumes/07dd8617-e35a-46c9-b75d-fbbb20f4cc19 => generated 354 bytes in 304 msecs (HTTP/1.1 200) 9 headers in 357 bytes (1 switches on core 0)
Jun 23 17:11:57.782815 dv-cinder-835384-10-iscsi devstack@n-api.service[117896]: DEBUG nova.api.openstack.wsgi [None req-f39b00d1-1cc7-46b4-aa8d-05010ae83ac2 tempest-VolumesGetTestJSON-1829234929 tempest-VolumesGetTestJSON-1829234929-project] Calling method '.version_select at 0x7f342fa4ad30>' {{(pid=117896) _process_stack /opt/stack/nova/nova/api/openstack/wsgi.py:513}}
Jun 23 17:11:57.995685 dv-cinder-835384-10-iscsi devstack@n-api.service[117896]: INFO nova.api.openstack.requestlog [None req-f39b00d1-1cc7-46b4-aa8d-05010ae83ac2 tempest-VolumesGetTestJSON-1829234929 tempest-VolumesGetTestJSON-1829234929-project] 10.222.0.18 "DELETE /compute/v2.1/os-volumes/07dd8617-e35a-46c9-b75d-fbbb20f4cc19" status: 202 len: 0 microversion: 2.1 time: 0.265093
Jun 23 17:11:57.999862 dv-cinder-835384-10-iscsi devstack@n-api.service[117896]: [pid: 117896|app: 0|req: 4/7] 10.222.0.18 () {58 vars in 1247 bytes} [Thu Jun 23 17:11:57 2022] DELETE /compute/v2.1/os-volumes/07dd8617-e35a-46c9-b75d-fbbb20f4cc19 => generated 0 bytes in 270 msecs (HTTP/1.1 202) 9 headers in 361 bytes (2 switches on core 0)
Jun 23 17:11:58.009488 dv-cinder-835384-10-iscsi devstack@n-api.service[117896]: DEBUG nova.api.openstack.wsgi [None req-dcecd202-1572-4767-b56f-1f146ee88361 tempest-VolumesGetTestJSON-1829234929 tempest-VolumesGetTestJSON-1829234929-project] Calling method '.version_select at 0x7f342fa5f430>' {{(pid=117896) _process_stack /opt/stack/nova/nova/api/openstack/wsgi.py:513}}
Jun 23 17:11:58.125948 dv-cinder-835384-10-iscsi devstack@n-api.service[117897]: INFO nova.api.openstack.requestlog [None req-79747c8c-61d3-4632-bb6c-a3553ae3daba tempest-VolumesSnapshotsTestJSON-188202839 tempest-VolumesSnapshotsTestJSON-188202839-project] 10.222.0.18 "POST /compute/v2.1/os-snapshots" status: 200 len: 287 microversion: 2.1 time: 0.532360
Jun 23 17:11:58.127473 dv-cinder-835384-10-iscsi devstack@n-api.service[117897]: [pid: 117897|app: 0|req: 4/8] 10.222.0.18 () {60 vars in 1161 bytes} [Thu Jun 23 17:11:57 2022] POST /compute/v2.1/os-snapshots => generated 287 bytes in 535 msecs (HTTP/1.1 200) 9 headers in 357 bytes (2 switches on core 0)
Jun 23 17:11:58.139633 dv-cinder-835384-10-iscsi devstack@n-api.service[117897]: DEBUG nova.api.openstack.wsgi [None req-62d162f5-6549-4ee0-86ac-6e5042d30783 tempest-VolumesSnapshotsTestJSON-188202839 tempest-VolumesSnapshotsTestJSON-188202839-project] Calling method '.version_select at 0x7f342fa60a60>' {{(pid=117897) _process_stack /opt/stack/nova/nova/api/openstack/wsgi.py:513}}
Jun 23 17:11:58.199983 dv-cinder-835384-10-iscsi devstack@n-api.service[117897]: INFO nova.api.openstack.requestlog [None req-62d162f5-6549-4ee0-86ac-6e5042d30783 tempest-VolumesSnapshotsTestJSON-188202839 tempest-VolumesSnapshotsTestJSON-188202839-project] 10.222.0.18 "GET /compute/v2.1/os-snapshots/7aaefda3-62a6-4984-a459-3da776e457cc" status: 200 len: 287 microversion: 2.1 time: 0.065825
Jun 23 17:11:58.200953 dv-cinder-835384-10-iscsi devstack@n-api.service[117897]: [pid: 117897|app: 0|req: 5/9] 10.222.0.18 () {58 vars in 1250 bytes} [Thu Jun 23 17:11:58 2022] GET /compute/v2.1/os-snapshots/7aaefda3-62a6-4984-a459-3da776e457cc => generated 287 bytes in 68 msecs (HTTP/1.1 200) 9 headers in 357 bytes (2 switches on core 0)
Jun 23 17:11:58.213709 dv-cinder-835384-10-iscsi devstack@n-api.service[117897]: DEBUG nova.api.openstack.wsgi [None req-616020fd-ad88-4ba9-b9fc-5efe13d55850 tempest-VolumesSnapshotsTestJSON-188202839 tempest-VolumesSnapshotsTestJSON-188202839-project] Calling method '.version_select at 0x7f342fa49d30>' {{(pid=117897) _process_stack /opt/stack/nova/nova/api/openstack/wsgi.py:513}}
Jun 23 17:11:58.256373 dv-cinder-835384-10-iscsi devstack@n-api.service[117896]: INFO nova.api.openstack.requestlog [None req-dcecd202-1572-4767-b56f-1f146ee88361 tempest-VolumesGetTestJSON-1829234929 tempest-VolumesGetTestJSON-1829234929-project] 10.222.0.18 "GET /compute/v2.1/os-volumes/07dd8617-e35a-46c9-b75d-fbbb20f4cc19" status: 200 len: 353 microversion: 2.1 time: 0.251917
Jun 23 17:11:58.258240 dv-cinder-835384-10-iscsi devstack@n-api.service[117896]: [pid: 117896|app: 0|req: 5/10] 10.222.0.18 () {58 vars in 1244 bytes} [Thu Jun 23 17:11:58 2022] GET /compute/v2.1/os-volumes/07dd8617-e35a-46c9-b75d-fbbb20f4cc19 => generated 353 bytes in 254 msecs (HTTP/1.1 200) 9 headers in 357 bytes (2 switches on core 0)
Jun 23 17:11:58.388935 dv-cinder-835384-10-iscsi devstack@n-api.service[117897]: INFO nova.api.openstack.requestlog [None req-616020fd-ad88-4ba9-b9fc-5efe13d55850 tempest-VolumesSnapshotsTestJSON-188202839 tempest-VolumesSnapshotsTestJSON-188202839-project] 10.222.0.18 "GET /compute/v2.1/os-snapshots" status: 200 len: 290 microversion: 2.1 time: 0.181044
Jun 23 17:11:58.389968 dv-cinder-835384-10-iscsi devstack@n-api.service[117897]: [pid: 117897|app: 0|req: 6/11] 10.222.0.18 () {58 vars in 1139 bytes} [Thu Jun 23 17:11:58 2022] GET /compute/v2.1/os-snapshots => generated 290 bytes in 183 msecs (HTTP/1.1 200) 9 headers in 357 bytes (2 switches on core 0)
Jun 23 17:11:58.401191 dv-cinder-835384-10-iscsi devstack@n-api.service[117896]: DEBUG nova.api.openstack.wsgi [None req-10241a51-718a-48fb-86e3-c753f96c997f tempest-VolumesSnapshotsTestJSON-188202839 tempest-VolumesSnapshotsTestJSON-188202839-project] Calling method '.version_select at 0x7f342fa4ad30>' {{(pid=117896) _process_stack /opt/stack/nova/nova/api/openstack/wsgi.py:513}}
Jun 23 17:11:58.532170 dv-cinder-835384-10-iscsi devstack@n-api.service[117896]: INFO nova.api.openstack.requestlog [None req-10241a51-718a-48fb-86e3-c753f96c997f tempest-VolumesSnapshotsTestJSON-188202839 tempest-VolumesSnapshotsTestJSON-188202839-project] 10.222.0.18 "GET /compute/v2.1/os-snapshots/7aaefda3-62a6-4984-a459-3da776e457cc" status: 200 len: 287 microversion: 2.1 time: 0.135157
Jun 23 17:11:58.534226 dv-cinder-835384-10-iscsi devstack@n-api.service[117896]: [pid: 117896|app: 0|req: 6/12] 10.222.0.18 () {58 vars in 1250 bytes} [Thu Jun 23 17:11:58 2022] GET /compute/v2.1/os-snapshots/7aaefda3-62a6-4984-a459-3da776e457cc => generated 287 bytes in 138 msecs (HTTP/1.1 200) 9 headers in 357 bytes (2 switches on core 0)
Jun 23 17:11:59.273465 dv-cinder-835384-10-iscsi devstack@n-api.service[117897]: DEBUG nova.api.openstack.wsgi [None req-dca30bf0-ff44-4558-a242-1e77327a7219 tempest-VolumesGetTestJSON-1829234929 tempest-VolumesGetTestJSON-1829234929-project] Calling method '.version_select at 0x7f342fa60b80>' {{(pid=117897) _process_stack /opt/stack/nova/nova/api/openstack/wsgi.py:513}}
Jun 23 17:11:59.278810 dv-cinder-835384-10-iscsi devstack@n-api.service[117896]: DEBUG nova.api.openstack.wsgi [None req-e8a7238a-cc9c-4f01-927c-e99b529e677f tempest-VolumesTestJSON-584438792 tempest-VolumesTestJSON-584438792-project] Calling method '.version_select at 0x7f342fa4ab80>' {{(pid=117896) _process_stack /opt/stack/nova/nova/api/openstack/wsgi.py:513}}
Jun 23 17:11:59.353615 dv-cinder-835384-10-iscsi devstack@n-api.service[117897]: INFO nova.api.openstack.wsgi [None req-dca30bf0-ff44-4558-a242-1e77327a7219 tempest-VolumesGetTestJSON-1829234929 tempest-VolumesGetTestJSON-1829234929-project] HTTP exception thrown: Volume 07dd8617-e35a-46c9-b75d-fbbb20f4cc19 could not be found.
Jun 23 17:11:59.360002 dv-cinder-835384-10-iscsi devstack@n-api.service[117897]: DEBUG nova.api.openstack.wsgi [None req-dca30bf0-ff44-4558-a242-1e77327a7219 tempest-VolumesGetTestJSON-1829234929 tempest-VolumesGetTestJSON-1829234929-project] Request method failure captured:
Jun 23 17:11:59.360002 dv-cinder-835384-10-iscsi devstack@n-api.service[117897]: request: GET /compute/v2.1/os-volumes/07dd8617-e35a-46c9-b75d-fbbb20f4cc19 HTTP/1.1
Jun 23 17:11:59.360002 dv-cinder-835384-10-iscsi devstack@n-api.service[117897]: Accept: application/json
Jun 23 17:11:59.360002 dv-cinder-835384-10-iscsi devstack@n-api.service[117897]: Accept-Encoding: identity
Jun 23 17:11:59.360002 dv-cinder-835384-10-iscsi devstack@n-api.service[117897]: Connection: close
Jun 23 17:11:59.360002 dv-cinder-835384-10-iscsi devstack@n-api.service[117897]: Content-Length: 0
Jun 23 17:11:59.360002 dv-cinder-835384-10-iscsi devstack@n-api.service[117897]: Content-Type: application/json
Jun 23 17:11:59.360002 dv-cinder-835384-10-iscsi devstack@n-api.service[117897]: Host: 10.222.0.18
Jun 23 17:11:59.360002 dv-cinder-835384-10-iscsi devstack@n-api.service[117897]: Openstack-System-Scope: None
Jun 23 17:11:59.360002 dv-cinder-835384-10-iscsi devstack@n-api.service[117897]: User-Agent: python-urllib3/1.26.9
Jun 23 17:11:59.360002 dv-cinder-835384-10-iscsi devstack@n-api.service[117897]: X-Auth-Token: gAAAAABitJ7YzD_8nY1tww0TkSwGLRAutAVvSGXt0NCsXyKDyUM2Dsh0ZWmuBIvtxZflNJZi0kRLpParjByJv5UbjqQHjQ373UFpnckwiNEFgc08ox4rJsfM0jJCV_-VIxU_2vwslq5Wfbnt0ut2GpIj7Zkqb3_X1vYpprFb8DCo7RfDI4EQGdI
Jun 23 17:11:59.360002 dv-cinder-835384-10-iscsi devstack@n-api.service[117897]: X-Domain-Id: None
Jun 23 17:11:59.360002 dv-cinder-835384-10-iscsi devstack@n-api.service[117897]: X-Domain-Name: None
Jun 23 17:11:59.360002 dv-cinder-835384-10-iscsi devstack@n-api.service[117897]: X-Identity-Status: Confirmed
Jun 23 17:11:59.360002 dv-cinder-835384-10-iscsi devstack@n-api.service[117897]: X-Is-Admin-Project: True
Jun 23 17:11:59.360002 dv-cinder-835384-10-iscsi devstack@n-api.service[117897]: X-Project-Domain-Id: default
Jun 23 17:11:59.360002 dv-cinder-835384-10-iscsi devstack@n-api.service[117897]: X-Project-Domain-Name: Default
Jun 23 17:11:59.360002 dv-cinder-835384-10-iscsi devstack@n-api.service[117897]: X-Project-Id: 0848835ae1ee48258fafb4df0ae3ced8
Jun 23 17:11:59.360002 dv-cinder-835384-10-iscsi devstack@n-api.service[117897]: X-Project-Name: tempest-VolumesGetTestJSON-1829234929
Jun 23 17:11:59.360002 dv-cinder-835384-10-iscsi devstack@n-api.service[117897]: X-Role: reader,member
Jun 23 17:11:59.360002 dv-cinder-835384-10-iscsi devstack@n-api.service[117897]: X-Roles: reader,member
Jun 23 17:11:59.361027 dv-cinder-835384-10-iscsi devstack@n-api.service[117897]: X-Service-Catalog: [{"type": "compute_legacy", "name": "nova_legacy", "endpoints": [{"region": "RegionOne", "publicURL": "http://10.222.0.18/compute/v2/0848835ae1ee48258fafb4df0ae3ced8"}]}, {"type": "network", "name": "neutron", "endpoints": [{"region": "RegionOne", "publicURL": "http://10.222.0.18:9696/"}]}, {"type": "image", "name": "glance", "endpoints": [{"region": "RegionOne", "publicURL": "http://10.222.0.18/image"}]}, {"type": "identity", "name": "keystone", "endpoints": [{"region": "RegionOne", "publicURL": "http://10.222.0.18/identity"}]}, {"type": "compute", "name": "nova", "endpoints": [{"region": "RegionOne", "publicURL": "http://10.222.0.18/compute/v2.1"}]}, {"type": "volumev3", "name": "cinderv3", "endpoints": [{"region": "RegionOne", "publicURL": "http://10.222.0.18/volume/v3/0848835ae1ee48258fafb4df0ae3ced8"}]}, {"type": "placement", "name": "placement", "endpoints": [{"region": "RegionOne", "publicURL": "http://10.222.0.18/placement"}]}, {"type": "object-store", "name": "swift", "endpoints": [{"region": "RegionOne", "publicURL": "http://10.222.0.18:8080/v1/AUTH_0848835ae1ee48258fafb4df0ae3ced8", "adminURL": "http://10.222.0.18:8080"}]}, {"type": "block-storage", "name": "cinder", "endpoints": [{"region": "RegionOne", "publicURL": "http://10.222.0.18/volume/v3/0848835ae1ee48258fafb4df0ae3ced8"}]}]
Jun 23 17:11:59.361027 dv-cinder-835384-10-iscsi devstack@n-api.service[117897]: X-Tenant: tempest-VolumesGetTestJSON-1829234929
Jun 23 17:11:59.361027 dv-cinder-835384-10-iscsi devstack@n-api.service[117897]: X-Tenant-Id: 0848835ae1ee48258fafb4df0ae3ced8
Jun 23 17:11:59.361027 dv-cinder-835384-10-iscsi devstack@n-api.service[117897]: X-Tenant-Name: tempest-VolumesGetTestJSON-1829234929
Jun 23 17:11:59.361027 dv-cinder-835384-10-iscsi devstack@n-api.service[117897]: X-User: tempest-VolumesGetTestJSON-1829234929-project
Jun 23 17:11:59.361027 dv-cinder-835384-10-iscsi devstack@n-api.service[117897]: X-User-Domain-Id: default
Jun 23 17:11:59.361027 dv-cinder-835384-10-iscsi devstack@n-api.service[117897]: X-User-Domain-Name: Default
Jun 23 17:11:59.361027 dv-cinder-835384-10-iscsi devstack@n-api.service[117897]: X-User-Id: e038bb43276e413498ad02e67e34c89c
Jun 23 17:11:59.361027 dv-cinder-835384-10-iscsi devstack@n-api.service[117897]: X-User-Name: tempest-VolumesGetTestJSON-1829234929-project
Jun 23 17:11:59.361027 dv-cinder-835384-10-iscsi devstack@n-api.service[117897]: method:
Jun 23 17:11:59.361027 dv-cinder-835384-10-iscsi devstack@n-api.service[117897]: exception: Volume 07dd8617-e35a-46c9-b75d-fbbb20f4cc19 could not be found.
Jun 23 17:11:59.361027 dv-cinder-835384-10-iscsi devstack@n-api.service[117897]: action_args: {'id': '07dd8617-e35a-46c9-b75d-fbbb20f4cc19'}
Jun 23 17:11:59.361027 dv-cinder-835384-10-iscsi devstack@n-api.service[117897]: {{(pid=117897) _process_stack /opt/stack/nova/nova/api/openstack/wsgi.py:541}}
Jun 23 17:11:59.361653 dv-cinder-835384-10-iscsi devstack@n-api.service[117897]: ERROR nova.api.openstack.wsgi
Traceback (most recent call last):
Jun 23 17:11:59.361653 dv-cinder-835384-10-iscsi devstack@n-api.service[117897]: ERROR nova.api.openstack.wsgi
File "/opt/stack/nova/nova/volume/cinder.py", line 433, in wrapper
Jun 23 17:11:59.361653 dv-cinder-835384-10-iscsi devstack@n-api.service[117897]: ERROR nova.api.openstack.wsgi res = method(self, ctx, volume_id, *args, **kwargs)
Jun 23 17:11:59.361653 dv-cinder-835384-10-iscsi devstack@n-api.service[117897]: ERROR nova.api.openstack.wsgi
File "/opt/stack/nova/nova/volume/cinder.py", line 502, in get
Jun 23 17:11:59.361653 dv-cinder-835384-10-iscsi devstack@n-api.service[117897]: ERROR nova.api.openstack.wsgi item = cinderclient(
Jun 23 17:11:59.361653 dv-cinder-835384-10-iscsi devstack@n-api.service[117897]: ERROR nova.api.openstack.wsgi
File "/usr/local/lib/python3.8/dist-packages/cinderclient/v3/volumes_base.py", line 202, in get
Jun 23 17:11:59.361653 dv-cinder-835384-10-iscsi devstack@n-api.service[117897]: ERROR nova.api.openstack.wsgi return self._get("/volumes/%s" % volume_id, "volume")
Jun 23 17:11:59.361653 dv-cinder-835384-10-iscsi devstack@n-api.service[117897]: ERROR nova.api.openstack.wsgi
File "/usr/local/lib/python3.8/dist-packages/cinderclient/base.py", line 297, in _get
Jun 23 17:11:59.361653 dv-cinder-835384-10-iscsi devstack@n-api.service[117897]: ERROR nova.api.openstack.wsgi resp, body = self.api.client.get(url)
Jun 23 17:11:59.361653 dv-cinder-835384-10-iscsi devstack@n-api.service[117897]: ERROR nova.api.openstack.wsgi
File "/usr/local/lib/python3.8/dist-packages/cinderclient/client.py", line 224, in get
Jun 23 17:11:59.361653 dv-cinder-835384-10-iscsi devstack@n-api.service[117897]: ERROR nova.api.openstack.wsgi return self._cs_request(url, 'GET', **kwargs)
Jun 23 17:11:59.361653 dv-cinder-835384-10-iscsi devstack@n-api.service[117897]: ERROR nova.api.openstack.wsgi
File "/usr/local/lib/python3.8/dist-packages/cinderclient/client.py", line 215, in _cs_request
Jun 23 17:11:59.361653 dv-cinder-835384-10-iscsi devstack@n-api.service[117897]: ERROR nova.api.openstack.wsgi return self.request(url, method, **kwargs)
Jun 23 17:11:59.361653 dv-cinder-835384-10-iscsi devstack@n-api.service[117897]: ERROR nova.api.openstack.wsgi
File "/usr/local/lib/python3.8/dist-packages/cinderclient/client.py", line 201, in request
Jun 23 17:11:59.361653 dv-cinder-835384-10-iscsi devstack@n-api.service[117897]: ERROR nova.api.openstack.wsgi raise exceptions.from_response(resp, body)
Jun 23 17:11:59.361653 dv-cinder-835384-10-iscsi devstack@n-api.service[117897]: ERROR nova.api.openstack.wsgi cinderclient.exceptions.NotFound: Volume 07dd8617-e35a-46c9-b75d-fbbb20f4cc19 could not be found. (HTTP 404) (Request-ID: req-ac725273-fa7c-4ec5-b54a-6689c599990b)
Jun 23 17:11:59.361653 dv-cinder-835384-10-iscsi devstack@n-api.service[117897]: ERROR nova.api.openstack.wsgi
Jun 23 17:11:59.361653 dv-cinder-835384-10-iscsi devstack@n-api.service[117897]: ERROR nova.api.openstack.wsgi During handling of the above exception, another exception occurred:
Jun 23 17:11:59.361653 dv-cinder-835384-10-iscsi devstack@n-api.service[117897]: ERROR nova.api.openstack.wsgi
Jun 23 17:11:59.363290 dv-cinder-835384-10-iscsi devstack@n-api.service[117897]: ERROR nova.api.openstack.wsgi
Traceback (most recent call last):
Jun 23 17:11:59.363290 dv-cinder-835384-10-iscsi devstack@n-api.service[117897]: ERROR nova.api.openstack.wsgi
File "/opt/stack/nova/nova/api/openstack/compute/volumes.py", line 120, in show
Jun 23 17:11:59.363290 dv-cinder-835384-10-iscsi devstack@n-api.service[117897]: ERROR nova.api.openstack.wsgi vol = self.volume_api.get(context, id)
Jun 23 17:11:59.363290 dv-cinder-835384-10-iscsi devstack@n-api.service[117897]: ERROR nova.api.openstack.wsgi
File "/opt/stack/nova/nova/volume/cinder.py", line 395, in wrapper
Jun 23 17:11:59.363290 dv-cinder-835384-10-iscsi devstack@n-api.service[117897]: ERROR nova.api.openstack.wsgi res = method(self, ctx, *args, **kwargs)
Jun 23 17:11:59.363290 dv-cinder-835384-10-iscsi devstack@n-api.service[117897]: ERROR nova.api.openstack.wsgi
File "/opt/stack/nova/nova/volume/cinder.py", line 435, in wrapper
Jun 23 17:11:59.363290 dv-cinder-835384-10-iscsi devstack@n-api.service[117897]: ERROR nova.api.openstack.wsgi _reraise(exception.VolumeNotFound(volume_id=volume_id))
Jun 23 17:11:59.363290 dv-cinder-835384-10-iscsi devstack@n-api.service[117897]: ERROR nova.api.openstack.wsgi
File "/opt/stack/nova/nova/volume/cinder.py", line 486, in _reraise
Jun 23 17:11:59.363290 dv-cinder-835384-10-iscsi devstack@n-api.service[117897]: ERROR nova.api.openstack.wsgi raise desired_exc.with_traceback(sys.exc_info()[2])
Jun 23 17:11:59.363290 dv-cinder-835384-10-iscsi devstack@n-api.service[117897]: ERROR nova.api.openstack.wsgi
File "/opt/stack/nova/nova/volume/cinder.py", line 433, in wrapper
Jun 23 17:11:59.363290 dv-cinder-835384-10-iscsi devstack@n-api.service[117897]: ERROR nova.api.openstack.wsgi res = method(self, ctx, volume_id, *args, **kwargs)
Jun 23 17:11:59.363290 dv-cinder-835384-10-iscsi devstack@n-api.service[117897]: ERROR nova.api.openstack.wsgi
File "/opt/stack/nova/nova/volume/cinder.py", line 502, in get
Jun 23 17:11:59.363290 dv-cinder-835384-10-iscsi devstack@n-api.service[117897]: ERROR nova.api.openstack.wsgi item = cinderclient(
Jun 23 17:11:59.363290 dv-cinder-835384-10-iscsi devstack@n-api.service[117897]: ERROR nova.api.openstack.wsgi
File "/usr/local/lib/python3.8/dist-packages/cinderclient/v3/volumes_base.py", line 202, in get
Jun 23 17:11:59.363290 dv-cinder-835384-10-iscsi devstack@n-api.service[117897]: ERROR nova.api.openstack.wsgi return self._get("/volumes/%s" % volume_id, "volume")
Jun 23 17:11:59.363290 dv-cinder-835384-10-iscsi devstack@n-api.service[117897]: ERROR nova.api.openstack.wsgi
File "/usr/local/lib/python3.8/dist-packages/cinderclient/base.py", line 297, in _get
Jun 23 17:11:59.363290 dv-cinder-835384-10-iscsi devstack@n-api.service[117897]: ERROR nova.api.openstack.wsgi resp, body = self.api.client.get(url)
Jun 23 17:11:59.363290 dv-cinder-835384-10-iscsi devstack@n-api.service[117897]: ERROR nova.api.openstack.wsgi
File "/usr/local/lib/python3.8/dist-packages/cinderclient/client.py", line 224, in get
Jun 23 17:11:59.363290 dv-cinder-835384-10-iscsi devstack@n-api.service[117897]: ERROR nova.api.openstack.wsgi return self._cs_request(url, 'GET', **kwargs)
Jun 23 17:11:59.364421 dv-cinder-835384-10-iscsi devstack@n-api.service[117897]: ERROR nova.api.openstack.wsgi
File "/usr/local/lib/python3.8/dist-packages/cinderclient/client.py", line 215, in _cs_request
Jun 23 17:11:59.364421 dv-cinder-835384-10-iscsi devstack@n-api.service[117897]: ERROR nova.api.openstack.wsgi return self.request(url, method, **kwargs)
Jun 23 17:11:59.364421 dv-cinder-835384-10-iscsi devstack@n-api.service[117897]: ERROR nova.api.openstack.wsgi
File "/usr/local/lib/python3.8/dist-packages/cinderclient/client.py", line 201, in request
Jun 23 17:11:59.364421 dv-cinder-835384-10-iscsi devstack@n-api.service[117897]: ERROR nova.api.openstack.wsgi raise exceptions.from_response(resp, body)
Jun 23 17:11:59.364421 dv-cinder-835384-10-iscsi devstack@n-api.service[117897]: ERROR nova.api.openstack.wsgi nova.exception.VolumeNotFound: Volume 07dd8617-e35a-46c9-b75d-fbbb20f4cc19 could not be found.
Jun 23 17:11:59.364421 dv-cinder-835384-10-iscsi devstack@n-api.service[117897]: ERROR nova.api.openstack.wsgi
Jun 23 17:11:59.364421 dv-cinder-835384-10-iscsi devstack@n-api.service[117897]: ERROR nova.api.openstack.wsgi During handling of the above exception, another exception occurred:
Jun 23 17:11:59.364421 dv-cinder-835384-10-iscsi devstack@n-api.service[117897]: ERROR nova.api.openstack.wsgi
Jun 23 17:11:59.364421 dv-cinder-835384-10-iscsi devstack@n-api.service[117897]: ERROR nova.api.openstack.wsgi
Traceback (most recent call last):
Jun 23 17:11:59.364421 dv-cinder-835384-10-iscsi devstack@n-api.service[117897]: ERROR nova.api.openstack.wsgi
