Mar 27 15:27:54.460973 dv-cinder-835384-1-iscsi devstack@c-api.service[109955]: DEBUG cinder.api.middleware.request_id [None req-f841d2b6-3550-49eb-a5ac-a81c5f4d690d None None] RequestId filter calling following filter/app {{(pid=109955) _context_setter /opt/stack/cinder/cinder/api/middleware/request_id.py:62}}
Mar 27 15:27:54.471856 dv-cinder-835384-1-iscsi devstack@c-api.service[109955]: INFO cinder.api.openstack.wsgi [None req-f841d2b6-3550-49eb-a5ac-a81c5f4d690d tempest-DeleteServersTestJSON-1164948705 tempest-DeleteServersTestJSON-1164948705-project] GET http://10.222.0.10/volume/v3/06d80a599fc24af186871fd0bde3b0ac/volumes/255a57d3-1644-4d0c-9b4c-157ba9fcebbe
Mar 27 15:27:54.476294 dv-cinder-835384-1-iscsi devstack@c-api.service[109955]: DEBUG cinder.api.openstack.wsgi [None req-f841d2b6-3550-49eb-a5ac-a81c5f4d690d tempest-DeleteServersTestJSON-1164948705 tempest-DeleteServersTestJSON-1164948705-project] Empty body provided in request {{(pid=109955) get_body /opt/stack/cinder/cinder/api/openstack/wsgi.py:715}}
Mar 27 15:27:54.477081 dv-cinder-835384-1-iscsi devstack@c-api.service[109955]: DEBUG cinder.api.openstack.wsgi [None req-f841d2b6-3550-49eb-a5ac-a81c5f4d690d tempest-DeleteServersTestJSON-1164948705 tempest-DeleteServersTestJSON-1164948705-project] Calling method 'show' {{(pid=109955) _process_stack /opt/stack/cinder/cinder/api/openstack/wsgi.py:868}}
Mar 27 15:27:54.501631 dv-cinder-835384-1-iscsi devstack@c-api.service[109955]: /usr/local/lib/python3.8/dist-packages/oslo_context/context.py:100: DeprecationWarning: Policy enforcement is depending on the value of is_admin. This key is deprecated. Please update your policy file to use the standard policy values.
Mar 27 15:27:54.501631 dv-cinder-835384-1-iscsi devstack@c-api.service[109955]: warnings.warn('Policy enforcement is depending on the value of '
Mar 27 15:27:54.512187 dv-cinder-835384-1-iscsi devstack@c-api.service[109955]: INFO cinder.volume.api [None req-f841d2b6-3550-49eb-a5ac-a81c5f4d690d tempest-DeleteServersTestJSON-1164948705 tempest-DeleteServersTestJSON-1164948705-project] Volume info retrieved successfully.
Mar 27 15:27:54.523446 dv-cinder-835384-1-iscsi devstack@c-api.service[109955]: INFO cinder.api.openstack.wsgi [None req-f841d2b6-3550-49eb-a5ac-a81c5f4d690d tempest-DeleteServersTestJSON-1164948705 tempest-DeleteServersTestJSON-1164948705-project] http://10.222.0.10/volume/v3/06d80a599fc24af186871fd0bde3b0ac/volumes/255a57d3-1644-4d0c-9b4c-157ba9fcebbe returned with HTTP 200
Mar 27 15:27:54.533258 dv-cinder-835384-1-iscsi devstack@c-api.service[109955]: [pid: 109955|app: 0|req: 201/406] 10.222.0.10 () {58 vars in 1324 bytes} [Sun Mar 27 15:27:54 2022] GET /volume/v3/06d80a599fc24af186871fd0bde3b0ac/volumes/255a57d3-1644-4d0c-9b4c-157ba9fcebbe => generated 914 bytes in 74 msecs (HTTP/1.1 200) 7 headers in 285 bytes (1 switches on core 0)
Mar 27 15:27:54.924716 dv-cinder-835384-1-iscsi devstack@c-api.service[109954]: DEBUG cinder.api.middleware.request_id [None req-0102c6a2-89a8-476e-ba5b-a03b95684fd7 None None] RequestId filter calling following filter/app {{(pid=109954) _context_setter /opt/stack/cinder/cinder/api/middleware/request_id.py:62}}
Mar 27 15:27:54.928434 dv-cinder-835384-1-iscsi devstack@c-api.service[109954]: INFO cinder.api.openstack.wsgi [None req-0102c6a2-89a8-476e-ba5b-a03b95684fd7 tempest-GroupSnapshotsTest-1593090427 tempest-GroupSnapshotsTest-1593090427-project] GET http://10.222.0.10/volume/v3/e882ee9d8ff040cdbcdbad7a9d1b3ebb/volumes/1c52ea79-3948-4305-9782-5ced49c25308
Mar 27 15:27:54.928925 dv-cinder-835384-1-iscsi devstack@c-api.service[109954]: DEBUG cinder.api.openstack.wsgi [None req-0102c6a2-89a8-476e-ba5b-a03b95684fd7 tempest-GroupSnapshotsTest-1593090427 tempest-GroupSnapshotsTest-1593090427-project] Empty body provided in request {{(pid=109954) get_body /opt/stack/cinder/cinder/api/openstack/wsgi.py:715}}
Mar 27 15:27:54.929433 dv-cinder-835384-1-iscsi devstack@c-api.service[109954]: DEBUG cinder.api.openstack.wsgi [None req-0102c6a2-89a8-476e-ba5b-a03b95684fd7 tempest-GroupSnapshotsTest-1593090427 tempest-GroupSnapshotsTest-1593090427-project] Calling method 'show' {{(pid=109954) _process_stack /opt/stack/cinder/cinder/api/openstack/wsgi.py:868}}
Mar 27 15:27:54.951194 dv-cinder-835384-1-iscsi devstack@c-api.service[109954]: /usr/local/lib/python3.8/dist-packages/oslo_context/context.py:100: DeprecationWarning: Policy enforcement is depending on the value of is_admin. This key is deprecated. Please update your policy file to use the standard policy values.
Mar 27 15:27:54.951194 dv-cinder-835384-1-iscsi devstack@c-api.service[109954]: warnings.warn('Policy enforcement is depending on the value of '
Mar 27 15:27:54.958451 dv-cinder-835384-1-iscsi devstack@c-api.service[109954]: INFO cinder.volume.api [None req-0102c6a2-89a8-476e-ba5b-a03b95684fd7 tempest-GroupSnapshotsTest-1593090427 tempest-GroupSnapshotsTest-1593090427-project] Volume info retrieved successfully.
Mar 27 15:27:54.959863 dv-cinder-835384-1-iscsi devstack@c-api.service[109954]: WARNING stevedore.named [None req-0102c6a2-89a8-476e-ba5b-a03b95684fd7 tempest-GroupSnapshotsTest-1593090427 tempest-GroupSnapshotsTest-1593090427-project] Could not load cinder.keymgr.conf_key_mgr.ConfKeyManager
Mar 27 15:27:54.960530 dv-cinder-835384-1-iscsi devstack@c-api.service[109954]: WARNING castellan.key_manager [None req-0102c6a2-89a8-476e-ba5b-a03b95684fd7 tempest-GroupSnapshotsTest-1593090427 tempest-GroupSnapshotsTest-1593090427-project] Deprecation Warning : cinder.keymgr.conf_key_mgr.ConfKeyManager is not a stevedore based driver, trying to load it as a class: stevedore.exception.NoMatches: No 'castellan.drivers' driver found, looking for 'cinder.keymgr.conf_key_mgr.ConfKeyManager'
Mar 27 15:27:54.969052 dv-cinder-835384-1-iscsi devstack@c-api.service[109954]: DEBUG oslo_db.sqlalchemy.engines [None req-0102c6a2-89a8-476e-ba5b-a03b95684fd7 tempest-GroupSnapshotsTest-1593090427 tempest-GroupSnapshotsTest-1593090427-project] MySQL server mode set to STRICT_TRANS_TABLES,STRICT_ALL_TABLES,NO_ZERO_IN_DATE,NO_ZERO_DATE,ERROR_FOR_DIVISION_BY_ZERO,TRADITIONAL,NO_ENGINE_SUBSTITUTION {{(pid=109954) _check_effective_sql_mode /usr/local/lib/python3.8/dist-packages/oslo_db/sqlalchemy/engines.py:314}}
Mar 27 15:27:54.976890 dv-cinder-835384-1-iscsi devstack@c-api.service[109954]: /usr/local/lib/python3.8/dist-packages/oslo_context/context.py:100: DeprecationWarning: Policy enforcement is depending on the value of is_admin. This key is deprecated. Please update your policy file to use the standard policy values.
Mar 27 15:27:54.976890 dv-cinder-835384-1-iscsi devstack@c-api.service[109954]: warnings.warn('Policy enforcement is depending on the value of '
Mar 27 15:27:54.993099 dv-cinder-835384-1-iscsi devstack@c-api.service[109954]: INFO cinder.api.openstack.wsgi [None req-0102c6a2-89a8-476e-ba5b-a03b95684fd7 tempest-GroupSnapshotsTest-1593090427 tempest-GroupSnapshotsTest-1593090427-project] http://10.222.0.10/volume/v3/e882ee9d8ff040cdbcdbad7a9d1b3ebb/volumes/1c52ea79-3948-4305-9782-5ced49c25308 returned with HTTP 200
Mar 27 15:27:54.994009 dv-cinder-835384-1-iscsi devstack@c-api.service[109954]: [pid: 109954|app: 0|req: 206/407] 10.222.0.10 () {60 vars in 1365 bytes} [Sun Mar 27 15:27:54 2022] GET /volume/v3/e882ee9d8ff040cdbcdbad7a9d1b3ebb/volumes/1c52ea79-3948-4305-9782-5ced49c25308 => generated 1000 bytes in 70 msecs (HTTP/1.1 200) 7 headers in 287 bytes (1 switches on core 0)
Mar 27 15:27:55.006547 dv-cinder-835384-1-iscsi devstack@c-api.service[109955]: DEBUG cinder.api.middleware.request_id [None req-dbdd0e7d-1dfd-47b3-8771-6adacfbf448c None None] RequestId filter calling following filter/app {{(pid=109955) _context_setter /opt/stack/cinder/cinder/api/middleware/request_id.py:62}}
Mar 27 15:27:55.011165 dv-cinder-835384-1-iscsi devstack@c-api.service[109955]: INFO cinder.api.openstack.wsgi [None req-dbdd0e7d-1dfd-47b3-8771-6adacfbf448c tempest-GroupSnapshotsTest-1593090427 tempest-GroupSnapshotsTest-1593090427-project] PUT http://10.222.0.10/volume/v3/e882ee9d8ff040cdbcdbad7a9d1b3ebb/groups/3a762d9b-595a-4427-ae47-ea3b564f7331
Mar 27 15:27:55.012035 dv-cinder-835384-1-iscsi devstack@c-api.service[109955]: DEBUG cinder.api.openstack.wsgi [None req-dbdd0e7d-1dfd-47b3-8771-6adacfbf448c tempest-GroupSnapshotsTest-1593090427 tempest-GroupSnapshotsTest-1593090427-project] Action: 'update', calling method: version_select, body: {"group": {"remove_volumes": "911d97d5-5239-4f1c-b590-32a7319e47a7"}} {{(pid=109955) _process_stack /opt/stack/cinder/cinder/api/openstack/wsgi.py:866}}
Mar 27 15:27:55.028616 dv-cinder-835384-1-iscsi devstack@c-api.service[109955]: DEBUG cinder.api.v3.groups [None req-dbdd0e7d-1dfd-47b3-8771-6adacfbf448c tempest-GroupSnapshotsTest-1593090427 tempest-GroupSnapshotsTest-1593090427-project] Update called for group 3a762d9b-595a-4427-ae47-ea3b564f7331. {{(pid=109955) update /opt/stack/cinder/cinder/api/v3/groups.py:302}}
Mar 27 15:27:55.028915 dv-cinder-835384-1-iscsi devstack@c-api.service[109955]: INFO cinder.api.v3.groups [None req-dbdd0e7d-1dfd-47b3-8771-6adacfbf448c tempest-GroupSnapshotsTest-1593090427 tempest-GroupSnapshotsTest-1593090427-project] Updating group 3a762d9b-595a-4427-ae47-ea3b564f7331 with name None description: None add_volumes: None remove_volumes: 911d97d5-5239-4f1c-b590-32a7319e47a7.
Mar 27 15:27:55.039583 dv-cinder-835384-1-iscsi devstack@c-api.service[109955]: /usr/local/lib/python3.8/dist-packages/oslo_context/context.py:100: DeprecationWarning: Policy enforcement is depending on the value of is_admin. This key is deprecated. Please update your policy file to use the standard policy values.
Mar 27 15:27:55.039583 dv-cinder-835384-1-iscsi devstack@c-api.service[109955]: warnings.warn('Policy enforcement is depending on the value of '
Mar 27 15:27:55.068228 dv-cinder-835384-1-iscsi devstack@c-api.service[109955]: INFO cinder.api.openstack.wsgi [None req-dbdd0e7d-1dfd-47b3-8771-6adacfbf448c tempest-GroupSnapshotsTest-1593090427 tempest-GroupSnapshotsTest-1593090427-project] http://10.222.0.10/volume/v3/e882ee9d8ff040cdbcdbad7a9d1b3ebb/groups/3a762d9b-595a-4427-ae47-ea3b564f7331 returned with HTTP 202
Mar 27 15:27:55.069631 dv-cinder-835384-1-iscsi devstack@c-api.service[109955]: [pid: 109955|app: 0|req: 202/408] 10.222.0.10 () {62 vars in 1382 bytes} [Sun Mar 27 15:27:55 2022] PUT /volume/v3/e882ee9d8ff040cdbcdbad7a9d1b3ebb/groups/3a762d9b-595a-4427-ae47-ea3b564f7331 => generated 0 bytes in 64 msecs (HTTP/1.1 202) 6 headers in 234 bytes (1 switches on core 0)
Mar 27 15:27:55.075893 dv-cinder-835384-1-iscsi devstack@c-api.service[109954]: DEBUG cinder.api.middleware.request_id [None req-f4936533-35fb-484b-9922-e66055e696ff None None] RequestId filter calling following filter/app {{(pid=109954) _context_setter /opt/stack/cinder/cinder/api/middleware/request_id.py:62}}
Mar 27 15:27:55.081092 dv-cinder-835384-1-iscsi devstack@c-api.service[109954]: INFO cinder.api.openstack.wsgi [None req-f4936533-35fb-484b-9922-e66055e696ff tempest-GroupSnapshotsTest-1593090427 tempest-GroupSnapshotsTest-1593090427-project] GET http://10.222.0.10/volume/v3/e882ee9d8ff040cdbcdbad7a9d1b3ebb/groups/3a762d9b-595a-4427-ae47-ea3b564f7331
Mar 27 15:27:55.081749 dv-cinder-835384-1-iscsi devstack@c-api.service[109954]: DEBUG cinder.api.openstack.wsgi [None req-f4936533-35fb-484b-9922-e66055e696ff tempest-GroupSnapshotsTest-1593090427 tempest-GroupSnapshotsTest-1593090427-project] Empty body provided in request {{(pid=109954) get_body /opt/stack/cinder/cinder/api/openstack/wsgi.py:715}}
Mar 27 15:27:55.082413 dv-cinder-835384-1-iscsi devstack@c-api.service[109954]: DEBUG cinder.api.openstack.wsgi [None req-f4936533-35fb-484b-9922-e66055e696ff tempest-GroupSnapshotsTest-1593090427 tempest-GroupSnapshotsTest-1593090427-project] Calling method 'version_select' {{(pid=109954) _process_stack /opt/stack/cinder/cinder/api/openstack/wsgi.py:868}}
Mar 27 15:27:55.082809 dv-cinder-835384-1-iscsi devstack@c-api.service[109954]: DEBUG cinder.api.v3.groups [None req-f4936533-35fb-484b-9922-e66055e696ff tempest-GroupSnapshotsTest-1593090427 tempest-GroupSnapshotsTest-1593090427-project] show called for member 3a762d9b-595a-4427-ae47-ea3b564f7331 {{(pid=109954) show /opt/stack/cinder/cinder/api/v3/groups.py:58}}
Mar 27 15:27:55.089547 dv-cinder-835384-1-iscsi devstack@c-api.service[109954]: /usr/local/lib/python3.8/dist-packages/oslo_context/context.py:100: DeprecationWarning: Policy enforcement is depending on the value of is_admin. This key is deprecated. Please update your policy file to use the standard policy values.
Mar 27 15:27:55.089547 dv-cinder-835384-1-iscsi devstack@c-api.service[109954]: warnings.warn('Policy enforcement is depending on the value of '
Mar 27 15:27:55.105562 dv-cinder-835384-1-iscsi devstack@c-api.service[109954]: INFO cinder.api.openstack.wsgi [None req-f4936533-35fb-484b-9922-e66055e696ff tempest-GroupSnapshotsTest-1593090427 tempest-GroupSnapshotsTest-1593090427-project] http://10.222.0.10/volume/v3/e882ee9d8ff040cdbcdbad7a9d1b3ebb/groups/3a762d9b-595a-4427-ae47-ea3b564f7331 returned with HTTP 200
Mar 27 15:27:55.106482 dv-cinder-835384-1-iscsi devstack@c-api.service[109954]: [pid: 109954|app: 0|req: 207/409] 10.222.0.10 () {60 vars in 1362 bytes} [Sun Mar 27 15:27:55 2022] GET /volume/v3/e882ee9d8ff040cdbcdbad7a9d1b3ebb/groups/3a762d9b-595a-4427-ae47-ea3b564f7331 => generated 391 bytes in 32 msecs (HTTP/1.1 200) 7 headers in 286 bytes (1 switches on core 0)
Mar 27 15:27:55.160563 dv-cinder-835384-1-iscsi devstack@c-api.service[109955]: DEBUG cinder.api.middleware.request_id [None req-1478e8b4-7ae8-475f-b63a-135623abd4d0 None None] RequestId filter calling following filter/app {{(pid=109955) _context_setter /opt/stack/cinder/cinder/api/middleware/request_id.py:62}}
Mar 27 15:27:55.168802 dv-cinder-835384-1-iscsi devstack@c-api.service[109955]: INFO cinder.api.openstack.wsgi [None req-1478e8b4-7ae8-475f-b63a-135623abd4d0 tempest-VolumeTypesTest-1666154811 tempest-VolumeTypesTest-1666154811-project] GET http://10.222.0.10/volume/v3/ef5195f24a7b4fa59886e3359815bf5f/volumes/a116f08e-26a2-45db-8b05-7cd2afeb095d
Mar 27 15:27:55.169598 dv-cinder-835384-1-iscsi devstack@c-api.service[109955]: DEBUG cinder.api.openstack.wsgi [None req-1478e8b4-7ae8-475f-b63a-135623abd4d0 tempest-VolumeTypesTest-1666154811 tempest-VolumeTypesTest-1666154811-project] Empty body provided in request {{(pid=109955) get_body /opt/stack/cinder/cinder/api/openstack/wsgi.py:715}}
Mar 27 15:27:55.170088 dv-cinder-835384-1-iscsi devstack@c-api.service[109955]: DEBUG cinder.api.openstack.wsgi [None req-1478e8b4-7ae8-475f-b63a-135623abd4d0 tempest-VolumeTypesTest-1666154811 tempest-VolumeTypesTest-1666154811-project] Calling method 'show' {{(pid=109955) _process_stack /opt/stack/cinder/cinder/api/openstack/wsgi.py:868}}
Mar 27 15:27:55.185575 dv-cinder-835384-1-iscsi devstack@c-api.service[109955]: /usr/local/lib/python3.8/dist-packages/oslo_context/context.py:100: DeprecationWarning: Policy enforcement is depending on the value of is_admin. This key is deprecated. Please update your policy file to use the standard policy values.
Mar 27 15:27:55.185575 dv-cinder-835384-1-iscsi devstack@c-api.service[109955]: warnings.warn('Policy enforcement is depending on the value of '
Mar 27 15:27:55.193365 dv-cinder-835384-1-iscsi devstack@c-api.service[109955]: INFO cinder.volume.api [None req-1478e8b4-7ae8-475f-b63a-135623abd4d0 tempest-VolumeTypesTest-1666154811 tempest-VolumeTypesTest-1666154811-project] Volume info retrieved successfully.
Mar 27 15:27:55.203378 dv-cinder-835384-1-iscsi devstack@c-api.service[109955]: INFO cinder.api.openstack.wsgi [None req-1478e8b4-7ae8-475f-b63a-135623abd4d0 tempest-VolumeTypesTest-1666154811 tempest-VolumeTypesTest-1666154811-project] http://10.222.0.10/volume/v3/ef5195f24a7b4fa59886e3359815bf5f/volumes/a116f08e-26a2-45db-8b05-7cd2afeb095d returned with HTTP 200
Mar 27 15:27:55.204265 dv-cinder-835384-1-iscsi devstack@c-api.service[109955]: [pid: 109955|app: 0|req: 203/410] 10.222.0.10 () {58 vars in 1324 bytes} [Sun Mar 27 15:27:55 2022] GET /volume/v3/ef5195f24a7b4fa59886e3359815bf5f/volumes/a116f08e-26a2-45db-8b05-7cd2afeb095d => generated 942 bytes in 45 msecs (HTTP/1.1 200) 7 headers in 285 bytes (1 switches on core 0)
Mar 27 15:27:55.218565 dv-cinder-835384-1-iscsi devstack@c-api.service[109954]: DEBUG cinder.api.middleware.request_id [None req-4deb7b7f-acd5-4116-84d5-441f44f8dcc4 None None] RequestId filter calling following filter/app {{(pid=109954) _context_setter /opt/stack/cinder/cinder/api/middleware/request_id.py:62}}
Mar 27 15:27:55.223950 dv-cinder-835384-1-iscsi devstack@c-api.service[109955]: DEBUG cinder.api.middleware.request_id [None req-039a7ce2-5420-464d-be15-1d2a0e17550f None None] RequestId filter calling following filter/app {{(pid=109955) _context_setter /opt/stack/cinder/cinder/api/middleware/request_id.py:62}}
Mar 27 15:27:55.224140 dv-cinder-835384-1-iscsi devstack@c-api.service[109954]: INFO cinder.api.openstack.wsgi [None req-4deb7b7f-acd5-4116-84d5-441f44f8dcc4 tempest-VolumeTypesTest-1666154811 tempest-VolumeTypesTest-1666154811-project] GET http://10.222.0.10/volume/v3/ef5195f24a7b4fa59886e3359815bf5f/volumes/a116f08e-26a2-45db-8b05-7cd2afeb095d
Mar 27 15:27:55.224792 dv-cinder-835384-1-iscsi devstack@c-api.service[109954]: DEBUG cinder.api.openstack.wsgi [None req-4deb7b7f-acd5-4116-84d5-441f44f8dcc4 tempest-VolumeTypesTest-1666154811 tempest-VolumeTypesTest-1666154811-project] Empty body provided in request {{(pid=109954) get_body /opt/stack/cinder/cinder/api/openstack/wsgi.py:715}}
Mar 27 15:27:55.227174 dv-cinder-835384-1-iscsi devstack@c-api.service[109954]: DEBUG cinder.api.openstack.wsgi [None req-4deb7b7f-acd5-4116-84d5-441f44f8dcc4 tempest-VolumeTypesTest-1666154811 tempest-VolumeTypesTest-1666154811-project] Calling method 'show' {{(pid=109954) _process_stack /opt/stack/cinder/cinder/api/openstack/wsgi.py:868}}
Mar 27 15:27:55.229813 dv-cinder-835384-1-iscsi devstack@c-api.service[109955]: INFO cinder.api.openstack.wsgi [None req-039a7ce2-5420-464d-be15-1d2a0e17550f tempest-VolumesImageMetadata-400595050 tempest-VolumesImageMetadata-400595050-project] GET http://10.222.0.10/volume/v3/451e3a19ce374dbbbe5f1cdcacb38a34/volumes/3ec74c93-3685-4086-ad19-c62edfae8ece
Mar 27 15:27:55.230994 dv-cinder-835384-1-iscsi devstack@c-api.service[109955]: DEBUG cinder.api.openstack.wsgi [None req-039a7ce2-5420-464d-be15-1d2a0e17550f tempest-VolumesImageMetadata-400595050 tempest-VolumesImageMetadata-400595050-project] Empty body provided in request {{(pid=109955) get_body /opt/stack/cinder/cinder/api/openstack/wsgi.py:715}}
Mar 27 15:27:55.231940 dv-cinder-835384-1-iscsi devstack@c-api.service[109955]: DEBUG cinder.api.openstack.wsgi [None req-039a7ce2-5420-464d-be15-1d2a0e17550f tempest-VolumesImageMetadata-400595050 tempest-VolumesImageMetadata-400595050-project] Calling method 'show' {{(pid=109955) _process_stack /opt/stack/cinder/cinder/api/openstack/wsgi.py:868}}
Mar 27 15:27:55.244411 dv-cinder-835384-1-iscsi devstack@c-api.service[109954]: /usr/local/lib/python3.8/dist-packages/oslo_context/context.py:100: DeprecationWarning: Policy enforcement is depending on the value of is_admin. This key is deprecated. Please update your policy file to use the standard policy values.
Mar 27 15:27:55.244411 dv-cinder-835384-1-iscsi devstack@c-api.service[109954]: warnings.warn('Policy enforcement is depending on the value of '
Mar 27 15:27:55.252246 dv-cinder-835384-1-iscsi devstack@c-api.service[109954]: INFO cinder.volume.api [None req-4deb7b7f-acd5-4116-84d5-441f44f8dcc4 tempest-VolumeTypesTest-1666154811 tempest-VolumeTypesTest-1666154811-project] Volume info retrieved successfully.
Mar 27 15:27:55.252775 dv-cinder-835384-1-iscsi devstack@c-api.service[109955]: /usr/local/lib/python3.8/dist-packages/oslo_context/context.py:100: DeprecationWarning: Policy enforcement is depending on the value of is_admin. This key is deprecated. Please update your policy file to use the standard policy values.
Mar 27 15:27:55.252775 dv-cinder-835384-1-iscsi devstack@c-api.service[109955]: warnings.warn('Policy enforcement is depending on the value of '
Mar 27 15:27:55.264546 dv-cinder-835384-1-iscsi devstack@c-api.service[109954]: INFO cinder.api.openstack.wsgi [None req-4deb7b7f-acd5-4116-84d5-441f44f8dcc4 tempest-VolumeTypesTest-1666154811 tempest-VolumeTypesTest-1666154811-project] http://10.222.0.10/volume/v3/ef5195f24a7b4fa59886e3359815bf5f/volumes/a116f08e-26a2-45db-8b05-7cd2afeb095d returned with HTTP 200
Mar 27 15:27:55.265546 dv-cinder-835384-1-iscsi devstack@c-api.service[109954]: [pid: 109954|app: 0|req: 208/411] 10.222.0.10 () {58 vars in 1324 bytes} [Sun Mar 27 15:27:55 2022] GET /volume/v3/ef5195f24a7b4fa59886e3359815bf5f/volumes/a116f08e-26a2-45db-8b05-7cd2afeb095d => generated 942 bytes in 48 msecs (HTTP/1.1 200) 7 headers in 285 bytes (1 switches on core 0)
Mar 27 15:27:55.271259 dv-cinder-835384-1-iscsi devstack@c-api.service[109955]: INFO cinder.volume.api [None req-039a7ce2-5420-464d-be15-1d2a0e17550f tempest-VolumesImageMetadata-400595050 tempest-VolumesImageMetadata-400595050-project] Volume info retrieved successfully.
Mar 27 15:27:55.280099 dv-cinder-835384-1-iscsi devstack@c-api.service[109954]: DEBUG cinder.api.middleware.request_id [None req-8a5d3b60-3717-49f5-b4d9-4edc99e9ffeb None None] RequestId filter calling following filter/app {{(pid=109954) _context_setter /opt/stack/cinder/cinder/api/middleware/request_id.py:62}}
Mar 27 15:27:55.281229 dv-cinder-835384-1-iscsi devstack@c-api.service[109955]: INFO cinder.api.openstack.wsgi [None req-039a7ce2-5420-464d-be15-1d2a0e17550f tempest-VolumesImageMetadata-400595050 tempest-VolumesImageMetadata-400595050-project] http://10.222.0.10/volume/v3/451e3a19ce374dbbbe5f1cdcacb38a34/volumes/3ec74c93-3685-4086-ad19-c62edfae8ece returned with HTTP 200
Mar 27 15:27:55.282256 dv-cinder-835384-1-iscsi devstack@c-api.service[109955]: [pid: 109955|app: 0|req: 204/412] 10.222.0.10 () {58 vars in 1324 bytes} [Sun Mar 27 15:27:55 2022] GET /volume/v3/451e3a19ce374dbbbe5f1cdcacb38a34/volumes/3ec74c93-3685-4086-ad19-c62edfae8ece => generated 911 bytes in 61 msecs (HTTP/1.1 200) 7 headers in 285 bytes (2 switches on core 0)
Mar 27 15:27:55.284797 dv-cinder-835384-1-iscsi devstack@c-api.service[109954]: INFO cinder.api.openstack.wsgi [None req-8a5d3b60-3717-49f5-b4d9-4edc99e9ffeb tempest-VolumeTypesTest-1527951855 tempest-VolumeTypesTest-1527951855-project-admin] POST http://10.222.0.10/volume/v3/028ac9d32860471ea989c8ac080959ab/types
Mar 27 15:27:55.285751 dv-cinder-835384-1-iscsi devstack@c-api.service[109954]: DEBUG cinder.api.openstack.wsgi [None req-8a5d3b60-3717-49f5-b4d9-4edc99e9ffeb tempest-VolumeTypesTest-1527951855 tempest-VolumeTypesTest-1527951855-project-admin] Action: 'create', calling method: _create, body: {"volume_type": {"name": "tempest-VolumeTypesTest-volume-type-675204112", "description": "tempest-volume-type-description-208613034", "extra_specs": {"storage_protocol": "iSCSI", "vendor_name": "Microsoft"}, "os-volume-type-access:is_public": true}} {{(pid=109954) _process_stack /opt/stack/cinder/cinder/api/openstack/wsgi.py:866}}
Mar 27 15:27:55.331675 dv-cinder-835384-1-iscsi devstack@c-api.service[109954]: INFO cinder.api.openstack.wsgi [None req-8a5d3b60-3717-49f5-b4d9-4edc99e9ffeb tempest-VolumeTypesTest-1527951855 tempest-VolumeTypesTest-1527951855-project-admin] http://10.222.0.10/volume/v3/028ac9d32860471ea989c8ac080959ab/types returned with HTTP 200
Mar 27 15:27:55.332562 dv-cinder-835384-1-iscsi devstack@c-api.service[109954]: [pid: 109954|app: 0|req: 209/413] 10.222.0.10 () {60 vars in 1229 bytes} [Sun Mar 27 15:27:55 2022] POST /volume/v3/028ac9d32860471ea989c8ac080959ab/types => generated 314 bytes in 54 msecs (HTTP/1.1 200) 7 headers in 285 bytes (2 switches on core 0)
Mar 27 15:27:55.339350 dv-cinder-835384-1-iscsi devstack@c-api.service[109955]: DEBUG cinder.api.middleware.request_id [None req-ebb9e228-2c7f-4b1d-bb16-c7bd7a3b4d2e None None] RequestId filter calling following filter/app {{(pid=109955) _context_setter /opt/stack/cinder/cinder/api/middleware/request_id.py:62}}
Mar 27 15:27:55.343228 dv-cinder-835384-1-iscsi devstack@c-api.service[109955]: INFO cinder.api.openstack.wsgi [None req-ebb9e228-2c7f-4b1d-bb16-c7bd7a3b4d2e tempest-VolumeTypesTest-1527951855 tempest-VolumeTypesTest-1527951855-project-admin] GET http://10.222.0.10/volume/v3/028ac9d32860471ea989c8ac080959ab/types/3b7c8177-ef0a-4b8d-93e3-f96c2d389b9c
Mar 27 15:27:55.343883 dv-cinder-835384-1-iscsi devstack@c-api.service[109955]: DEBUG cinder.api.openstack.wsgi [None req-ebb9e228-2c7f-4b1d-bb16-c7bd7a3b4d2e tempest-VolumeTypesTest-1527951855 tempest-VolumeTypesTest-1527951855-project-admin] Empty body provided in request {{(pid=109955) get_body /opt/stack/cinder/cinder/api/openstack/wsgi.py:715}}
Mar 27 15:27:55.344530 dv-cinder-835384-1-iscsi devstack@c-api.service[109955]: DEBUG cinder.api.openstack.wsgi [None req-ebb9e228-2c7f-4b1d-bb16-c7bd7a3b4d2e tempest-VolumeTypesTest-1527951855 tempest-VolumeTypesTest-1527951855-project-admin] Calling method 'show' {{(pid=109955) _process_stack /opt/stack/cinder/cinder/api/openstack/wsgi.py:868}}
Mar 27 15:27:55.356671 dv-cinder-835384-1-iscsi devstack@c-api.service[109955]: INFO cinder.api.openstack.wsgi [None req-ebb9e228-2c7f-4b1d-bb16-c7bd7a3b4d2e tempest-VolumeTypesTest-1527951855 tempest-VolumeTypesTest-1527951855-project-admin] http://10.222.0.10/volume/v3/028ac9d32860471ea989c8ac080959ab/types/3b7c8177-ef0a-4b8d-93e3-f96c2d389b9c returned with HTTP 200
Mar 27 15:27:55.357668 dv-cinder-835384-1-iscsi devstack@c-api.service[109955]: [pid: 109955|app: 0|req: 205/414] 10.222.0.10 () {58 vars in 1318 bytes} [Sun Mar 27 15:27:55 2022] GET /volume/v3/028ac9d32860471ea989c8ac080959ab/types/3b7c8177-ef0a-4b8d-93e3-f96c2d389b9c => generated 336 bytes in 20 msecs (HTTP/1.1 200) 7 headers in 285 bytes (1 switches on core 0)
Mar 27 15:27:55.364762 dv-cinder-835384-1-iscsi devstack@c-api.service[109954]: DEBUG cinder.api.middleware.request_id [None req-00ceea0e-4ec2-4cdc-ad5a-82130dcf9c25 None None] RequestId filter calling following filter/app {{(pid=109954) _context_setter /opt/stack/cinder/cinder/api/middleware/request_id.py:62}}
Mar 27 15:27:55.368835 dv-cinder-835384-1-iscsi devstack@c-api.service[109954]: INFO cinder.api.openstack.wsgi [None req-00ceea0e-4ec2-4cdc-ad5a-82130dcf9c25 tempest-VolumeTypesTest-1527951855 tempest-VolumeTypesTest-1527951855-project-admin] POST http://10.222.0.10/volume/v3/028ac9d32860471ea989c8ac080959ab/types
Mar 27 15:27:55.370156 dv-cinder-835384-1-iscsi devstack@c-api.service[109954]: DEBUG cinder.api.openstack.wsgi [None req-00ceea0e-4ec2-4cdc-ad5a-82130dcf9c25 tempest-VolumeTypesTest-1527951855 tempest-VolumeTypesTest-1527951855-project-admin] Action: 'create', calling method: _create, body: {"volume_type": {"name": "tempest-VolumeTypesTest-volume-type-1930199409"}} {{(pid=109954) _process_stack /opt/stack/cinder/cinder/api/openstack/wsgi.py:866}}
Mar 27 15:27:55.394885 dv-cinder-835384-1-iscsi devstack@c-api.service[109954]: INFO cinder.api.openstack.wsgi [None req-00ceea0e-4ec2-4cdc-ad5a-82130dcf9c25 tempest-VolumeTypesTest-1527951855 tempest-VolumeTypesTest-1527951855-project-admin] http://10.222.0.10/volume/v3/028ac9d32860471ea989c8ac080959ab/types returned with HTTP 200
Mar 27 15:27:55.395809 dv-cinder-835384-1-iscsi devstack@c-api.service[109954]: [pid: 109954|app: 0|req: 210/415] 10.222.0.10 () {60 vars in 1228 bytes} [Sun Mar 27 15:27:55 2022] POST /volume/v3/028ac9d32860471ea989c8ac080959ab/types => generated 221 bytes in 32 msecs (HTTP/1.1 200) 7 headers in 285 bytes (2 switches on core 0)
Mar 27 15:27:55.402866 dv-cinder-835384-1-iscsi devstack@c-api.service[109955]: DEBUG cinder.api.middleware.request_id [None req-163bbcd6-a885-457a-8188-4908cdd30fa9 None None] RequestId filter calling following filter/app {{(pid=109955) _context_setter /opt/stack/cinder/cinder/api/middleware/request_id.py:62}}
Mar 27 15:27:55.408984 dv-cinder-835384-1-iscsi devstack@c-api.service[109955]: INFO cinder.api.openstack.wsgi [None req-163bbcd6-a885-457a-8188-4908cdd30fa9 tempest-VolumeTypesTest-1527951855 tempest-VolumeTypesTest-1527951855-project-admin] POST http://10.222.0.10/volume/v3/028ac9d32860471ea989c8ac080959ab/types/fffd34ae-830b-4a44-8f44-a02567e9d6bb/encryption
Mar 27 15:27:55.409998 dv-cinder-835384-1-iscsi devstack@c-api.service[109955]: DEBUG cinder.api.openstack.wsgi [None req-163bbcd6-a885-457a-8188-4908cdd30fa9 tempest-VolumeTypesTest-1527951855 tempest-VolumeTypesTest-1527951855-project-admin] Action: 'create', calling method: create, body: {"encryption": {"provider": "LuksEncryptor", "key_size": 256, "cipher": "aes-xts-plain64", "control_location": "front-end"}} {{(pid=109955) _process_stack /opt/stack/cinder/cinder/api/openstack/wsgi.py:866}}
Mar 27 15:27:55.463644 dv-cinder-835384-1-iscsi devstack@c-api.service[109955]: INFO cinder.api.openstack.wsgi [None req-163bbcd6-a885-457a-8188-4908cdd30fa9 tempest-VolumeTypesTest-1527951855 tempest-VolumeTypesTest-1527951855-project-admin] http://10.222.0.10/volume/v3/028ac9d32860471ea989c8ac080959ab/types/fffd34ae-830b-4a44-8f44-a02567e9d6bb/encryption returned with HTTP 200
Mar 27 15:27:55.464452 dv-cinder-835384-1-iscsi devstack@c-api.service[109955]: [pid: 109955|app: 0|req: 206/416] 10.222.0.10 () {60 vars in 1373 bytes} [Sun Mar 27 15:27:55 2022] POST /volume/v3/028ac9d32860471ea989c8ac080959ab/types/fffd34ae-830b-4a44-8f44-a02567e9d6bb/encryption => generated 239 bytes in 63 msecs (HTTP/1.1 200) 7 headers in 285 bytes (1 switches on core 0)
Mar 27 15:27:55.470733 dv-cinder-835384-1-iscsi devstack@c-api.service[109954]: DEBUG cinder.api.middleware.request_id [None req-bf86e76d-6101-49e1-a531-c2b12bfeee55 None None] RequestId filter calling following filter/app {{(pid=109954) _context_setter /opt/stack/cinder/cinder/api/middleware/request_id.py:62}}
Mar 27 15:27:55.477107 dv-cinder-835384-1-iscsi devstack@c-api.service[109954]: INFO cinder.api.openstack.wsgi [None req-bf86e76d-6101-49e1-a531-c2b12bfeee55 tempest-VolumeTypesTest-1527951855 tempest-VolumeTypesTest-1527951855-project-admin] GET http://10.222.0.10/volume/v3/028ac9d32860471ea989c8ac080959ab/types/fffd34ae-830b-4a44-8f44-a02567e9d6bb/encryption
Mar 27 15:27:55.477899 dv-cinder-835384-1-iscsi devstack@c-api.service[109954]: DEBUG cinder.api.openstack.wsgi [None req-bf86e76d-6101-49e1-a531-c2b12bfeee55 tempest-VolumeTypesTest-1527951855 tempest-VolumeTypesTest-1527951855-project-admin] Empty body provided in request {{(pid=109954) get_body /opt/stack/cinder/cinder/api/openstack/wsgi.py:715}}
Mar 27 15:27:55.479419 dv-cinder-835384-1-iscsi devstack@c-api.service[109954]: DEBUG cinder.api.openstack.wsgi [None req-bf86e76d-6101-49e1-a531-c2b12bfeee55 tempest-VolumeTypesTest-1527951855 tempest-VolumeTypesTest-1527951855-project-admin] Calling method 'index' {{(pid=109954) _process_stack /opt/stack/cinder/cinder/api/openstack/wsgi.py:868}}
Mar 27 15:27:55.500088 dv-cinder-835384-1-iscsi devstack@c-api.service[109954]: INFO cinder.api.openstack.wsgi [None req-bf86e76d-6101-49e1-a531-c2b12bfeee55 tempest-VolumeTypesTest-1527951855 tempest-VolumeTypesTest-1527951855-project-admin] http://10.222.0.10/volume/v3/028ac9d32860471ea989c8ac080959ab/types/fffd34ae-830b-4a44-8f44-a02567e9d6bb/encryption returned with HTTP 200
Mar 27 15:27:55.500868 dv-cinder-835384-1-iscsi devstack@c-api.service[109954]: [pid: 109954|app: 0|req: 211/417] 10.222.0.10 () {58 vars in 1351 bytes} [Sun Mar 27 15:27:55 2022] GET /volume/v3/028ac9d32860471ea989c8ac080959ab/types/fffd34ae-830b-4a44-8f44-a02567e9d6bb/encryption => generated 325 bytes in 31 msecs (HTTP/1.1 200) 7 headers in 285 bytes (1 switches on core 0)
Mar 27 15:27:55.508142 dv-cinder-835384-1-iscsi devstack@c-api.service[109955]: DEBUG cinder.api.middleware.request_id [None req-e8e4337c-f041-44e4-9456-3b6e913f91c3 None None] RequestId filter calling following filter/app {{(pid=109955) _context_setter /opt/stack/cinder/cinder/api/middleware/request_id.py:62}}
Mar 27 15:27:55.514216 dv-cinder-835384-1-iscsi devstack@c-api.service[109955]: INFO cinder.api.openstack.wsgi [None req-e8e4337c-f041-44e4-9456-3b6e913f91c3 tempest-VolumeTypesTest-1527951855 tempest-VolumeTypesTest-1527951855-project-admin] PUT http://10.222.0.10/volume/v3/028ac9d32860471ea989c8ac080959ab/types/fffd34ae-830b-4a44-8f44-a02567e9d6bb/encryption/provider
Mar 27 15:27:55.515046 dv-cinder-835384-1-iscsi devstack@c-api.service[109955]: DEBUG cinder.api.openstack.wsgi [None req-e8e4337c-f041-44e4-9456-3b6e913f91c3 tempest-VolumeTypesTest-1527951855 tempest-VolumeTypesTest-1527951855-project-admin] Action: 'update', calling method: update, body: {"encryption": {"key_size": 128, "provider": "SomeProvider", "cipher": "aes-xts-plain64", "control_location": "back-end"}} {{(pid=109955) _process_stack /opt/stack/cinder/cinder/api/openstack/wsgi.py:866}}
Mar 27 15:27:55.538025 dv-cinder-835384-1-iscsi devstack@c-api.service[109954]: DEBUG cinder.api.middleware.request_id [None req-010bcbe6-6eee-439e-8219-79d5c5f8fe51 None None] RequestId filter calling following filter/app {{(pid=109954) _context_setter /opt/stack/cinder/cinder/api/middleware/request_id.py:62}}
Mar 27 15:27:55.543744 dv-cinder-835384-1-iscsi devstack@c-api.service[109954]: INFO cinder.api.openstack.wsgi [None req-010bcbe6-6eee-439e-8219-79d5c5f8fe51 tempest-DeleteServersTestJSON-1164948705 tempest-DeleteServersTestJSON-1164948705-project] GET http://10.222.0.10/volume/v3/06d80a599fc24af186871fd0bde3b0ac/volumes/255a57d3-1644-4d0c-9b4c-157ba9fcebbe
Mar 27 15:27:55.544429 dv-cinder-835384-1-iscsi devstack@c-api.service[109954]: DEBUG cinder.api.openstack.wsgi [None req-010bcbe6-6eee-439e-8219-79d5c5f8fe51 tempest-DeleteServersTestJSON-1164948705 tempest-DeleteServersTestJSON-1164948705-project] Empty body provided in request {{(pid=109954) get_body /opt/stack/cinder/cinder/api/openstack/wsgi.py:715}}
Mar 27 15:27:55.545023 dv-cinder-835384-1-iscsi devstack@c-api.service[109954]: DEBUG cinder.api.openstack.wsgi [None req-010bcbe6-6eee-439e-8219-79d5c5f8fe51 tempest-DeleteServersTestJSON-1164948705 tempest-DeleteServersTestJSON-1164948705-project] Calling method 'show' {{(pid=109954) _process_stack /opt/stack/cinder/cinder/api/openstack/wsgi.py:868}}
Mar 27 15:27:55.554798 dv-cinder-835384-1-iscsi devstack@c-api.service[109955]: INFO cinder.api.openstack.wsgi [None req-e8e4337c-f041-44e4-9456-3b6e913f91c3 tempest-VolumeTypesTest-1527951855 tempest-VolumeTypesTest-1527951855-project-admin] http://10.222.0.10/volume/v3/028ac9d32860471ea989c8ac080959ab/types/fffd34ae-830b-4a44-8f44-a02567e9d6bb/encryption/provider returned with HTTP 200
Mar 27 15:27:55.561061 dv-cinder-835384-1-iscsi devstack@c-api.service[109955]: [pid: 109955|app: 0|req: 207/418] 10.222.0.10 () {60 vars in 1399 bytes} [Sun Mar 27 15:27:55 2022] PUT /volume/v3/028ac9d32860471ea989c8ac080959ab/types/fffd34ae-830b-4a44-8f44-a02567e9d6bb/encryption/provider => generated 122 bytes in 49 msecs (HTTP/1.1 200) 7 headers in 285 bytes (1 switches on core 0)
Mar 27 15:27:55.562571 dv-cinder-835384-1-iscsi devstack@c-api.service[109955]: DEBUG cinder.api.middleware.request_id [None req-f300a658-6e00-490e-aa81-cca7d0a8a8df None None] RequestId filter calling following filter/app {{(pid=109955) _context_setter /opt/stack/cinder/cinder/api/middleware/request_id.py:62}}
Mar 27 15:27:55.568126 dv-cinder-835384-1-iscsi devstack@c-api.service[109955]: INFO cinder.api.openstack.wsgi [None req-f300a658-6e00-490e-aa81-cca7d0a8a8df tempest-VolumeTypesTest-1527951855 tempest-VolumeTypesTest-1527951855-project-admin] GET http://10.222.0.10/volume/v3/028ac9d32860471ea989c8ac080959ab/types/fffd34ae-830b-4a44-8f44-a02567e9d6bb/encryption
Mar 27 15:27:55.568581 dv-cinder-835384-1-iscsi devstack@c-api.service[109955]: DEBUG cinder.api.openstack.wsgi [None req-f300a658-6e00-490e-aa81-cca7d0a8a8df tempest-VolumeTypesTest-1527951855 tempest-VolumeTypesTest-1527951855-project-admin] Empty body provided in request {{(pid=109955) get_body /opt/stack/cinder/cinder/api/openstack/wsgi.py:715}}
Mar 27 15:27:55.569379 dv-cinder-835384-1-iscsi devstack@c-api.service[109955]: DEBUG cinder.api.openstack.wsgi [None req-f300a658-6e00-490e-aa81-cca7d0a8a8df tempest-VolumeTypesTest-1527951855 tempest-VolumeTypesTest-1527951855-project-admin] Calling method 'index' {{(pid=109955) _process_stack /opt/stack/cinder/cinder/api/openstack/wsgi.py:868}}
Mar 27 15:27:55.584451 dv-cinder-835384-1-iscsi devstack@c-api.service[109955]: INFO cinder.api.openstack.wsgi [None req-f300a658-6e00-490e-aa81-cca7d0a8a8df tempest-VolumeTypesTest-1527951855 tempest-VolumeTypesTest-1527951855-project-admin] http://10.222.0.10/volume/v3/028ac9d32860471ea989c8ac080959ab/types/fffd34ae-830b-4a44-8f44-a02567e9d6bb/encryption returned with HTTP 200
Mar 27 15:27:55.587013 dv-cinder-835384-1-iscsi devstack@c-api.service[109954]: /usr/local/lib/python3.8/dist-packages/oslo_context/context.py:100: DeprecationWarning: Policy enforcement is depending on the value of is_admin. This key is deprecated. Please update your policy file to use the standard policy values.
Mar 27 15:27:55.587013 dv-cinder-835384-1-iscsi devstack@c-api.service[109954]: warnings.warn('Policy enforcement is depending on the value of '
Mar 27 15:27:55.590801 dv-cinder-835384-1-iscsi devstack@c-api.service[109955]: [pid: 109955|app: 0|req: 208/419] 10.222.0.10 () {58 vars in 1351 bytes} [Sun Mar 27 15:27:55 2022] GET /volume/v3/028ac9d32860471ea989c8ac080959ab/types/fffd34ae-830b-4a44-8f44-a02567e9d6bb/encryption => generated 347 bytes in 29 msecs (HTTP/1.1 200) 7 headers in 285 bytes (1 switches on core 0)
Mar 27 15:27:55.592448 dv-cinder-835384-1-iscsi devstack@c-api.service[109955]: DEBUG cinder.api.middleware.request_id [None req-98b8fb3c-54d4-4914-9f1b-0be38c984caf None None] RequestId filter calling following filter/app {{(pid=109955) _context_setter /opt/stack/cinder/cinder/api/middleware/request_id.py:62}}
Mar 27 15:27:55.597442 dv-cinder-835384-1-iscsi devstack@c-api.service[109955]: INFO cinder.api.openstack.wsgi [None req-98b8fb3c-54d4-4914-9f1b-0be38c984caf tempest-VolumeTypesTest-1527951855 tempest-VolumeTypesTest-1527951855-project-admin] GET http://10.222.0.10/volume/v3/028ac9d32860471ea989c8ac080959ab/types/fffd34ae-830b-4a44-8f44-a02567e9d6bb/encryption/cipher
Mar 27 15:27:55.597883 dv-cinder-835384-1-iscsi devstack@c-api.service[109955]: DEBUG cinder.api.openstack.wsgi [None req-98b8fb3c-54d4-4914-9f1b-0be38c984caf tempest-VolumeTypesTest-1527951855 tempest-VolumeTypesTest-1527951855-project-admin] Empty body provided in request {{(pid=109955) get_body /opt/stack/cinder/cinder/api/openstack/wsgi.py:715}}
Mar 27 15:27:55.598497 dv-cinder-835384-1-iscsi devstack@c-api.service[109955]: DEBUG cinder.api.openstack.wsgi [None req-98b8fb3c-54d4-4914-9f1b-0be38c984caf tempest-VolumeTypesTest-1527951855 tempest-VolumeTypesTest-1527951855-project-admin] Calling method 'show' {{(pid=109955) _process_stack /opt/stack/cinder/cinder/api/openstack/wsgi.py:868}}
Mar 27 15:27:55.605845 dv-cinder-835384-1-iscsi devstack@c-api.service[109954]: INFO cinder.volume.api [None req-010bcbe6-6eee-439e-8219-79d5c5f8fe51 tempest-DeleteServersTestJSON-1164948705 tempest-DeleteServersTestJSON-1164948705-project] Volume info retrieved successfully.
Mar 27 15:27:55.609120 dv-cinder-835384-1-iscsi devstack@c-api.service[109955]: INFO cinder.api.openstack.wsgi [None req-98b8fb3c-54d4-4914-9f1b-0be38c984caf tempest-VolumeTypesTest-1527951855 tempest-VolumeTypesTest-1527951855-project-admin] http://10.222.0.10/volume/v3/028ac9d32860471ea989c8ac080959ab/types/fffd34ae-830b-4a44-8f44-a02567e9d6bb/encryption/cipher returned with HTTP 200
Mar 27 15:27:55.613915 dv-cinder-835384-1-iscsi devstack@c-api.service[109955]: [pid: 109955|app: 0|req: 209/420] 10.222.0.10 () {58 vars in 1372 bytes} [Sun Mar 27 15:27:55 2022] GET /volume/v3/028ac9d32860471ea989c8ac080959ab/types/fffd34ae-830b-4a44-8f44-a02567e9d6bb/encryption/cipher => generated 29 bytes in 20 msecs (HTTP/1.1 200) 7 headers in 284 bytes (1 switches on core 0)
Mar 27 15:27:55.616246 dv-cinder-835384-1-iscsi devstack@c-api.service[109955]: DEBUG cinder.api.middleware.request_id [None req-1e5e2caf-59ed-4019-90e8-2274e468c838 None None] RequestId filter calling following filter/app {{(pid=109955) _context_setter /opt/stack/cinder/cinder/api/middleware/request_id.py:62}}
Mar 27 15:27:55.617487 dv-cinder-835384-1-iscsi devstack@c-api.service[109954]: INFO cinder.api.openstack.wsgi [None req-010bcbe6-6eee-439e-8219-79d5c5f8fe51 tempest-DeleteServersTestJSON-1164948705 tempest-DeleteServersTestJSON-1164948705-project] http://10.222.0.10/volume/v3/06d80a599fc24af186871fd0bde3b0ac/volumes/255a57d3-1644-4d0c-9b4c-157ba9fcebbe returned with HTTP 200
Mar 27 15:27:55.618258 dv-cinder-835384-1-iscsi devstack@c-api.service[109954]: [pid: 109954|app: 0|req: 212/421] 10.222.0.10 () {58 vars in 1324 bytes} [Sun Mar 27 15:27:55 2022] GET /volume/v3/06d80a599fc24af186871fd0bde3b0ac/volumes/255a57d3-1644-4d0c-9b4c-157ba9fcebbe => generated 914 bytes in 82 msecs (HTTP/1.1 200) 7 headers in 285 bytes (2 switches on core 0)
Mar 27 15:27:55.622789 dv-cinder-835384-1-iscsi devstack@c-api.service[109955]: INFO cinder.api.openstack.wsgi [None req-1e5e2caf-59ed-4019-90e8-2274e468c838 tempest-VolumeTypesTest-1527951855 tempest-VolumeTypesTest-1527951855-project-admin] DELETE http://10.222.0.10/volume/v3/028ac9d32860471ea989c8ac080959ab/types/fffd34ae-830b-4a44-8f44-a02567e9d6bb/encryption/provider
Mar 27 15:27:55.623270 dv-cinder-835384-1-iscsi devstack@c-api.service[109955]: DEBUG cinder.api.openstack.wsgi [None req-1e5e2caf-59ed-4019-90e8-2274e468c838 tempest-VolumeTypesTest-1527951855 tempest-VolumeTypesTest-1527951855-project-admin] Empty body provided in request {{(pid=109955) get_body /opt/stack/cinder/cinder/api/openstack/wsgi.py:715}}
Mar 27 15:27:55.623729 dv-cinder-835384-1-iscsi devstack@c-api.service[109955]: DEBUG cinder.api.openstack.wsgi [None req-1e5e2caf-59ed-4019-90e8-2274e468c838 tempest-VolumeTypesTest-1527951855 tempest-VolumeTypesTest-1527951855-project-admin] Calling method 'delete' {{(pid=109955) _process_stack /opt/stack/cinder/cinder/api/openstack/wsgi.py:868}}
Mar 27 15:27:55.653189 dv-cinder-835384-1-iscsi devstack@c-api.service[109955]: INFO cinder.api.openstack.wsgi [None req-1e5e2caf-59ed-4019-90e8-2274e468c838 tempest-VolumeTypesTest-1527951855 tempest-VolumeTypesTest-1527951855-project-admin] http://10.222.0.10/volume/v3/028ac9d32860471ea989c8ac080959ab/types/fffd34ae-830b-4a44-8f44-a02567e9d6bb/encryption/provider returned with HTTP 202
Mar 27 15:27:55.654317 dv-cinder-835384-1-iscsi devstack@c-api.service[109955]: [pid: 109955|app: 0|req: 210/422] 10.222.0.10 () {58 vars in 1381 bytes} [Sun Mar 27 15:27:55 2022] DELETE /volume/v3/028ac9d32860471ea989c8ac080959ab/types/fffd34ae-830b-4a44-8f44-a02567e9d6bb/encryption/provider => generated 0 bytes in 39 msecs (HTTP/1.1 202) 6 headers in 233 bytes (2 switches on core 0)
Mar 27 15:27:55.659173 dv-cinder-835384-1-iscsi devstack@c-api.service[109954]: DEBUG cinder.api.middleware.request_id [None req-3891455b-fc17-4fc9-aba2-dc07a94c4d77 None None] RequestId filter calling following filter/app {{(pid=109954) _context_setter /opt/stack/cinder/cinder/api/middleware/request_id.py:62}}
Mar 27 15:27:55.664779 dv-cinder-835384-1-iscsi devstack@c-api.service[109954]: INFO cinder.api.openstack.wsgi [None req-3891455b-fc17-4fc9-aba2-dc07a94c4d77 tempest-VolumeTypesTest-1527951855 tempest-VolumeTypesTest-1527951855-project-admin] GET http://10.222.0.10/volume/v3/028ac9d32860471ea989c8ac080959ab/types/fffd34ae-830b-4a44-8f44-a02567e9d6bb/encryption
Mar 27 15:27:55.665602 dv-cinder-835384-1-iscsi devstack@c-api.service[109954]: DEBUG cinder.api.openstack.wsgi [None req-3891455b-fc17-4fc9-aba2-dc07a94c4d77 tempest-VolumeTypesTest-1527951855 tempest-VolumeTypesTest-1527951855-project-admin] Empty body provided in request {{(pid=109954) get_body /opt/stack/cinder/cinder/api/openstack/wsgi.py:715}}
Mar 27 15:27:55.667497 dv-cinder-835384-1-iscsi devstack@c-api.service[109954]: DEBUG cinder.api.openstack.wsgi [None req-3891455b-fc17-4fc9-aba2-dc07a94c4d77 tempest-VolumeTypesTest-1527951855 tempest-VolumeTypesTest-1527951855-project-admin] Calling method 'index' {{(pid=109954) _process_stack /opt/stack/cinder/cinder/api/openstack/wsgi.py:868}}
Mar 27 15:27:55.679747 dv-cinder-835384-1-iscsi devstack@c-api.service[109954]: INFO cinder.api.openstack.wsgi [None req-3891455b-fc17-4fc9-aba2-dc07a94c4d77 tempest-VolumeTypesTest-1527951855 tempest-VolumeTypesTest-1527951855-project-admin] http://10.222.0.10/volume/v3/028ac9d32860471ea989c8ac080959ab/types/fffd34ae-830b-4a44-8f44-a02567e9d6bb/encryption returned with HTTP 200
Mar 27 15:27:55.680579 dv-cinder-835384-1-iscsi devstack@c-api.service[109954]: [pid: 109954|app: 0|req: 213/423] 10.222.0.10 () {58 vars in 1351 bytes} [Sun Mar 27 15:27:55 2022] GET /volume/v3/028ac9d32860471ea989c8ac080959ab/types/fffd34ae-830b-4a44-8f44-a02567e9d6bb/encryption => generated 2 bytes in 22 msecs (HTTP/1.1 200) 7 headers in 283 bytes (1 switches on core 0)
Mar 27 15:27:55.695566 dv-cinder-835384-1-iscsi devstack@c-api.service[109955]: DEBUG cinder.api.middleware.request_id [None req-b8c02b19-c016-4219-a7ba-23d47e48126b None None] RequestId filter calling following filter/app {{(pid=109955) _context_setter /opt/stack/cinder/cinder/api/middleware/request_id.py:62}}
Mar 27 15:27:55.700590 dv-cinder-835384-1-iscsi devstack@c-api.service[109955]: INFO cinder.api.openstack.wsgi [None req-b8c02b19-c016-4219-a7ba-23d47e48126b tempest-VolumeTypesTest-1527951855 tempest-VolumeTypesTest-1527951855-project-admin] GET http://10.222.0.10/volume/v3/028ac9d32860471ea989c8ac080959ab/types/fffd34ae-830b-4a44-8f44-a02567e9d6bb/encryption
Mar 27 15:27:55.701035 dv-cinder-835384-1-iscsi devstack@c-api.service[109955]: DEBUG cinder.api.openstack.wsgi [None req-b8c02b19-c016-4219-a7ba-23d47e48126b tempest-VolumeTypesTest-1527951855 tempest-VolumeTypesTest-1527951855-project-admin] Empty body provided in request {{(pid=109955) get_body /opt/stack/cinder/cinder/api/openstack/wsgi.py:715}}
Mar 27 15:27:55.701485 dv-cinder-835384-1-iscsi devstack@c-api.service[109955]: DEBUG cinder.api.openstack.wsgi [None req-b8c02b19-c016-4219-a7ba-23d47e48126b tempest-VolumeTypesTest-1527951855 tempest-VolumeTypesTest-1527951855-project-admin] Calling method 'index' {{(pid=109955) _process_stack /opt/stack/cinder/cinder/api/openstack/wsgi.py:868}}
Mar 27 15:27:55.715744 dv-cinder-835384-1-iscsi devstack@c-api.service[109955]: INFO cinder.api.openstack.wsgi [None req-b8c02b19-c016-4219-a7ba-23d47e48126b tempest-VolumeTypesTest-1527951855 tempest-VolumeTypesTest-1527951855-project-admin] http://10.222.0.10/volume/v3/028ac9d32860471ea989c8ac080959ab/types/fffd34ae-830b-4a44-8f44-a02567e9d6bb/encryption returned with HTTP 200
Mar 27 15:27:55.716518 dv-cinder-835384-1-iscsi devstack@c-api.service[109955]: [pid: 109955|app: 0|req: 211/424] 10.222.0.10 () {58 vars in 1351 bytes} [Sun Mar 27 15:27:55 2022] GET /volume/v3/028ac9d32860471ea989c8ac080959ab/types/fffd34ae-830b-4a44-8f44-a02567e9d6bb/encryption => generated 2 bytes in 28 msecs (HTTP/1.1 200) 7 headers in 283 bytes (1 switches on core 0)
Mar 27 15:27:55.723811 dv-cinder-835384-1-iscsi devstack@c-api.service[109954]: DEBUG cinder.api.middleware.request_id [None req-261b6031-2b4e-4873-ad37-4fea5b8f4b46 None None] RequestId filter calling following filter/app {{(pid=109954) _context_setter /opt/stack/cinder/cinder/api/middleware/request_id.py:62}}
Mar 27 15:27:55.727692 dv-cinder-835384-1-iscsi devstack@c-api.service[109954]: INFO cinder.api.openstack.wsgi [None req-261b6031-2b4e-4873-ad37-4fea5b8f4b46 tempest-VolumeTypesTest-1527951855 tempest-VolumeTypesTest-1527951855-project-admin] GET http://10.222.0.10/volume/v3/028ac9d32860471ea989c8ac080959ab/types
Mar 27 15:27:55.728133 dv-cinder-835384-1-iscsi devstack@c-api.service[109954]: DEBUG cinder.api.openstack.wsgi [None req-261b6031-2b4e-4873-ad37-4fea5b8f4b46 tempest-VolumeTypesTest-1527951855 tempest-VolumeTypesTest-1527951855-project-admin] Empty body provided in request {{(pid=109954) get_body /opt/stack/cinder/cinder/api/openstack/wsgi.py:715}}
Mar 27 15:27:55.729244 dv-cinder-835384-1-iscsi devstack@c-api.service[109954]: DEBUG cinder.api.openstack.wsgi [None req-261b6031-2b4e-4873-ad37-4fea5b8f4b46 tempest-VolumeTypesTest-1527951855 tempest-VolumeTypesTest-1527951855-project-admin] Calling method 'index' {{(pid=109954) _process_stack /opt/stack/cinder/cinder/api/openstack/wsgi.py:868}}
Mar 27 15:27:55.769104 dv-cinder-835384-1-iscsi devstack@c-api.service[109954]: INFO cinder.api.openstack.wsgi [None req-261b6031-2b4e-4873-ad37-4fea5b8f4b46 tempest-VolumeTypesTest-1527951855 tempest-VolumeTypesTest-1527951855-project-admin] http://10.222.0.10/volume/v3/028ac9d32860471ea989c8ac080959ab/types returned with HTTP 200
Mar 27 15:27:55.771083 dv-cinder-835384-1-iscsi devstack@c-api.service[109954]: [pid: 109954|app: 0|req: 214/425] 10.222.0.10 () {58 vars in 1207 bytes} [Sun Mar 27 15:27:55 2022] GET /volume/v3/028ac9d32860471ea989c8ac080959ab/types => generated 2031 bytes in 47 msecs (HTTP/1.1 200) 7 headers in 286 bytes (1 switches on core 0)
Mar 27 15:27:55.782387 dv-cinder-835384-1-iscsi devstack@c-api.service[109955]: DEBUG cinder.api.middleware.request_id [None req-20e298a8-782c-45e3-a396-097d67c54899 None None] RequestId filter calling following filter/app {{(pid=109955) _context_setter /opt/stack/cinder/cinder/api/middleware/request_id.py:62}}
