Mar 23 19:13:54.047341 dv-cinder-834961-1-iscsi devstack@n-api.service[101041]: DEBUG nova.context [None req-e80b6c30-6e2c-4ed3-92c6-ecbb670cd08a None None] Found 2 cells: 00000000-0000-0000-0000-000000000000(cell0),d3827fb4-2ed5-46f9-b791-03dd712063ed(cell1) {{(pid=101041) load_cells /opt/stack/nova/nova/context.py:464}}
Mar 23 19:13:54.050380 dv-cinder-834961-1-iscsi devstack@n-api.service[101040]: DEBUG oslo_concurrency.lockutils [None req-d0f4909b-e8af-49f3-ad73-199da4cb16a4 None None] Lock "00000000-0000-0000-0000-000000000000" acquired by "nova.context.set_target_cell..get_or_set_cached_cell_and_set_connections" :: waited 0.000s {{(pid=101040) inner /usr/local/lib/python3.8/dist-packages/oslo_concurrency/lockutils.py:355}}
Mar 23 19:13:54.051593 dv-cinder-834961-1-iscsi devstack@n-api.service[101041]: DEBUG oslo_concurrency.lockutils [None req-e80b6c30-6e2c-4ed3-92c6-ecbb670cd08a None None] Lock "00000000-0000-0000-0000-000000000000" acquired by "nova.context.set_target_cell..get_or_set_cached_cell_and_set_connections" :: waited 0.000s {{(pid=101041) inner /usr/local/lib/python3.8/dist-packages/oslo_concurrency/lockutils.py:355}}
Mar 23 19:13:54.051930 dv-cinder-834961-1-iscsi devstack@n-api.service[101040]: DEBUG oslo_concurrency.lockutils [None req-d0f4909b-e8af-49f3-ad73-199da4cb16a4 None None] Lock "00000000-0000-0000-0000-000000000000" released by "nova.context.set_target_cell..get_or_set_cached_cell_and_set_connections" :: held 0.002s {{(pid=101040) inner /usr/local/lib/python3.8/dist-packages/oslo_concurrency/lockutils.py:367}}
Mar 23 19:13:54.052731 dv-cinder-834961-1-iscsi devstack@n-api.service[101040]: DEBUG oslo_concurrency.lockutils [None req-d0f4909b-e8af-49f3-ad73-199da4cb16a4 None None] Lock "d3827fb4-2ed5-46f9-b791-03dd712063ed" acquired by "nova.context.set_target_cell..get_or_set_cached_cell_and_set_connections" :: waited 0.000s {{(pid=101040) inner /usr/local/lib/python3.8/dist-packages/oslo_concurrency/lockutils.py:355}}
Mar 23 19:13:54.053197 dv-cinder-834961-1-iscsi devstack@n-api.service[101041]: DEBUG oslo_concurrency.lockutils [None req-e80b6c30-6e2c-4ed3-92c6-ecbb670cd08a None None] Lock "00000000-0000-0000-0000-000000000000" released by "nova.context.set_target_cell..get_or_set_cached_cell_and_set_connections" :: held 0.002s {{(pid=101041) inner /usr/local/lib/python3.8/dist-packages/oslo_concurrency/lockutils.py:367}}
Mar 23 19:13:54.054012 dv-cinder-834961-1-iscsi devstack@n-api.service[101041]: DEBUG oslo_concurrency.lockutils [None req-e80b6c30-6e2c-4ed3-92c6-ecbb670cd08a None None] Lock "d3827fb4-2ed5-46f9-b791-03dd712063ed" acquired by "nova.context.set_target_cell..get_or_set_cached_cell_and_set_connections" :: waited 0.000s {{(pid=101041) inner /usr/local/lib/python3.8/dist-packages/oslo_concurrency/lockutils.py:355}}
Mar 23 19:13:54.054674 dv-cinder-834961-1-iscsi devstack@n-api.service[101040]: DEBUG oslo_concurrency.lockutils [None req-d0f4909b-e8af-49f3-ad73-199da4cb16a4 None None] Lock "d3827fb4-2ed5-46f9-b791-03dd712063ed" released by "nova.context.set_target_cell..get_or_set_cached_cell_and_set_connections" :: held 0.002s {{(pid=101040) inner /usr/local/lib/python3.8/dist-packages/oslo_concurrency/lockutils.py:367}}
Mar 23 19:13:54.055936 dv-cinder-834961-1-iscsi devstack@n-api.service[101041]: DEBUG oslo_concurrency.lockutils [None req-e80b6c30-6e2c-4ed3-92c6-ecbb670cd08a None None] Lock "d3827fb4-2ed5-46f9-b791-03dd712063ed" released by "nova.context.set_target_cell..get_or_set_cached_cell_and_set_connections" :: held 0.002s {{(pid=101041) inner /usr/local/lib/python3.8/dist-packages/oslo_concurrency/lockutils.py:367}}
Mar 23 19:13:54.067798 dv-cinder-834961-1-iscsi devstack@n-api.service[101040]: DEBUG oslo_db.sqlalchemy.engines [None req-d0f4909b-e8af-49f3-ad73-199da4cb16a4 None None] MySQL server mode set to STRICT_TRANS_TABLES,STRICT_ALL_TABLES,NO_ZERO_IN_DATE,NO_ZERO_DATE,ERROR_FOR_DIVISION_BY_ZERO,TRADITIONAL,NO_ENGINE_SUBSTITUTION {{(pid=101040) _check_effective_sql_mode /usr/local/lib/python3.8/dist-packages/oslo_db/sqlalchemy/engines.py:314}}
Mar 23 19:13:54.068651 dv-cinder-834961-1-iscsi devstack@n-api.service[101040]: DEBUG oslo_db.sqlalchemy.engines [None req-d0f4909b-e8af-49f3-ad73-199da4cb16a4 None None] MySQL server mode set to STRICT_TRANS_TABLES,STRICT_ALL_TABLES,NO_ZERO_IN_DATE,NO_ZERO_DATE,ERROR_FOR_DIVISION_BY_ZERO,TRADITIONAL,NO_ENGINE_SUBSTITUTION {{(pid=101040) _check_effective_sql_mode /usr/local/lib/python3.8/dist-packages/oslo_db/sqlalchemy/engines.py:314}}
Mar 23 19:13:54.071660 dv-cinder-834961-1-iscsi devstack@n-api.service[101041]: DEBUG oslo_db.sqlalchemy.engines [None req-e80b6c30-6e2c-4ed3-92c6-ecbb670cd08a None None] MySQL server mode set to STRICT_TRANS_TABLES,STRICT_ALL_TABLES,NO_ZERO_IN_DATE,NO_ZERO_DATE,ERROR_FOR_DIVISION_BY_ZERO,TRADITIONAL,NO_ENGINE_SUBSTITUTION {{(pid=101041) _check_effective_sql_mode /usr/local/lib/python3.8/dist-packages/oslo_db/sqlalchemy/engines.py:314}}
Mar 23 19:13:54.074571 dv-cinder-834961-1-iscsi devstack@n-api.service[101041]: DEBUG oslo_db.sqlalchemy.engines [None req-e80b6c30-6e2c-4ed3-92c6-ecbb670cd08a None None] MySQL server mode set to STRICT_TRANS_TABLES,STRICT_ALL_TABLES,NO_ZERO_IN_DATE,NO_ZERO_DATE,ERROR_FOR_DIVISION_BY_ZERO,TRADITIONAL,NO_ENGINE_SUBSTITUTION {{(pid=101041) _check_effective_sql_mode /usr/local/lib/python3.8/dist-packages/oslo_db/sqlalchemy/engines.py:314}}
Mar 23 19:13:54.332484 dv-cinder-834961-1-iscsi devstack@n-api.service[101041]: DEBUG oslo_db.sqlalchemy.engines [None req-e80b6c30-6e2c-4ed3-92c6-ecbb670cd08a None None] MySQL server mode set to STRICT_TRANS_TABLES,STRICT_ALL_TABLES,NO_ZERO_IN_DATE,NO_ZERO_DATE,ERROR_FOR_DIVISION_BY_ZERO,TRADITIONAL,NO_ENGINE_SUBSTITUTION {{(pid=101041) _check_effective_sql_mode /usr/local/lib/python3.8/dist-packages/oslo_db/sqlalchemy/engines.py:314}}
Mar 23 19:13:54.335341 dv-cinder-834961-1-iscsi devstack@n-api.service[101040]: DEBUG oslo_db.sqlalchemy.engines [None req-d0f4909b-e8af-49f3-ad73-199da4cb16a4 None None] MySQL server mode set to STRICT_TRANS_TABLES,STRICT_ALL_TABLES,NO_ZERO_IN_DATE,NO_ZERO_DATE,ERROR_FOR_DIVISION_BY_ZERO,TRADITIONAL,NO_ENGINE_SUBSTITUTION {{(pid=101040) _check_effective_sql_mode /usr/local/lib/python3.8/dist-packages/oslo_db/sqlalchemy/engines.py:314}}
Mar 23 19:13:54.676963 dv-cinder-834961-1-iscsi devstack@n-api.service[101040]: WARNING keystonemiddleware.auth_token [None req-d0f4909b-e8af-49f3-ad73-199da4cb16a4 None None] AuthToken middleware is set with keystone_authtoken.service_token_roles_required set to False. This is backwards compatible but deprecated behaviour. Please set this to True.
Mar 23 19:13:54.683528 dv-cinder-834961-1-iscsi devstack@n-api.service[101041]: WARNING keystonemiddleware.auth_token [None req-e80b6c30-6e2c-4ed3-92c6-ecbb670cd08a None None] AuthToken middleware is set with keystone_authtoken.service_token_roles_required set to False. This is backwards compatible but deprecated behaviour. Please set this to True.
Mar 23 19:13:54.683938 dv-cinder-834961-1-iscsi devstack@n-api.service[101040]: WARNING keystonemiddleware.auth_token [None req-d0f4909b-e8af-49f3-ad73-199da4cb16a4 None None] Configuring www_authenticate_uri to point to the public identity endpoint is required; clients may not be able to authenticate against an admin endpoint
Mar 23 19:13:54.690331 dv-cinder-834961-1-iscsi devstack@n-api.service[101041]: WARNING keystonemiddleware.auth_token [None req-e80b6c30-6e2c-4ed3-92c6-ecbb670cd08a None None] Configuring www_authenticate_uri to point to the public identity endpoint is required; clients may not be able to authenticate against an admin endpoint
Mar 23 19:13:55.028710 dv-cinder-834961-1-iscsi devstack@n-api.service[101040]: WARNING keystonemiddleware.auth_token [None req-d0f4909b-e8af-49f3-ad73-199da4cb16a4 None None] AuthToken middleware is set with keystone_authtoken.service_token_roles_required set to False. This is backwards compatible but deprecated behaviour. Please set this to True.
Mar 23 19:13:55.033868 dv-cinder-834961-1-iscsi devstack@n-api.service[101040]: WARNING keystonemiddleware.auth_token [None req-d0f4909b-e8af-49f3-ad73-199da4cb16a4 None None] Configuring www_authenticate_uri to point to the public identity endpoint is required; clients may not be able to authenticate against an admin endpoint
Mar 23 19:13:55.035460 dv-cinder-834961-1-iscsi devstack@n-api.service[101041]: WARNING keystonemiddleware.auth_token [None req-e80b6c30-6e2c-4ed3-92c6-ecbb670cd08a None None] AuthToken middleware is set with keystone_authtoken.service_token_roles_required set to False. This is backwards compatible but deprecated behaviour. Please set this to True.
Mar 23 19:13:55.040112 dv-cinder-834961-1-iscsi devstack@n-api.service[101040]: WSGI app 0 (mountpoint='') ready in 6 seconds on interpreter 0x557358e839c0 pid: 101040 (default app)
Mar 23 19:13:55.040644 dv-cinder-834961-1-iscsi devstack@n-api.service[101041]: WARNING keystonemiddleware.auth_token [None req-e80b6c30-6e2c-4ed3-92c6-ecbb670cd08a None None] Configuring www_authenticate_uri to point to the public identity endpoint is required; clients may not be able to authenticate against an admin endpoint
Mar 23 19:13:55.042697 dv-cinder-834961-1-iscsi devstack@n-api.service[101040]: DEBUG nova.api.openstack.wsgi [None req-d0f4909b-e8af-49f3-ad73-199da4cb16a4 None None] Calling method '>' {{(pid=101040) _process_stack /opt/stack/nova/nova/api/openstack/wsgi.py:513}}
Mar 23 19:13:55.043854 dv-cinder-834961-1-iscsi devstack@n-api.service[101040]: INFO nova.api.openstack.requestlog [None req-d0f4909b-e8af-49f3-ad73-199da4cb16a4 None None] 10.222.0.43 "GET /compute/v2.1/" status: 200 len: 388 microversion: 2.1 time: 0.002230
Mar 23 19:13:55.044261 dv-cinder-834961-1-iscsi devstack@n-api.service[101040]: [pid: 101040|app: 0|req: 1/1] 10.222.0.43 () {50 vars in 788 bytes} [Wed Mar 23 19:13:55 2022] GET /compute/v2.1/ => generated 388 bytes in 4 msecs (HTTP/1.1 200) 9 headers in 357 bytes (1 switches on core 0)
Mar 23 19:13:55.047351 dv-cinder-834961-1-iscsi devstack@n-api.service[101041]: WSGI app 0 (mountpoint='') ready in 6 seconds on interpreter 0x557358e839c0 pid: 101041 (default app)
Mar 23 19:15:13.784903 dv-cinder-834961-1-iscsi devstack@n-api.service[101040]: DEBUG nova.api.openstack.wsgi [None req-d0f4909b-e8af-49f3-ad73-199da4cb16a4 None None] Calling method '>' {{(pid=101040) _process_stack /opt/stack/nova/nova/api/openstack/wsgi.py:513}}
Mar 23 19:15:13.785900 dv-cinder-834961-1-iscsi devstack@n-api.service[101040]: INFO nova.api.openstack.requestlog [None req-d0f4909b-e8af-49f3-ad73-199da4cb16a4 None None] 10.222.0.43 "GET /compute/v2.1" status: 200 len: 388 microversion: 2.1 time: 0.001444
Mar 23 19:15:13.786549 dv-cinder-834961-1-iscsi devstack@n-api.service[101040]: [pid: 101040|app: 0|req: 2/2] 10.222.0.43 () {54 vars in 930 bytes} [Wed Mar 23 19:15:13 2022] GET /compute/v2.1 => generated 388 bytes in 2 msecs (HTTP/1.1 200) 9 headers in 357 bytes (1 switches on core 0)
Mar 23 19:15:14.213423 dv-cinder-834961-1-iscsi devstack@n-api.service[101041]: DEBUG nova.api.openstack.wsgi [None req-08f80562-c905-4a64-8cc7-ab0369abc527 admin admin] Calling method '>' {{(pid=101041) _process_stack /opt/stack/nova/nova/api/openstack/wsgi.py:513}}
Mar 23 19:15:14.243627 dv-cinder-834961-1-iscsi devstack@n-api.service[101041]: INFO nova.api.openstack.requestlog [None req-08f80562-c905-4a64-8cc7-ab0369abc527 admin admin] 10.222.0.43 "GET /compute/v2.1/flavors/detail?is_public=True" status: 200 len: 15 microversion: 2.61 time: 0.448187
Mar 23 19:15:14.254792 dv-cinder-834961-1-iscsi devstack@n-api.service[101041]: [pid: 101041|app: 0|req: 1/3] 10.222.0.43 () {60 vars in 1291 bytes} [Wed Mar 23 19:15:13 2022] GET /compute/v2.1/flavors/detail?is_public=True => generated 15 bytes in 450 msecs (HTTP/1.1 200) 9 headers in 358 bytes (1 switches on core 0)
Mar 23 19:15:16.496090 dv-cinder-834961-1-iscsi devstack@n-api.service[101040]: DEBUG nova.api.openstack.wsgi [None req-d0f4909b-e8af-49f3-ad73-199da4cb16a4 None None] Calling method '>' {{(pid=101040) _process_stack /opt/stack/nova/nova/api/openstack/wsgi.py:513}}
Mar 23 19:15:16.497102 dv-cinder-834961-1-iscsi devstack@n-api.service[101040]: INFO nova.api.openstack.requestlog [None req-d0f4909b-e8af-49f3-ad73-199da4cb16a4 None None] 10.222.0.43 "GET /compute/v2.1" status: 200 len: 388 microversion: 2.1 time: 0.001416
Mar 23 19:15:16.498091 dv-cinder-834961-1-iscsi devstack@n-api.service[101040]: [pid: 101040|app: 0|req: 3/4] 10.222.0.43 () {54 vars in 930 bytes} [Wed Mar 23 19:15:16 2022] GET /compute/v2.1 => generated 388 bytes in 3 msecs (HTTP/1.1 200) 9 headers in 357 bytes (1 switches on core 0)
Mar 23 19:15:16.564841 dv-cinder-834961-1-iscsi devstack@n-api.service[101041]: DEBUG nova.api.openstack.wsgi [None req-fbd406f2-5c85-4728-a30b-3c817e204e0f admin admin] Action: 'create', calling method: >, body: {"flavor": {"os-flavor-access:is_public": true, "vcpus": 1, "id": "c1", "name": "cirros256", "OS-FLV-EXT-DATA:ephemeral": 0, "ram": 256, "swap": 0, "disk": 1, "rxtx_factor": 1.0}} {{(pid=101041) _process_stack /opt/stack/nova/nova/api/openstack/wsgi.py:511}}
Mar 23 19:15:16.583267 dv-cinder-834961-1-iscsi devstack@n-api.service[101041]: /usr/local/lib/python3.8/dist-packages/oslo_policy/policy.py:1075: UserWarning: Policy os_compute_api:os-flavor-manage:create failed scope check. The token used to make the request was project scoped but the policy requires ['system'] scope. This behavior may change in the future where using the intended scope is required
Mar 23 19:15:16.583267 dv-cinder-834961-1-iscsi devstack@n-api.service[101041]: warnings.warn(msg)
Mar 23 19:15:16.613707 dv-cinder-834961-1-iscsi devstack@n-api.service[101041]: INFO nova.api.openstack.requestlog [None req-fbd406f2-5c85-4728-a30b-3c817e204e0f admin admin] 10.222.0.43 "POST /compute/v2.1/flavors" status: 200 len: 407 microversion: 2.61 time: 0.108752
Mar 23 19:15:16.614990 dv-cinder-834961-1-iscsi devstack@n-api.service[101041]: [pid: 101041|app: 0|req: 2/5] 10.222.0.43 () {64 vars in 1282 bytes} [Wed Mar 23 19:15:16 2022] POST /compute/v2.1/flavors => generated 407 bytes in 111 msecs (HTTP/1.1 200) 9 headers in 359 bytes (1 switches on core 0)
Mar 23 19:15:16.854238 dv-cinder-834961-1-iscsi devstack@n-api.service[101040]: DEBUG nova.api.openstack.wsgi [None req-9803f5ce-e9e3-4ce4-9ebe-87ca49314159 admin admin] Action: 'create', calling method: >, body: {"extra_specs": {"hw_rng:allowed": "True"}} {{(pid=101040) _process_stack /opt/stack/nova/nova/api/openstack/wsgi.py:511}}
Mar 23 19:15:16.859573 dv-cinder-834961-1-iscsi devstack@n-api.service[101040]: /usr/local/lib/python3.8/dist-packages/oslo_policy/policy.py:1075: UserWarning: Policy os_compute_api:os-flavor-extra-specs:create failed scope check. The token used to make the request was project scoped but the policy requires ['system'] scope. This behavior may change in the future where using the intended scope is required
Mar 23 19:15:16.859573 dv-cinder-834961-1-iscsi devstack@n-api.service[101040]: warnings.warn(msg)
Mar 23 19:15:16.918080 dv-cinder-834961-1-iscsi devstack@n-api.service[101040]: INFO nova.api.openstack.requestlog [None req-9803f5ce-e9e3-4ce4-9ebe-87ca49314159 admin admin] 10.222.0.43 "POST /compute/v2.1/flavors/c1/os-extra_specs" status: 200 len: 43 microversion: 2.61 time: 0.293822
Mar 23 19:15:16.919020 dv-cinder-834961-1-iscsi devstack@n-api.service[101040]: [pid: 101040|app: 0|req: 4/6] 10.222.0.43 () {64 vars in 1335 bytes} [Wed Mar 23 19:15:16 2022] POST /compute/v2.1/flavors/c1/os-extra_specs => generated 43 bytes in 296 msecs (HTTP/1.1 200) 9 headers in 358 bytes (2 switches on core 0)
Mar 23 19:15:19.151927 dv-cinder-834961-1-iscsi devstack@n-api.service[101041]: DEBUG nova.api.openstack.wsgi [None req-fbd406f2-5c85-4728-a30b-3c817e204e0f admin admin] Calling method '>' {{(pid=101041) _process_stack /opt/stack/nova/nova/api/openstack/wsgi.py:513}}
Mar 23 19:15:19.152976 dv-cinder-834961-1-iscsi devstack@n-api.service[101041]: INFO nova.api.openstack.requestlog [None req-fbd406f2-5c85-4728-a30b-3c817e204e0f admin admin] 10.222.0.43 "GET /compute/v2.1" status: 200 len: 388 microversion: 2.1 time: 0.001445
Mar 23 19:15:19.153371 dv-cinder-834961-1-iscsi devstack@n-api.service[101041]: [pid: 101041|app: 0|req: 3/7] 10.222.0.43 () {54 vars in 930 bytes} [Wed Mar 23 19:15:19 2022] GET /compute/v2.1 => generated 388 bytes in 2 msecs (HTTP/1.1 200) 9 headers in 357 bytes (1 switches on core 0)
Mar 23 19:15:19.271108 dv-cinder-834961-1-iscsi devstack@n-api.service[101040]: DEBUG nova.api.openstack.wsgi [None req-99e4ebf3-84f7-499e-9b3a-088cd16e9ff0 admin admin] Action: 'create', calling method: >, body: {"flavor": {"OS-FLV-EXT-DATA:ephemeral": 0, "ram": 512, "rxtx_factor": 1.0, "name": "ds512M", "id": "d1", "swap": 0, "vcpus": 1, "disk": 5, "os-flavor-access:is_public": true}} {{(pid=101040) _process_stack /opt/stack/nova/nova/api/openstack/wsgi.py:511}}
Mar 23 19:15:19.289529 dv-cinder-834961-1-iscsi devstack@n-api.service[101040]: /usr/local/lib/python3.8/dist-packages/oslo_policy/policy.py:1075: UserWarning: Policy os_compute_api:os-flavor-manage:create failed scope check. The token used to make the request was project scoped but the policy requires ['system'] scope. This behavior may change in the future where using the intended scope is required
Mar 23 19:15:19.289529 dv-cinder-834961-1-iscsi devstack@n-api.service[101040]: warnings.warn(msg)
Mar 23 19:15:19.316211 dv-cinder-834961-1-iscsi devstack@n-api.service[101040]: INFO nova.api.openstack.requestlog [None req-99e4ebf3-84f7-499e-9b3a-088cd16e9ff0 admin admin] 10.222.0.43 "POST /compute/v2.1/flavors" status: 200 len: 404 microversion: 2.61 time: 0.155932
Mar 23 19:15:19.316941 dv-cinder-834961-1-iscsi devstack@n-api.service[101040]: [pid: 101040|app: 0|req: 5/8] 10.222.0.43 () {64 vars in 1282 bytes} [Wed Mar 23 19:15:19 2022] POST /compute/v2.1/flavors => generated 404 bytes in 157 msecs (HTTP/1.1 200) 9 headers in 359 bytes (2 switches on core 0)
Mar 23 19:15:19.331049 dv-cinder-834961-1-iscsi devstack@n-api.service[101041]: DEBUG nova.api.openstack.wsgi [None req-a5873ebb-3bd4-4eb2-b437-b2faffa3aa73 admin admin] Action: 'create', calling method: >, body: {"extra_specs": {"hw_rng:allowed": "True"}} {{(pid=101041) _process_stack /opt/stack/nova/nova/api/openstack/wsgi.py:511}}
Mar 23 19:15:19.332578 dv-cinder-834961-1-iscsi devstack@n-api.service[101041]: /usr/local/lib/python3.8/dist-packages/oslo_policy/policy.py:1075: UserWarning: Policy os_compute_api:os-flavor-extra-specs:create failed scope check. The token used to make the request was project scoped but the policy requires ['system'] scope. This behavior may change in the future where using the intended scope is required
Mar 23 19:15:19.332578 dv-cinder-834961-1-iscsi devstack@n-api.service[101041]: warnings.warn(msg)
Mar 23 19:15:19.368288 dv-cinder-834961-1-iscsi devstack@n-api.service[101041]: INFO nova.api.openstack.requestlog [None req-a5873ebb-3bd4-4eb2-b437-b2faffa3aa73 admin admin] 10.222.0.43 "POST /compute/v2.1/flavors/d1/os-extra_specs" status: 200 len: 43 microversion: 2.61 time: 0.042727
Mar 23 19:15:19.373019 dv-cinder-834961-1-iscsi devstack@n-api.service[101041]: [pid: 101041|app: 0|req: 4/9] 10.222.0.43 () {64 vars in 1335 bytes} [Wed Mar 23 19:15:19 2022] POST /compute/v2.1/flavors/d1/os-extra_specs => generated 43 bytes in 44 msecs (HTTP/1.1 200) 9 headers in 358 bytes (2 switches on core 0)
Mar 23 19:15:21.595116 dv-cinder-834961-1-iscsi devstack@n-api.service[101040]: DEBUG nova.api.openstack.wsgi [None req-99e4ebf3-84f7-499e-9b3a-088cd16e9ff0 admin admin] Calling method '>' {{(pid=101040) _process_stack /opt/stack/nova/nova/api/openstack/wsgi.py:513}}
Mar 23 19:15:21.596130 dv-cinder-834961-1-iscsi devstack@n-api.service[101040]: INFO nova.api.openstack.requestlog [None req-99e4ebf3-84f7-499e-9b3a-088cd16e9ff0 admin admin] 10.222.0.43 "GET /compute/v2.1" status: 200 len: 388 microversion: 2.1 time: 0.001495
Mar 23 19:15:21.596542 dv-cinder-834961-1-iscsi devstack@n-api.service[101040]: [pid: 101040|app: 0|req: 6/10] 10.222.0.43 () {54 vars in 930 bytes} [Wed Mar 23 19:15:21 2022] GET /compute/v2.1 => generated 388 bytes in 2 msecs (HTTP/1.1 200) 9 headers in 357 bytes (1 switches on core 0)
Mar 23 19:15:21.660039 dv-cinder-834961-1-iscsi devstack@n-api.service[101041]: DEBUG nova.api.openstack.wsgi [None req-0c86e581-059d-41f6-a9a3-87bd8c45c81b admin admin] Action: 'create', calling method: >, body: {"flavor": {"vcpus": 1, "name": "ds1G", "swap": 0, "ram": 1024, "OS-FLV-EXT-DATA:ephemeral": 0, "id": "d2", "os-flavor-access:is_public": true, "disk": 10, "rxtx_factor": 1.0}} {{(pid=101041) _process_stack /opt/stack/nova/nova/api/openstack/wsgi.py:511}}
Mar 23 19:15:21.685015 dv-cinder-834961-1-iscsi devstack@n-api.service[101041]: INFO nova.api.openstack.requestlog [None req-0c86e581-059d-41f6-a9a3-87bd8c45c81b admin admin] 10.222.0.43 "POST /compute/v2.1/flavors" status: 200 len: 404 microversion: 2.61 time: 0.077087
Mar 23 19:15:21.685015 dv-cinder-834961-1-iscsi devstack@n-api.service[101041]: [pid: 101041|app: 0|req: 5/11] 10.222.0.43 () {64 vars in 1282 bytes} [Wed Mar 23 19:15:21 2022] POST /compute/v2.1/flavors => generated 404 bytes in 78 msecs (HTTP/1.1 200) 9 headers in 359 bytes (1 switches on core 0)
Mar 23 19:15:21.693639 dv-cinder-834961-1-iscsi devstack@n-api.service[101040]: DEBUG nova.api.openstack.wsgi [None req-829fe047-7753-4891-913b-eb76050fcb1a admin admin] Action: 'create', calling method: >, body: {"extra_specs": {"hw_rng:allowed": "True"}} {{(pid=101040) _process_stack /opt/stack/nova/nova/api/openstack/wsgi.py:511}}
Mar 23 19:15:21.721728 dv-cinder-834961-1-iscsi devstack@n-api.service[101040]: INFO nova.api.openstack.requestlog [None req-829fe047-7753-4891-913b-eb76050fcb1a admin admin] 10.222.0.43 "POST /compute/v2.1/flavors/d2/os-extra_specs" status: 200 len: 43 microversion: 2.61 time: 0.031626
Mar 23 19:15:21.732256 dv-cinder-834961-1-iscsi devstack@n-api.service[101040]: [pid: 101040|app: 0|req: 7/12] 10.222.0.43 () {64 vars in 1335 bytes} [Wed Mar 23 19:15:21 2022] POST /compute/v2.1/flavors/d2/os-extra_specs => generated 43 bytes in 33 msecs (HTTP/1.1 200) 9 headers in 358 bytes (1 switches on core 0)
Mar 23 19:15:23.968434 dv-cinder-834961-1-iscsi devstack@n-api.service[101041]: DEBUG nova.api.openstack.wsgi [None req-0c86e581-059d-41f6-a9a3-87bd8c45c81b admin admin] Calling method '>' {{(pid=101041) _process_stack /opt/stack/nova/nova/api/openstack/wsgi.py:513}}
Mar 23 19:15:23.969463 dv-cinder-834961-1-iscsi devstack@n-api.service[101041]: INFO nova.api.openstack.requestlog [None req-0c86e581-059d-41f6-a9a3-87bd8c45c81b admin admin] 10.222.0.43 "GET /compute/v2.1" status: 200 len: 388 microversion: 2.1 time: 0.001739
Mar 23 19:15:23.969873 dv-cinder-834961-1-iscsi devstack@n-api.service[101041]: [pid: 101041|app: 0|req: 6/13] 10.222.0.43 () {54 vars in 930 bytes} [Wed Mar 23 19:15:23 2022] GET /compute/v2.1 => generated 388 bytes in 3 msecs (HTTP/1.1 200) 9 headers in 357 bytes (1 switches on core 0)
Mar 23 19:15:24.030275 dv-cinder-834961-1-iscsi devstack@n-api.service[101040]: DEBUG nova.api.openstack.wsgi [None req-8614f5f3-af2e-485d-9915-cf6d395a0dea admin admin] Action: 'create', calling method: >, body: {"flavor": {"vcpus": 2, "name": "ds2G", "swap": 0, "id": "d3", "os-flavor-access:is_public": true, "OS-FLV-EXT-DATA:ephemeral": 0, "disk": 10, "rxtx_factor": 1.0, "ram": 2048}} {{(pid=101040) _process_stack /opt/stack/nova/nova/api/openstack/wsgi.py:511}}
Mar 23 19:15:24.048119 dv-cinder-834961-1-iscsi devstack@n-api.service[101040]: INFO nova.api.openstack.requestlog [None req-8614f5f3-af2e-485d-9915-cf6d395a0dea admin admin] 10.222.0.43 "POST /compute/v2.1/flavors" status: 200 len: 404 microversion: 2.61 time: 0.071556
Mar 23 19:15:24.048994 dv-cinder-834961-1-iscsi devstack@n-api.service[101040]: [pid: 101040|app: 0|req: 8/14] 10.222.0.43 () {64 vars in 1282 bytes} [Wed Mar 23 19:15:23 2022] POST /compute/v2.1/flavors => generated 404 bytes in 73 msecs (HTTP/1.1 200) 9 headers in 359 bytes (1 switches on core 0)
Mar 23 19:15:24.061477 dv-cinder-834961-1-iscsi devstack@n-api.service[101041]: DEBUG nova.api.openstack.wsgi [None req-784d30dd-d4cf-4b20-adb2-462c3af85dc0 admin admin] Action: 'create', calling method: >, body: {"extra_specs": {"hw_rng:allowed": "True"}} {{(pid=101041) _process_stack /opt/stack/nova/nova/api/openstack/wsgi.py:511}}
Mar 23 19:15:24.085814 dv-cinder-834961-1-iscsi devstack@n-api.service[101041]: INFO nova.api.openstack.requestlog [None req-784d30dd-d4cf-4b20-adb2-462c3af85dc0 admin admin] 10.222.0.43 "POST /compute/v2.1/flavors/d3/os-extra_specs" status: 200 len: 43 microversion: 2.61 time: 0.028104
Mar 23 19:15:24.086391 dv-cinder-834961-1-iscsi devstack@n-api.service[101041]: [pid: 101041|app: 0|req: 7/15] 10.222.0.43 () {64 vars in 1335 bytes} [Wed Mar 23 19:15:24 2022] POST /compute/v2.1/flavors/d3/os-extra_specs => generated 43 bytes in 29 msecs (HTTP/1.1 200) 9 headers in 358 bytes (2 switches on core 0)
Mar 23 19:15:26.314740 dv-cinder-834961-1-iscsi devstack@n-api.service[101040]: DEBUG nova.api.openstack.wsgi [None req-8614f5f3-af2e-485d-9915-cf6d395a0dea admin admin] Calling method '>' {{(pid=101040) _process_stack /opt/stack/nova/nova/api/openstack/wsgi.py:513}}
Mar 23 19:15:26.315738 dv-cinder-834961-1-iscsi devstack@n-api.service[101040]: INFO nova.api.openstack.requestlog [None req-8614f5f3-af2e-485d-9915-cf6d395a0dea admin admin] 10.222.0.43 "GET /compute/v2.1" status: 200 len: 388 microversion: 2.1 time: 0.001409
Mar 23 19:15:26.316131 dv-cinder-834961-1-iscsi devstack@n-api.service[101040]: [pid: 101040|app: 0|req: 9/16] 10.222.0.43 () {54 vars in 930 bytes} [Wed Mar 23 19:15:26 2022] GET /compute/v2.1 => generated 388 bytes in 2 msecs (HTTP/1.1 200) 9 headers in 357 bytes (1 switches on core 0)
Mar 23 19:15:26.373905 dv-cinder-834961-1-iscsi devstack@n-api.service[101041]: DEBUG nova.api.openstack.wsgi [None req-299fe473-b6e6-4979-a7d1-d331ef2acb27 admin admin] Action: 'create', calling method: >, body: {"flavor": {"rxtx_factor": 1.0, "name": "ds4G", "os-flavor-access:is_public": true, "disk": 20, "vcpus": 4, "OS-FLV-EXT-DATA:ephemeral": 0, "id": "d4", "swap": 0, "ram": 4096}} {{(pid=101041) _process_stack /opt/stack/nova/nova/api/openstack/wsgi.py:511}}
Mar 23 19:15:26.391955 dv-cinder-834961-1-iscsi devstack@n-api.service[101041]: INFO nova.api.openstack.requestlog [None req-299fe473-b6e6-4979-a7d1-d331ef2acb27 admin admin] 10.222.0.43 "POST /compute/v2.1/flavors" status: 200 len: 404 microversion: 2.61 time: 0.069158
Mar 23 19:15:26.392654 dv-cinder-834961-1-iscsi devstack@n-api.service[101041]: [pid: 101041|app: 0|req: 8/17] 10.222.0.43 () {64 vars in 1282 bytes} [Wed Mar 23 19:15:26 2022] POST /compute/v2.1/flavors => generated 404 bytes in 70 msecs (HTTP/1.1 200) 9 headers in 359 bytes (2 switches on core 0)
Mar 23 19:15:26.405030 dv-cinder-834961-1-iscsi devstack@n-api.service[101040]: DEBUG nova.api.openstack.wsgi [None req-c7479440-7974-4b22-98d8-a2e472cb10f3 admin admin] Action: 'create', calling method: >, body: {"extra_specs": {"hw_rng:allowed": "True"}} {{(pid=101040) _process_stack /opt/stack/nova/nova/api/openstack/wsgi.py:511}}
Mar 23 19:15:26.427517 dv-cinder-834961-1-iscsi devstack@n-api.service[101040]: INFO nova.api.openstack.requestlog [None req-c7479440-7974-4b22-98d8-a2e472cb10f3 admin admin] 10.222.0.43 "POST /compute/v2.1/flavors/d4/os-extra_specs" status: 200 len: 43 microversion: 2.61 time: 0.026572
Mar 23 19:15:26.428333 dv-cinder-834961-1-iscsi devstack@n-api.service[101040]: [pid: 101040|app: 0|req: 10/18] 10.222.0.43 () {64 vars in 1335 bytes} [Wed Mar 23 19:15:26 2022] POST /compute/v2.1/flavors/d4/os-extra_specs => generated 43 bytes in 28 msecs (HTTP/1.1 200) 9 headers in 358 bytes (2 switches on core 0)
Mar 23 19:15:28.649273 dv-cinder-834961-1-iscsi devstack@n-api.service[101041]: DEBUG nova.api.openstack.wsgi [None req-299fe473-b6e6-4979-a7d1-d331ef2acb27 admin admin] Calling method '>' {{(pid=101041) _process_stack /opt/stack/nova/nova/api/openstack/wsgi.py:513}}
Mar 23 19:15:28.650310 dv-cinder-834961-1-iscsi devstack@n-api.service[101041]: INFO nova.api.openstack.requestlog [None req-299fe473-b6e6-4979-a7d1-d331ef2acb27 admin admin] 10.222.0.43 "GET /compute/v2.1" status: 200 len: 388 microversion: 2.1 time: 0.001500
Mar 23 19:15:28.650684 dv-cinder-834961-1-iscsi devstack@n-api.service[101041]: [pid: 101041|app: 0|req: 9/19] 10.222.0.43 () {54 vars in 930 bytes} [Wed Mar 23 19:15:28 2022] GET /compute/v2.1 => generated 388 bytes in 2 msecs (HTTP/1.1 200) 9 headers in 357 bytes (1 switches on core 0)
Mar 23 19:15:28.721613 dv-cinder-834961-1-iscsi devstack@n-api.service[101040]: DEBUG nova.api.openstack.wsgi [None req-293c4591-90ee-4d58-ac87-07ff096a3196 admin admin] Calling method '>' {{(pid=101040) _process_stack /opt/stack/nova/nova/api/openstack/wsgi.py:513}}
Mar 23 19:15:28.744365 dv-cinder-834961-1-iscsi devstack@n-api.service[101040]: INFO nova.api.openstack.requestlog [None req-293c4591-90ee-4d58-ac87-07ff096a3196 admin admin] 10.222.0.43 "GET /compute/v2.1/flavors/detail?is_public=True" status: 200 len: 2106 microversion: 2.61 time: 0.082522
Mar 23 19:15:28.752547 dv-cinder-834961-1-iscsi devstack@n-api.service[101040]: [pid: 101040|app: 0|req: 11/20] 10.222.0.43 () {60 vars in 1291 bytes} [Wed Mar 23 19:15:28 2022] GET /compute/v2.1/flavors/detail?is_public=True => generated 2106 bytes in 91 msecs (HTTP/1.1 200) 9 headers in 360 bytes (2 switches on core 0)
Mar 23 19:15:31.015243 dv-cinder-834961-1-iscsi devstack@n-api.service[101041]: DEBUG nova.api.openstack.wsgi [None req-299fe473-b6e6-4979-a7d1-d331ef2acb27 admin admin] Calling method '>' {{(pid=101041) _process_stack /opt/stack/nova/nova/api/openstack/wsgi.py:513}}
Mar 23 19:15:31.016254 dv-cinder-834961-1-iscsi devstack@n-api.service[101041]: INFO nova.api.openstack.requestlog [None req-299fe473-b6e6-4979-a7d1-d331ef2acb27 admin admin] 10.222.0.43 "GET /compute/v2.1" status: 200 len: 388 microversion: 2.1 time: 0.001446
Mar 23 19:15:31.016652 dv-cinder-834961-1-iscsi devstack@n-api.service[101041]: [pid: 101041|app: 0|req: 10/21] 10.222.0.43 () {54 vars in 930 bytes} [Wed Mar 23 19:15:31 2022] GET /compute/v2.1 => generated 388 bytes in 2 msecs (HTTP/1.1 200) 9 headers in 357 bytes (1 switches on core 0)
Mar 23 19:15:31.081737 dv-cinder-834961-1-iscsi devstack@n-api.service[101040]: DEBUG nova.api.openstack.wsgi [None req-99b7e8af-d4a4-439f-bee9-853a4cddf254 admin admin] Action: 'create', calling method: >, body: {"flavor": {"vcpus": 1, "swap": 0, "id": "1", "ram": 512, "os-flavor-access:is_public": true, "OS-FLV-EXT-DATA:ephemeral": 0, "name": "m1.tiny", "rxtx_factor": 1.0, "disk": 1}} {{(pid=101040) _process_stack /opt/stack/nova/nova/api/openstack/wsgi.py:511}}
Mar 23 19:15:31.100405 dv-cinder-834961-1-iscsi devstack@n-api.service[101040]: INFO nova.api.openstack.requestlog [None req-99b7e8af-d4a4-439f-bee9-853a4cddf254 admin admin] 10.222.0.43 "POST /compute/v2.1/flavors" status: 200 len: 402 microversion: 2.61 time: 0.077437
Mar 23 19:15:31.100977 dv-cinder-834961-1-iscsi devstack@n-api.service[101040]: [pid: 101040|app: 0|req: 12/22] 10.222.0.43 () {64 vars in 1282 bytes} [Wed Mar 23 19:15:31 2022] POST /compute/v2.1/flavors => generated 402 bytes in 79 msecs (HTTP/1.1 200) 9 headers in 359 bytes (2 switches on core 0)
Mar 23 19:15:31.113812 dv-cinder-834961-1-iscsi devstack@n-api.service[101041]: DEBUG nova.api.openstack.wsgi [None req-06f614eb-6591-4ba3-963e-fc99e522614b admin admin] Action: 'create', calling method: >, body: {"extra_specs": {"hw_rng:allowed": "True"}} {{(pid=101041) _process_stack /opt/stack/nova/nova/api/openstack/wsgi.py:511}}
Mar 23 19:15:31.144524 dv-cinder-834961-1-iscsi devstack@n-api.service[101041]: INFO nova.api.openstack.requestlog [None req-06f614eb-6591-4ba3-963e-fc99e522614b admin admin] 10.222.0.43 "POST /compute/v2.1/flavors/1/os-extra_specs" status: 200 len: 43 microversion: 2.61 time: 0.034250
Mar 23 19:15:31.145220 dv-cinder-834961-1-iscsi devstack@n-api.service[101041]: [pid: 101041|app: 0|req: 11/23] 10.222.0.43 () {64 vars in 1332 bytes} [Wed Mar 23 19:15:31 2022] POST /compute/v2.1/flavors/1/os-extra_specs => generated 43 bytes in 36 msecs (HTTP/1.1 200) 9 headers in 358 bytes (1 switches on core 0)
Mar 23 19:15:33.414640 dv-cinder-834961-1-iscsi devstack@n-api.service[101040]: DEBUG nova.api.openstack.wsgi [None req-99b7e8af-d4a4-439f-bee9-853a4cddf254 admin admin] Calling method '>' {{(pid=101040) _process_stack /opt/stack/nova/nova/api/openstack/wsgi.py:513}}
Mar 23 19:15:33.415632 dv-cinder-834961-1-iscsi devstack@n-api.service[101040]: INFO nova.api.openstack.requestlog [None req-99b7e8af-d4a4-439f-bee9-853a4cddf254 admin admin] 10.222.0.43 "GET /compute/v2.1" status: 200 len: 388 microversion: 2.1 time: 0.001469
Mar 23 19:15:33.416058 dv-cinder-834961-1-iscsi devstack@n-api.service[101040]: [pid: 101040|app: 0|req: 13/24] 10.222.0.43 () {54 vars in 930 bytes} [Wed Mar 23 19:15:33 2022] GET /compute/v2.1 => generated 388 bytes in 2 msecs (HTTP/1.1 200) 9 headers in 357 bytes (1 switches on core 0)
Mar 23 19:15:33.483028 dv-cinder-834961-1-iscsi devstack@n-api.service[101041]: DEBUG nova.api.openstack.wsgi [None req-dc38a5c6-6810-472a-9bad-e9eb142cfbb8 admin admin] Action: 'create', calling method: >, body: {"flavor": {"OS-FLV-EXT-DATA:ephemeral": 0, "rxtx_factor": 1.0, "swap": 0, "ram": 2048, "os-flavor-access:is_public": true, "id": "2", "vcpus": 1, "name": "m1.small", "disk": 20}} {{(pid=101041) _process_stack /opt/stack/nova/nova/api/openstack/wsgi.py:511}}
Mar 23 19:15:33.501294 dv-cinder-834961-1-iscsi devstack@n-api.service[101041]: INFO nova.api.openstack.requestlog [None req-dc38a5c6-6810-472a-9bad-e9eb142cfbb8 admin admin] 10.222.0.43 "POST /compute/v2.1/flavors" status: 200 len: 405 microversion: 2.61 time: 0.078313
Mar 23 19:15:33.501879 dv-cinder-834961-1-iscsi devstack@n-api.service[101041]: [pid: 101041|app: 0|req: 12/25] 10.222.0.43 () {64 vars in 1282 bytes} [Wed Mar 23 19:15:33 2022] POST /compute/v2.1/flavors => generated 405 bytes in 80 msecs (HTTP/1.1 200) 9 headers in 359 bytes (2 switches on core 0)
Mar 23 19:15:33.514611 dv-cinder-834961-1-iscsi devstack@n-api.service[101040]: DEBUG nova.api.openstack.wsgi [None req-f32c6f01-40d5-404c-b7a9-c9f27d20f421 admin admin] Action: 'create', calling method: >, body: {"extra_specs": {"hw_rng:allowed": "True"}} {{(pid=101040) _process_stack /opt/stack/nova/nova/api/openstack/wsgi.py:511}}
Mar 23 19:15:33.536383 dv-cinder-834961-1-iscsi devstack@n-api.service[101040]: INFO nova.api.openstack.requestlog [None req-f32c6f01-40d5-404c-b7a9-c9f27d20f421 admin admin] 10.222.0.43 "POST /compute/v2.1/flavors/2/os-extra_specs" status: 200 len: 43 microversion: 2.61 time: 0.025882
Mar 23 19:15:33.536990 dv-cinder-834961-1-iscsi devstack@n-api.service[101040]: [pid: 101040|app: 0|req: 14/26] 10.222.0.43 () {64 vars in 1332 bytes} [Wed Mar 23 19:15:33 2022] POST /compute/v2.1/flavors/2/os-extra_specs => generated 43 bytes in 27 msecs (HTTP/1.1 200) 9 headers in 358 bytes (1 switches on core 0)
Mar 23 19:15:35.752208 dv-cinder-834961-1-iscsi devstack@n-api.service[101041]: DEBUG nova.api.openstack.wsgi [None req-dc38a5c6-6810-472a-9bad-e9eb142cfbb8 admin admin] Calling method '>' {{(pid=101041) _process_stack /opt/stack/nova/nova/api/openstack/wsgi.py:513}}
Mar 23 19:15:35.753339 dv-cinder-834961-1-iscsi devstack@n-api.service[101041]: INFO nova.api.openstack.requestlog [None req-dc38a5c6-6810-472a-9bad-e9eb142cfbb8 admin admin] 10.222.0.43 "GET /compute/v2.1" status: 200 len: 388 microversion: 2.1 time: 0.001446
Mar 23 19:15:35.753752 dv-cinder-834961-1-iscsi devstack@n-api.service[101041]: [pid: 101041|app: 0|req: 13/27] 10.222.0.43 () {54 vars in 930 bytes} [Wed Mar 23 19:15:35 2022] GET /compute/v2.1 => generated 388 bytes in 2 msecs (HTTP/1.1 200) 9 headers in 357 bytes (1 switches on core 0)
Mar 23 19:15:35.813519 dv-cinder-834961-1-iscsi devstack@n-api.service[101040]: DEBUG nova.api.openstack.wsgi [None req-917c485c-2eae-4011-a457-846d6506041b admin admin] Action: 'create', calling method: >, body: {"flavor": {"vcpus": 2, "rxtx_factor": 1.0, "ram": 4096, "name": "m1.medium", "id": "3", "disk": 40, "OS-FLV-EXT-DATA:ephemeral": 0, "os-flavor-access:is_public": true, "swap": 0}} {{(pid=101040) _process_stack /opt/stack/nova/nova/api/openstack/wsgi.py:511}}
Mar 23 19:15:35.831141 dv-cinder-834961-1-iscsi devstack@n-api.service[101040]: INFO nova.api.openstack.requestlog [None req-917c485c-2eae-4011-a457-846d6506041b admin admin] 10.222.0.43 "POST /compute/v2.1/flavors" status: 200 len: 406 microversion: 2.61 time: 0.070289
Mar 23 19:15:35.831700 dv-cinder-834961-1-iscsi devstack@n-api.service[101040]: [pid: 101040|app: 0|req: 15/28] 10.222.0.43 () {64 vars in 1282 bytes} [Wed Mar 23 19:15:35 2022] POST /compute/v2.1/flavors => generated 406 bytes in 71 msecs (HTTP/1.1 200) 9 headers in 359 bytes (1 switches on core 0)
Mar 23 19:15:35.844485 dv-cinder-834961-1-iscsi devstack@n-api.service[101041]: DEBUG nova.api.openstack.wsgi [None req-4a2d1abf-077e-4b97-a15a-d59f785d5005 admin admin] Action: 'create', calling method: >, body: {"extra_specs": {"hw_rng:allowed": "True"}} {{(pid=101041) _process_stack /opt/stack/nova/nova/api/openstack/wsgi.py:511}}
Mar 23 19:15:35.867354 dv-cinder-834961-1-iscsi devstack@n-api.service[101041]: INFO nova.api.openstack.requestlog [None req-4a2d1abf-077e-4b97-a15a-d59f785d5005 admin admin] 10.222.0.43 "POST /compute/v2.1/flavors/3/os-extra_specs" status: 200 len: 43 microversion: 2.61 time: 0.027032
Mar 23 19:15:35.867931 dv-cinder-834961-1-iscsi devstack@n-api.service[101041]: [pid: 101041|app: 0|req: 14/29] 10.222.0.43 () {64 vars in 1332 bytes} [Wed Mar 23 19:15:35 2022] POST /compute/v2.1/flavors/3/os-extra_specs => generated 43 bytes in 28 msecs (HTTP/1.1 200) 9 headers in 358 bytes (1 switches on core 0)
Mar 23 19:15:38.301806 dv-cinder-834961-1-iscsi devstack@n-api.service[101040]: DEBUG nova.api.openstack.wsgi [None req-917c485c-2eae-4011-a457-846d6506041b admin admin] Calling method '>' {{(pid=101040) _process_stack /opt/stack/nova/nova/api/openstack/wsgi.py:513}}
Mar 23 19:15:38.303284 dv-cinder-834961-1-iscsi devstack@n-api.service[101040]: INFO nova.api.openstack.requestlog [None req-917c485c-2eae-4011-a457-846d6506041b admin admin] 10.222.0.43 "GET /compute/v2.1" status: 200 len: 388 microversion: 2.1 time: 0.001907
Mar 23 19:15:38.303685 dv-cinder-834961-1-iscsi devstack@n-api.service[101040]: [pid: 101040|app: 0|req: 16/30] 10.222.0.43 () {54 vars in 930 bytes} [Wed Mar 23 19:15:38 2022] GET /compute/v2.1 => generated 388 bytes in 3 msecs (HTTP/1.1 200) 9 headers in 357 bytes (1 switches on core 0)
Mar 23 19:15:38.362568 dv-cinder-834961-1-iscsi devstack@n-api.service[101041]: DEBUG nova.api.openstack.wsgi [None req-08d0abd2-196d-43e7-ad3b-60cb8fbd8bfb admin admin] Action: 'create', calling method: >, body: {"flavor": {"ram": 8192, "id": "4", "name": "m1.large", "swap": 0, "rxtx_factor": 1.0, "vcpus": 4, "disk": 80, "OS-FLV-EXT-DATA:ephemeral": 0, "os-flavor-access:is_public": true}} {{(pid=101041) _process_stack /opt/stack/nova/nova/api/openstack/wsgi.py:511}}
Mar 23 19:15:38.380466 dv-cinder-834961-1-iscsi devstack@n-api.service[101041]: INFO nova.api.openstack.requestlog [None req-08d0abd2-196d-43e7-ad3b-60cb8fbd8bfb admin admin] 10.222.0.43 "POST /compute/v2.1/flavors" status: 200 len: 405 microversion: 2.61 time: 0.069997
Mar 23 19:15:38.381057 dv-cinder-834961-1-iscsi devstack@n-api.service[101041]: [pid: 101041|app: 0|req: 15/31] 10.222.0.43 () {64 vars in 1282 bytes} [Wed Mar 23 19:15:38 2022] POST /compute/v2.1/flavors => generated 405 bytes in 71 msecs (HTTP/1.1 200) 9 headers in 359 bytes (2 switches on core 0)
Mar 23 19:15:38.393385 dv-cinder-834961-1-iscsi devstack@n-api.service[101040]: DEBUG nova.api.openstack.wsgi [None req-2e6e92cf-dbfa-4ecc-bc1e-15bb4a4d29ff admin admin] Action: 'create', calling method: >, body: {"extra_specs": {"hw_rng:allowed": "True"}} {{(pid=101040) _process_stack /opt/stack/nova/nova/api/openstack/wsgi.py:511}}
Mar 23 19:15:38.417058 dv-cinder-834961-1-iscsi devstack@n-api.service[101040]: INFO nova.api.openstack.requestlog [None req-2e6e92cf-dbfa-4ecc-bc1e-15bb4a4d29ff admin admin] 10.222.0.43 "POST /compute/v2.1/flavors/4/os-extra_specs" status: 200 len: 43 microversion: 2.61 time: 0.027194
Mar 23 19:15:38.417642 dv-cinder-834961-1-iscsi devstack@n-api.service[101040]: [pid: 101040|app: 0|req: 17/32] 10.222.0.43 () {64 vars in 1332 bytes} [Wed Mar 23 19:15:38 2022] POST /compute/v2.1/flavors/4/os-extra_specs => generated 43 bytes in 28 msecs (HTTP/1.1 200) 9 headers in 358 bytes (1 switches on core 0)
Mar 23 19:15:40.663994 dv-cinder-834961-1-iscsi devstack@n-api.service[101041]: DEBUG nova.api.openstack.wsgi [None req-08d0abd2-196d-43e7-ad3b-60cb8fbd8bfb admin admin] Calling method '>' {{(pid=101041) _process_stack /opt/stack/nova/nova/api/openstack/wsgi.py:513}}
Mar 23 19:15:40.666136 dv-cinder-834961-1-iscsi devstack@n-api.service[101041]: INFO nova.api.openstack.requestlog [None req-08d0abd2-196d-43e7-ad3b-60cb8fbd8bfb admin admin] 10.222.0.43 "GET /compute/v2.1" status: 200 len: 388 microversion: 2.1 time: 0.005383
Mar 23 19:15:40.672339 dv-cinder-834961-1-iscsi devstack@n-api.service[101041]: [pid: 101041|app: 0|req: 16/33] 10.222.0.43 () {54 vars in 930 bytes} [Wed Mar 23 19:15:40 2022] GET /compute/v2.1 => generated 388 bytes in 12 msecs (HTTP/1.1 200) 9 headers in 357 bytes (1 switches on core 0)
Mar 23 19:15:40.730731 dv-cinder-834961-1-iscsi devstack@n-api.service[101040]: DEBUG nova.api.openstack.wsgi [None req-7cdb8cfa-e3d8-4bc6-82ae-68c3150f34ec admin admin] Action: 'create', calling method: >, body: {"flavor": {"os-flavor-access:is_public": true, "vcpus": 8, "id": "5", "rxtx_factor": 1.0, "OS-FLV-EXT-DATA:ephemeral": 0, "disk": 160, "ram": 16384, "name": "m1.xlarge", "swap": 0}} {{(pid=101040) _process_stack /opt/stack/nova/nova/api/openstack/wsgi.py:511}}
Mar 23 19:15:40.750561 dv-cinder-834961-1-iscsi devstack@n-api.service[101040]: INFO nova.api.openstack.requestlog [None req-7cdb8cfa-e3d8-4bc6-82ae-68c3150f34ec admin admin] 10.222.0.43 "POST /compute/v2.1/flavors" status: 200 len: 408 microversion: 2.61 time: 0.076849
Mar 23 19:15:40.751203 dv-cinder-834961-1-iscsi devstack@n-api.service[101040]: [pid: 101040|app: 0|req: 18/34] 10.222.0.43 () {64 vars in 1282 bytes} [Wed Mar 23 19:15:40 2022] POST /compute/v2.1/flavors => generated 408 bytes in 78 msecs (HTTP/1.1 200) 9 headers in 359 bytes (1 switches on core 0)
Mar 23 19:15:40.763357 dv-cinder-834961-1-iscsi devstack@n-api.service[101041]: DEBUG nova.api.openstack.wsgi [None req-2ee1ba05-7fff-4fef-b0f3-9ea4164412d6 admin admin] Action: 'create', calling method: >, body: {"extra_specs": {"hw_rng:allowed": "True"}} {{(pid=101041) _process_stack /opt/stack/nova/nova/api/openstack/wsgi.py:511}}
Mar 23 19:15:40.787661 dv-cinder-834961-1-iscsi devstack@n-api.service[101041]: INFO nova.api.openstack.requestlog [None req-2ee1ba05-7fff-4fef-b0f3-9ea4164412d6 admin admin] 10.222.0.43 "POST /compute/v2.1/flavors/5/os-extra_specs" status: 200 len: 43 microversion: 2.61 time: 0.028009
Mar 23 19:15:40.788340 dv-cinder-834961-1-iscsi devstack@n-api.service[101041]: [pid: 101041|app: 0|req: 17/35] 10.222.0.43 () {64 vars in 1332 bytes} [Wed Mar 23 19:15:40 2022] POST /compute/v2.1/flavors/5/os-extra_specs => generated 43 bytes in 29 msecs (HTTP/1.1 200) 9 headers in 358 bytes (1 switches on core 0)
Mar 23 19:16:22.449543 dv-cinder-834961-1-iscsi devstack@n-api.service[101040]: DEBUG nova.api.openstack.wsgi [None req-7cdb8cfa-e3d8-4bc6-82ae-68c3150f34ec admin admin] Calling method '>' {{(pid=101040) _process_stack /opt/stack/nova/nova/api/openstack/wsgi.py:513}}
Mar 23 19:16:22.450536 dv-cinder-834961-1-iscsi devstack@n-api.service[101040]: INFO nova.api.openstack.requestlog [None req-7cdb8cfa-e3d8-4bc6-82ae-68c3150f34ec admin admin] 10.222.0.43 "GET /compute/v2.1" status: 200 len: 388 microversion: 2.1 time: 0.001456
Mar 23 19:16:22.450927 dv-cinder-834961-1-iscsi devstack@n-api.service[101040]: [pid: 101040|app: 0|req: 19/36] 10.222.0.43 () {54 vars in 930 bytes} [Wed Mar 23 19:16:22 2022] GET /compute/v2.1 => generated 388 bytes in 2 msecs (HTTP/1.1 200) 9 headers in 357 bytes (1 switches on core 0)
Mar 23 19:16:22.509482 dv-cinder-834961-1-iscsi devstack@n-api.service[101041]: DEBUG nova.api.openstack.wsgi [None req-3e67530e-21b1-4384-a70d-30ee9020e28e admin admin] Calling method '>' {{(pid=101041) _process_stack /opt/stack/nova/nova/api/openstack/wsgi.py:513}}
Mar 23 19:16:22.526479 dv-cinder-834961-1-iscsi devstack@n-api.service[101041]: INFO nova.api.openstack.requestlog [None req-3e67530e-21b1-4384-a70d-30ee9020e28e admin admin] 10.222.0.43 "GET /compute/v2.1/flavors/detail?is_public=True" status: 200 len: 4202 microversion: 2.61 time: 0.067795
Mar 23 19:16:22.527007 dv-cinder-834961-1-iscsi devstack@n-api.service[101041]: [pid: 101041|app: 0|req: 18/37] 10.222.0.43 () {60 vars in 1291 bytes} [Wed Mar 23 19:16:22 2022] GET /compute/v2.1/flavors/detail?is_public=True => generated 4202 bytes in 69 msecs (HTTP/1.1 200) 9 headers in 360 bytes (1 switches on core 0)
Mar 23 19:16:23.961434 dv-cinder-834961-1-iscsi devstack@n-api.service[101040]: DEBUG nova.api.openstack.wsgi [None req-7cdb8cfa-e3d8-4bc6-82ae-68c3150f34ec admin admin] Calling method '>' {{(pid=101040) _process_stack /opt/stack/nova/nova/api/openstack/wsgi.py:513}}
Mar 23 19:16:23.963060 dv-cinder-834961-1-iscsi devstack@n-api.service[101040]: INFO nova.api.openstack.requestlog [None req-7cdb8cfa-e3d8-4bc6-82ae-68c3150f34ec admin admin] 10.222.0.43 "GET /compute/v2.1" status: 200 len: 388 microversion: 2.1 time: 0.002051
Mar 23 19:16:23.963501 dv-cinder-834961-1-iscsi devstack@n-api.service[101040]: [pid: 101040|app: 0|req: 20/38] 10.222.0.43 () {56 vars in 1074 bytes} [Wed Mar 23 19:16:23 2022] GET /compute/v2.1 => generated 388 bytes in 3 msecs (HTTP/1.1 200) 9 headers in 357 bytes (1 switches on core 0)
Mar 23 19:16:24.162227 dv-cinder-834961-1-iscsi devstack@n-api.service[101041]: DEBUG nova.api.openstack.wsgi [None req-830c301c-d6a1-4465-8c1c-a112ef3802cd admin admin] Calling method '>' {{(pid=101041) _process_stack /opt/stack/nova/nova/api/openstack/wsgi.py:513}}
Mar 23 19:16:24.169959 dv-cinder-834961-1-iscsi devstack@n-api.service[101041]: INFO nova.api.openstack.wsgi [None req-830c301c-d6a1-4465-8c1c-a112ef3802cd admin admin] HTTP exception thrown: Flavor 42 could not be found.
Mar 23 19:16:24.170535 dv-cinder-834961-1-iscsi devstack@n-api.service[101041]: DEBUG nova.api.openstack.wsgi [None req-830c301c-d6a1-4465-8c1c-a112ef3802cd admin admin] Returning 404 to user: Flavor 42 could not be found. {{(pid=101041) __call__ /opt/stack/nova/nova/api/openstack/wsgi.py:936}}
Mar 23 19:16:24.171335 dv-cinder-834961-1-iscsi devstack@n-api.service[101041]: INFO nova.api.openstack.requestlog [None req-830c301c-d6a1-4465-8c1c-a112ef3802cd admin admin] 10.222.0.43 "GET /compute/v2.1/flavors/42" status: 404 len: 75 microversion: 2.90 time: 0.067342
Mar 23 19:16:24.172074 dv-cinder-834961-1-iscsi devstack@n-api.service[101041]: [pid: 101041|app: 0|req: 19/39] 10.222.0.43 () {60 vars in 1190 bytes} [Wed Mar 23 19:16:24 2022] GET /compute/v2.1/flavors/42 => generated 75 bytes in 69 msecs (HTTP/1.1 404) 9 headers in 380 bytes (1 switches on core 0)
Mar 23 19:16:24.182496 dv-cinder-834961-1-iscsi devstack@n-api.service[101040]: DEBUG nova.api.openstack.wsgi [None req-5b37a19e-323f-4d48-a1ed-57c42e6437ce admin admin] Calling method '>' {{(pid=101040) _process_stack /opt/stack/nova/nova/api/openstack/wsgi.py:513}}
Mar 23 19:16:24.202942 dv-cinder-834961-1-iscsi devstack@n-api.service[101040]: INFO nova.api.openstack.requestlog [None req-5b37a19e-323f-4d48-a1ed-57c42e6437ce admin admin] 10.222.0.43 "GET /compute/v2.1/flavors?is_public=None" status: 200 len: 2056 microversion: 2.90 time: 0.024527
Mar 23 19:16:24.203474 dv-cinder-834961-1-iscsi devstack@n-api.service[101040]: [pid: 101040|app: 0|req: 21/40] 10.222.0.43 () {60 vars in 1210 bytes} [Wed Mar 23 19:16:24 2022] GET /compute/v2.1/flavors?is_public=None => generated 2056 bytes in 26 msecs (HTTP/1.1 200) 9 headers in 360 bytes (1 switches on core 0)
Mar 23 19:16:24.214145 dv-cinder-834961-1-iscsi devstack@n-api.service[101041]: DEBUG nova.api.openstack.wsgi [None req-9fe5b9aa-d1ac-4939-bd0f-c1acf2d2c6e7 admin admin] Calling method '>' {{(pid=101041) _process_stack /opt/stack/nova/nova/api/openstack/wsgi.py:513}}
Mar 23 19:16:24.235920 dv-cinder-834961-1-iscsi devstack@n-api.service[101041]: INFO nova.api.openstack.requestlog [None req-9fe5b9aa-d1ac-4939-bd0f-c1acf2d2c6e7 admin admin] 10.222.0.43 "GET /compute/v2.1/flavors?is_public=None" status: 200 len: 2056 microversion: 2.90 time: 0.025849
Mar 23 19:16:24.236445 dv-cinder-834961-1-iscsi devstack@n-api.service[101041]: [pid: 101041|app: 0|req: 20/41] 10.222.0.43 () {60 vars in 1210 bytes} [Wed Mar 23 19:16:24 2022] GET /compute/v2.1/flavors?is_public=None => generated 2056 bytes in 27 msecs (HTTP/1.1 200) 9 headers in 360 bytes (1 switches on core 0)
Mar 23 19:16:24.246110 dv-cinder-834961-1-iscsi devstack@n-api.service[101040]: DEBUG nova.api.openstack.wsgi [None req-e5f8996a-ba5a-4a6b-8cc7-e2a5ddc863be admin admin] Calling method '>' {{(pid=101040) _process_stack /opt/stack/nova/nova/api/openstack/wsgi.py:513}}
Mar 23 19:16:24.251501 dv-cinder-834961-1-iscsi devstack@n-api.service[101040]: INFO nova.api.openstack.wsgi [None req-e5f8996a-ba5a-4a6b-8cc7-e2a5ddc863be admin admin] HTTP exception thrown: Flavor 42 could not be found.
