Mar 23 17:30:43.501296 dv-cinder-834920-1-iscsi devstack@n-api.service[117079]: DEBUG oslo_concurrency.lockutils [req-4627f207-8121-4e5c-b4e6-b17ab70fe7cc req-b5bb3a3e-9983-4098-bc8d-6dee8d05f9d0 service nova] Lock "dbd8d26b-af15-4ab2-b298-195142640593" acquired by "nova.context.set_target_cell..get_or_set_cached_cell_and_set_connections" :: waited 0.000s {{(pid=117079) inner /usr/local/lib/python3.8/dist-packages/oslo_concurrency/lockutils.py:386}}
Mar 23 17:30:43.501949 dv-cinder-834920-1-iscsi devstack@n-api.service[117079]: DEBUG oslo_concurrency.lockutils [req-4627f207-8121-4e5c-b4e6-b17ab70fe7cc req-b5bb3a3e-9983-4098-bc8d-6dee8d05f9d0 service nova] Lock "dbd8d26b-af15-4ab2-b298-195142640593" "released" by "nova.context.set_target_cell..get_or_set_cached_cell_and_set_connections" :: held 0.001s {{(pid=117079) inner /usr/local/lib/python3.8/dist-packages/oslo_concurrency/lockutils.py:400}}
Mar 23 17:30:43.519772 dv-cinder-834920-1-iscsi devstack@n-api.service[117079]: INFO nova.api.openstack.compute.server_external_events [req-4627f207-8121-4e5c-b4e6-b17ab70fe7cc req-b5bb3a3e-9983-4098-bc8d-6dee8d05f9d0 service nova] Creating event network-changed:4644d4da-7800-458e-a05e-038aaba7d8a8 for instance 545e3831-f3ff-4447-b8aa-8d0a28c03910 on hv-cinder-83492
Mar 23 17:30:43.526015 dv-cinder-834920-1-iscsi devstack@n-api.service[117079]: INFO nova.api.openstack.requestlog [req-4627f207-8121-4e5c-b4e6-b17ab70fe7cc req-b5bb3a3e-9983-4098-bc8d-6dee8d05f9d0 service nova] 10.222.0.41 "POST /compute/v2.1/os-server-external-events" status: 200 len: 179 microversion: 2.1 time: 0.061800
Mar 23 17:30:43.526997 dv-cinder-834920-1-iscsi devstack@n-api.service[117079]: [pid: 117079|app: 0|req: 110/213] 10.222.0.41 () {64 vars in 1317 bytes} [Wed Mar 23 17:30:43 2022] POST /compute/v2.1/os-server-external-events => generated 179 bytes in 64 msecs (HTTP/1.1 200) 9 headers in 357 bytes (1 switches on core 0)
Mar 23 17:30:44.241998 dv-cinder-834920-1-iscsi devstack@n-api.service[117078]: DEBUG nova.api.openstack.wsgi [None req-e8373c06-a369-4b62-80bc-1a71246c6cb3 tempest-ServerRescueNegativeTestJSON-368917404 tempest-ServerRescueNegativeTestJSON-368917404-project] Calling method '>' {{(pid=117078) _process_stack /opt/stack/nova/nova/api/openstack/wsgi.py:513}}
Mar 23 17:30:44.243327 dv-cinder-834920-1-iscsi devstack@n-api.service[117078]: DEBUG nova.compute.api [None req-e8373c06-a369-4b62-80bc-1a71246c6cb3 tempest-ServerRescueNegativeTestJSON-368917404 tempest-ServerRescueNegativeTestJSON-368917404-project] [instance: 76dc18ee-9513-4961-aac9-61496c67b73d] Fetching instance by UUID {{(pid=117078) get /opt/stack/nova/nova/compute/api.py:2918}}
Mar 23 17:30:44.255352 dv-cinder-834920-1-iscsi devstack@n-api.service[117078]: DEBUG oslo_concurrency.lockutils [None req-e8373c06-a369-4b62-80bc-1a71246c6cb3 tempest-ServerRescueNegativeTestJSON-368917404 tempest-ServerRescueNegativeTestJSON-368917404-project] Lock "dbd8d26b-af15-4ab2-b298-195142640593" acquired by "nova.context.set_target_cell..get_or_set_cached_cell_and_set_connections" :: waited 0.000s {{(pid=117078) inner /usr/local/lib/python3.8/dist-packages/oslo_concurrency/lockutils.py:386}}
Mar 23 17:30:44.259805 dv-cinder-834920-1-iscsi devstack@n-api.service[117078]: DEBUG oslo_concurrency.lockutils [None req-e8373c06-a369-4b62-80bc-1a71246c6cb3 tempest-ServerRescueNegativeTestJSON-368917404 tempest-ServerRescueNegativeTestJSON-368917404-project] Lock "dbd8d26b-af15-4ab2-b298-195142640593" "released" by "nova.context.set_target_cell..get_or_set_cached_cell_and_set_connections" :: held 0.005s {{(pid=117078) inner /usr/local/lib/python3.8/dist-packages/oslo_concurrency/lockutils.py:400}}
Mar 23 17:30:44.262544 dv-cinder-834920-1-iscsi devstack@n-api.service[117078]: DEBUG oslo_concurrency.lockutils [None req-e8373c06-a369-4b62-80bc-1a71246c6cb3 tempest-ServerRescueNegativeTestJSON-368917404 tempest-ServerRescueNegativeTestJSON-368917404-project] Lock "dbd8d26b-af15-4ab2-b298-195142640593" acquired by "nova.context.set_target_cell..get_or_set_cached_cell_and_set_connections" :: waited 0.000s {{(pid=117078) inner /usr/local/lib/python3.8/dist-packages/oslo_concurrency/lockutils.py:386}}
Mar 23 17:30:44.267660 dv-cinder-834920-1-iscsi devstack@n-api.service[117078]: DEBUG oslo_concurrency.lockutils [None req-e8373c06-a369-4b62-80bc-1a71246c6cb3 tempest-ServerRescueNegativeTestJSON-368917404 tempest-ServerRescueNegativeTestJSON-368917404-project] Lock "dbd8d26b-af15-4ab2-b298-195142640593" "released" by "nova.context.set_target_cell..get_or_set_cached_cell_and_set_connections" :: held 0.005s {{(pid=117078) inner /usr/local/lib/python3.8/dist-packages/oslo_concurrency/lockutils.py:400}}
Mar 23 17:30:44.693335 dv-cinder-834920-1-iscsi devstack@n-api.service[117078]: DEBUG nova.policy [None req-e8373c06-a369-4b62-80bc-1a71246c6cb3 tempest-ServerRescueNegativeTestJSON-368917404 tempest-ServerRescueNegativeTestJSON-368917404-project] Policy check for os_compute_api:os-extended-server-attributes failed with credentials {'is_admin': False, 'user_id': '402cc1a669fb44969d67189d4693d385', 'user_domain_id': 'default', 'system_scope': None, 'domain_id': None, 'project_id': '5f8e1fcf32ed4c89b61e93ec571f7fe7', 'project_domain_id': 'default', 'roles': ['reader', 'member'], 'is_admin_project': True, 'service_user_id': None, 'service_user_domain_id': None, 'service_project_id': None, 'service_project_domain_id': None, 'service_roles': []} {{(pid=117078) authorize /opt/stack/nova/nova/policy.py:199}}
Mar 23 17:30:44.712173 dv-cinder-834920-1-iscsi devstack@n-api.service[117078]: INFO nova.api.openstack.requestlog [None req-e8373c06-a369-4b62-80bc-1a71246c6cb3 tempest-ServerRescueNegativeTestJSON-368917404 tempest-ServerRescueNegativeTestJSON-368917404-project] 10.222.0.41 "GET /compute/v2.1/servers/76dc18ee-9513-4961-aac9-61496c67b73d" status: 200 len: 1520 microversion: 2.1 time: 0.478233
Mar 23 17:30:44.732463 dv-cinder-834920-1-iscsi devstack@n-api.service[117078]: [pid: 117078|app: 0|req: 104/214] 10.222.0.41 () {58 vars in 1235 bytes} [Wed Mar 23 17:30:44 2022] GET /compute/v2.1/servers/76dc18ee-9513-4961-aac9-61496c67b73d => generated 1520 bytes in 499 msecs (HTTP/1.1 200) 9 headers in 358 bytes (1 switches on core 0)
Mar 23 17:30:45.316969 dv-cinder-834920-1-iscsi devstack@n-api.service[117079]: DEBUG nova.api.openstack.wsgi [None req-80252634-bf2b-4473-8b92-45337ac90cdb tempest-DeleteServersTestJSON-1408461987 tempest-DeleteServersTestJSON-1408461987-project] Calling method '>' {{(pid=117079) _process_stack /opt/stack/nova/nova/api/openstack/wsgi.py:513}}
Mar 23 17:30:45.318841 dv-cinder-834920-1-iscsi devstack@n-api.service[117079]: DEBUG nova.compute.api [None req-80252634-bf2b-4473-8b92-45337ac90cdb tempest-DeleteServersTestJSON-1408461987 tempest-DeleteServersTestJSON-1408461987-project] [instance: b85f2074-47e8-4007-bdda-db9db9832789] Fetching instance by UUID {{(pid=117079) get /opt/stack/nova/nova/compute/api.py:2918}}
Mar 23 17:30:45.342526 dv-cinder-834920-1-iscsi devstack@n-api.service[117079]: DEBUG oslo_concurrency.lockutils [None req-80252634-bf2b-4473-8b92-45337ac90cdb tempest-DeleteServersTestJSON-1408461987 tempest-DeleteServersTestJSON-1408461987-project] Lock "dbd8d26b-af15-4ab2-b298-195142640593" acquired by "nova.context.set_target_cell..get_or_set_cached_cell_and_set_connections" :: waited 0.000s {{(pid=117079) inner /usr/local/lib/python3.8/dist-packages/oslo_concurrency/lockutils.py:386}}
Mar 23 17:30:45.342991 dv-cinder-834920-1-iscsi devstack@n-api.service[117079]: DEBUG oslo_concurrency.lockutils [None req-80252634-bf2b-4473-8b92-45337ac90cdb tempest-DeleteServersTestJSON-1408461987 tempest-DeleteServersTestJSON-1408461987-project] Lock "dbd8d26b-af15-4ab2-b298-195142640593" "released" by "nova.context.set_target_cell..get_or_set_cached_cell_and_set_connections" :: held 0.001s {{(pid=117079) inner /usr/local/lib/python3.8/dist-packages/oslo_concurrency/lockutils.py:400}}
Mar 23 17:30:45.343841 dv-cinder-834920-1-iscsi devstack@n-api.service[117079]: DEBUG oslo_concurrency.lockutils [None req-80252634-bf2b-4473-8b92-45337ac90cdb tempest-DeleteServersTestJSON-1408461987 tempest-DeleteServersTestJSON-1408461987-project] Lock "dbd8d26b-af15-4ab2-b298-195142640593" acquired by "nova.context.set_target_cell..get_or_set_cached_cell_and_set_connections" :: waited 0.000s {{(pid=117079) inner /usr/local/lib/python3.8/dist-packages/oslo_concurrency/lockutils.py:386}}
Mar 23 17:30:45.344286 dv-cinder-834920-1-iscsi devstack@n-api.service[117079]: DEBUG oslo_concurrency.lockutils [None req-80252634-bf2b-4473-8b92-45337ac90cdb tempest-DeleteServersTestJSON-1408461987 tempest-DeleteServersTestJSON-1408461987-project] Lock "dbd8d26b-af15-4ab2-b298-195142640593" "released" by "nova.context.set_target_cell..get_or_set_cached_cell_and_set_connections" :: held 0.000s {{(pid=117079) inner /usr/local/lib/python3.8/dist-packages/oslo_concurrency/lockutils.py:400}}
Mar 23 17:30:45.420434 dv-cinder-834920-1-iscsi devstack@n-api.service[117079]: DEBUG nova.compute.api [None req-80252634-bf2b-4473-8b92-45337ac90cdb tempest-DeleteServersTestJSON-1408461987 tempest-DeleteServersTestJSON-1408461987-project] [instance: b85f2074-47e8-4007-bdda-db9db9832789] Going to try to terminate instance {{(pid=117079) delete /opt/stack/nova/nova/compute/api.py:2664}}
Mar 23 17:30:45.681847 dv-cinder-834920-1-iscsi devstack@n-api.service[117079]: INFO nova.api.openstack.requestlog [None req-80252634-bf2b-4473-8b92-45337ac90cdb tempest-DeleteServersTestJSON-1408461987 tempest-DeleteServersTestJSON-1408461987-project] 10.222.0.41 "DELETE /compute/v2.1/servers/b85f2074-47e8-4007-bdda-db9db9832789" status: 204 len: 0 microversion: 2.1 time: 0.379719
Mar 23 17:30:45.695244 dv-cinder-834920-1-iscsi devstack@n-api.service[117079]: [pid: 117079|app: 0|req: 111/215] 10.222.0.41 () {58 vars in 1238 bytes} [Wed Mar 23 17:30:45 2022] DELETE /compute/v2.1/servers/b85f2074-47e8-4007-bdda-db9db9832789 => generated 0 bytes in 392 msecs (HTTP/1.1 204) 9 headers in 363 bytes (1 switches on core 0)
Mar 23 17:30:45.700609 dv-cinder-834920-1-iscsi devstack@n-api.service[117078]: DEBUG nova.api.openstack.wsgi [None req-15efd9b0-6673-4326-a353-d41e68db79fb tempest-DeleteServersTestJSON-1408461987 tempest-DeleteServersTestJSON-1408461987-project] Calling method '>' {{(pid=117078) _process_stack /opt/stack/nova/nova/api/openstack/wsgi.py:513}}
Mar 23 17:30:45.701261 dv-cinder-834920-1-iscsi devstack@n-api.service[117078]: DEBUG nova.compute.api [None req-15efd9b0-6673-4326-a353-d41e68db79fb tempest-DeleteServersTestJSON-1408461987 tempest-DeleteServersTestJSON-1408461987-project] [instance: b85f2074-47e8-4007-bdda-db9db9832789] Fetching instance by UUID {{(pid=117078) get /opt/stack/nova/nova/compute/api.py:2918}}
Mar 23 17:30:45.712896 dv-cinder-834920-1-iscsi devstack@n-api.service[117078]: DEBUG oslo_concurrency.lockutils [None req-15efd9b0-6673-4326-a353-d41e68db79fb tempest-DeleteServersTestJSON-1408461987 tempest-DeleteServersTestJSON-1408461987-project] Lock "dbd8d26b-af15-4ab2-b298-195142640593" acquired by "nova.context.set_target_cell..get_or_set_cached_cell_and_set_connections" :: waited 0.000s {{(pid=117078) inner /usr/local/lib/python3.8/dist-packages/oslo_concurrency/lockutils.py:386}}
Mar 23 17:30:45.713715 dv-cinder-834920-1-iscsi devstack@n-api.service[117078]: DEBUG oslo_concurrency.lockutils [None req-15efd9b0-6673-4326-a353-d41e68db79fb tempest-DeleteServersTestJSON-1408461987 tempest-DeleteServersTestJSON-1408461987-project] Lock "dbd8d26b-af15-4ab2-b298-195142640593" "released" by "nova.context.set_target_cell..get_or_set_cached_cell_and_set_connections" :: held 0.001s {{(pid=117078) inner /usr/local/lib/python3.8/dist-packages/oslo_concurrency/lockutils.py:400}}
Mar 23 17:30:45.714517 dv-cinder-834920-1-iscsi devstack@n-api.service[117078]: DEBUG oslo_concurrency.lockutils [None req-15efd9b0-6673-4326-a353-d41e68db79fb tempest-DeleteServersTestJSON-1408461987 tempest-DeleteServersTestJSON-1408461987-project] Lock "dbd8d26b-af15-4ab2-b298-195142640593" acquired by "nova.context.set_target_cell..get_or_set_cached_cell_and_set_connections" :: waited 0.000s {{(pid=117078) inner /usr/local/lib/python3.8/dist-packages/oslo_concurrency/lockutils.py:386}}
Mar 23 17:30:45.714961 dv-cinder-834920-1-iscsi devstack@n-api.service[117078]: DEBUG oslo_concurrency.lockutils [None req-15efd9b0-6673-4326-a353-d41e68db79fb tempest-DeleteServersTestJSON-1408461987 tempest-DeleteServersTestJSON-1408461987-project] Lock "dbd8d26b-af15-4ab2-b298-195142640593" "released" by "nova.context.set_target_cell..get_or_set_cached_cell_and_set_connections" :: held 0.000s {{(pid=117078) inner /usr/local/lib/python3.8/dist-packages/oslo_concurrency/lockutils.py:400}}
Mar 23 17:30:45.747086 dv-cinder-834920-1-iscsi devstack@n-api.service[117079]: DEBUG nova.api.openstack.wsgi [None req-2bb705ff-69b0-42f7-9d10-9453171b33bc tempest-ServerRescueNegativeTestJSON-368917404 tempest-ServerRescueNegativeTestJSON-368917404-project] Calling method '>' {{(pid=117079) _process_stack /opt/stack/nova/nova/api/openstack/wsgi.py:513}}
Mar 23 17:30:45.749111 dv-cinder-834920-1-iscsi devstack@n-api.service[117079]: DEBUG nova.compute.api [None req-2bb705ff-69b0-42f7-9d10-9453171b33bc tempest-ServerRescueNegativeTestJSON-368917404 tempest-ServerRescueNegativeTestJSON-368917404-project] [instance: 76dc18ee-9513-4961-aac9-61496c67b73d] Fetching instance by UUID {{(pid=117079) get /opt/stack/nova/nova/compute/api.py:2918}}
Mar 23 17:30:45.756528 dv-cinder-834920-1-iscsi devstack@n-api.service[117079]: DEBUG oslo_concurrency.lockutils [None req-2bb705ff-69b0-42f7-9d10-9453171b33bc tempest-ServerRescueNegativeTestJSON-368917404 tempest-ServerRescueNegativeTestJSON-368917404-project] Lock "dbd8d26b-af15-4ab2-b298-195142640593" acquired by "nova.context.set_target_cell..get_or_set_cached_cell_and_set_connections" :: waited 0.000s {{(pid=117079) inner /usr/local/lib/python3.8/dist-packages/oslo_concurrency/lockutils.py:386}}
Mar 23 17:30:45.756962 dv-cinder-834920-1-iscsi devstack@n-api.service[117079]: DEBUG oslo_concurrency.lockutils [None req-2bb705ff-69b0-42f7-9d10-9453171b33bc tempest-ServerRescueNegativeTestJSON-368917404 tempest-ServerRescueNegativeTestJSON-368917404-project] Lock "dbd8d26b-af15-4ab2-b298-195142640593" "released" by "nova.context.set_target_cell..get_or_set_cached_cell_and_set_connections" :: held 0.001s {{(pid=117079) inner /usr/local/lib/python3.8/dist-packages/oslo_concurrency/lockutils.py:400}}
Mar 23 17:30:45.758013 dv-cinder-834920-1-iscsi devstack@n-api.service[117079]: DEBUG oslo_concurrency.lockutils [None req-2bb705ff-69b0-42f7-9d10-9453171b33bc tempest-ServerRescueNegativeTestJSON-368917404 tempest-ServerRescueNegativeTestJSON-368917404-project] Lock "dbd8d26b-af15-4ab2-b298-195142640593" acquired by "nova.context.set_target_cell..get_or_set_cached_cell_and_set_connections" :: waited 0.000s {{(pid=117079) inner /usr/local/lib/python3.8/dist-packages/oslo_concurrency/lockutils.py:386}}
Mar 23 17:30:45.758640 dv-cinder-834920-1-iscsi devstack@n-api.service[117079]: DEBUG oslo_concurrency.lockutils [None req-2bb705ff-69b0-42f7-9d10-9453171b33bc tempest-ServerRescueNegativeTestJSON-368917404 tempest-ServerRescueNegativeTestJSON-368917404-project] Lock "dbd8d26b-af15-4ab2-b298-195142640593" "released" by "nova.context.set_target_cell..get_or_set_cached_cell_and_set_connections" :: held 0.001s {{(pid=117079) inner /usr/local/lib/python3.8/dist-packages/oslo_concurrency/lockutils.py:400}}
Mar 23 17:30:46.049271 dv-cinder-834920-1-iscsi devstack@n-api.service[117078]: DEBUG nova.policy [None req-15efd9b0-6673-4326-a353-d41e68db79fb tempest-DeleteServersTestJSON-1408461987 tempest-DeleteServersTestJSON-1408461987-project] Policy check for os_compute_api:os-extended-server-attributes failed with credentials {'is_admin': False, 'user_id': '821e16ee9d9c4d12ac9674e1085c1f38', 'user_domain_id': 'default', 'system_scope': None, 'domain_id': None, 'project_id': '3361f17e528749ceab248e9aac2f399a', 'project_domain_id': 'default', 'roles': ['reader', 'member'], 'is_admin_project': True, 'service_user_id': None, 'service_user_domain_id': None, 'service_project_id': None, 'service_project_domain_id': None, 'service_roles': []} {{(pid=117078) authorize /opt/stack/nova/nova/policy.py:199}}
Mar 23 17:30:46.060166 dv-cinder-834920-1-iscsi devstack@n-api.service[117078]: INFO nova.api.openstack.requestlog [None req-15efd9b0-6673-4326-a353-d41e68db79fb tempest-DeleteServersTestJSON-1408461987 tempest-DeleteServersTestJSON-1408461987-project] 10.222.0.41 "GET /compute/v2.1/servers/b85f2074-47e8-4007-bdda-db9db9832789" status: 200 len: 1553 microversion: 2.1 time: 0.363417
Mar 23 17:30:46.061235 dv-cinder-834920-1-iscsi devstack@n-api.service[117078]: [pid: 117078|app: 0|req: 105/216] 10.222.0.41 () {58 vars in 1235 bytes} [Wed Mar 23 17:30:45 2022] GET /compute/v2.1/servers/b85f2074-47e8-4007-bdda-db9db9832789 => generated 1553 bytes in 365 msecs (HTTP/1.1 200) 9 headers in 358 bytes (1 switches on core 0)
Mar 23 17:30:46.096705 dv-cinder-834920-1-iscsi devstack@n-api.service[117079]: DEBUG nova.policy [None req-2bb705ff-69b0-42f7-9d10-9453171b33bc tempest-ServerRescueNegativeTestJSON-368917404 tempest-ServerRescueNegativeTestJSON-368917404-project] Policy check for os_compute_api:os-extended-server-attributes failed with credentials {'is_admin': False, 'user_id': '402cc1a669fb44969d67189d4693d385', 'user_domain_id': 'default', 'system_scope': None, 'domain_id': None, 'project_id': '5f8e1fcf32ed4c89b61e93ec571f7fe7', 'project_domain_id': 'default', 'roles': ['reader', 'member'], 'is_admin_project': True, 'service_user_id': None, 'service_user_domain_id': None, 'service_project_id': None, 'service_project_domain_id': None, 'service_roles': []} {{(pid=117079) authorize /opt/stack/nova/nova/policy.py:199}}
Mar 23 17:30:46.107099 dv-cinder-834920-1-iscsi devstack@n-api.service[117079]: INFO nova.api.openstack.requestlog [None req-2bb705ff-69b0-42f7-9d10-9453171b33bc tempest-ServerRescueNegativeTestJSON-368917404 tempest-ServerRescueNegativeTestJSON-368917404-project] 10.222.0.41 "GET /compute/v2.1/servers/76dc18ee-9513-4961-aac9-61496c67b73d" status: 200 len: 1520 microversion: 2.1 time: 0.366457
Mar 23 17:30:46.108246 dv-cinder-834920-1-iscsi devstack@n-api.service[117079]: [pid: 117079|app: 0|req: 112/217] 10.222.0.41 () {58 vars in 1235 bytes} [Wed Mar 23 17:30:45 2022] GET /compute/v2.1/servers/76dc18ee-9513-4961-aac9-61496c67b73d => generated 1520 bytes in 369 msecs (HTTP/1.1 200) 9 headers in 358 bytes (2 switches on core 0)
Mar 23 17:30:47.079923 dv-cinder-834920-1-iscsi devstack@n-api.service[117078]: DEBUG nova.api.openstack.wsgi [None req-a5860c81-4856-4745-a6bb-5717a4fdf2ed tempest-DeleteServersTestJSON-1408461987 tempest-DeleteServersTestJSON-1408461987-project] Calling method '>' {{(pid=117078) _process_stack /opt/stack/nova/nova/api/openstack/wsgi.py:513}}
Mar 23 17:30:47.080608 dv-cinder-834920-1-iscsi devstack@n-api.service[117078]: DEBUG nova.compute.api [None req-a5860c81-4856-4745-a6bb-5717a4fdf2ed tempest-DeleteServersTestJSON-1408461987 tempest-DeleteServersTestJSON-1408461987-project] [instance: b85f2074-47e8-4007-bdda-db9db9832789] Fetching instance by UUID {{(pid=117078) get /opt/stack/nova/nova/compute/api.py:2918}}
Mar 23 17:30:47.092701 dv-cinder-834920-1-iscsi devstack@n-api.service[117078]: DEBUG oslo_concurrency.lockutils [None req-a5860c81-4856-4745-a6bb-5717a4fdf2ed tempest-DeleteServersTestJSON-1408461987 tempest-DeleteServersTestJSON-1408461987-project] Lock "dbd8d26b-af15-4ab2-b298-195142640593" acquired by "nova.context.set_target_cell..get_or_set_cached_cell_and_set_connections" :: waited 0.000s {{(pid=117078) inner /usr/local/lib/python3.8/dist-packages/oslo_concurrency/lockutils.py:386}}
Mar 23 17:30:47.093187 dv-cinder-834920-1-iscsi devstack@n-api.service[117078]: DEBUG oslo_concurrency.lockutils [None req-a5860c81-4856-4745-a6bb-5717a4fdf2ed tempest-DeleteServersTestJSON-1408461987 tempest-DeleteServersTestJSON-1408461987-project] Lock "dbd8d26b-af15-4ab2-b298-195142640593" "released" by "nova.context.set_target_cell..get_or_set_cached_cell_and_set_connections" :: held 0.001s {{(pid=117078) inner /usr/local/lib/python3.8/dist-packages/oslo_concurrency/lockutils.py:400}}
Mar 23 17:30:47.094535 dv-cinder-834920-1-iscsi devstack@n-api.service[117078]: DEBUG oslo_concurrency.lockutils [None req-a5860c81-4856-4745-a6bb-5717a4fdf2ed tempest-DeleteServersTestJSON-1408461987 tempest-DeleteServersTestJSON-1408461987-project] Lock "dbd8d26b-af15-4ab2-b298-195142640593" acquired by "nova.context.set_target_cell..get_or_set_cached_cell_and_set_connections" :: waited 0.000s {{(pid=117078) inner /usr/local/lib/python3.8/dist-packages/oslo_concurrency/lockutils.py:386}}
Mar 23 17:30:47.095761 dv-cinder-834920-1-iscsi devstack@n-api.service[117078]: DEBUG oslo_concurrency.lockutils [None req-a5860c81-4856-4745-a6bb-5717a4fdf2ed tempest-DeleteServersTestJSON-1408461987 tempest-DeleteServersTestJSON-1408461987-project] Lock "dbd8d26b-af15-4ab2-b298-195142640593" "released" by "nova.context.set_target_cell..get_or_set_cached_cell_and_set_connections" :: held 0.001s {{(pid=117078) inner /usr/local/lib/python3.8/dist-packages/oslo_concurrency/lockutils.py:400}}
Mar 23 17:30:47.127403 dv-cinder-834920-1-iscsi devstack@n-api.service[117079]: DEBUG nova.api.openstack.wsgi [None req-9a5be275-0b23-49cc-922a-186c409375e0 tempest-ServerRescueNegativeTestJSON-368917404 tempest-ServerRescueNegativeTestJSON-368917404-project] Calling method '>' {{(pid=117079) _process_stack /opt/stack/nova/nova/api/openstack/wsgi.py:513}}
Mar 23 17:30:47.128188 dv-cinder-834920-1-iscsi devstack@n-api.service[117079]: DEBUG nova.compute.api [None req-9a5be275-0b23-49cc-922a-186c409375e0 tempest-ServerRescueNegativeTestJSON-368917404 tempest-ServerRescueNegativeTestJSON-368917404-project] [instance: 76dc18ee-9513-4961-aac9-61496c67b73d] Fetching instance by UUID {{(pid=117079) get /opt/stack/nova/nova/compute/api.py:2918}}
Mar 23 17:30:47.139508 dv-cinder-834920-1-iscsi devstack@n-api.service[117079]: DEBUG oslo_concurrency.lockutils [None req-9a5be275-0b23-49cc-922a-186c409375e0 tempest-ServerRescueNegativeTestJSON-368917404 tempest-ServerRescueNegativeTestJSON-368917404-project] Lock "dbd8d26b-af15-4ab2-b298-195142640593" acquired by "nova.context.set_target_cell..get_or_set_cached_cell_and_set_connections" :: waited 0.000s {{(pid=117079) inner /usr/local/lib/python3.8/dist-packages/oslo_concurrency/lockutils.py:386}}
Mar 23 17:30:47.140010 dv-cinder-834920-1-iscsi devstack@n-api.service[117079]: DEBUG oslo_concurrency.lockutils [None req-9a5be275-0b23-49cc-922a-186c409375e0 tempest-ServerRescueNegativeTestJSON-368917404 tempest-ServerRescueNegativeTestJSON-368917404-project] Lock "dbd8d26b-af15-4ab2-b298-195142640593" "released" by "nova.context.set_target_cell..get_or_set_cached_cell_and_set_connections" :: held 0.003s {{(pid=117079) inner /usr/local/lib/python3.8/dist-packages/oslo_concurrency/lockutils.py:400}}
Mar 23 17:30:47.140855 dv-cinder-834920-1-iscsi devstack@n-api.service[117079]: DEBUG oslo_concurrency.lockutils [None req-9a5be275-0b23-49cc-922a-186c409375e0 tempest-ServerRescueNegativeTestJSON-368917404 tempest-ServerRescueNegativeTestJSON-368917404-project] Lock "dbd8d26b-af15-4ab2-b298-195142640593" acquired by "nova.context.set_target_cell..get_or_set_cached_cell_and_set_connections" :: waited 0.000s {{(pid=117079) inner /usr/local/lib/python3.8/dist-packages/oslo_concurrency/lockutils.py:386}}
Mar 23 17:30:47.141329 dv-cinder-834920-1-iscsi devstack@n-api.service[117079]: DEBUG oslo_concurrency.lockutils [None req-9a5be275-0b23-49cc-922a-186c409375e0 tempest-ServerRescueNegativeTestJSON-368917404 tempest-ServerRescueNegativeTestJSON-368917404-project] Lock "dbd8d26b-af15-4ab2-b298-195142640593" "released" by "nova.context.set_target_cell..get_or_set_cached_cell_and_set_connections" :: held 0.000s {{(pid=117079) inner /usr/local/lib/python3.8/dist-packages/oslo_concurrency/lockutils.py:400}}
Mar 23 17:30:47.411781 dv-cinder-834920-1-iscsi devstack@n-api.service[117078]: DEBUG nova.policy [None req-a5860c81-4856-4745-a6bb-5717a4fdf2ed tempest-DeleteServersTestJSON-1408461987 tempest-DeleteServersTestJSON-1408461987-project] Policy check for os_compute_api:os-extended-server-attributes failed with credentials {'is_admin': False, 'user_id': '821e16ee9d9c4d12ac9674e1085c1f38', 'user_domain_id': 'default', 'system_scope': None, 'domain_id': None, 'project_id': '3361f17e528749ceab248e9aac2f399a', 'project_domain_id': 'default', 'roles': ['reader', 'member'], 'is_admin_project': True, 'service_user_id': None, 'service_user_domain_id': None, 'service_project_id': None, 'service_project_domain_id': None, 'service_roles': []} {{(pid=117078) authorize /opt/stack/nova/nova/policy.py:199}}
Mar 23 17:30:47.432774 dv-cinder-834920-1-iscsi devstack@n-api.service[117079]: DEBUG nova.policy [None req-9a5be275-0b23-49cc-922a-186c409375e0 tempest-ServerRescueNegativeTestJSON-368917404 tempest-ServerRescueNegativeTestJSON-368917404-project] Policy check for os_compute_api:os-extended-server-attributes failed with credentials {'is_admin': False, 'user_id': '402cc1a669fb44969d67189d4693d385', 'user_domain_id': 'default', 'system_scope': None, 'domain_id': None, 'project_id': '5f8e1fcf32ed4c89b61e93ec571f7fe7', 'project_domain_id': 'default', 'roles': ['reader', 'member'], 'is_admin_project': True, 'service_user_id': None, 'service_user_domain_id': None, 'service_project_id': None, 'service_project_domain_id': None, 'service_roles': []} {{(pid=117079) authorize /opt/stack/nova/nova/policy.py:199}}
Mar 23 17:30:47.433518 dv-cinder-834920-1-iscsi devstack@n-api.service[117078]: INFO nova.api.openstack.requestlog [None req-a5860c81-4856-4745-a6bb-5717a4fdf2ed tempest-DeleteServersTestJSON-1408461987 tempest-DeleteServersTestJSON-1408461987-project] 10.222.0.41 "GET /compute/v2.1/servers/b85f2074-47e8-4007-bdda-db9db9832789" status: 200 len: 1553 microversion: 2.1 time: 0.348568
Mar 23 17:30:47.435488 dv-cinder-834920-1-iscsi devstack@n-api.service[117078]: [pid: 117078|app: 0|req: 106/218] 10.222.0.41 () {58 vars in 1235 bytes} [Wed Mar 23 17:30:47 2022] GET /compute/v2.1/servers/b85f2074-47e8-4007-bdda-db9db9832789 => generated 1553 bytes in 360 msecs (HTTP/1.1 200) 9 headers in 358 bytes (2 switches on core 0)
Mar 23 17:30:47.451536 dv-cinder-834920-1-iscsi devstack@n-api.service[117079]: INFO nova.api.openstack.requestlog [None req-9a5be275-0b23-49cc-922a-186c409375e0 tempest-ServerRescueNegativeTestJSON-368917404 tempest-ServerRescueNegativeTestJSON-368917404-project] 10.222.0.41 "GET /compute/v2.1/servers/76dc18ee-9513-4961-aac9-61496c67b73d" status: 200 len: 1520 microversion: 2.1 time: 0.331030
Mar 23 17:30:47.452481 dv-cinder-834920-1-iscsi devstack@n-api.service[117079]: [pid: 117079|app: 0|req: 113/219] 10.222.0.41 () {58 vars in 1235 bytes} [Wed Mar 23 17:30:47 2022] GET /compute/v2.1/servers/76dc18ee-9513-4961-aac9-61496c67b73d => generated 1520 bytes in 333 msecs (HTTP/1.1 200) 9 headers in 358 bytes (2 switches on core 0)
Mar 23 17:30:48.441937 dv-cinder-834920-1-iscsi devstack@n-api.service[117078]: DEBUG nova.api.openstack.wsgi [None req-03dee01e-bbce-4d8b-9e98-fb885dbbfe1a tempest-DeleteServersTestJSON-1408461987 tempest-DeleteServersTestJSON-1408461987-project] Calling method '>' {{(pid=117078) _process_stack /opt/stack/nova/nova/api/openstack/wsgi.py:513}}
Mar 23 17:30:48.442593 dv-cinder-834920-1-iscsi devstack@n-api.service[117078]: DEBUG nova.compute.api [None req-03dee01e-bbce-4d8b-9e98-fb885dbbfe1a tempest-DeleteServersTestJSON-1408461987 tempest-DeleteServersTestJSON-1408461987-project] [instance: b85f2074-47e8-4007-bdda-db9db9832789] Fetching instance by UUID {{(pid=117078) get /opt/stack/nova/nova/compute/api.py:2918}}
Mar 23 17:30:48.448702 dv-cinder-834920-1-iscsi devstack@n-api.service[117078]: DEBUG oslo_concurrency.lockutils [None req-03dee01e-bbce-4d8b-9e98-fb885dbbfe1a tempest-DeleteServersTestJSON-1408461987 tempest-DeleteServersTestJSON-1408461987-project] Lock "dbd8d26b-af15-4ab2-b298-195142640593" acquired by "nova.context.set_target_cell..get_or_set_cached_cell_and_set_connections" :: waited 0.000s {{(pid=117078) inner /usr/local/lib/python3.8/dist-packages/oslo_concurrency/lockutils.py:386}}
Mar 23 17:30:48.449124 dv-cinder-834920-1-iscsi devstack@n-api.service[117078]: DEBUG oslo_concurrency.lockutils [None req-03dee01e-bbce-4d8b-9e98-fb885dbbfe1a tempest-DeleteServersTestJSON-1408461987 tempest-DeleteServersTestJSON-1408461987-project] Lock "dbd8d26b-af15-4ab2-b298-195142640593" "released" by "nova.context.set_target_cell..get_or_set_cached_cell_and_set_connections" :: held 0.001s {{(pid=117078) inner /usr/local/lib/python3.8/dist-packages/oslo_concurrency/lockutils.py:400}}
Mar 23 17:30:48.450211 dv-cinder-834920-1-iscsi devstack@n-api.service[117078]: DEBUG oslo_concurrency.lockutils [None req-03dee01e-bbce-4d8b-9e98-fb885dbbfe1a tempest-DeleteServersTestJSON-1408461987 tempest-DeleteServersTestJSON-1408461987-project] Lock "dbd8d26b-af15-4ab2-b298-195142640593" acquired by "nova.context.set_target_cell..get_or_set_cached_cell_and_set_connections" :: waited 0.000s {{(pid=117078) inner /usr/local/lib/python3.8/dist-packages/oslo_concurrency/lockutils.py:386}}
Mar 23 17:30:48.450645 dv-cinder-834920-1-iscsi devstack@n-api.service[117078]: DEBUG oslo_concurrency.lockutils [None req-03dee01e-bbce-4d8b-9e98-fb885dbbfe1a tempest-DeleteServersTestJSON-1408461987 tempest-DeleteServersTestJSON-1408461987-project] Lock "dbd8d26b-af15-4ab2-b298-195142640593" "released" by "nova.context.set_target_cell..get_or_set_cached_cell_and_set_connections" :: held 0.000s {{(pid=117078) inner /usr/local/lib/python3.8/dist-packages/oslo_concurrency/lockutils.py:400}}
Mar 23 17:30:48.469568 dv-cinder-834920-1-iscsi devstack@n-api.service[117079]: DEBUG nova.api.openstack.wsgi [None req-c9cee74d-5c49-4b32-b08b-3400f1433804 tempest-ServerRescueNegativeTestJSON-368917404 tempest-ServerRescueNegativeTestJSON-368917404-project] Calling method '>' {{(pid=117079) _process_stack /opt/stack/nova/nova/api/openstack/wsgi.py:513}}
Mar 23 17:30:48.470773 dv-cinder-834920-1-iscsi devstack@n-api.service[117079]: DEBUG nova.compute.api [None req-c9cee74d-5c49-4b32-b08b-3400f1433804 tempest-ServerRescueNegativeTestJSON-368917404 tempest-ServerRescueNegativeTestJSON-368917404-project] [instance: 76dc18ee-9513-4961-aac9-61496c67b73d] Fetching instance by UUID {{(pid=117079) get /opt/stack/nova/nova/compute/api.py:2918}}
Mar 23 17:30:48.477877 dv-cinder-834920-1-iscsi devstack@n-api.service[117079]: DEBUG oslo_concurrency.lockutils [None req-c9cee74d-5c49-4b32-b08b-3400f1433804 tempest-ServerRescueNegativeTestJSON-368917404 tempest-ServerRescueNegativeTestJSON-368917404-project] Lock "dbd8d26b-af15-4ab2-b298-195142640593" acquired by "nova.context.set_target_cell..get_or_set_cached_cell_and_set_connections" :: waited 0.000s {{(pid=117079) inner /usr/local/lib/python3.8/dist-packages/oslo_concurrency/lockutils.py:386}}
Mar 23 17:30:48.478328 dv-cinder-834920-1-iscsi devstack@n-api.service[117079]: DEBUG oslo_concurrency.lockutils [None req-c9cee74d-5c49-4b32-b08b-3400f1433804 tempest-ServerRescueNegativeTestJSON-368917404 tempest-ServerRescueNegativeTestJSON-368917404-project] Lock "dbd8d26b-af15-4ab2-b298-195142640593" "released" by "nova.context.set_target_cell..get_or_set_cached_cell_and_set_connections" :: held 0.001s {{(pid=117079) inner /usr/local/lib/python3.8/dist-packages/oslo_concurrency/lockutils.py:400}}
Mar 23 17:30:48.479178 dv-cinder-834920-1-iscsi devstack@n-api.service[117079]: DEBUG oslo_concurrency.lockutils [None req-c9cee74d-5c49-4b32-b08b-3400f1433804 tempest-ServerRescueNegativeTestJSON-368917404 tempest-ServerRescueNegativeTestJSON-368917404-project] Lock "dbd8d26b-af15-4ab2-b298-195142640593" acquired by "nova.context.set_target_cell..get_or_set_cached_cell_and_set_connections" :: waited 0.000s {{(pid=117079) inner /usr/local/lib/python3.8/dist-packages/oslo_concurrency/lockutils.py:386}}
Mar 23 17:30:48.479621 dv-cinder-834920-1-iscsi devstack@n-api.service[117079]: DEBUG oslo_concurrency.lockutils [None req-c9cee74d-5c49-4b32-b08b-3400f1433804 tempest-ServerRescueNegativeTestJSON-368917404 tempest-ServerRescueNegativeTestJSON-368917404-project] Lock "dbd8d26b-af15-4ab2-b298-195142640593" "released" by "nova.context.set_target_cell..get_or_set_cached_cell_and_set_connections" :: held 0.000s {{(pid=117079) inner /usr/local/lib/python3.8/dist-packages/oslo_concurrency/lockutils.py:400}}
Mar 23 17:30:48.719870 dv-cinder-834920-1-iscsi devstack@n-api.service[117079]: DEBUG nova.policy [None req-c9cee74d-5c49-4b32-b08b-3400f1433804 tempest-ServerRescueNegativeTestJSON-368917404 tempest-ServerRescueNegativeTestJSON-368917404-project] Policy check for os_compute_api:os-extended-server-attributes failed with credentials {'is_admin': False, 'user_id': '402cc1a669fb44969d67189d4693d385', 'user_domain_id': 'default', 'system_scope': None, 'domain_id': None, 'project_id': '5f8e1fcf32ed4c89b61e93ec571f7fe7', 'project_domain_id': 'default', 'roles': ['reader', 'member'], 'is_admin_project': True, 'service_user_id': None, 'service_user_domain_id': None, 'service_project_id': None, 'service_project_domain_id': None, 'service_roles': []} {{(pid=117079) authorize /opt/stack/nova/nova/policy.py:199}}
Mar 23 17:30:48.735575 dv-cinder-834920-1-iscsi devstack@n-api.service[117079]: INFO nova.api.openstack.requestlog [None req-c9cee74d-5c49-4b32-b08b-3400f1433804 tempest-ServerRescueNegativeTestJSON-368917404 tempest-ServerRescueNegativeTestJSON-368917404-project] 10.222.0.41 "GET /compute/v2.1/servers/76dc18ee-9513-4961-aac9-61496c67b73d" status: 200 len: 1520 microversion: 2.1 time: 0.269744
Mar 23 17:30:48.738826 dv-cinder-834920-1-iscsi devstack@n-api.service[117078]: DEBUG nova.policy [None req-03dee01e-bbce-4d8b-9e98-fb885dbbfe1a tempest-DeleteServersTestJSON-1408461987 tempest-DeleteServersTestJSON-1408461987-project] Policy check for os_compute_api:os-extended-server-attributes failed with credentials {'is_admin': False, 'user_id': '821e16ee9d9c4d12ac9674e1085c1f38', 'user_domain_id': 'default', 'system_scope': None, 'domain_id': None, 'project_id': '3361f17e528749ceab248e9aac2f399a', 'project_domain_id': 'default', 'roles': ['reader', 'member'], 'is_admin_project': True, 'service_user_id': None, 'service_user_domain_id': None, 'service_project_id': None, 'service_project_domain_id': None, 'service_roles': []} {{(pid=117078) authorize /opt/stack/nova/nova/policy.py:199}}
Mar 23 17:30:48.746075 dv-cinder-834920-1-iscsi devstack@n-api.service[117079]: [pid: 117079|app: 0|req: 114/220] 10.222.0.41 () {58 vars in 1235 bytes} [Wed Mar 23 17:30:48 2022] GET /compute/v2.1/servers/76dc18ee-9513-4961-aac9-61496c67b73d => generated 1520 bytes in 281 msecs (HTTP/1.1 200) 9 headers in 358 bytes (1 switches on core 0)
Mar 23 17:30:48.749481 dv-cinder-834920-1-iscsi devstack@n-api.service[117078]: INFO nova.api.openstack.requestlog [None req-03dee01e-bbce-4d8b-9e98-fb885dbbfe1a tempest-DeleteServersTestJSON-1408461987 tempest-DeleteServersTestJSON-1408461987-project] 10.222.0.41 "GET /compute/v2.1/servers/b85f2074-47e8-4007-bdda-db9db9832789" status: 200 len: 1553 microversion: 2.1 time: 0.311397
Mar 23 17:30:48.750261 dv-cinder-834920-1-iscsi devstack@n-api.service[117078]: [pid: 117078|app: 0|req: 107/221] 10.222.0.41 () {58 vars in 1235 bytes} [Wed Mar 23 17:30:48 2022] GET /compute/v2.1/servers/b85f2074-47e8-4007-bdda-db9db9832789 => generated 1553 bytes in 313 msecs (HTTP/1.1 200) 9 headers in 358 bytes (1 switches on core 0)
Mar 23 17:30:49.031331 dv-cinder-834920-1-iscsi devstack@n-api.service[117079]: DEBUG nova.api.openstack.wsgi [None req-eb4f1ee0-8478-4e21-8de9-edfad8732c16 tempest-VolumesSnapshotTestJSON-818971201 tempest-VolumesSnapshotTestJSON-818971201-project] Action: 'create', calling method: >, body: {"server": {"name": "tempest-VolumesSnapshotTestJSON-instance-1767896102", "imageRef": "79ed06f6-c0b4-47c9-a4de-c4429c987e86", "flavorRef": "452", "networks": [{"uuid": "6679c7b7-7e46-4e0d-bdde-35dcc0bdf861"}]}} {{(pid=117079) _process_stack /opt/stack/nova/nova/api/openstack/wsgi.py:511}}
Mar 23 17:30:49.089793 dv-cinder-834920-1-iscsi devstack@n-api.service[117079]: DEBUG nova.network.neutron [None req-eb4f1ee0-8478-4e21-8de9-edfad8732c16 tempest-VolumesSnapshotTestJSON-818971201 tempest-VolumesSnapshotTestJSON-818971201-project] validate_networks() for [('6679c7b7-7e46-4e0d-bdde-35dcc0bdf861', None, None, None, None, None)] {{(pid=117079) validate_networks /opt/stack/nova/nova/network/neutron.py:2632}}
Mar 23 17:30:49.239565 dv-cinder-834920-1-iscsi devstack@n-api.service[117078]: DEBUG nova.api.openstack.wsgi [req-226c8621-e9fa-403c-97e8-48adb96fa3f2 req-9c2f36ab-e6bb-48db-8c1b-52e20c78c82b service nova] Action: 'create', calling method: >, body: {"events": [{"server_uuid": "b85f2074-47e8-4007-bdda-db9db9832789", "name": "network-vif-deleted", "tag": "f2795b69-526a-4643-ad57-13e14e78f928"}]} {{(pid=117078) _process_stack /opt/stack/nova/nova/api/openstack/wsgi.py:511}}
Mar 23 17:30:49.248943 dv-cinder-834920-1-iscsi devstack@n-api.service[117078]: DEBUG oslo_concurrency.lockutils [req-226c8621-e9fa-403c-97e8-48adb96fa3f2 req-9c2f36ab-e6bb-48db-8c1b-52e20c78c82b service nova] Lock "dbd8d26b-af15-4ab2-b298-195142640593" acquired by "nova.context.set_target_cell..get_or_set_cached_cell_and_set_connections" :: waited 0.000s {{(pid=117078) inner /usr/local/lib/python3.8/dist-packages/oslo_concurrency/lockutils.py:386}}
Mar 23 17:30:49.249429 dv-cinder-834920-1-iscsi devstack@n-api.service[117078]: DEBUG oslo_concurrency.lockutils [req-226c8621-e9fa-403c-97e8-48adb96fa3f2 req-9c2f36ab-e6bb-48db-8c1b-52e20c78c82b service nova] Lock "dbd8d26b-af15-4ab2-b298-195142640593" "released" by "nova.context.set_target_cell..get_or_set_cached_cell_and_set_connections" :: held 0.001s {{(pid=117078) inner /usr/local/lib/python3.8/dist-packages/oslo_concurrency/lockutils.py:400}}
Mar 23 17:30:49.262675 dv-cinder-834920-1-iscsi devstack@n-api.service[117078]: INFO nova.api.openstack.compute.server_external_events [req-226c8621-e9fa-403c-97e8-48adb96fa3f2 req-9c2f36ab-e6bb-48db-8c1b-52e20c78c82b service nova] Creating event network-vif-deleted:f2795b69-526a-4643-ad57-13e14e78f928 for instance b85f2074-47e8-4007-bdda-db9db9832789 on hv-cinder-83492
Mar 23 17:30:49.269046 dv-cinder-834920-1-iscsi devstack@n-api.service[117078]: INFO nova.api.openstack.requestlog [req-226c8621-e9fa-403c-97e8-48adb96fa3f2 req-9c2f36ab-e6bb-48db-8c1b-52e20c78c82b service nova] 10.222.0.41 "POST /compute/v2.1/os-server-external-events" status: 200 len: 183 microversion: 2.1 time: 0.033635
Mar 23 17:30:49.269828 dv-cinder-834920-1-iscsi devstack@n-api.service[117078]: [pid: 117078|app: 0|req: 108/222] 10.222.0.41 () {64 vars in 1317 bytes} [Wed Mar 23 17:30:49 2022] POST /compute/v2.1/os-server-external-events => generated 183 bytes in 35 msecs (HTTP/1.1 200) 9 headers in 357 bytes (1 switches on core 0)
Mar 23 17:30:49.545352 dv-cinder-834920-1-iscsi devstack@n-api.service[117079]: DEBUG nova.virt.hardware [None req-eb4f1ee0-8478-4e21-8de9-edfad8732c16 tempest-VolumesSnapshotTestJSON-818971201 tempest-VolumesSnapshotTestJSON-818971201-project] Flavor limits 0:0:0 {{(pid=117079) get_cpu_topology_constraints /opt/stack/nova/nova/virt/hardware.py:343}}
Mar 23 17:30:49.545898 dv-cinder-834920-1-iscsi devstack@n-api.service[117079]: DEBUG nova.virt.hardware [None req-eb4f1ee0-8478-4e21-8de9-edfad8732c16 tempest-VolumesSnapshotTestJSON-818971201 tempest-VolumesSnapshotTestJSON-818971201-project] Image limits 0:0:0 {{(pid=117079) get_cpu_topology_constraints /opt/stack/nova/nova/virt/hardware.py:347}}
Mar 23 17:30:49.547613 dv-cinder-834920-1-iscsi devstack@n-api.service[117079]: DEBUG nova.virt.hardware [None req-eb4f1ee0-8478-4e21-8de9-edfad8732c16 tempest-VolumesSnapshotTestJSON-818971201 tempest-VolumesSnapshotTestJSON-818971201-project] Flavor pref 0:0:0 {{(pid=117079) get_cpu_topology_constraints /opt/stack/nova/nova/virt/hardware.py:383}}
Mar 23 17:30:49.548031 dv-cinder-834920-1-iscsi devstack@n-api.service[117079]: DEBUG nova.virt.hardware [None req-eb4f1ee0-8478-4e21-8de9-edfad8732c16 tempest-VolumesSnapshotTestJSON-818971201 tempest-VolumesSnapshotTestJSON-818971201-project] Image pref 0:0:0 {{(pid=117079) get_cpu_topology_constraints /opt/stack/nova/nova/virt/hardware.py:387}}
Mar 23 17:30:49.548651 dv-cinder-834920-1-iscsi devstack@n-api.service[117079]: DEBUG nova.virt.hardware [None req-eb4f1ee0-8478-4e21-8de9-edfad8732c16 tempest-VolumesSnapshotTestJSON-818971201 tempest-VolumesSnapshotTestJSON-818971201-project] Chose sockets=0, cores=0, threads=0; limits were sockets=65536, cores=65536, threads=65536 {{(pid=117079) get_cpu_topology_constraints /opt/stack/nova/nova/virt/hardware.py:425}}
Mar 23 17:30:49.565725 dv-cinder-834920-1-iscsi devstack@n-api.service[117079]: DEBUG oslo_concurrency.lockutils [None req-eb4f1ee0-8478-4e21-8de9-edfad8732c16 tempest-VolumesSnapshotTestJSON-818971201 tempest-VolumesSnapshotTestJSON-818971201-project] Lock "00000000-0000-0000-0000-000000000000" acquired by "nova.context.set_target_cell..get_or_set_cached_cell_and_set_connections" :: waited 0.000s {{(pid=117079) inner /usr/local/lib/python3.8/dist-packages/oslo_concurrency/lockutils.py:386}}
Mar 23 17:30:49.566491 dv-cinder-834920-1-iscsi devstack@n-api.service[117079]: DEBUG oslo_concurrency.lockutils [None req-eb4f1ee0-8478-4e21-8de9-edfad8732c16 tempest-VolumesSnapshotTestJSON-818971201 tempest-VolumesSnapshotTestJSON-818971201-project] Lock "00000000-0000-0000-0000-000000000000" "released" by "nova.context.set_target_cell..get_or_set_cached_cell_and_set_connections" :: held 0.002s {{(pid=117079) inner /usr/local/lib/python3.8/dist-packages/oslo_concurrency/lockutils.py:400}}
Mar 23 17:30:49.567729 dv-cinder-834920-1-iscsi devstack@n-api.service[117079]: DEBUG oslo_concurrency.lockutils [None req-eb4f1ee0-8478-4e21-8de9-edfad8732c16 tempest-VolumesSnapshotTestJSON-818971201 tempest-VolumesSnapshotTestJSON-818971201-project] Lock "dbd8d26b-af15-4ab2-b298-195142640593" acquired by "nova.context.set_target_cell..get_or_set_cached_cell_and_set_connections" :: waited 0.000s {{(pid=117079) inner /usr/local/lib/python3.8/dist-packages/oslo_concurrency/lockutils.py:386}}
Mar 23 17:30:49.568172 dv-cinder-834920-1-iscsi devstack@n-api.service[117079]: DEBUG oslo_concurrency.lockutils [None req-eb4f1ee0-8478-4e21-8de9-edfad8732c16 tempest-VolumesSnapshotTestJSON-818971201 tempest-VolumesSnapshotTestJSON-818971201-project] Lock "dbd8d26b-af15-4ab2-b298-195142640593" "released" by "nova.context.set_target_cell..get_or_set_cached_cell_and_set_connections" :: held 0.001s {{(pid=117079) inner /usr/local/lib/python3.8/dist-packages/oslo_concurrency/lockutils.py:400}}
Mar 23 17:30:49.588858 dv-cinder-834920-1-iscsi devstack@n-api.service[117079]: DEBUG nova.quota [None req-eb4f1ee0-8478-4e21-8de9-edfad8732c16 tempest-VolumesSnapshotTestJSON-818971201 tempest-VolumesSnapshotTestJSON-818971201-project] Getting quotas for project cf1d3925a49943229f5683bf36027c85. Resources: {'ram', 'instances', 'cores'} {{(pid=117079) _get_quotas /opt/stack/nova/nova/quota.py:393}}
Mar 23 17:30:49.593683 dv-cinder-834920-1-iscsi devstack@n-api.service[117079]: DEBUG nova.quota [None req-eb4f1ee0-8478-4e21-8de9-edfad8732c16 tempest-VolumesSnapshotTestJSON-818971201 tempest-VolumesSnapshotTestJSON-818971201-project] Getting quotas for user 217f347468b4426d8d14950645f4e1fe and project cf1d3925a49943229f5683bf36027c85. Resources: {'ram', 'instances', 'cores'} {{(pid=117079) _get_quotas /opt/stack/nova/nova/quota.py:383}}
Mar 23 17:30:49.613235 dv-cinder-834920-1-iscsi devstack@n-api.service[117079]: DEBUG nova.compute.api [None req-eb4f1ee0-8478-4e21-8de9-edfad8732c16 tempest-VolumesSnapshotTestJSON-818971201 tempest-VolumesSnapshotTestJSON-818971201-project] Going to run 1 instances... {{(pid=117079) _provision_instances /opt/stack/nova/nova/compute/api.py:1389}}
Mar 23 17:30:49.616111 dv-cinder-834920-1-iscsi devstack@n-api.service[117079]: DEBUG nova.compute.api [None req-eb4f1ee0-8478-4e21-8de9-edfad8732c16 tempest-VolumesSnapshotTestJSON-818971201 tempest-VolumesSnapshotTestJSON-818971201-project] [instance: 2c687f37-e59b-4a66-9448-f7a5d4d128ad] block_device_mapping [BlockDeviceMapping(attachment_id=,boot_index=0,connection_info=None,created_at=,delete_on_termination=True,deleted=,deleted_at=,destination_type='local',device_name=None,device_type='disk',disk_bus=None,guest_format=None,id=,image_id='79ed06f6-c0b4-47c9-a4de-c4429c987e86',instance=,instance_uuid=,no_device=False,snapshot_id=None,source_type='image',tag=None,updated_at=,uuid=,volume_id=None,volume_size=None,volume_type=None)] {{(pid=117079) _bdm_validate_set_size_and_instance /opt/stack/nova/nova/compute/api.py:1807}}
Mar 23 17:30:49.678858 dv-cinder-834920-1-iscsi devstack@n-api.service[117079]: INFO nova.api.openstack.requestlog [None req-eb4f1ee0-8478-4e21-8de9-edfad8732c16 tempest-VolumesSnapshotTestJSON-818971201 tempest-VolumesSnapshotTestJSON-818971201-project] 10.222.0.41 "POST /compute/v2.1/servers" status: 202 len: 380 microversion: 2.1 time: 0.651319
Mar 23 17:30:49.679518 dv-cinder-834920-1-iscsi devstack@n-api.service[117079]: [pid: 117079|app: 0|req: 115/223] 10.222.0.41 () {60 vars in 1146 bytes} [Wed Mar 23 17:30:49 2022] POST /compute/v2.1/servers => generated 380 bytes in 653 msecs (HTTP/1.1 202) 10 headers in 451 bytes (1 switches on core 0)
Mar 23 17:30:49.690343 dv-cinder-834920-1-iscsi devstack@n-api.service[117078]: DEBUG nova.api.openstack.wsgi [None req-e8394e22-75b8-4568-9a19-a6e18feb3cb1 tempest-VolumesSnapshotTestJSON-818971201 tempest-VolumesSnapshotTestJSON-818971201-project] Calling method '>' {{(pid=117078) _process_stack /opt/stack/nova/nova/api/openstack/wsgi.py:513}}
Mar 23 17:30:49.691472 dv-cinder-834920-1-iscsi devstack@n-api.service[117078]: DEBUG nova.compute.api [None req-e8394e22-75b8-4568-9a19-a6e18feb3cb1 tempest-VolumesSnapshotTestJSON-818971201 tempest-VolumesSnapshotTestJSON-818971201-project] [instance: 2c687f37-e59b-4a66-9448-f7a5d4d128ad] Fetching instance by UUID {{(pid=117078) get /opt/stack/nova/nova/compute/api.py:2918}}
Mar 23 17:30:49.748269 dv-cinder-834920-1-iscsi devstack@n-api.service[117078]: DEBUG nova.policy [None req-e8394e22-75b8-4568-9a19-a6e18feb3cb1 tempest-VolumesSnapshotTestJSON-818971201 tempest-VolumesSnapshotTestJSON-818971201-project] Policy check for os_compute_api:os-extended-server-attributes failed with credentials {'is_admin': False, 'user_id': '217f347468b4426d8d14950645f4e1fe', 'user_domain_id': 'default', 'system_scope': None, 'domain_id': None, 'project_id': 'cf1d3925a49943229f5683bf36027c85', 'project_domain_id': 'default', 'roles': ['reader', 'member'], 'is_admin_project': True, 'service_user_id': None, 'service_user_domain_id': None, 'service_project_id': None, 'service_project_domain_id': None, 'service_roles': []} {{(pid=117078) authorize /opt/stack/nova/nova/policy.py:199}}
Mar 23 17:30:49.753448 dv-cinder-834920-1-iscsi devstack@n-api.service[117079]: DEBUG nova.api.openstack.wsgi [None req-c560a6a5-3da5-48b3-a6c2-7cc117781544 tempest-ServerRescueNegativeTestJSON-368917404 tempest-ServerRescueNegativeTestJSON-368917404-project] Calling method '>' {{(pid=117079) _process_stack /opt/stack/nova/nova/api/openstack/wsgi.py:513}}
Mar 23 17:30:49.754046 dv-cinder-834920-1-iscsi devstack@n-api.service[117079]: DEBUG nova.compute.api [None req-c560a6a5-3da5-48b3-a6c2-7cc117781544 tempest-ServerRescueNegativeTestJSON-368917404 tempest-ServerRescueNegativeTestJSON-368917404-project] [instance: 76dc18ee-9513-4961-aac9-61496c67b73d] Fetching instance by UUID {{(pid=117079) get /opt/stack/nova/nova/compute/api.py:2918}}
Mar 23 17:30:49.755676 dv-cinder-834920-1-iscsi devstack@n-api.service[117078]: INFO nova.api.openstack.requestlog [None req-e8394e22-75b8-4568-9a19-a6e18feb3cb1 tempest-VolumesSnapshotTestJSON-818971201 tempest-VolumesSnapshotTestJSON-818971201-project] 10.222.0.41 "GET /compute/v2.1/servers/2c687f37-e59b-4a66-9448-f7a5d4d128ad" status: 200 len: 1219 microversion: 2.1 time: 0.069482
Mar 23 17:30:49.756343 dv-cinder-834920-1-iscsi devstack@n-api.service[117078]: [pid: 117078|app: 0|req: 109/224] 10.222.0.41 () {58 vars in 1235 bytes} [Wed Mar 23 17:30:49 2022] GET /compute/v2.1/servers/2c687f37-e59b-4a66-9448-f7a5d4d128ad => generated 1219 bytes in 71 msecs (HTTP/1.1 200) 9 headers in 358 bytes (1 switches on core 0)
Mar 23 17:30:49.769984 dv-cinder-834920-1-iscsi devstack@n-api.service[117078]: DEBUG nova.api.openstack.wsgi [None req-c24919dd-cc78-45df-9d95-f013ee56caee tempest-DeleteServersTestJSON-1408461987 tempest-DeleteServersTestJSON-1408461987-project] Calling method '>' {{(pid=117078) _process_stack /opt/stack/nova/nova/api/openstack/wsgi.py:513}}
Mar 23 17:30:49.770627 dv-cinder-834920-1-iscsi devstack@n-api.service[117079]: DEBUG oslo_concurrency.lockutils [None req-c560a6a5-3da5-48b3-a6c2-7cc117781544 tempest-ServerRescueNegativeTestJSON-368917404 tempest-ServerRescueNegativeTestJSON-368917404-project] Lock "dbd8d26b-af15-4ab2-b298-195142640593" acquired by "nova.context.set_target_cell..get_or_set_cached_cell_and_set_connections" :: waited 0.000s {{(pid=117079) inner /usr/local/lib/python3.8/dist-packages/oslo_concurrency/lockutils.py:386}}
Mar 23 17:30:49.770742 dv-cinder-834920-1-iscsi devstack@n-api.service[117078]: DEBUG nova.compute.api [None req-c24919dd-cc78-45df-9d95-f013ee56caee tempest-DeleteServersTestJSON-1408461987 tempest-DeleteServersTestJSON-1408461987-project] [instance: b85f2074-47e8-4007-bdda-db9db9832789] Fetching instance by UUID {{(pid=117078) get /opt/stack/nova/nova/compute/api.py:2918}}
