Mar 23 21:20:48.008952 dv-cinder-834918-1-smb devstack@n-api.service[117620]: DEBUG nova.compute.api [None req-4bc1f76d-d17b-47ec-b007-db8ced3e0a37 tempest-AttachVolumeShelveTestJSON-1284564363 tempest-AttachVolumeShelveTestJSON-1284564363-project] [instance: 0990cee5-ae9d-4670-8b2d-4fe25ac96377] block_device_mapping [BlockDeviceMapping(attachment_id=,boot_index=0,connection_info=None,created_at=,delete_on_termination=True,deleted=,deleted_at=,destination_type='local',device_name=None,device_type='disk',disk_bus=None,guest_format=None,id=,image_id='ec249a9d-15e7-4909-a9b6-98b13c8fb658',instance=,instance_uuid=,no_device=False,snapshot_id=None,source_type='image',tag=None,updated_at=,uuid=,volume_id=None,volume_size=None,volume_type=None)] {{(pid=117620) _bdm_validate_set_size_and_instance /opt/stack/nova/nova/compute/api.py:1807}}
Mar 23 21:20:48.150447 dv-cinder-834918-1-smb devstack@n-api.service[117619]: DEBUG nova.policy [None req-85a6bd33-cacc-49b2-ab99-f495564c338e tempest-ServerRescueNegativeTestJSON-1231995491 tempest-ServerRescueNegativeTestJSON-1231995491-project] Policy check for os_compute_api:os-extended-server-attributes failed with credentials {'is_admin': False, 'user_id': 'bec172a0015c4a95b9842a27cdc9569a', 'user_domain_id': 'default', 'system_scope': None, 'domain_id': None, 'project_id': 'a7f11a62e5b848c29d3979a95ff060e8', 'project_domain_id': 'default', 'roles': ['member', 'reader'], 'is_admin_project': True, 'service_user_id': None, 'service_user_domain_id': None, 'service_project_id': None, 'service_project_domain_id': None, 'service_roles': []} {{(pid=117619) authorize /opt/stack/nova/nova/policy.py:199}}
Mar 23 21:20:48.158509 dv-cinder-834918-1-smb devstack@n-api.service[117619]: INFO nova.api.openstack.requestlog [None req-85a6bd33-cacc-49b2-ab99-f495564c338e tempest-ServerRescueNegativeTestJSON-1231995491 tempest-ServerRescueNegativeTestJSON-1231995491-project] 10.222.0.30 "GET /compute/v2.1/servers/e323682c-597f-4582-b0a5-8b04fcc979ac" status: 200 len: 1321 microversion: 2.1 time: 0.206883
Mar 23 21:20:48.160035 dv-cinder-834918-1-smb devstack@n-api.service[117619]: [pid: 117619|app: 0|req: 15/28] 10.222.0.30 () {58 vars in 1235 bytes} [Wed Mar 23 21:20:47 2022] GET /compute/v2.1/servers/e323682c-597f-4582-b0a5-8b04fcc979ac => generated 1321 bytes in 209 msecs (HTTP/1.1 200) 9 headers in 358 bytes (1 switches on core 0)
Mar 23 21:20:48.175022 dv-cinder-834918-1-smb devstack@n-api.service[117619]: DEBUG nova.api.openstack.wsgi [None req-d76a6f13-5b7d-4e43-b93d-fe7759a81121 tempest-AttachVolumeTestJSON-544992010 tempest-AttachVolumeTestJSON-544992010-project] Action: 'create', calling method: >, body: {"server": {"name": "tempest-AttachVolumeTestJSON-server-967185863", "imageRef": "ec249a9d-15e7-4909-a9b6-98b13c8fb658", "flavorRef": "452", "adminPass": "***", "networks": [{"uuid": "dec8f29f-4027-43d5-aa6b-f0244237c4a8"}], "security_groups": [{"name": "tempest-securitygroup--477541436"}], "key_name": "tempest-keypair-2058032683", "user_data": "}} {{(pid=117619) _process_stack /opt/stack/nova/nova/api/openstack/wsgi.py:511}}
Mar 23 21:20:48.192655 dv-cinder-834918-1-smb devstack@n-api.service[117620]: INFO nova.api.openstack.requestlog [None req-4bc1f76d-d17b-47ec-b007-db8ced3e0a37 tempest-AttachVolumeShelveTestJSON-1284564363 tempest-AttachVolumeShelveTestJSON-1284564363-project] 10.222.0.30 "POST /compute/v2.1/servers" status: 202 len: 402 microversion: 2.20 time: 1.741103
Mar 23 21:20:48.198740 dv-cinder-834918-1-smb devstack@n-api.service[117620]: [pid: 117620|app: 0|req: 14/29] 10.222.0.30 () {62 vars in 1187 bytes} [Wed Mar 23 21:20:46 2022] POST /compute/v2.1/servers => generated 402 bytes in 1748 msecs (HTTP/1.1 202) 10 headers in 453 bytes (1 switches on core 0)
Mar 23 21:20:48.206080 dv-cinder-834918-1-smb devstack@n-api.service[117620]: DEBUG nova.api.openstack.wsgi [None req-69e552b1-9e71-490a-abd5-e374eb131ae2 tempest-AttachVolumeShelveTestJSON-1284564363 tempest-AttachVolumeShelveTestJSON-1284564363-project] Calling method '>' {{(pid=117620) _process_stack /opt/stack/nova/nova/api/openstack/wsgi.py:513}}
Mar 23 21:20:48.206714 dv-cinder-834918-1-smb devstack@n-api.service[117620]: DEBUG nova.compute.api [None req-69e552b1-9e71-490a-abd5-e374eb131ae2 tempest-AttachVolumeShelveTestJSON-1284564363 tempest-AttachVolumeShelveTestJSON-1284564363-project] [instance: 0990cee5-ae9d-4670-8b2d-4fe25ac96377] Fetching instance by UUID {{(pid=117620) get /opt/stack/nova/nova/compute/api.py:2918}}
Mar 23 21:20:48.300527 dv-cinder-834918-1-smb devstack@n-api.service[117620]: DEBUG nova.policy [None req-69e552b1-9e71-490a-abd5-e374eb131ae2 tempest-AttachVolumeShelveTestJSON-1284564363 tempest-AttachVolumeShelveTestJSON-1284564363-project] Policy check for os_compute_api:os-extended-server-attributes failed with credentials {'is_admin': False, 'user_id': 'f5c4c3cf0ca240a1a444e6830248c313', 'user_domain_id': 'default', 'system_scope': None, 'domain_id': None, 'project_id': 'c7290b178aa74405957882427b25253b', 'project_domain_id': 'default', 'roles': ['member', 'reader'], 'is_admin_project': True, 'service_user_id': None, 'service_user_domain_id': None, 'service_project_id': None, 'service_project_domain_id': None, 'service_roles': []} {{(pid=117620) authorize /opt/stack/nova/nova/policy.py:199}}
Mar 23 21:20:48.309181 dv-cinder-834918-1-smb devstack@n-api.service[117620]: DEBUG nova.policy [None req-69e552b1-9e71-490a-abd5-e374eb131ae2 tempest-AttachVolumeShelveTestJSON-1284564363 tempest-AttachVolumeShelveTestJSON-1284564363-project] Policy check for os_compute_api:servers:show:host_status failed with credentials {'is_admin': False, 'user_id': 'f5c4c3cf0ca240a1a444e6830248c313', 'user_domain_id': 'default', 'system_scope': None, 'domain_id': None, 'project_id': 'c7290b178aa74405957882427b25253b', 'project_domain_id': 'default', 'roles': ['member', 'reader'], 'is_admin_project': True, 'service_user_id': None, 'service_user_domain_id': None, 'service_project_id': None, 'service_project_domain_id': None, 'service_roles': []} {{(pid=117620) authorize /opt/stack/nova/nova/policy.py:199}}
Mar 23 21:20:48.313878 dv-cinder-834918-1-smb devstack@n-api.service[117620]: DEBUG nova.policy [None req-69e552b1-9e71-490a-abd5-e374eb131ae2 tempest-AttachVolumeShelveTestJSON-1284564363 tempest-AttachVolumeShelveTestJSON-1284564363-project] Policy check for os_compute_api:servers:show:host_status:unknown-only failed with credentials {'is_admin': False, 'user_id': 'f5c4c3cf0ca240a1a444e6830248c313', 'user_domain_id': 'default', 'system_scope': None, 'domain_id': None, 'project_id': 'c7290b178aa74405957882427b25253b', 'project_domain_id': 'default', 'roles': ['member', 'reader'], 'is_admin_project': True, 'service_user_id': None, 'service_user_domain_id': None, 'service_project_id': None, 'service_project_domain_id': None, 'service_roles': []} {{(pid=117620) authorize /opt/stack/nova/nova/policy.py:199}}
Mar 23 21:20:48.317315 dv-cinder-834918-1-smb devstack@n-api.service[117620]: INFO nova.api.openstack.requestlog [None req-69e552b1-9e71-490a-abd5-e374eb131ae2 tempest-AttachVolumeShelveTestJSON-1284564363 tempest-AttachVolumeShelveTestJSON-1284564363-project] 10.222.0.30 "GET /compute/v2.1/servers/0990cee5-ae9d-4670-8b2d-4fe25ac96377" status: 200 len: 1280 microversion: 2.20 time: 0.115287
Mar 23 21:20:48.317907 dv-cinder-834918-1-smb devstack@n-api.service[117620]: [pid: 117620|app: 0|req: 15/30] 10.222.0.30 () {60 vars in 1276 bytes} [Wed Mar 23 21:20:48 2022] GET /compute/v2.1/servers/0990cee5-ae9d-4670-8b2d-4fe25ac96377 => generated 1280 bytes in 119 msecs (HTTP/1.1 200) 9 headers in 360 bytes (1 switches on core 0)
Mar 23 21:20:48.361441 dv-cinder-834918-1-smb devstack@n-api.service[117619]: DEBUG nova.network.neutron [None req-d76a6f13-5b7d-4e43-b93d-fe7759a81121 tempest-AttachVolumeTestJSON-544992010 tempest-AttachVolumeTestJSON-544992010-project] validate_networks() for [('dec8f29f-4027-43d5-aa6b-f0244237c4a8', None, None, None, None, None)] {{(pid=117619) validate_networks /opt/stack/nova/nova/network/neutron.py:2632}}
Mar 23 21:20:48.958747 dv-cinder-834918-1-smb devstack@n-api.service[117620]: DEBUG nova.api.openstack.wsgi [None req-c5fe9aee-6887-46df-9d22-b0a678fde8b2 tempest-DeleteServersTestJSON-1753231854 tempest-DeleteServersTestJSON-1753231854-project] Calling method '>' {{(pid=117620) _process_stack /opt/stack/nova/nova/api/openstack/wsgi.py:513}}
Mar 23 21:20:48.960647 dv-cinder-834918-1-smb devstack@n-api.service[117620]: DEBUG nova.compute.api [None req-c5fe9aee-6887-46df-9d22-b0a678fde8b2 tempest-DeleteServersTestJSON-1753231854 tempest-DeleteServersTestJSON-1753231854-project] [instance: da3c6073-1b09-4d84-8e9c-c8caaba1ce0c] Fetching instance by UUID {{(pid=117620) get /opt/stack/nova/nova/compute/api.py:2918}}
Mar 23 21:20:48.968684 dv-cinder-834918-1-smb devstack@n-api.service[117620]: DEBUG oslo_concurrency.lockutils [None req-c5fe9aee-6887-46df-9d22-b0a678fde8b2 tempest-DeleteServersTestJSON-1753231854 tempest-DeleteServersTestJSON-1753231854-project] Lock "97563897-1d40-498c-a756-99a62ff1b820" acquired by "nova.context.set_target_cell..get_or_set_cached_cell_and_set_connections" :: waited 0.000s {{(pid=117620) inner /usr/local/lib/python3.8/dist-packages/oslo_concurrency/lockutils.py:386}}
Mar 23 21:20:48.970109 dv-cinder-834918-1-smb devstack@n-api.service[117620]: DEBUG oslo_concurrency.lockutils [None req-c5fe9aee-6887-46df-9d22-b0a678fde8b2 tempest-DeleteServersTestJSON-1753231854 tempest-DeleteServersTestJSON-1753231854-project] Lock "97563897-1d40-498c-a756-99a62ff1b820" "released" by "nova.context.set_target_cell..get_or_set_cached_cell_and_set_connections" :: held 0.001s {{(pid=117620) inner /usr/local/lib/python3.8/dist-packages/oslo_concurrency/lockutils.py:400}}
Mar 23 21:20:48.972945 dv-cinder-834918-1-smb devstack@n-api.service[117620]: DEBUG oslo_concurrency.lockutils [None req-c5fe9aee-6887-46df-9d22-b0a678fde8b2 tempest-DeleteServersTestJSON-1753231854 tempest-DeleteServersTestJSON-1753231854-project] Lock "97563897-1d40-498c-a756-99a62ff1b820" acquired by "nova.context.set_target_cell..get_or_set_cached_cell_and_set_connections" :: waited 0.000s {{(pid=117620) inner /usr/local/lib/python3.8/dist-packages/oslo_concurrency/lockutils.py:386}}
Mar 23 21:20:48.973563 dv-cinder-834918-1-smb devstack@n-api.service[117620]: DEBUG oslo_concurrency.lockutils [None req-c5fe9aee-6887-46df-9d22-b0a678fde8b2 tempest-DeleteServersTestJSON-1753231854 tempest-DeleteServersTestJSON-1753231854-project] Lock "97563897-1d40-498c-a756-99a62ff1b820" "released" by "nova.context.set_target_cell..get_or_set_cached_cell_and_set_connections" :: held 0.001s {{(pid=117620) inner /usr/local/lib/python3.8/dist-packages/oslo_concurrency/lockutils.py:400}}
Mar 23 21:20:49.139545 dv-cinder-834918-1-smb devstack@n-api.service[117619]: DEBUG nova.virt.hardware [None req-d76a6f13-5b7d-4e43-b93d-fe7759a81121 tempest-AttachVolumeTestJSON-544992010 tempest-AttachVolumeTestJSON-544992010-project] Flavor limits 0:0:0 {{(pid=117619) get_cpu_topology_constraints /opt/stack/nova/nova/virt/hardware.py:343}}
Mar 23 21:20:49.140079 dv-cinder-834918-1-smb devstack@n-api.service[117619]: DEBUG nova.virt.hardware [None req-d76a6f13-5b7d-4e43-b93d-fe7759a81121 tempest-AttachVolumeTestJSON-544992010 tempest-AttachVolumeTestJSON-544992010-project] Image limits 0:0:0 {{(pid=117619) get_cpu_topology_constraints /opt/stack/nova/nova/virt/hardware.py:347}}
Mar 23 21:20:49.140759 dv-cinder-834918-1-smb devstack@n-api.service[117619]: DEBUG nova.virt.hardware [None req-d76a6f13-5b7d-4e43-b93d-fe7759a81121 tempest-AttachVolumeTestJSON-544992010 tempest-AttachVolumeTestJSON-544992010-project] Flavor pref 0:0:0 {{(pid=117619) get_cpu_topology_constraints /opt/stack/nova/nova/virt/hardware.py:383}}
Mar 23 21:20:49.141832 dv-cinder-834918-1-smb devstack@n-api.service[117619]: DEBUG nova.virt.hardware [None req-d76a6f13-5b7d-4e43-b93d-fe7759a81121 tempest-AttachVolumeTestJSON-544992010 tempest-AttachVolumeTestJSON-544992010-project] Image pref 0:0:0 {{(pid=117619) get_cpu_topology_constraints /opt/stack/nova/nova/virt/hardware.py:387}}
Mar 23 21:20:49.142839 dv-cinder-834918-1-smb devstack@n-api.service[117619]: DEBUG nova.virt.hardware [None req-d76a6f13-5b7d-4e43-b93d-fe7759a81121 tempest-AttachVolumeTestJSON-544992010 tempest-AttachVolumeTestJSON-544992010-project] Chose sockets=0, cores=0, threads=0; limits were sockets=65536, cores=65536, threads=65536 {{(pid=117619) get_cpu_topology_constraints /opt/stack/nova/nova/virt/hardware.py:425}}
Mar 23 21:20:49.153747 dv-cinder-834918-1-smb devstack@n-api.service[117619]: DEBUG oslo_concurrency.lockutils [None req-d76a6f13-5b7d-4e43-b93d-fe7759a81121 tempest-AttachVolumeTestJSON-544992010 tempest-AttachVolumeTestJSON-544992010-project] Lock "00000000-0000-0000-0000-000000000000" acquired by "nova.context.set_target_cell..get_or_set_cached_cell_and_set_connections" :: waited 0.000s {{(pid=117619) inner /usr/local/lib/python3.8/dist-packages/oslo_concurrency/lockutils.py:386}}
Mar 23 21:20:49.154566 dv-cinder-834918-1-smb devstack@n-api.service[117619]: DEBUG oslo_concurrency.lockutils [None req-d76a6f13-5b7d-4e43-b93d-fe7759a81121 tempest-AttachVolumeTestJSON-544992010 tempest-AttachVolumeTestJSON-544992010-project] Lock "00000000-0000-0000-0000-000000000000" "released" by "nova.context.set_target_cell..get_or_set_cached_cell_and_set_connections" :: held 0.001s {{(pid=117619) inner /usr/local/lib/python3.8/dist-packages/oslo_concurrency/lockutils.py:400}}
Mar 23 21:20:49.168406 dv-cinder-834918-1-smb devstack@n-api.service[117619]: DEBUG oslo_concurrency.lockutils [None req-d76a6f13-5b7d-4e43-b93d-fe7759a81121 tempest-AttachVolumeTestJSON-544992010 tempest-AttachVolumeTestJSON-544992010-project] Lock "97563897-1d40-498c-a756-99a62ff1b820" acquired by "nova.context.set_target_cell..get_or_set_cached_cell_and_set_connections" :: waited 0.000s {{(pid=117619) inner /usr/local/lib/python3.8/dist-packages/oslo_concurrency/lockutils.py:386}}
Mar 23 21:20:49.168406 dv-cinder-834918-1-smb devstack@n-api.service[117619]: DEBUG oslo_concurrency.lockutils [None req-d76a6f13-5b7d-4e43-b93d-fe7759a81121 tempest-AttachVolumeTestJSON-544992010 tempest-AttachVolumeTestJSON-544992010-project] Lock "97563897-1d40-498c-a756-99a62ff1b820" "released" by "nova.context.set_target_cell..get_or_set_cached_cell_and_set_connections" :: held 0.000s {{(pid=117619) inner /usr/local/lib/python3.8/dist-packages/oslo_concurrency/lockutils.py:400}}
Mar 23 21:20:49.181190 dv-cinder-834918-1-smb devstack@n-api.service[117619]: DEBUG nova.quota [None req-d76a6f13-5b7d-4e43-b93d-fe7759a81121 tempest-AttachVolumeTestJSON-544992010 tempest-AttachVolumeTestJSON-544992010-project] Getting quotas for project 9587e5fa19a84998ad0af932c56b0775. Resources: {'instances', 'ram', 'cores'} {{(pid=117619) _get_quotas /opt/stack/nova/nova/quota.py:393}}
Mar 23 21:20:49.187173 dv-cinder-834918-1-smb devstack@n-api.service[117619]: DEBUG nova.quota [None req-d76a6f13-5b7d-4e43-b93d-fe7759a81121 tempest-AttachVolumeTestJSON-544992010 tempest-AttachVolumeTestJSON-544992010-project] Getting quotas for user 8f8d04f43f084cc4aacf1e041b5799fd and project 9587e5fa19a84998ad0af932c56b0775. Resources: {'instances', 'ram', 'cores'} {{(pid=117619) _get_quotas /opt/stack/nova/nova/quota.py:383}}
Mar 23 21:20:49.196805 dv-cinder-834918-1-smb devstack@n-api.service[117620]: DEBUG nova.policy [None req-c5fe9aee-6887-46df-9d22-b0a678fde8b2 tempest-DeleteServersTestJSON-1753231854 tempest-DeleteServersTestJSON-1753231854-project] Policy check for os_compute_api:os-extended-server-attributes failed with credentials {'is_admin': False, 'user_id': 'ec508f4001f14547a364a2c40dae320f', 'user_domain_id': 'default', 'system_scope': None, 'domain_id': None, 'project_id': 'efd871d597574718a8ece3fbd1cb19e5', 'project_domain_id': 'default', 'roles': ['member', 'reader'], 'is_admin_project': True, 'service_user_id': None, 'service_user_domain_id': None, 'service_project_id': None, 'service_project_domain_id': None, 'service_roles': []} {{(pid=117620) authorize /opt/stack/nova/nova/policy.py:199}}
Mar 23 21:20:49.208513 dv-cinder-834918-1-smb devstack@n-api.service[117620]: INFO nova.api.openstack.requestlog [None req-c5fe9aee-6887-46df-9d22-b0a678fde8b2 tempest-DeleteServersTestJSON-1753231854 tempest-DeleteServersTestJSON-1753231854-project] 10.222.0.30 "GET /compute/v2.1/servers/da3c6073-1b09-4d84-8e9c-c8caaba1ce0c" status: 200 len: 1314 microversion: 2.1 time: 0.254615
Mar 23 21:20:49.227142 dv-cinder-834918-1-smb devstack@n-api.service[117620]: [pid: 117620|app: 0|req: 16/31] 10.222.0.30 () {58 vars in 1235 bytes} [Wed Mar 23 21:20:48 2022] GET /compute/v2.1/servers/da3c6073-1b09-4d84-8e9c-c8caaba1ce0c => generated 1314 bytes in 256 msecs (HTTP/1.1 200) 9 headers in 358 bytes (2 switches on core 0)
Mar 23 21:20:49.227980 dv-cinder-834918-1-smb devstack@n-api.service[117619]: DEBUG nova.compute.api [None req-d76a6f13-5b7d-4e43-b93d-fe7759a81121 tempest-AttachVolumeTestJSON-544992010 tempest-AttachVolumeTestJSON-544992010-project] Going to run 1 instances... {{(pid=117619) _provision_instances /opt/stack/nova/nova/compute/api.py:1389}}
Mar 23 21:20:49.227980 dv-cinder-834918-1-smb devstack@n-api.service[117619]: DEBUG nova.compute.api [None req-d76a6f13-5b7d-4e43-b93d-fe7759a81121 tempest-AttachVolumeTestJSON-544992010 tempest-AttachVolumeTestJSON-544992010-project] [instance: 82299f0e-93f1-4847-bb7e-0a860fa4fec7] block_device_mapping [BlockDeviceMapping(attachment_id=,boot_index=0,connection_info=None,created_at=,delete_on_termination=True,deleted=,deleted_at=,destination_type='local',device_name=None,device_type='disk',disk_bus=None,guest_format=None,id=,image_id='ec249a9d-15e7-4909-a9b6-98b13c8fb658',instance=,instance_uuid=,no_device=False,snapshot_id=None,source_type='image',tag=None,updated_at=,uuid=,volume_id=None,volume_size=None,volume_type=None)] {{(pid=117619) _bdm_validate_set_size_and_instance /opt/stack/nova/nova/compute/api.py:1807}}
Mar 23 21:20:49.228120 dv-cinder-834918-1-smb devstack@n-api.service[117620]: DEBUG nova.api.openstack.wsgi [None req-7cded345-d6b5-4721-8883-ad8de8ace374 tempest-ServerRescueNegativeTestJSON-1231995491 tempest-ServerRescueNegativeTestJSON-1231995491-project] Calling method '>' {{(pid=117620) _process_stack /opt/stack/nova/nova/api/openstack/wsgi.py:513}}
Mar 23 21:20:49.228120 dv-cinder-834918-1-smb devstack@n-api.service[117620]: DEBUG nova.compute.api [None req-7cded345-d6b5-4721-8883-ad8de8ace374 tempest-ServerRescueNegativeTestJSON-1231995491 tempest-ServerRescueNegativeTestJSON-1231995491-project] [instance: e323682c-597f-4582-b0a5-8b04fcc979ac] Fetching instance by UUID {{(pid=117620) get /opt/stack/nova/nova/compute/api.py:2918}}
Mar 23 21:20:49.228120 dv-cinder-834918-1-smb devstack@n-api.service[117620]: DEBUG oslo_concurrency.lockutils [None req-7cded345-d6b5-4721-8883-ad8de8ace374 tempest-ServerRescueNegativeTestJSON-1231995491 tempest-ServerRescueNegativeTestJSON-1231995491-project] Lock "97563897-1d40-498c-a756-99a62ff1b820" acquired by "nova.context.set_target_cell..get_or_set_cached_cell_and_set_connections" :: waited 0.000s {{(pid=117620) inner /usr/local/lib/python3.8/dist-packages/oslo_concurrency/lockutils.py:386}}
Mar 23 21:20:49.228120 dv-cinder-834918-1-smb devstack@n-api.service[117620]: DEBUG oslo_concurrency.lockutils [None req-7cded345-d6b5-4721-8883-ad8de8ace374 tempest-ServerRescueNegativeTestJSON-1231995491 tempest-ServerRescueNegativeTestJSON-1231995491-project] Lock "97563897-1d40-498c-a756-99a62ff1b820" "released" by "nova.context.set_target_cell..get_or_set_cached_cell_and_set_connections" :: held 0.001s {{(pid=117620) inner /usr/local/lib/python3.8/dist-packages/oslo_concurrency/lockutils.py:400}}
Mar 23 21:20:49.228383 dv-cinder-834918-1-smb devstack@n-api.service[117620]: DEBUG oslo_concurrency.lockutils [None req-7cded345-d6b5-4721-8883-ad8de8ace374 tempest-ServerRescueNegativeTestJSON-1231995491 tempest-ServerRescueNegativeTestJSON-1231995491-project] Lock "97563897-1d40-498c-a756-99a62ff1b820" acquired by "nova.context.set_target_cell..get_or_set_cached_cell_and_set_connections" :: waited 0.000s {{(pid=117620) inner /usr/local/lib/python3.8/dist-packages/oslo_concurrency/lockutils.py:386}}
Mar 23 21:20:49.228383 dv-cinder-834918-1-smb devstack@n-api.service[117620]: DEBUG oslo_concurrency.lockutils [None req-7cded345-d6b5-4721-8883-ad8de8ace374 tempest-ServerRescueNegativeTestJSON-1231995491 tempest-ServerRescueNegativeTestJSON-1231995491-project] Lock "97563897-1d40-498c-a756-99a62ff1b820" "released" by "nova.context.set_target_cell..get_or_set_cached_cell_and_set_connections" :: held 0.000s {{(pid=117620) inner /usr/local/lib/python3.8/dist-packages/oslo_concurrency/lockutils.py:400}}
Mar 23 21:20:49.479666 dv-cinder-834918-1-smb devstack@n-api.service[117620]: DEBUG nova.policy [None req-7cded345-d6b5-4721-8883-ad8de8ace374 tempest-ServerRescueNegativeTestJSON-1231995491 tempest-ServerRescueNegativeTestJSON-1231995491-project] Policy check for os_compute_api:os-extended-server-attributes failed with credentials {'is_admin': False, 'user_id': 'bec172a0015c4a95b9842a27cdc9569a', 'user_domain_id': 'default', 'system_scope': None, 'domain_id': None, 'project_id': 'a7f11a62e5b848c29d3979a95ff060e8', 'project_domain_id': 'default', 'roles': ['member', 'reader'], 'is_admin_project': True, 'service_user_id': None, 'service_user_domain_id': None, 'service_project_id': None, 'service_project_domain_id': None, 'service_roles': []} {{(pid=117620) authorize /opt/stack/nova/nova/policy.py:199}}
Mar 23 21:20:49.488207 dv-cinder-834918-1-smb devstack@n-api.service[117620]: INFO nova.api.openstack.requestlog [None req-7cded345-d6b5-4721-8883-ad8de8ace374 tempest-ServerRescueNegativeTestJSON-1231995491 tempest-ServerRescueNegativeTestJSON-1231995491-project] 10.222.0.30 "GET /compute/v2.1/servers/e323682c-597f-4582-b0a5-8b04fcc979ac" status: 200 len: 1321 microversion: 2.1 time: 0.277493
Mar 23 21:20:49.489685 dv-cinder-834918-1-smb devstack@n-api.service[117620]: [pid: 117620|app: 0|req: 17/32] 10.222.0.30 () {58 vars in 1235 bytes} [Wed Mar 23 21:20:49 2022] GET /compute/v2.1/servers/e323682c-597f-4582-b0a5-8b04fcc979ac => generated 1321 bytes in 280 msecs (HTTP/1.1 200) 9 headers in 358 bytes (1 switches on core 0)
Mar 23 21:20:49.494393 dv-cinder-834918-1-smb devstack@n-api.service[117620]: DEBUG nova.api.openstack.wsgi [req-4c5302af-2de6-440c-a485-e61ee24d09a6 req-c9454f3d-df8f-43d2-8a02-81c9a5435257 service nova] Action: 'create', calling method: >, body: {"events": [{"name": "network-changed", "server_uuid": "e323682c-597f-4582-b0a5-8b04fcc979ac", "tag": "3cd2fc3a-78ff-4fd9-9566-2e52227670f2"}]} {{(pid=117620) _process_stack /opt/stack/nova/nova/api/openstack/wsgi.py:511}}
Mar 23 21:20:49.514203 dv-cinder-834918-1-smb devstack@n-api.service[117619]: INFO nova.api.openstack.requestlog [None req-d76a6f13-5b7d-4e43-b93d-fe7759a81121 tempest-AttachVolumeTestJSON-544992010 tempest-AttachVolumeTestJSON-544992010-project] 10.222.0.30 "POST /compute/v2.1/servers" status: 202 len: 401 microversion: 2.1 time: 1.344228
Mar 23 21:20:49.518584 dv-cinder-834918-1-smb devstack@n-api.service[117619]: [pid: 117619|app: 0|req: 16/33] 10.222.0.30 () {60 vars in 1146 bytes} [Wed Mar 23 21:20:48 2022] POST /compute/v2.1/servers => generated 401 bytes in 1349 msecs (HTTP/1.1 202) 10 headers in 451 bytes (1 switches on core 0)
Mar 23 21:20:49.523632 dv-cinder-834918-1-smb devstack@n-api.service[117620]: DEBUG oslo_concurrency.lockutils [req-4c5302af-2de6-440c-a485-e61ee24d09a6 req-c9454f3d-df8f-43d2-8a02-81c9a5435257 service nova] Lock "97563897-1d40-498c-a756-99a62ff1b820" acquired by "nova.context.set_target_cell..get_or_set_cached_cell_and_set_connections" :: waited 0.000s {{(pid=117620) inner /usr/local/lib/python3.8/dist-packages/oslo_concurrency/lockutils.py:386}}
Mar 23 21:20:49.524153 dv-cinder-834918-1-smb devstack@n-api.service[117620]: DEBUG oslo_concurrency.lockutils [req-4c5302af-2de6-440c-a485-e61ee24d09a6 req-c9454f3d-df8f-43d2-8a02-81c9a5435257 service nova] Lock "97563897-1d40-498c-a756-99a62ff1b820" "released" by "nova.context.set_target_cell..get_or_set_cached_cell_and_set_connections" :: held 0.008s {{(pid=117620) inner /usr/local/lib/python3.8/dist-packages/oslo_concurrency/lockutils.py:400}}
Mar 23 21:20:49.530311 dv-cinder-834918-1-smb devstack@n-api.service[117619]: DEBUG nova.api.openstack.wsgi [None req-cbb7cbb8-1ac2-4b6a-a9b6-9138fdeb9961 tempest-AttachVolumeShelveTestJSON-1284564363 tempest-AttachVolumeShelveTestJSON-1284564363-project] Calling method '>' {{(pid=117619) _process_stack /opt/stack/nova/nova/api/openstack/wsgi.py:513}}
Mar 23 21:20:49.531054 dv-cinder-834918-1-smb devstack@n-api.service[117619]: DEBUG nova.compute.api [None req-cbb7cbb8-1ac2-4b6a-a9b6-9138fdeb9961 tempest-AttachVolumeShelveTestJSON-1284564363 tempest-AttachVolumeShelveTestJSON-1284564363-project] [instance: 0990cee5-ae9d-4670-8b2d-4fe25ac96377] Fetching instance by UUID {{(pid=117619) get /opt/stack/nova/nova/compute/api.py:2918}}
Mar 23 21:20:49.549957 dv-cinder-834918-1-smb devstack@n-api.service[117620]: INFO nova.api.openstack.compute.server_external_events [req-4c5302af-2de6-440c-a485-e61ee24d09a6 req-c9454f3d-df8f-43d2-8a02-81c9a5435257 service nova] Creating event network-changed:3cd2fc3a-78ff-4fd9-9566-2e52227670f2 for instance e323682c-597f-4582-b0a5-8b04fcc979ac on hv-cinder-83491
Mar 23 21:20:49.570208 dv-cinder-834918-1-smb devstack@n-api.service[117620]: INFO nova.api.openstack.requestlog [req-4c5302af-2de6-440c-a485-e61ee24d09a6 req-c9454f3d-df8f-43d2-8a02-81c9a5435257 service nova] 10.222.0.30 "POST /compute/v2.1/os-server-external-events" status: 200 len: 179 microversion: 2.1 time: 0.075647
Mar 23 21:20:49.570208 dv-cinder-834918-1-smb devstack@n-api.service[117620]: [pid: 117620|app: 0|req: 18/34] 10.222.0.30 () {64 vars in 1317 bytes} [Wed Mar 23 21:20:49 2022] POST /compute/v2.1/os-server-external-events => generated 179 bytes in 77 msecs (HTTP/1.1 200) 9 headers in 357 bytes (1 switches on core 0)
Mar 23 21:20:49.572839 dv-cinder-834918-1-smb devstack@n-api.service[117620]: DEBUG nova.api.openstack.wsgi [None req-ebd57c7e-4d92-49e4-b275-c42428221136 tempest-AttachVolumeTestJSON-544992010 tempest-AttachVolumeTestJSON-544992010-project] Calling method '>' {{(pid=117620) _process_stack /opt/stack/nova/nova/api/openstack/wsgi.py:513}}
Mar 23 21:20:49.573767 dv-cinder-834918-1-smb devstack@n-api.service[117620]: DEBUG nova.compute.api [None req-ebd57c7e-4d92-49e4-b275-c42428221136 tempest-AttachVolumeTestJSON-544992010 tempest-AttachVolumeTestJSON-544992010-project] [instance: 82299f0e-93f1-4847-bb7e-0a860fa4fec7] Fetching instance by UUID {{(pid=117620) get /opt/stack/nova/nova/compute/api.py:2918}}
Mar 23 21:20:49.632918 dv-cinder-834918-1-smb devstack@n-api.service[117619]: DEBUG nova.policy [None req-cbb7cbb8-1ac2-4b6a-a9b6-9138fdeb9961 tempest-AttachVolumeShelveTestJSON-1284564363 tempest-AttachVolumeShelveTestJSON-1284564363-project] Policy check for os_compute_api:os-extended-server-attributes failed with credentials {'is_admin': False, 'user_id': 'f5c4c3cf0ca240a1a444e6830248c313', 'user_domain_id': 'default', 'system_scope': None, 'domain_id': None, 'project_id': 'c7290b178aa74405957882427b25253b', 'project_domain_id': 'default', 'roles': ['member', 'reader'], 'is_admin_project': True, 'service_user_id': None, 'service_user_domain_id': None, 'service_project_id': None, 'service_project_domain_id': None, 'service_roles': []} {{(pid=117619) authorize /opt/stack/nova/nova/policy.py:199}}
Mar 23 21:20:49.642751 dv-cinder-834918-1-smb devstack@n-api.service[117619]: DEBUG nova.policy [None req-cbb7cbb8-1ac2-4b6a-a9b6-9138fdeb9961 tempest-AttachVolumeShelveTestJSON-1284564363 tempest-AttachVolumeShelveTestJSON-1284564363-project] Policy check for os_compute_api:servers:show:host_status failed with credentials {'is_admin': False, 'user_id': 'f5c4c3cf0ca240a1a444e6830248c313', 'user_domain_id': 'default', 'system_scope': None, 'domain_id': None, 'project_id': 'c7290b178aa74405957882427b25253b', 'project_domain_id': 'default', 'roles': ['member', 'reader'], 'is_admin_project': True, 'service_user_id': None, 'service_user_domain_id': None, 'service_project_id': None, 'service_project_domain_id': None, 'service_roles': []} {{(pid=117619) authorize /opt/stack/nova/nova/policy.py:199}}
Mar 23 21:20:49.648847 dv-cinder-834918-1-smb devstack@n-api.service[117619]: DEBUG nova.policy [None req-cbb7cbb8-1ac2-4b6a-a9b6-9138fdeb9961 tempest-AttachVolumeShelveTestJSON-1284564363 tempest-AttachVolumeShelveTestJSON-1284564363-project] Policy check for os_compute_api:servers:show:host_status:unknown-only failed with credentials {'is_admin': False, 'user_id': 'f5c4c3cf0ca240a1a444e6830248c313', 'user_domain_id': 'default', 'system_scope': None, 'domain_id': None, 'project_id': 'c7290b178aa74405957882427b25253b', 'project_domain_id': 'default', 'roles': ['member', 'reader'], 'is_admin_project': True, 'service_user_id': None, 'service_user_domain_id': None, 'service_project_id': None, 'service_project_domain_id': None, 'service_roles': []} {{(pid=117619) authorize /opt/stack/nova/nova/policy.py:199}}
Mar 23 21:20:49.653530 dv-cinder-834918-1-smb devstack@n-api.service[117619]: INFO nova.api.openstack.requestlog [None req-cbb7cbb8-1ac2-4b6a-a9b6-9138fdeb9961 tempest-AttachVolumeShelveTestJSON-1284564363 tempest-AttachVolumeShelveTestJSON-1284564363-project] 10.222.0.30 "GET /compute/v2.1/servers/0990cee5-ae9d-4670-8b2d-4fe25ac96377" status: 200 len: 1280 microversion: 2.20 time: 0.131272
Mar 23 21:20:49.653530 dv-cinder-834918-1-smb devstack@n-api.service[117619]: [pid: 117619|app: 0|req: 17/35] 10.222.0.30 () {60 vars in 1276 bytes} [Wed Mar 23 21:20:49 2022] GET /compute/v2.1/servers/0990cee5-ae9d-4670-8b2d-4fe25ac96377 => generated 1280 bytes in 133 msecs (HTTP/1.1 200) 9 headers in 360 bytes (1 switches on core 0)
Mar 23 21:20:49.683082 dv-cinder-834918-1-smb devstack@n-api.service[117620]: DEBUG nova.policy [None req-ebd57c7e-4d92-49e4-b275-c42428221136 tempest-AttachVolumeTestJSON-544992010 tempest-AttachVolumeTestJSON-544992010-project] Policy check for os_compute_api:os-extended-server-attributes failed with credentials {'is_admin': False, 'user_id': '8f8d04f43f084cc4aacf1e041b5799fd', 'user_domain_id': 'default', 'system_scope': None, 'domain_id': None, 'project_id': '9587e5fa19a84998ad0af932c56b0775', 'project_domain_id': 'default', 'roles': ['member', 'reader'], 'is_admin_project': True, 'service_user_id': None, 'service_user_domain_id': None, 'service_project_id': None, 'service_project_domain_id': None, 'service_roles': []} {{(pid=117620) authorize /opt/stack/nova/nova/policy.py:199}}
Mar 23 21:20:49.690646 dv-cinder-834918-1-smb devstack@n-api.service[117620]: INFO nova.api.openstack.requestlog [None req-ebd57c7e-4d92-49e4-b275-c42428221136 tempest-AttachVolumeTestJSON-544992010 tempest-AttachVolumeTestJSON-544992010-project] 10.222.0.30 "GET /compute/v2.1/servers/82299f0e-93f1-4847-bb7e-0a860fa4fec7" status: 200 len: 1237 microversion: 2.1 time: 0.121830
Mar 23 21:20:49.691258 dv-cinder-834918-1-smb devstack@n-api.service[117620]: [pid: 117620|app: 0|req: 19/36] 10.222.0.30 () {58 vars in 1235 bytes} [Wed Mar 23 21:20:49 2022] GET /compute/v2.1/servers/82299f0e-93f1-4847-bb7e-0a860fa4fec7 => generated 1237 bytes in 123 msecs (HTTP/1.1 200) 9 headers in 358 bytes (1 switches on core 0)
Mar 23 21:20:50.236418 dv-cinder-834918-1-smb devstack@n-api.service[117619]: DEBUG nova.api.openstack.wsgi [None req-1d34fd0f-cc10-477d-b699-663470cede0a tempest-DeleteServersTestJSON-1753231854 tempest-DeleteServersTestJSON-1753231854-project] Calling method '>' {{(pid=117619) _process_stack /opt/stack/nova/nova/api/openstack/wsgi.py:513}}
Mar 23 21:20:50.237183 dv-cinder-834918-1-smb devstack@n-api.service[117619]: DEBUG nova.compute.api [None req-1d34fd0f-cc10-477d-b699-663470cede0a tempest-DeleteServersTestJSON-1753231854 tempest-DeleteServersTestJSON-1753231854-project] [instance: da3c6073-1b09-4d84-8e9c-c8caaba1ce0c] Fetching instance by UUID {{(pid=117619) get /opt/stack/nova/nova/compute/api.py:2918}}
Mar 23 21:20:50.244030 dv-cinder-834918-1-smb devstack@n-api.service[117619]: DEBUG oslo_concurrency.lockutils [None req-1d34fd0f-cc10-477d-b699-663470cede0a tempest-DeleteServersTestJSON-1753231854 tempest-DeleteServersTestJSON-1753231854-project] Lock "97563897-1d40-498c-a756-99a62ff1b820" acquired by "nova.context.set_target_cell..get_or_set_cached_cell_and_set_connections" :: waited 0.000s {{(pid=117619) inner /usr/local/lib/python3.8/dist-packages/oslo_concurrency/lockutils.py:386}}
Mar 23 21:20:50.244530 dv-cinder-834918-1-smb devstack@n-api.service[117619]: DEBUG oslo_concurrency.lockutils [None req-1d34fd0f-cc10-477d-b699-663470cede0a tempest-DeleteServersTestJSON-1753231854 tempest-DeleteServersTestJSON-1753231854-project] Lock "97563897-1d40-498c-a756-99a62ff1b820" "released" by "nova.context.set_target_cell..get_or_set_cached_cell_and_set_connections" :: held 0.001s {{(pid=117619) inner /usr/local/lib/python3.8/dist-packages/oslo_concurrency/lockutils.py:400}}
Mar 23 21:20:50.245360 dv-cinder-834918-1-smb devstack@n-api.service[117619]: DEBUG oslo_concurrency.lockutils [None req-1d34fd0f-cc10-477d-b699-663470cede0a tempest-DeleteServersTestJSON-1753231854 tempest-DeleteServersTestJSON-1753231854-project] Lock "97563897-1d40-498c-a756-99a62ff1b820" acquired by "nova.context.set_target_cell..get_or_set_cached_cell_and_set_connections" :: waited 0.000s {{(pid=117619) inner /usr/local/lib/python3.8/dist-packages/oslo_concurrency/lockutils.py:386}}
Mar 23 21:20:50.245805 dv-cinder-834918-1-smb devstack@n-api.service[117619]: DEBUG oslo_concurrency.lockutils [None req-1d34fd0f-cc10-477d-b699-663470cede0a tempest-DeleteServersTestJSON-1753231854 tempest-DeleteServersTestJSON-1753231854-project] Lock "97563897-1d40-498c-a756-99a62ff1b820" "released" by "nova.context.set_target_cell..get_or_set_cached_cell_and_set_connections" :: held 0.000s {{(pid=117619) inner /usr/local/lib/python3.8/dist-packages/oslo_concurrency/lockutils.py:400}}
Mar 23 21:20:50.495664 dv-cinder-834918-1-smb devstack@n-api.service[117619]: DEBUG nova.policy [None req-1d34fd0f-cc10-477d-b699-663470cede0a tempest-DeleteServersTestJSON-1753231854 tempest-DeleteServersTestJSON-1753231854-project] Policy check for os_compute_api:os-extended-server-attributes failed with credentials {'is_admin': False, 'user_id': 'ec508f4001f14547a364a2c40dae320f', 'user_domain_id': 'default', 'system_scope': None, 'domain_id': None, 'project_id': 'efd871d597574718a8ece3fbd1cb19e5', 'project_domain_id': 'default', 'roles': ['member', 'reader'], 'is_admin_project': True, 'service_user_id': None, 'service_user_domain_id': None, 'service_project_id': None, 'service_project_domain_id': None, 'service_roles': []} {{(pid=117619) authorize /opt/stack/nova/nova/policy.py:199}}
Mar 23 21:20:50.505110 dv-cinder-834918-1-smb devstack@n-api.service[117619]: INFO nova.api.openstack.requestlog [None req-1d34fd0f-cc10-477d-b699-663470cede0a tempest-DeleteServersTestJSON-1753231854 tempest-DeleteServersTestJSON-1753231854-project] 10.222.0.30 "GET /compute/v2.1/servers/da3c6073-1b09-4d84-8e9c-c8caaba1ce0c" status: 200 len: 1314 microversion: 2.1 time: 0.273775
Mar 23 21:20:50.506596 dv-cinder-834918-1-smb devstack@n-api.service[117620]: DEBUG nova.api.openstack.wsgi [None req-ab608ceb-c12f-4ecd-b777-899f9a5837fe tempest-ServerRescueNegativeTestJSON-1231995491 tempest-ServerRescueNegativeTestJSON-1231995491-project] Calling method '>' {{(pid=117620) _process_stack /opt/stack/nova/nova/api/openstack/wsgi.py:513}}
Mar 23 21:20:50.507289 dv-cinder-834918-1-smb devstack@n-api.service[117620]: DEBUG nova.compute.api [None req-ab608ceb-c12f-4ecd-b777-899f9a5837fe tempest-ServerRescueNegativeTestJSON-1231995491 tempest-ServerRescueNegativeTestJSON-1231995491-project] [instance: e323682c-597f-4582-b0a5-8b04fcc979ac] Fetching instance by UUID {{(pid=117620) get /opt/stack/nova/nova/compute/api.py:2918}}
Mar 23 21:20:50.508465 dv-cinder-834918-1-smb devstack@n-api.service[117619]: [pid: 117619|app: 0|req: 18/37] 10.222.0.30 () {58 vars in 1235 bytes} [Wed Mar 23 21:20:50 2022] GET /compute/v2.1/servers/da3c6073-1b09-4d84-8e9c-c8caaba1ce0c => generated 1314 bytes in 278 msecs (HTTP/1.1 200) 9 headers in 358 bytes (1 switches on core 0)
Mar 23 21:20:50.519526 dv-cinder-834918-1-smb devstack@n-api.service[117620]: DEBUG oslo_concurrency.lockutils [None req-ab608ceb-c12f-4ecd-b777-899f9a5837fe tempest-ServerRescueNegativeTestJSON-1231995491 tempest-ServerRescueNegativeTestJSON-1231995491-project] Lock "97563897-1d40-498c-a756-99a62ff1b820" acquired by "nova.context.set_target_cell..get_or_set_cached_cell_and_set_connections" :: waited 0.000s {{(pid=117620) inner /usr/local/lib/python3.8/dist-packages/oslo_concurrency/lockutils.py:386}}
Mar 23 21:20:50.520505 dv-cinder-834918-1-smb devstack@n-api.service[117620]: DEBUG oslo_concurrency.lockutils [None req-ab608ceb-c12f-4ecd-b777-899f9a5837fe tempest-ServerRescueNegativeTestJSON-1231995491 tempest-ServerRescueNegativeTestJSON-1231995491-project] Lock "97563897-1d40-498c-a756-99a62ff1b820" "released" by "nova.context.set_target_cell..get_or_set_cached_cell_and_set_connections" :: held 0.001s {{(pid=117620) inner /usr/local/lib/python3.8/dist-packages/oslo_concurrency/lockutils.py:400}}
Mar 23 21:20:50.523712 dv-cinder-834918-1-smb devstack@n-api.service[117620]: DEBUG oslo_concurrency.lockutils [None req-ab608ceb-c12f-4ecd-b777-899f9a5837fe tempest-ServerRescueNegativeTestJSON-1231995491 tempest-ServerRescueNegativeTestJSON-1231995491-project] Lock "97563897-1d40-498c-a756-99a62ff1b820" acquired by "nova.context.set_target_cell..get_or_set_cached_cell_and_set_connections" :: waited 0.000s {{(pid=117620) inner /usr/local/lib/python3.8/dist-packages/oslo_concurrency/lockutils.py:386}}
Mar 23 21:20:50.524237 dv-cinder-834918-1-smb devstack@n-api.service[117620]: DEBUG oslo_concurrency.lockutils [None req-ab608ceb-c12f-4ecd-b777-899f9a5837fe tempest-ServerRescueNegativeTestJSON-1231995491 tempest-ServerRescueNegativeTestJSON-1231995491-project] Lock "97563897-1d40-498c-a756-99a62ff1b820" "released" by "nova.context.set_target_cell..get_or_set_cached_cell_and_set_connections" :: held 0.001s {{(pid=117620) inner /usr/local/lib/python3.8/dist-packages/oslo_concurrency/lockutils.py:400}}
Mar 23 21:20:50.670429 dv-cinder-834918-1-smb devstack@n-api.service[117619]: DEBUG nova.api.openstack.wsgi [None req-03e60d2d-3ea2-4c2b-8c8d-36443ec02fda tempest-AttachVolumeShelveTestJSON-1284564363 tempest-AttachVolumeShelveTestJSON-1284564363-project] Calling method '>' {{(pid=117619) _process_stack /opt/stack/nova/nova/api/openstack/wsgi.py:513}}
Mar 23 21:20:50.671241 dv-cinder-834918-1-smb devstack@n-api.service[117619]: DEBUG nova.compute.api [None req-03e60d2d-3ea2-4c2b-8c8d-36443ec02fda tempest-AttachVolumeShelveTestJSON-1284564363 tempest-AttachVolumeShelveTestJSON-1284564363-project] [instance: 0990cee5-ae9d-4670-8b2d-4fe25ac96377] Fetching instance by UUID {{(pid=117619) get /opt/stack/nova/nova/compute/api.py:2918}}
Mar 23 21:20:50.679323 dv-cinder-834918-1-smb devstack@n-api.service[117619]: DEBUG oslo_concurrency.lockutils [None req-03e60d2d-3ea2-4c2b-8c8d-36443ec02fda tempest-AttachVolumeShelveTestJSON-1284564363 tempest-AttachVolumeShelveTestJSON-1284564363-project] Lock "97563897-1d40-498c-a756-99a62ff1b820" acquired by "nova.context.set_target_cell..get_or_set_cached_cell_and_set_connections" :: waited 0.000s {{(pid=117619) inner /usr/local/lib/python3.8/dist-packages/oslo_concurrency/lockutils.py:386}}
Mar 23 21:20:50.680008 dv-cinder-834918-1-smb devstack@n-api.service[117619]: DEBUG oslo_concurrency.lockutils [None req-03e60d2d-3ea2-4c2b-8c8d-36443ec02fda tempest-AttachVolumeShelveTestJSON-1284564363 tempest-AttachVolumeShelveTestJSON-1284564363-project] Lock "97563897-1d40-498c-a756-99a62ff1b820" "released" by "nova.context.set_target_cell..get_or_set_cached_cell_and_set_connections" :: held 0.001s {{(pid=117619) inner /usr/local/lib/python3.8/dist-packages/oslo_concurrency/lockutils.py:400}}
Mar 23 21:20:50.680977 dv-cinder-834918-1-smb devstack@n-api.service[117619]: DEBUG oslo_concurrency.lockutils [None req-03e60d2d-3ea2-4c2b-8c8d-36443ec02fda tempest-AttachVolumeShelveTestJSON-1284564363 tempest-AttachVolumeShelveTestJSON-1284564363-project] Lock "97563897-1d40-498c-a756-99a62ff1b820" acquired by "nova.context.set_target_cell..get_or_set_cached_cell_and_set_connections" :: waited 0.000s {{(pid=117619) inner /usr/local/lib/python3.8/dist-packages/oslo_concurrency/lockutils.py:386}}
Mar 23 21:20:50.681565 dv-cinder-834918-1-smb devstack@n-api.service[117619]: DEBUG oslo_concurrency.lockutils [None req-03e60d2d-3ea2-4c2b-8c8d-36443ec02fda tempest-AttachVolumeShelveTestJSON-1284564363 tempest-AttachVolumeShelveTestJSON-1284564363-project] Lock "97563897-1d40-498c-a756-99a62ff1b820" "released" by "nova.context.set_target_cell..get_or_set_cached_cell_and_set_connections" :: held 0.001s {{(pid=117619) inner /usr/local/lib/python3.8/dist-packages/oslo_concurrency/lockutils.py:400}}
Mar 23 21:20:50.710657 dv-cinder-834918-1-smb devstack@n-api.service[117620]: DEBUG nova.policy [None req-ab608ceb-c12f-4ecd-b777-899f9a5837fe tempest-ServerRescueNegativeTestJSON-1231995491 tempest-ServerRescueNegativeTestJSON-1231995491-project] Policy check for os_compute_api:os-extended-server-attributes failed with credentials {'is_admin': False, 'user_id': 'bec172a0015c4a95b9842a27cdc9569a', 'user_domain_id': 'default', 'system_scope': None, 'domain_id': None, 'project_id': 'a7f11a62e5b848c29d3979a95ff060e8', 'project_domain_id': 'default', 'roles': ['member', 'reader'], 'is_admin_project': True, 'service_user_id': None, 'service_user_domain_id': None, 'service_project_id': None, 'service_project_domain_id': None, 'service_roles': []} {{(pid=117620) authorize /opt/stack/nova/nova/policy.py:199}}
Mar 23 21:20:50.718728 dv-cinder-834918-1-smb devstack@n-api.service[117620]: INFO nova.api.openstack.requestlog [None req-ab608ceb-c12f-4ecd-b777-899f9a5837fe tempest-ServerRescueNegativeTestJSON-1231995491 tempest-ServerRescueNegativeTestJSON-1231995491-project] 10.222.0.30 "GET /compute/v2.1/servers/e323682c-597f-4582-b0a5-8b04fcc979ac" status: 200 len: 1321 microversion: 2.1 time: 0.216251
Mar 23 21:20:50.719929 dv-cinder-834918-1-smb devstack@n-api.service[117620]: [pid: 117620|app: 0|req: 20/38] 10.222.0.30 () {58 vars in 1235 bytes} [Wed Mar 23 21:20:50 2022] GET /compute/v2.1/servers/e323682c-597f-4582-b0a5-8b04fcc979ac => generated 1321 bytes in 218 msecs (HTTP/1.1 200) 9 headers in 358 bytes (1 switches on core 0)
Mar 23 21:20:50.725440 dv-cinder-834918-1-smb devstack@n-api.service[117620]: DEBUG nova.api.openstack.wsgi [None req-c596002b-e18b-4d68-8179-2d25bb2e28ff tempest-AttachVolumeTestJSON-544992010 tempest-AttachVolumeTestJSON-544992010-project] Calling method '>' {{(pid=117620) _process_stack /opt/stack/nova/nova/api/openstack/wsgi.py:513}}
Mar 23 21:20:50.726450 dv-cinder-834918-1-smb devstack@n-api.service[117620]: DEBUG nova.compute.api [None req-c596002b-e18b-4d68-8179-2d25bb2e28ff tempest-AttachVolumeTestJSON-544992010 tempest-AttachVolumeTestJSON-544992010-project] [instance: 82299f0e-93f1-4847-bb7e-0a860fa4fec7] Fetching instance by UUID {{(pid=117620) get /opt/stack/nova/nova/compute/api.py:2918}}
Mar 23 21:20:50.849417 dv-cinder-834918-1-smb devstack@n-api.service[117619]: DEBUG nova.policy [None req-03e60d2d-3ea2-4c2b-8c8d-36443ec02fda tempest-AttachVolumeShelveTestJSON-1284564363 tempest-AttachVolumeShelveTestJSON-1284564363-project] Policy check for os_compute_api:os-extended-server-attributes failed with credentials {'is_admin': False, 'user_id': 'f5c4c3cf0ca240a1a444e6830248c313', 'user_domain_id': 'default', 'system_scope': None, 'domain_id': None, 'project_id': 'c7290b178aa74405957882427b25253b', 'project_domain_id': 'default', 'roles': ['member', 'reader'], 'is_admin_project': True, 'service_user_id': None, 'service_user_domain_id': None, 'service_project_id': None, 'service_project_domain_id': None, 'service_roles': []} {{(pid=117619) authorize /opt/stack/nova/nova/policy.py:199}}
Mar 23 21:20:50.849417 dv-cinder-834918-1-smb devstack@n-api.service[117619]: DEBUG nova.policy [None req-03e60d2d-3ea2-4c2b-8c8d-36443ec02fda tempest-AttachVolumeShelveTestJSON-1284564363 tempest-AttachVolumeShelveTestJSON-1284564363-project] Policy check for os_compute_api:servers:show:host_status failed with credentials {'is_admin': False, 'user_id': 'f5c4c3cf0ca240a1a444e6830248c313', 'user_domain_id': 'default', 'system_scope': None, 'domain_id': None, 'project_id': 'c7290b178aa74405957882427b25253b', 'project_domain_id': 'default', 'roles': ['member', 'reader'], 'is_admin_project': True, 'service_user_id': None, 'service_user_domain_id': None, 'service_project_id': None, 'service_project_domain_id': None, 'service_roles': []} {{(pid=117619) authorize /opt/stack/nova/nova/policy.py:199}}
Mar 23 21:20:50.849702 dv-cinder-834918-1-smb devstack@n-api.service[117619]: DEBUG nova.policy [None req-03e60d2d-3ea2-4c2b-8c8d-36443ec02fda tempest-AttachVolumeShelveTestJSON-1284564363 tempest-AttachVolumeShelveTestJSON-1284564363-project] Policy check for os_compute_api:servers:show:host_status:unknown-only failed with credentials {'is_admin': False, 'user_id': 'f5c4c3cf0ca240a1a444e6830248c313', 'user_domain_id': 'default', 'system_scope': None, 'domain_id': None, 'project_id': 'c7290b178aa74405957882427b25253b', 'project_domain_id': 'default', 'roles': ['member', 'reader'], 'is_admin_project': True, 'service_user_id': None, 'service_user_domain_id': None, 'service_project_id': None, 'service_project_domain_id': None, 'service_roles': []} {{(pid=117619) authorize /opt/stack/nova/nova/policy.py:199}}
Mar 23 21:20:50.849702 dv-cinder-834918-1-smb devstack@n-api.service[117619]: INFO nova.api.openstack.requestlog [None req-03e60d2d-3ea2-4c2b-8c8d-36443ec02fda tempest-AttachVolumeShelveTestJSON-1284564363 tempest-AttachVolumeShelveTestJSON-1284564363-project] 10.222.0.30 "GET /compute/v2.1/servers/0990cee5-ae9d-4670-8b2d-4fe25ac96377" status: 200 len: 1332 microversion: 2.20 time: 0.132832
Mar 23 21:20:50.849702 dv-cinder-834918-1-smb devstack@n-api.service[117619]: [pid: 117619|app: 0|req: 19/39] 10.222.0.30 () {60 vars in 1276 bytes} [Wed Mar 23 21:20:50 2022] GET /compute/v2.1/servers/0990cee5-ae9d-4670-8b2d-4fe25ac96377 => generated 1332 bytes in 136 msecs (HTTP/1.1 200) 9 headers in 360 bytes (1 switches on core 0)
Mar 23 21:20:50.850100 dv-cinder-834918-1-smb devstack@n-api.service[117620]: DEBUG nova.policy [None req-c596002b-e18b-4d68-8179-2d25bb2e28ff tempest-AttachVolumeTestJSON-544992010 tempest-AttachVolumeTestJSON-544992010-project] Policy check for os_compute_api:os-extended-server-attributes failed with credentials {'is_admin': False, 'user_id': '8f8d04f43f084cc4aacf1e041b5799fd', 'user_domain_id': 'default', 'system_scope': None, 'domain_id': None, 'project_id': '9587e5fa19a84998ad0af932c56b0775', 'project_domain_id': 'default', 'roles': ['member', 'reader'], 'is_admin_project': True, 'service_user_id': None, 'service_user_domain_id': None, 'service_project_id': None, 'service_project_domain_id': None, 'service_roles': []} {{(pid=117620) authorize /opt/stack/nova/nova/policy.py:199}}
Mar 23 21:20:50.850100 dv-cinder-834918-1-smb devstack@n-api.service[117620]: INFO nova.api.openstack.requestlog [None req-c596002b-e18b-4d68-8179-2d25bb2e28ff tempest-AttachVolumeTestJSON-544992010 tempest-AttachVolumeTestJSON-544992010-project] 10.222.0.30 "GET /compute/v2.1/servers/82299f0e-93f1-4847-bb7e-0a860fa4fec7" status: 200 len: 1237 microversion: 2.1 time: 0.094878
Mar 23 21:20:50.850100 dv-cinder-834918-1-smb devstack@n-api.service[117620]: [pid: 117620|app: 0|req: 21/40] 10.222.0.30 () {58 vars in 1235 bytes} [Wed Mar 23 21:20:50 2022] GET /compute/v2.1/servers/82299f0e-93f1-4847-bb7e-0a860fa4fec7 => generated 1237 bytes in 96 msecs (HTTP/1.1 200) 9 headers in 358 bytes (1 switches on core 0)
Mar 23 21:20:51.522245 dv-cinder-834918-1-smb devstack@n-api.service[117619]: DEBUG nova.api.openstack.wsgi [None req-4f64c992-50bb-43c3-aa6d-e128eb2471ff tempest-DeleteServersTestJSON-1753231854 tempest-DeleteServersTestJSON-1753231854-project] Calling method '>' {{(pid=117619) _process_stack /opt/stack/nova/nova/api/openstack/wsgi.py:513}}
Mar 23 21:20:51.522863 dv-cinder-834918-1-smb devstack@n-api.service[117619]: DEBUG nova.compute.api [None req-4f64c992-50bb-43c3-aa6d-e128eb2471ff tempest-DeleteServersTestJSON-1753231854 tempest-DeleteServersTestJSON-1753231854-project] [instance: da3c6073-1b09-4d84-8e9c-c8caaba1ce0c] Fetching instance by UUID {{(pid=117619) get /opt/stack/nova/nova/compute/api.py:2918}}
Mar 23 21:20:51.538824 dv-cinder-834918-1-smb devstack@n-api.service[117619]: DEBUG oslo_concurrency.lockutils [None req-4f64c992-50bb-43c3-aa6d-e128eb2471ff tempest-DeleteServersTestJSON-1753231854 tempest-DeleteServersTestJSON-1753231854-project] Lock "97563897-1d40-498c-a756-99a62ff1b820" acquired by "nova.context.set_target_cell..get_or_set_cached_cell_and_set_connections" :: waited 0.000s {{(pid=117619) inner /usr/local/lib/python3.8/dist-packages/oslo_concurrency/lockutils.py:386}}
Mar 23 21:20:51.539627 dv-cinder-834918-1-smb devstack@n-api.service[117619]: DEBUG oslo_concurrency.lockutils [None req-4f64c992-50bb-43c3-aa6d-e128eb2471ff tempest-DeleteServersTestJSON-1753231854 tempest-DeleteServersTestJSON-1753231854-project] Lock "97563897-1d40-498c-a756-99a62ff1b820" "released" by "nova.context.set_target_cell..get_or_set_cached_cell_and_set_connections" :: held 0.008s {{(pid=117619) inner /usr/local/lib/python3.8/dist-packages/oslo_concurrency/lockutils.py:400}}
