Jul 29 06:26:59.759189 dv-cinder-834822-7-iscsi neutron-server[103924]: DEBUG neutron_lib.callbacks.manager [None req-32034c4c-9c18-44b5-a668-15d619f8f1bd None None] Publish callbacks ['neutron.plugins.ml2.plugin.Ml2Plugin._port_provisioned-2023584'] for port (1e1116a2-f9a8-4a36-b38e-be7785c36aba), provisioning_complete {{(pid=103924) _notify_loop /usr/local/lib/python3.8/dist-packages/neutron_lib/callbacks/manager.py:176}}
Jul 29 06:26:59.858442 dv-cinder-834822-7-iscsi neutron-server[103924]: DEBUG neutron.plugins.ml2.rpc [None req-51300555-1eea-45a0-bc99-91afb0d84ffc None None] Device 47884efd-6341-439f-8e11-76bf83432aa4 details requested by agent hyperv_hv-cinder-83482 with host hv-cinder-83482 {{(pid=103924) get_device_details /opt/stack/neutron/neutron/plugins/ml2/rpc.py:102}}
Jul 29 06:26:59.899741 dv-cinder-834822-7-iscsi neutron-server[103924]: DEBUG neutron.plugins.ml2.plugin [None req-32034c4c-9c18-44b5-a668-15d619f8f1bd None None] Current status of the port 1e1116a2-f9a8-4a36-b38e-be7785c36aba is: ACTIVE; New status is: ACTIVE {{(pid=103924) _update_individual_port_db_status /opt/stack/neutron/neutron/plugins/ml2/plugin.py:2292}}
Jul 29 06:26:59.919210 dv-cinder-834822-7-iscsi neutron-server[103922]: DEBUG neutron.plugins.ml2.managers [req-9173db5e-863b-4fcc-97ef-37ca9e0f506f req-37ec7672-8922-4cc7-a498-3beb61f09204 service neutron] Attempting to bind port c4cfd182-fc76-4e2f-8b38-5663e698a6ba on host hv-cinder-83482 for vnic_type normal with profile {{(pid=103922) bind_port /opt/stack/neutron/neutron/plugins/ml2/managers.py:810}}
Jul 29 06:26:59.919546 dv-cinder-834822-7-iscsi neutron-server[103922]: DEBUG neutron.plugins.ml2.managers [req-9173db5e-863b-4fcc-97ef-37ca9e0f506f req-37ec7672-8922-4cc7-a498-3beb61f09204 service neutron] Attempting to bind port c4cfd182-fc76-4e2f-8b38-5663e698a6ba by drivers openvswitch,hyperv on host hv-cinder-83482 at level 0 using segments [{'id': 'f8ab4758-8649-48ec-a231-3aed335f05c4', 'network_type': 'vlan', 'physical_network': 'physnet1', 'segmentation_id': 207, 'network_id': '8016328e-1678-4850-8f2e-16c509f3c821'}] {{(pid=103922) _bind_port_level /opt/stack/neutron/neutron/plugins/ml2/managers.py:835}}
Jul 29 06:26:59.919871 dv-cinder-834822-7-iscsi neutron-server[103922]: DEBUG neutron.plugins.ml2.drivers.mech_agent [req-9173db5e-863b-4fcc-97ef-37ca9e0f506f req-37ec7672-8922-4cc7-a498-3beb61f09204 service neutron] Attempting to bind port c4cfd182-fc76-4e2f-8b38-5663e698a6ba on network 8016328e-1678-4850-8f2e-16c509f3c821 {{(pid=103922) bind_port /opt/stack/neutron/neutron/plugins/ml2/drivers/mech_agent.py:91}}
Jul 29 06:26:59.953791 dv-cinder-834822-7-iscsi neutron-server[103922]: INFO neutron.wsgi [req-9e69ac3a-27c7-4d0c-9792-5de655ed392d req-7e8f6c38-714c-4dcb-aa99-9266a39298cb tempest-AttachVolumeTestJSON-604791230 tempest-AttachVolumeTestJSON-604791230-project] 10.222.0.33 "GET /v2.0/ports?device_id=c0f47fa5-72de-4c83-a201-89fb8435978e HTTP/1.1" status: 200 len: 210 time: 0.1984653
Jul 29 06:26:59.965478 dv-cinder-834822-7-iscsi neutron-server[103922]: DEBUG neutron.pecan_wsgi.hooks.policy_enforcement [req-e93527e8-8cde-490f-86ef-73e26cd36de6 req-e4e6e301-f424-4339-924a-f4198e1c623a service neutron] Attributes excluded by policy engine: ['standard_attr_id', 'shared'] {{(pid=103922) _exclude_attributes_by_policy /opt/stack/neutron/neutron/pecan_wsgi/hooks/policy_enforcement.py:259}}
Jul 29 06:26:59.967223 dv-cinder-834822-7-iscsi neutron-server[103922]: INFO neutron.wsgi [req-e93527e8-8cde-490f-86ef-73e26cd36de6 req-e4e6e301-f424-4339-924a-f4198e1c623a service neutron] 10.222.0.20 "GET /v2.0/subnets?id=e7bb28df-0c52-486c-8dbe-a535e2e0e4ef HTTP/1.1" status: 200 len: 858 time: 0.9646571
Jul 29 06:26:59.973142 dv-cinder-834822-7-iscsi neutron-server[103922]: DEBUG neutron.plugins.ml2.drivers.mech_agent [req-9173db5e-863b-4fcc-97ef-37ca9e0f506f req-37ec7672-8922-4cc7-a498-3beb61f09204 service neutron] Port c4cfd182-fc76-4e2f-8b38-5663e698a6ba on network 8016328e-1678-4850-8f2e-16c509f3c821 not bound, no agent of type Open vSwitch agent registered on host hv-cinder-83482 {{(pid=103922) bind_port /opt/stack/neutron/neutron/plugins/ml2/drivers/mech_agent.py:103}}
Jul 29 06:26:59.973717 dv-cinder-834822-7-iscsi neutron-server[103922]: DEBUG neutron.plugins.ml2.drivers.mech_agent [req-9173db5e-863b-4fcc-97ef-37ca9e0f506f req-37ec7672-8922-4cc7-a498-3beb61f09204 service neutron] Attempting to bind port c4cfd182-fc76-4e2f-8b38-5663e698a6ba on network 8016328e-1678-4850-8f2e-16c509f3c821 {{(pid=103922) bind_port /opt/stack/neutron/neutron/plugins/ml2/drivers/mech_agent.py:91}}
Jul 29 06:26:59.985762 dv-cinder-834822-7-iscsi neutron-server[103922]: DEBUG neutron.plugins.ml2.drivers.mech_agent [req-9173db5e-863b-4fcc-97ef-37ca9e0f506f req-37ec7672-8922-4cc7-a498-3beb61f09204 service neutron] Checking agent: {'id': '8637d789-010d-466c-8949-11db1e83deb1', 'agent_type': 'HyperV agent', 'binary': 'neutron-hyperv-agent', 'topic': 'N/A', 'host': 'hv-cinder-83482', 'admin_state_up': True, 'created_at': datetime.datetime(2022, 7, 29, 6, 24, 31), 'started_at': datetime.datetime(2022, 7, 29, 6, 24, 31), 'heartbeat_timestamp': datetime.datetime(2022, 7, 29, 6, 26, 31), 'description': None, 'resources_synced': None, 'availability_zone': None, 'alive': True, 'configurations': {'vswitch_mappings': {'physnet1$': 'br-data'}}, 'resource_versions': {}} {{(pid=103922) bind_port /opt/stack/neutron/neutron/plugins/ml2/drivers/mech_agent.py:110}}
Jul 29 06:26:59.986434 dv-cinder-834822-7-iscsi neutron-server[103922]: DEBUG neutron.plugins.ml2.drivers.mech_agent [req-9173db5e-863b-4fcc-97ef-37ca9e0f506f req-37ec7672-8922-4cc7-a498-3beb61f09204 service neutron] Checking segment: {'id': 'f8ab4758-8649-48ec-a231-3aed335f05c4', 'network_type': 'vlan', 'physical_network': 'physnet1', 'segmentation_id': 207, 'network_id': '8016328e-1678-4850-8f2e-16c509f3c821'} for mappings: {'physnet1$': 'br-data'} with network types: ['local', 'flat', 'vlan'] {{(pid=103922) check_segment_for_agent /opt/stack/neutron/neutron/plugins/ml2/drivers/mech_agent.py:373}}
Jul 29 06:26:59.987006 dv-cinder-834822-7-iscsi neutron-server[103922]: DEBUG neutron.plugins.ml2.drivers.mech_agent [req-9173db5e-863b-4fcc-97ef-37ca9e0f506f req-37ec7672-8922-4cc7-a498-3beb61f09204 service neutron] Bound using segment: {'id': 'f8ab4758-8649-48ec-a231-3aed335f05c4', 'network_type': 'vlan', 'physical_network': 'physnet1', 'segmentation_id': 207, 'network_id': '8016328e-1678-4850-8f2e-16c509f3c821'} {{(pid=103922) bind_port /opt/stack/neutron/neutron/plugins/ml2/drivers/mech_agent.py:120}}
Jul 29 06:26:59.987692 dv-cinder-834822-7-iscsi neutron-server[103922]: DEBUG neutron.plugins.ml2.managers [req-9173db5e-863b-4fcc-97ef-37ca9e0f506f req-37ec7672-8922-4cc7-a498-3beb61f09204 service neutron] Bound port: c4cfd182-fc76-4e2f-8b38-5663e698a6ba, host: hv-cinder-83482, vif_type: hyperv, vif_details: {"connectivity": "legacy", "port_filter": false}, binding_levels: [{'bound_driver': 'hyperv', 'bound_segment': {'id': 'f8ab4758-8649-48ec-a231-3aed335f05c4', 'network_type': 'vlan', 'physical_network': 'physnet1', 'segmentation_id': 207, 'network_id': '8016328e-1678-4850-8f2e-16c509f3c821'}}] {{(pid=103922) _bind_port_level /opt/stack/neutron/neutron/plugins/ml2/managers.py:947}}
Jul 29 06:26:59.988327 dv-cinder-834822-7-iscsi neutron-server[103922]: DEBUG neutron_lib.callbacks.manager [req-9173db5e-863b-4fcc-97ef-37ca9e0f506f req-37ec7672-8922-4cc7-a498-3beb61f09204 service neutron] Publish callbacks ['neutron.plugins.ml2.plugin.SecurityGroupDbMixin._ensure_default_security_group_handler-1850819'] for port (c4cfd182-fc76-4e2f-8b38-5663e698a6ba), before_update {{(pid=103922) _notify_loop /usr/local/lib/python3.8/dist-packages/neutron_lib/callbacks/manager.py:176}}
Jul 29 06:26:59.994440 dv-cinder-834822-7-iscsi neutron-server[103922]: DEBUG neutron_lib.callbacks.manager [None req-f8f7ea74-239d-4094-8bda-61884e15bff5 tempest-AttachVolumeShelveTestJSON-712951082 tempest-AttachVolumeShelveTestJSON-712951082-project] Publish callbacks ['neutron.plugins.ml2.plugin.SecurityGroupServerNotifierRpcMixin._notify_sg_on_port_change-1849358', 'neutron.plugins.ml2.ovo_rpc._ObjectChangeHandler.handle_event-952567', 'neutron.api.rpc.agentnotifiers.dhcp_rpc_agent_api.DhcpAgentNotifyAPI._native_event_send_dhcp_notification-528547', 'neutron.db.l3_dvrscheduler_db._notify_l3_agent_new_port-8771101424707'] for port (a38b5d02-71fe-46f7-a49f-9411f813b36a), after_create {{(pid=103922) _notify_loop /usr/local/lib/python3.8/dist-packages/neutron_lib/callbacks/manager.py:176}}
Jul 29 06:27:00.081458 dv-cinder-834822-7-iscsi neutron-server[103922]: DEBUG neutron.scheduler.dhcp_agent_scheduler [None req-f8f7ea74-239d-4094-8bda-61884e15bff5 tempest-AttachVolumeShelveTestJSON-712951082 tempest-AttachVolumeShelveTestJSON-712951082-project] Network b39c8eb9-3ecf-4877-a339-911dac1ff175 is already hosted by enough agents. {{(pid=103922) _get_dhcp_agents_hosting_network /opt/stack/neutron/neutron/scheduler/dhcp_agent_scheduler.py:275}}
Jul 29 06:27:00.096521 dv-cinder-834822-7-iscsi neutron-server[103922]: DEBUG neutron.scheduler.base_scheduler [None req-f8f7ea74-239d-4094-8bda-61884e15bff5 tempest-AttachVolumeShelveTestJSON-712951082 tempest-AttachVolumeShelveTestJSON-712951082-project] Resources bound (agent type, host, resource id): {{(pid=103922) schedule /opt/stack/neutron/neutron/scheduler/base_scheduler.py:57}}
Jul 29 06:27:00.100059 dv-cinder-834822-7-iscsi neutron-server[103923]: DEBUG neutron.pecan_wsgi.hooks.policy_enforcement [req-df43d500-4e83-424c-b9a7-45760f8cbbe4 req-3474f0b2-b12f-4463-9f77-cc128fec6b5c tempest-ServerRescueNegativeTestJSON-1732090118 tempest-ServerRescueNegativeTestJSON-1732090118-project] Attributes excluded by policy engine: ['standard_attr_id', 'binding:profile', 'binding:host_id', 'binding:vif_type', 'binding:vif_details'] {{(pid=103923) _exclude_attributes_by_policy /opt/stack/neutron/neutron/pecan_wsgi/hooks/policy_enforcement.py:259}}
Jul 29 06:27:00.105875 dv-cinder-834822-7-iscsi neutron-server[103922]: DEBUG neutron.db.l3_dvrscheduler_db [None req-f8f7ea74-239d-4094-8bda-61884e15bff5 tempest-AttachVolumeShelveTestJSON-712951082 tempest-AttachVolumeShelveTestJSON-712951082-project] Received port after_create {{(pid=103922) _notify_l3_agent_new_port /opt/stack/neutron/neutron/db/l3_dvrscheduler_db.py:542}}
Jul 29 06:27:00.113724 dv-cinder-834822-7-iscsi neutron-server[103923]: INFO neutron.wsgi [req-df43d500-4e83-424c-b9a7-45760f8cbbe4 req-3474f0b2-b12f-4463-9f77-cc128fec6b5c tempest-ServerRescueNegativeTestJSON-1732090118 tempest-ServerRescueNegativeTestJSON-1732090118-project] 10.222.0.33 "GET /v2.0/ports?device_id=88c6e8a2-cbf5-4bb7-b67c-4c8f2e3c1b65 HTTP/1.1" status: 200 len: 944 time: 0.1720800
Jul 29 06:27:00.132208 dv-cinder-834822-7-iscsi neutron-server[103922]: DEBUG neutron.api.rpc.handlers.resources_rpc [None req-f8f7ea74-239d-4094-8bda-61884e15bff5 tempest-AttachVolumeShelveTestJSON-712951082 tempest-AttachVolumeShelveTestJSON-712951082-project] Pushing event updated for resources: {'Port': ['ID=a38b5d02-71fe-46f7-a49f-9411f813b36a,revision_number=1']} {{(pid=103922) push /opt/stack/neutron/neutron/api/rpc/handlers/resources_rpc.py:237}}
Jul 29 06:27:00.176980 dv-cinder-834822-7-iscsi neutron-server[103922]: DEBUG dbcounter [-] [103922] Writing DB stats neutron:SELECT=91,neutron:INSERT=7,neutron:UPDATE=2 {{(pid=103922) stat_writer /usr/local/lib/python3.8/dist-packages/dbcounter.py:114}}
Jul 29 06:27:00.180975 dv-cinder-834822-7-iscsi neutron-server[103922]: DEBUG neutron.plugins.ml2.db [req-9173db5e-863b-4fcc-97ef-37ca9e0f506f req-37ec7672-8922-4cc7-a498-3beb61f09204 service neutron] For port c4cfd182-fc76-4e2f-8b38-5663e698a6ba, host hv-cinder-83482, cleared binding levels {{(pid=103922) clear_binding_levels /opt/stack/neutron/neutron/plugins/ml2/db.py:87}}
Jul 29 06:27:00.186009 dv-cinder-834822-7-iscsi neutron-server[103924]: DEBUG neutron.plugins.ml2.db [None req-51300555-1eea-45a0-bc99-91afb0d84ffc None None] For port 47884efd-6341-439f-8e11-76bf83432aa4, host hv-cinder-83482, got binding levels [PortBindingLevel(driver='hyperv',host='hv-cinder-83482',level=0,port_id=47884efd-6341-439f-8e11-76bf83432aa4,segment=NetworkSegment(29a3e106-d77e-4707-b9f9-b7fa4ebbf6e3),segment_id=29a3e106-d77e-4707-b9f9-b7fa4ebbf6e3)] {{(pid=103924) get_binding_level_objs /opt/stack/neutron/neutron/plugins/ml2/db.py:74}}
Jul 29 06:27:00.200250 dv-cinder-834822-7-iscsi neutron-server[103924]: DEBUG neutron.plugins.ml2.rpc [None req-51300555-1eea-45a0-bc99-91afb0d84ffc None None] Returning: {'device': '47884efd-6341-439f-8e11-76bf83432aa4', 'network_id': '66b05c42-f6f7-4765-aee1-398508ccfa33', 'port_id': '47884efd-6341-439f-8e11-76bf83432aa4', 'mac_address': 'fa:16:3e:8c:bf:74', 'admin_state_up': True, 'network_type': 'vlan', 'segmentation_id': 229, 'physical_network': 'physnet1', 'mtu': 1500, 'fixed_ips': [{'subnet_id': '5842d56b-6af3-4839-83fa-5c1680df4b50', 'ip_address': '172.20.0.12'}], 'device_owner': 'compute:nova', 'allowed_address_pairs': [], 'port_security_enabled': True, 'qos_policy_id': None, 'qos_network_policy_id': None, 'profile': {}, 'propagate_uplink_status': False} {{(pid=103924) _get_device_details /opt/stack/neutron/neutron/plugins/ml2/rpc.py:184}}
Jul 29 06:27:00.201284 dv-cinder-834822-7-iscsi neutron-server[103923]: DEBUG neutron_lib.callbacks.manager [None req-6a9e2f3a-3b47-4da1-a46c-c4254b624dfe admin admin] Publish callbacks [] for security_group (None), before_create {{(pid=103923) _notify_loop /usr/local/lib/python3.8/dist-packages/neutron_lib/callbacks/manager.py:176}}
Jul 29 06:27:00.202545 dv-cinder-834822-7-iscsi neutron-server[103924]: DEBUG dbcounter [-] [103924] Writing DB stats neutron:SELECT=100 {{(pid=103924) stat_writer /usr/local/lib/python3.8/dist-packages/dbcounter.py:114}}
Jul 29 06:27:00.215000 dv-cinder-834822-7-iscsi neutron-server[103922]: DEBUG neutron.plugins.ml2.db [req-9173db5e-863b-4fcc-97ef-37ca9e0f506f req-37ec7672-8922-4cc7-a498-3beb61f09204 service neutron] For port c4cfd182-fc76-4e2f-8b38-5663e698a6ba, host hv-cinder-83482, set binding levels [PortBindingLevel(driver='hyperv',host='hv-cinder-83482',level=0,port_id=c4cfd182-fc76-4e2f-8b38-5663e698a6ba,segment=NetworkSegment(f8ab4758-8649-48ec-a231-3aed335f05c4),segment_id=f8ab4758-8649-48ec-a231-3aed335f05c4)] {{(pid=103922) set_binding_levels /opt/stack/neutron/neutron/plugins/ml2/db.py:59}}
Jul 29 06:27:00.230236 dv-cinder-834822-7-iscsi neutron-server[103922]: DEBUG neutron_lib.callbacks.manager [None req-f8f7ea74-239d-4094-8bda-61884e15bff5 tempest-AttachVolumeShelveTestJSON-712951082 tempest-AttachVolumeShelveTestJSON-712951082-project] Publish callbacks [] for floatingip (5f26f4ec-cbb4-42cb-a160-9a56adeada7f), precommit_create {{(pid=103922) _notify_loop /usr/local/lib/python3.8/dist-packages/neutron_lib/callbacks/manager.py:176}}
Jul 29 06:27:00.232662 dv-cinder-834822-7-iscsi neutron-server[103922]: DEBUG neutron_lib.callbacks.manager [req-9173db5e-863b-4fcc-97ef-37ca9e0f506f req-37ec7672-8922-4cc7-a498-3beb61f09204 service neutron] Publish callbacks ['neutron.plugins.ml2.plugin.SecurityGroupServerNotifierRpcMixin._notify_sg_on_port_change-1849358', 'neutron.plugins.ml2.ovo_rpc._ObjectChangeHandler.handle_event-952567', 'neutron.api.rpc.agentnotifiers.dhcp_rpc_agent_api.DhcpAgentNotifyAPI._native_event_send_dhcp_notification-528547', 'neutron.db.l3_db.L3RpcNotifierMixin._notify_gateway_port_ip_changed-8771101805276', 'neutron.db.l3_dvrscheduler_db._notify_l3_agent_port_update-8771101424725', 'neutron.db.l3_hascheduler_db._notify_l3_agent_ha_port_update-8771101424743'] for port (c4cfd182-fc76-4e2f-8b38-5663e698a6ba), after_update {{(pid=103922) _notify_loop /usr/local/lib/python3.8/dist-packages/neutron_lib/callbacks/manager.py:176}}
Jul 29 06:27:00.244639 dv-cinder-834822-7-iscsi neutron-server[103924]: DEBUG neutron.plugins.ml2.plugin [None req-51300555-1eea-45a0-bc99-91afb0d84ffc None None] Current status of the port 47884efd-6341-439f-8e11-76bf83432aa4 is: DOWN; New status is: BUILD {{(pid=103924) _update_individual_port_db_status /opt/stack/neutron/neutron/plugins/ml2/plugin.py:2292}}
Jul 29 06:27:00.245216 dv-cinder-834822-7-iscsi neutron-server[103924]: DEBUG neutron_lib.callbacks.manager [None req-51300555-1eea-45a0-bc99-91afb0d84ffc None None] Publish callbacks ['neutron.plugins.ml2.plugin.SecurityGroupDbMixin._ensure_default_security_group_handler-1850819'] for port (47884efd-6341-439f-8e11-76bf83432aa4), before_update {{(pid=103924) _notify_loop /usr/local/lib/python3.8/dist-packages/neutron_lib/callbacks/manager.py:176}}
Jul 29 06:27:00.263989 dv-cinder-834822-7-iscsi neutron-server[103924]: DEBUG neutron.notifiers.nova [None req-51300555-1eea-45a0-bc99-91afb0d84ffc None None] Ignoring state change previous_port_status: DOWN current_port_status: BUILD port_id 47884efd-6341-439f-8e11-76bf83432aa4 {{(pid=103924) record_port_status_changed /opt/stack/neutron/neutron/notifiers/nova.py:233}}
Jul 29 06:27:00.272185 dv-cinder-834822-7-iscsi neutron-server[103922]: DEBUG dbcounter [-] [103922] Writing DB stats neutron:SELECT=91,neutron:INSERT=6,neutron:UPDATE=3 {{(pid=103922) stat_writer /usr/local/lib/python3.8/dist-packages/dbcounter.py:114}}
Jul 29 06:27:00.293521 dv-cinder-834822-7-iscsi neutron-server[103924]: DEBUG neutron.plugins.ml2.db [None req-51300555-1eea-45a0-bc99-91afb0d84ffc None None] For port 47884efd-6341-439f-8e11-76bf83432aa4, host hv-cinder-83482, got binding levels [PortBindingLevel(driver='hyperv',host='hv-cinder-83482',level=0,port_id=47884efd-6341-439f-8e11-76bf83432aa4,segment=NetworkSegment(29a3e106-d77e-4707-b9f9-b7fa4ebbf6e3),segment_id=29a3e106-d77e-4707-b9f9-b7fa4ebbf6e3)] {{(pid=103924) get_binding_level_objs /opt/stack/neutron/neutron/plugins/ml2/db.py:74}}
Jul 29 06:27:00.301334 dv-cinder-834822-7-iscsi neutron-server[103924]: DEBUG neutron_lib.callbacks.manager [None req-51300555-1eea-45a0-bc99-91afb0d84ffc None None] Publish callbacks ['neutron.plugins.ml2.plugin.SecurityGroupServerNotifierRpcMixin._notify_sg_on_port_change-1849358', 'neutron.plugins.ml2.ovo_rpc._ObjectChangeHandler.handle_event-952567', 'neutron.api.rpc.agentnotifiers.dhcp_rpc_agent_api.DhcpAgentNotifyAPI._native_event_send_dhcp_notification-528547', 'neutron.db.l3_db.L3RpcNotifierMixin._notify_gateway_port_ip_changed-8771101805276', 'neutron.db.l3_dvrscheduler_db._notify_l3_agent_port_update-8771101424725', 'neutron.db.l3_hascheduler_db._notify_l3_agent_ha_port_update-8771101424743'] for port (47884efd-6341-439f-8e11-76bf83432aa4), after_update {{(pid=103924) _notify_loop /usr/local/lib/python3.8/dist-packages/neutron_lib/callbacks/manager.py:176}}
Jul 29 06:27:00.331724 dv-cinder-834822-7-iscsi neutron-server[103923]: INFO neutron.wsgi [req-df43d500-4e83-424c-b9a7-45760f8cbbe4 req-51a4bb8f-26a4-474a-b278-6c6b69568641 tempest-ServerRescueNegativeTestJSON-1732090118 tempest-ServerRescueNegativeTestJSON-1732090118-project] 10.222.0.33 "GET /v2.0/security-groups?id=d2f233ee-9a85-4167-ae8e-ece1aa970720&fields=id&fields=name HTTP/1.1" status: 200 len: 286 time: 0.2094686
Jul 29 06:27:00.383386 dv-cinder-834822-7-iscsi neutron-server[103922]: DEBUG neutron.api.rpc.handlers.resources_rpc [None req-37ec7672-8922-4cc7-a498-3beb61f09204 service neutron] Pushing event updated for resources: {'Port': ['ID=c4cfd182-fc76-4e2f-8b38-5663e698a6ba,revision_number=3']} {{(pid=103922) push /opt/stack/neutron/neutron/api/rpc/handlers/resources_rpc.py:237}}
Jul 29 06:27:00.390898 dv-cinder-834822-7-iscsi neutron-server[103922]: DEBUG neutron.pecan_wsgi.hooks.policy_enforcement [req-9173db5e-863b-4fcc-97ef-37ca9e0f506f req-37ec7672-8922-4cc7-a498-3beb61f09204 service neutron] Attributes excluded by policy engine: ['standard_attr_id'] {{(pid=103922) _exclude_attributes_by_policy /opt/stack/neutron/neutron/pecan_wsgi/hooks/policy_enforcement.py:259}}
Jul 29 06:27:00.393600 dv-cinder-834822-7-iscsi neutron-server[103922]: DEBUG neutron_lib.callbacks.manager [req-9173db5e-863b-4fcc-97ef-37ca9e0f506f req-37ec7672-8922-4cc7-a498-3beb61f09204 service neutron] Publish callbacks ['neutron.notifiers.nova.Notifier._send_nova_notification-129727', 'neutron.api.rpc.agentnotifiers.dhcp_rpc_agent_api.DhcpAgentNotifyAPI._send_dhcp_notification-528525'] for port (None), before_response {{(pid=103922) _notify_loop /usr/local/lib/python3.8/dist-packages/neutron_lib/callbacks/manager.py:176}}
Jul 29 06:27:00.397997 dv-cinder-834822-7-iscsi neutron-server[103922]: INFO neutron.wsgi [req-9173db5e-863b-4fcc-97ef-37ca9e0f506f req-37ec7672-8922-4cc7-a498-3beb61f09204 service neutron] 10.222.0.20 "PUT /v2.0/ports/c4cfd182-fc76-4e2f-8b38-5663e698a6ba HTTP/1.1" status: 200 len: 1094 time: 4.0909770
Jul 29 06:27:00.428492 dv-cinder-834822-7-iscsi neutron-server[103922]: DEBUG neutron_lib.callbacks.manager [None req-f8f7ea74-239d-4094-8bda-61884e15bff5 tempest-AttachVolumeShelveTestJSON-712951082 tempest-AttachVolumeShelveTestJSON-712951082-project] Publish callbacks ['neutron.plugins.ml2.plugin.SecurityGroupDbMixin._ensure_default_security_group_handler-1850819'] for port (a38b5d02-71fe-46f7-a49f-9411f813b36a), before_update {{(pid=103922) _notify_loop /usr/local/lib/python3.8/dist-packages/neutron_lib/callbacks/manager.py:176}}
Jul 29 06:27:00.468598 dv-cinder-834822-7-iscsi neutron-server[103924]: DEBUG neutron.api.rpc.handlers.resources_rpc [None req-51300555-1eea-45a0-bc99-91afb0d84ffc None None] Pushing event updated for resources: {'Port': ['ID=47884efd-6341-439f-8e11-76bf83432aa4,revision_number=4']} {{(pid=103924) push /opt/stack/neutron/neutron/api/rpc/handlers/resources_rpc.py:237}}
Jul 29 06:27:00.509217 dv-cinder-834822-7-iscsi neutron-server[103923]: DEBUG neutron_lib.callbacks.manager [None req-6a9e2f3a-3b47-4da1-a46c-c4254b624dfe admin admin] Publish callbacks [] for security_group (39272ec2-aea0-45e2-ad07-a12fa686cea8), precommit_create {{(pid=103923) _notify_loop /usr/local/lib/python3.8/dist-packages/neutron_lib/callbacks/manager.py:176}}
Jul 29 06:27:00.541648 dv-cinder-834822-7-iscsi neutron-server[103923]: DEBUG neutron_lib.callbacks.manager [None req-6a9e2f3a-3b47-4da1-a46c-c4254b624dfe admin admin] Publish callbacks ['neutron.plugins.ml2.ovo_rpc._ObjectChangeHandler.handle_event-329627'] for security_group (39272ec2-aea0-45e2-ad07-a12fa686cea8), after_create {{(pid=103923) _notify_loop /usr/local/lib/python3.8/dist-packages/neutron_lib/callbacks/manager.py:176}}
Jul 29 06:27:00.609923 dv-cinder-834822-7-iscsi neutron-server[103923]: INFO neutron.wsgi [None req-6a9e2f3a-3b47-4da1-a46c-c4254b624dfe admin admin] 10.222.0.33 "GET /v2.0/security-groups?tenant_id=fa964fe7a11141eb80f51ebefc31e9ad&name=default HTTP/1.1" status: 200 len: 2996 time: 1.0675225
Jul 29 06:27:00.610906 dv-cinder-834822-7-iscsi neutron-server[103923]: DEBUG neutron.api.rpc.handlers.resources_rpc [None req-6a9e2f3a-3b47-4da1-a46c-c4254b624dfe admin admin] Pushing event updated for resources: {'SecurityGroup': ['ID=39272ec2-aea0-45e2-ad07-a12fa686cea8,revision_number=1']} {{(pid=103923) push /opt/stack/neutron/neutron/api/rpc/handlers/resources_rpc.py:237}}
Jul 29 06:27:00.615685 dv-cinder-834822-7-iscsi neutron-server[103923]: DEBUG neutron.wsgi [-] (103923) accepted ('10.222.0.33', 51584) {{(pid=103923) server /usr/local/lib/python3.8/dist-packages/eventlet/wsgi.py:1004}}
Jul 29 06:27:00.663809 dv-cinder-834822-7-iscsi neutron-server[103923]: DEBUG dbcounter [-] [103923] Writing DB stats neutron:SELECT=93,neutron:DELETE=4,neutron:INSERT=3 {{(pid=103923) stat_writer /usr/local/lib/python3.8/dist-packages/dbcounter.py:114}}
Jul 29 06:27:00.710980 dv-cinder-834822-7-iscsi neutron-server[103922]: DEBUG neutron.notifiers.nova [-] Sending events: [{'name': 'network-changed', 'server_uuid': '88c6e8a2-cbf5-4bb7-b67c-4c8f2e3c1b65', 'tag': 'c4cfd182-fc76-4e2f-8b38-5663e698a6ba'}] {{(pid=103922) send_events /opt/stack/neutron/neutron/notifiers/nova.py:271}}
Jul 29 06:27:00.719384 dv-cinder-834822-7-iscsi neutron-server[103922]: DEBUG novaclient.v2.client [-] REQ: curl -g -i --cacert "/opt/stack/data/ca-bundle.pem" -X POST http://10.222.0.33/compute/v2.1/os-server-external-events -H "Accept: application/json" -H "Content-Type: application/json" -H "User-Agent: python-novaclient" -H "X-Auth-Token: {SHA256}b6de3bf801224d171abc95f4d6b021ef9e624781ae934bdbe98623472d815548" -H "X-OpenStack-Nova-API-Version: 2.1" -H "X-OpenStack-Request-ID: req-8012dbcb-e4c5-460b-a240-36051780663d" -d '{"events": [{"name": "network-changed", "server_uuid": "88c6e8a2-cbf5-4bb7-b67c-4c8f2e3c1b65", "tag": "c4cfd182-fc76-4e2f-8b38-5663e698a6ba"}]}' {{(pid=103922) _http_log_request /usr/local/lib/python3.8/dist-packages/keystoneauth1/session.py:519}}
Jul 29 06:27:00.748198 dv-cinder-834822-7-iscsi neutron-server[103923]: DEBUG neutron_lib.callbacks.manager [None req-7e2ef577-fe03-4c44-9c67-97e8e035fca0 admin admin] Publish callbacks [] for security_group (39272ec2-aea0-45e2-ad07-a12fa686cea8), before_delete {{(pid=103923) _notify_loop /usr/local/lib/python3.8/dist-packages/neutron_lib/callbacks/manager.py:176}}
Jul 29 06:27:00.779677 dv-cinder-834822-7-iscsi neutron-server[103923]: DEBUG neutron_lib.callbacks.manager [None req-7e2ef577-fe03-4c44-9c67-97e8e035fca0 admin admin] Publish callbacks [] for security_group (39272ec2-aea0-45e2-ad07-a12fa686cea8), precommit_delete {{(pid=103923) _notify_loop /usr/local/lib/python3.8/dist-packages/neutron_lib/callbacks/manager.py:176}}
Jul 29 06:27:00.857744 dv-cinder-834822-7-iscsi neutron-server[103923]: DEBUG neutron_lib.callbacks.manager [None req-7e2ef577-fe03-4c44-9c67-97e8e035fca0 admin admin] Publish callbacks ['neutron.plugins.ml2.ovo_rpc._ObjectChangeHandler.handle_event-329627'] for security_group (39272ec2-aea0-45e2-ad07-a12fa686cea8), after_delete {{(pid=103923) _notify_loop /usr/local/lib/python3.8/dist-packages/neutron_lib/callbacks/manager.py:176}}
Jul 29 06:27:00.862239 dv-cinder-834822-7-iscsi neutron-server[103923]: DEBUG neutron_lib.callbacks.manager [None req-7e2ef577-fe03-4c44-9c67-97e8e035fca0 admin admin] Publish callbacks [] for security_group (None), before_response {{(pid=103923) _notify_loop /usr/local/lib/python3.8/dist-packages/neutron_lib/callbacks/manager.py:176}}
Jul 29 06:27:00.863607 dv-cinder-834822-7-iscsi neutron-server[103923]: INFO neutron.wsgi [None req-7e2ef577-fe03-4c44-9c67-97e8e035fca0 admin admin] 10.222.0.33 "DELETE /v2.0/security-groups/39272ec2-aea0-45e2-ad07-a12fa686cea8 HTTP/1.1" status: 204 len: 168 time: 0.2466836
Jul 29 06:27:00.868431 dv-cinder-834822-7-iscsi neutron-server[103923]: DEBUG dbcounter [-] [103923] Writing DB stats neutron:SELECT=85,neutron:DELETE=6,neutron:INSERT=8,neutron:UPDATE=1 {{(pid=103923) stat_writer /usr/local/lib/python3.8/dist-packages/dbcounter.py:114}}
Jul 29 06:27:00.904257 dv-cinder-834822-7-iscsi neutron-server[103923]: DEBUG neutron.api.rpc.handlers.resources_rpc [None req-7e2ef577-fe03-4c44-9c67-97e8e035fca0 admin admin] Pushing event deleted for resources: {'SecurityGroup': ['ID=39272ec2-aea0-45e2-ad07-a12fa686cea8,revision_number=None']} {{(pid=103923) push /opt/stack/neutron/neutron/api/rpc/handlers/resources_rpc.py:237}}
Jul 29 06:27:00.950880 dv-cinder-834822-7-iscsi neutron-server[103923]: DEBUG neutron.pecan_wsgi.hooks.policy_enforcement [req-b0fbec24-1eab-41c2-94ce-a5dadb42d91b req-0c229064-6a21-426a-989b-3c6ed06283cd tempest-DeleteServersTestJSON-815291525 tempest-DeleteServersTestJSON-815291525-project] Attributes excluded by policy engine: ['standard_attr_id', 'binding:profile', 'binding:host_id', 'binding:vif_type', 'binding:vif_details'] {{(pid=103923) _exclude_attributes_by_policy /opt/stack/neutron/neutron/pecan_wsgi/hooks/policy_enforcement.py:259}}
Jul 29 06:27:00.952992 dv-cinder-834822-7-iscsi neutron-server[103923]: INFO neutron.wsgi [req-b0fbec24-1eab-41c2-94ce-a5dadb42d91b req-0c229064-6a21-426a-989b-3c6ed06283cd tempest-DeleteServersTestJSON-815291525 tempest-DeleteServersTestJSON-815291525-project] 10.222.0.33 "GET /v2.0/ports?device_id=accf1ede-e9d8-416c-b579-97df69af233d HTTP/1.1" status: 200 len: 945 time: 0.1098607
Jul 29 06:27:01.015387 dv-cinder-834822-7-iscsi neutron-server[103923]: INFO neutron.wsgi [req-b0fbec24-1eab-41c2-94ce-a5dadb42d91b req-bb3a01d1-f04a-490f-a265-f783d06c0f01 tempest-DeleteServersTestJSON-815291525 tempest-DeleteServersTestJSON-815291525-project] 10.222.0.33 "GET /v2.0/security-groups?id=7bb396f2-fb4e-40f7-bd0a-d0b7640e50fb&fields=id&fields=name HTTP/1.1" status: 200 len: 286 time: 0.0538750
Jul 29 06:27:01.079752 dv-cinder-834822-7-iscsi neutron-server[103922]: DEBUG novaclient.v2.client [-] RESP: [200] Connection: close Content-Length: 179 Content-Type: application/json Date: Fri, 29 Jul 2022 06:27:00 GMT OpenStack-API-Version: compute 2.1 Server: Apache/2.4.41 (Ubuntu) Vary: OpenStack-API-Version,X-OpenStack-Nova-API-Version X-OpenStack-Nova-API-Version: 2.1 x-compute-request-id: req-52d38f1d-7991-4492-959f-967ec3f88a95 x-openstack-request-id: req-52d38f1d-7991-4492-959f-967ec3f88a95 {{(pid=103922) _http_log_response /usr/local/lib/python3.8/dist-packages/keystoneauth1/session.py:550}}
Jul 29 06:27:01.080110 dv-cinder-834822-7-iscsi neutron-server[103922]: DEBUG novaclient.v2.client [-] RESP BODY: {"events": [{"name": "network-changed", "server_uuid": "88c6e8a2-cbf5-4bb7-b67c-4c8f2e3c1b65", "tag": "c4cfd182-fc76-4e2f-8b38-5663e698a6ba", "status": "completed", "code": 200}]} {{(pid=103922) _http_log_response /usr/local/lib/python3.8/dist-packages/keystoneauth1/session.py:582}}
Jul 29 06:27:01.080291 dv-cinder-834822-7-iscsi neutron-server[103922]: DEBUG novaclient.v2.client [-] POST call to compute for http://10.222.0.33/compute/v2.1/os-server-external-events used request id req-52d38f1d-7991-4492-959f-967ec3f88a95 {{(pid=103922) request /usr/local/lib/python3.8/dist-packages/keystoneauth1/session.py:954}}
Jul 29 06:27:01.080667 dv-cinder-834822-7-iscsi neutron-server[103922]: INFO neutron.notifiers.nova [-] Nova event matching ['req-52d38f1d-7991-4492-959f-967ec3f88a95'] response: {'name': 'network-changed', 'server_uuid': '88c6e8a2-cbf5-4bb7-b67c-4c8f2e3c1b65', 'tag': 'c4cfd182-fc76-4e2f-8b38-5663e698a6ba', 'status': 'completed', 'code': 200}
Jul 29 06:27:01.087925 dv-cinder-834822-7-iscsi neutron-server[103922]: DEBUG neutron.pecan_wsgi.hooks.policy_enforcement [req-e93527e8-8cde-490f-86ef-73e26cd36de6 req-1a56932e-ea9b-43a6-acf0-34df104eb840 service neutron] Attributes excluded by policy engine: ['standard_attr_id'] {{(pid=103922) _exclude_attributes_by_policy /opt/stack/neutron/neutron/pecan_wsgi/hooks/policy_enforcement.py:259}}
Jul 29 06:27:01.089446 dv-cinder-834822-7-iscsi neutron-server[103922]: INFO neutron.wsgi [req-e93527e8-8cde-490f-86ef-73e26cd36de6 req-1a56932e-ea9b-43a6-acf0-34df104eb840 service neutron] 10.222.0.20 "GET /v2.0/ports?network_id=8016328e-1678-4850-8f2e-16c509f3c821&device_owner=network%3Adhcp HTTP/1.1" status: 200 len: 1212 time: 0.3575726
Jul 29 06:27:01.126207 dv-cinder-834822-7-iscsi neutron-server[103922]: INFO neutron.wsgi [req-2f318b48-d257-4881-8839-c9400f5a2d39 req-24b9c2a9-0fcb-4182-9af8-8cb1349c1d13 tempest-AttachVolumeTestJSON-604791230 tempest-AttachVolumeTestJSON-604791230-project] 10.222.0.33 "GET /v2.0/ports?device_id=c0f47fa5-72de-4c83-a201-89fb8435978e HTTP/1.1" status: 200 len: 210 time: 0.0394521
Jul 29 06:27:01.134784 dv-cinder-834822-7-iscsi neutron-server[103922]: DEBUG neutron_lib.callbacks.manager [None req-f8f7ea74-239d-4094-8bda-61884e15bff5 tempest-AttachVolumeShelveTestJSON-712951082 tempest-AttachVolumeShelveTestJSON-712951082-project] Publish callbacks [] for port (a38b5d02-71fe-46f7-a49f-9411f813b36a), precommit_update {{(pid=103922) _notify_loop /usr/local/lib/python3.8/dist-packages/neutron_lib/callbacks/manager.py:176}}
Jul 29 06:27:01.153289 dv-cinder-834822-7-iscsi neutron-server[103922]: DEBUG neutron_lib.callbacks.manager [None req-f8f7ea74-239d-4094-8bda-61884e15bff5 tempest-AttachVolumeShelveTestJSON-712951082 tempest-AttachVolumeShelveTestJSON-712951082-project] Publish callbacks ['neutron.plugins.ml2.plugin.SecurityGroupServerNotifierRpcMixin._notify_sg_on_port_change-1849358', 'neutron.plugins.ml2.ovo_rpc._ObjectChangeHandler.handle_event-952567', 'neutron.api.rpc.agentnotifiers.dhcp_rpc_agent_api.DhcpAgentNotifyAPI._native_event_send_dhcp_notification-528547', 'neutron.db.l3_db.L3RpcNotifierMixin._notify_gateway_port_ip_changed-8771101805276', 'neutron.db.l3_dvrscheduler_db._notify_l3_agent_port_update-8771101424725', 'neutron.db.l3_hascheduler_db._notify_l3_agent_ha_port_update-8771101424743'] for port (a38b5d02-71fe-46f7-a49f-9411f813b36a), after_update {{(pid=103922) _notify_loop /usr/local/lib/python3.8/dist-packages/neutron_lib/callbacks/manager.py:176}}
Jul 29 06:27:01.160238 dv-cinder-834822-7-iscsi neutron-server[103923]: DEBUG neutron.wsgi [-] (103923) accepted ('10.222.0.33', 51612) {{(pid=103923) server /usr/local/lib/python3.8/dist-packages/eventlet/wsgi.py:1004}}
Jul 29 06:27:01.201550 dv-cinder-834822-7-iscsi neutron-server[103922]: DEBUG neutron_lib.callbacks.manager [None req-f8f7ea74-239d-4094-8bda-61884e15bff5 tempest-AttachVolumeShelveTestJSON-712951082 tempest-AttachVolumeShelveTestJSON-712951082-project] Publish callbacks ['neutron.services.l3_router.l3_router_plugin.DVRResourceOperationHandler._create_dvr_floating_gw_port-689892'] for floatingip (5f26f4ec-cbb4-42cb-a160-9a56adeada7f), after_create {{(pid=103922) _notify_loop /usr/local/lib/python3.8/dist-packages/neutron_lib/callbacks/manager.py:176}}
Jul 29 06:27:01.211653 dv-cinder-834822-7-iscsi neutron-server[103922]: DEBUG neutron.api.rpc.handlers.resources_rpc [None req-f8f7ea74-239d-4094-8bda-61884e15bff5 tempest-AttachVolumeShelveTestJSON-712951082 tempest-AttachVolumeShelveTestJSON-712951082-project] Pushing event updated for resources: {'Port': ['ID=a38b5d02-71fe-46f7-a49f-9411f813b36a,revision_number=2']} {{(pid=103922) push /opt/stack/neutron/neutron/api/rpc/handlers/resources_rpc.py:237}}
Jul 29 06:27:01.225267 dv-cinder-834822-7-iscsi neutron-server[103922]: DEBUG neutron_lib.callbacks.manager [None req-f8f7ea74-239d-4094-8bda-61884e15bff5 tempest-AttachVolumeShelveTestJSON-712951082 tempest-AttachVolumeShelveTestJSON-712951082-project] Publish callbacks ['neutron.notifiers.nova.Notifier._send_nova_notification-129727'] for floatingip (None), before_response {{(pid=103922) _notify_loop /usr/local/lib/python3.8/dist-packages/neutron_lib/callbacks/manager.py:176}}
Jul 29 06:27:01.226723 dv-cinder-834822-7-iscsi neutron-server[103922]: INFO neutron.wsgi [None req-f8f7ea74-239d-4094-8bda-61884e15bff5 tempest-AttachVolumeShelveTestJSON-712951082 tempest-AttachVolumeShelveTestJSON-712951082-project] 10.222.0.33 "POST /v2.0/floatingips HTTP/1.1" status: 201 len: 693 time: 5.3002141
Jul 29 06:27:01.291267 dv-cinder-834822-7-iscsi neutron-server[103923]: DEBUG neutron.wsgi [-] (103923) accepted ('10.222.0.33', 51620) {{(pid=103923) server /usr/local/lib/python3.8/dist-packages/eventlet/wsgi.py:1004}}
Jul 29 06:27:01.305158 dv-cinder-834822-7-iscsi neutron-server[103923]: DEBUG neutron_lib.callbacks.manager [None req-f598987f-2e91-4e64-95a7-faee2fa16814 admin admin] Publish callbacks [] for security_group (None), before_create {{(pid=103923) _notify_loop /usr/local/lib/python3.8/dist-packages/neutron_lib/callbacks/manager.py:176}}
Jul 29 06:27:01.396740 dv-cinder-834822-7-iscsi neutron-server[103923]: DEBUG neutron_lib.callbacks.manager [None req-f598987f-2e91-4e64-95a7-faee2fa16814 admin admin] Publish callbacks [] for security_group (98e81b0a-902d-4054-a687-c92bf08bbbe5), precommit_create {{(pid=103923) _notify_loop /usr/local/lib/python3.8/dist-packages/neutron_lib/callbacks/manager.py:176}}
Jul 29 06:27:01.410847 dv-cinder-834822-7-iscsi neutron-server[103923]: DEBUG neutron_lib.callbacks.manager [None req-f598987f-2e91-4e64-95a7-faee2fa16814 admin admin] Publish callbacks ['neutron.plugins.ml2.ovo_rpc._ObjectChangeHandler.handle_event-329627'] for security_group (98e81b0a-902d-4054-a687-c92bf08bbbe5), after_create {{(pid=103923) _notify_loop /usr/local/lib/python3.8/dist-packages/neutron_lib/callbacks/manager.py:176}}
Jul 29 06:27:01.419834 dv-cinder-834822-7-iscsi neutron-server[103923]: DEBUG neutron_lib.callbacks.manager [None req-3374390f-af67-422a-b7f7-b023e8bdce56 admin admin] Publish callbacks [] for security_group (None), before_create {{(pid=103923) _notify_loop /usr/local/lib/python3.8/dist-packages/neutron_lib/callbacks/manager.py:176}}
Jul 29 06:27:01.497345 dv-cinder-834822-7-iscsi neutron-server[103923]: INFO neutron.wsgi [None req-f598987f-2e91-4e64-95a7-faee2fa16814 admin admin] 10.222.0.33 "GET /v2.0/security-groups?tenant_id=7eadb7f4bd0d4b5385100286701a126b&name=default HTTP/1.1" status: 200 len: 2996 time: 0.2047975
Jul 29 06:27:01.498256 dv-cinder-834822-7-iscsi neutron-server[103923]: DEBUG neutron.wsgi [-] (103923) accepted ('10.222.0.33', 51626) {{(pid=103923) server /usr/local/lib/python3.8/dist-packages/eventlet/wsgi.py:1004}}
Jul 29 06:27:01.537786 dv-cinder-834822-7-iscsi neutron-server[103923]: DEBUG neutron.api.rpc.handlers.resources_rpc [None req-f598987f-2e91-4e64-95a7-faee2fa16814 admin admin] Pushing event updated for resources: {'SecurityGroup': ['ID=98e81b0a-902d-4054-a687-c92bf08bbbe5,revision_number=1']} {{(pid=103923) push /opt/stack/neutron/neutron/api/rpc/handlers/resources_rpc.py:237}}
Jul 29 06:27:01.589145 dv-cinder-834822-7-iscsi neutron-server[103923]: DEBUG neutron.pecan_wsgi.hooks.policy_enforcement [req-e7ea74e0-f111-4291-8580-4b662f883eec req-7150e68d-2265-4763-a1f1-ef33fb826ea0 tempest-ServerRescueNegativeTestJSON-1732090118 tempest-ServerRescueNegativeTestJSON-1732090118-project] Attributes excluded by policy engine: ['standard_attr_id', 'binding:profile', 'binding:host_id', 'binding:vif_type', 'binding:vif_details'] {{(pid=103923) _exclude_attributes_by_policy /opt/stack/neutron/neutron/pecan_wsgi/hooks/policy_enforcement.py:259}}
Jul 29 06:27:01.595922 dv-cinder-834822-7-iscsi neutron-server[103923]: INFO neutron.wsgi [req-e7ea74e0-f111-4291-8580-4b662f883eec req-7150e68d-2265-4763-a1f1-ef33fb826ea0 tempest-ServerRescueNegativeTestJSON-1732090118 tempest-ServerRescueNegativeTestJSON-1732090118-project] 10.222.0.33 "GET /v2.0/ports?device_id=88c6e8a2-cbf5-4bb7-b67c-4c8f2e3c1b65 HTTP/1.1" status: 200 len: 944 time: 0.1295760
Jul 29 06:27:01.617984 dv-cinder-834822-7-iscsi neutron-server[103922]: INFO neutron.wsgi [req-537d9977-acd9-4919-b6b4-07fa301bf7c4 req-bf900802-4ef3-4132-9964-cc732fd83527 tempest-AttachVolumeShelveTestJSON-712951082 tempest-AttachVolumeShelveTestJSON-712951082-project] 10.222.0.33 "GET /v2.0/security-groups?name=tempest-securitygroup--1096159983&fields=id&tenant_id=f8d1f62a52884ebb91749ef49de11bec HTTP/1.1" status: 200 len: 267 time: 0.0482409
Jul 29 06:27:01.661217 dv-cinder-834822-7-iscsi neutron-server[103923]: DEBUG neutron_lib.callbacks.manager [None req-dd41a634-80e5-4a9f-bd34-59305762add2 admin admin] Publish callbacks [] for security_group (98e81b0a-902d-4054-a687-c92bf08bbbe5), before_delete {{(pid=103923) _notify_loop /usr/local/lib/python3.8/dist-packages/neutron_lib/callbacks/manager.py:176}}
Jul 29 06:27:01.697596 dv-cinder-834822-7-iscsi neutron-server[103923]: INFO neutron.wsgi [req-e7ea74e0-f111-4291-8580-4b662f883eec req-b1c282fa-c2d3-4517-9bfb-5b34eff8f8ca tempest-ServerRescueNegativeTestJSON-1732090118 tempest-ServerRescueNegativeTestJSON-1732090118-project] 10.222.0.33 "GET /v2.0/security-groups?id=d2f233ee-9a85-4167-ae8e-ece1aa970720&fields=id&fields=name HTTP/1.1" status: 200 len: 286 time: 0.1007371
Jul 29 06:27:01.710831 dv-cinder-834822-7-iscsi neutron-server[103923]: DEBUG neutron_lib.callbacks.manager [None req-dd41a634-80e5-4a9f-bd34-59305762add2 admin admin] Publish callbacks [] for security_group (98e81b0a-902d-4054-a687-c92bf08bbbe5), precommit_delete {{(pid=103923) _notify_loop /usr/local/lib/python3.8/dist-packages/neutron_lib/callbacks/manager.py:176}}
Jul 29 06:27:01.745466 dv-cinder-834822-7-iscsi neutron-server[103923]: DEBUG neutron_lib.callbacks.manager [None req-3374390f-af67-422a-b7f7-b023e8bdce56 admin admin] Publish callbacks [] for security_group (3a4b90c3-ded7-4886-b33a-e9b6ee9d5736), precommit_create {{(pid=103923) _notify_loop /usr/local/lib/python3.8/dist-packages/neutron_lib/callbacks/manager.py:176}}
Jul 29 06:27:01.756484 dv-cinder-834822-7-iscsi neutron-server[103923]: DEBUG neutron_lib.callbacks.manager [None req-3374390f-af67-422a-b7f7-b023e8bdce56 admin admin] Publish callbacks ['neutron.plugins.ml2.ovo_rpc._ObjectChangeHandler.handle_event-329627'] for security_group (3a4b90c3-ded7-4886-b33a-e9b6ee9d5736), after_create {{(pid=103923) _notify_loop /usr/local/lib/python3.8/dist-packages/neutron_lib/callbacks/manager.py:176}}
Jul 29 06:27:01.767371 dv-cinder-834822-7-iscsi neutron-server[103922]: DEBUG neutron.pecan_wsgi.hooks.policy_enforcement [req-537d9977-acd9-4919-b6b4-07fa301bf7c4 req-5804500f-d8bf-4174-986d-59e1b224fb30 tempest-AttachVolumeShelveTestJSON-712951082 tempest-AttachVolumeShelveTestJSON-712951082-project] Attributes excluded by policy engine: ['standard_attr_id', 'vlan_transparent', 'provider:network_type', 'provider:physical_network', 'provider:segmentation_id'] {{(pid=103922) _exclude_attributes_by_policy /opt/stack/neutron/neutron/pecan_wsgi/hooks/policy_enforcement.py:259}}
Jul 29 06:27:01.773758 dv-cinder-834822-7-iscsi neutron-server[103922]: INFO neutron.wsgi [req-537d9977-acd9-4919-b6b4-07fa301bf7c4 req-5804500f-d8bf-4174-986d-59e1b224fb30 tempest-AttachVolumeShelveTestJSON-712951082 tempest-AttachVolumeShelveTestJSON-712951082-project] 10.222.0.33 "GET /v2.0/networks?id=40674957-e65b-42f3-b74b-29bebe673dc8 HTTP/1.1" status: 200 len: 817 time: 0.1455474
Jul 29 06:27:01.786800 dv-cinder-834822-7-iscsi neutron-server[103922]: INFO neutron.wsgi [req-537d9977-acd9-4919-b6b4-07fa301bf7c4 req-4fd188e7-ed53-47d8-950d-9069a534faab tempest-AttachVolumeShelveTestJSON-712951082 tempest-AttachVolumeShelveTestJSON-712951082-project] 10.222.0.33 "GET /v2.0/quotas/f8d1f62a52884ebb91749ef49de11bec HTTP/1.1" status: 200 len: 375 time: 0.0115702
Jul 29 06:27:01.806211 dv-cinder-834822-7-iscsi neutron-server[103923]: INFO neutron.wsgi [None req-3374390f-af67-422a-b7f7-b023e8bdce56 admin admin] 10.222.0.33 "GET /v2.0/security-groups?tenant_id=f1ddb2a4588d4f0c9d46e89f9f8fa2ab&name=default HTTP/1.1" status: 200 len: 2996 time: 0.6447527
Jul 29 06:27:01.809005 dv-cinder-834822-7-iscsi neutron-server[103922]: DEBUG neutron.wsgi [-] (103922) accepted ('10.222.0.33', 51646) {{(pid=103922) server /usr/local/lib/python3.8/dist-packages/eventlet/wsgi.py:1004}}
Jul 29 06:27:01.810858 dv-cinder-834822-7-iscsi neutron-server[103923]: DEBUG neutron.api.rpc.handlers.resources_rpc [None req-3374390f-af67-422a-b7f7-b023e8bdce56 admin admin] Pushing event updated for resources: {'SecurityGroup': ['ID=3a4b90c3-ded7-4886-b33a-e9b6ee9d5736,revision_number=1']} {{(pid=103923) push /opt/stack/neutron/neutron/api/rpc/handlers/resources_rpc.py:237}}
Jul 29 06:27:01.825831 dv-cinder-834822-7-iscsi neutron-server[103923]: DEBUG neutron_lib.callbacks.manager [None req-dd41a634-80e5-4a9f-bd34-59305762add2 admin admin] Publish callbacks ['neutron.plugins.ml2.ovo_rpc._ObjectChangeHandler.handle_event-329627'] for security_group (98e81b0a-902d-4054-a687-c92bf08bbbe5), after_delete {{(pid=103923) _notify_loop /usr/local/lib/python3.8/dist-packages/neutron_lib/callbacks/manager.py:176}}
Jul 29 06:27:01.827194 dv-cinder-834822-7-iscsi neutron-server[103923]: DEBUG neutron_lib.callbacks.manager [None req-dd41a634-80e5-4a9f-bd34-59305762add2 admin admin] Publish callbacks [] for security_group (None), before_response {{(pid=103923) _notify_loop /usr/local/lib/python3.8/dist-packages/neutron_lib/callbacks/manager.py:176}}
Jul 29 06:27:01.831736 dv-cinder-834822-7-iscsi neutron-server[103923]: INFO neutron.wsgi [None req-dd41a634-80e5-4a9f-bd34-59305762add2 admin admin] 10.222.0.33 "DELETE /v2.0/security-groups/98e81b0a-902d-4054-a687-c92bf08bbbe5 HTTP/1.1" status: 204 len: 168 time: 0.2952538
Jul 29 06:27:01.840275 dv-cinder-834822-7-iscsi neutron-server[103923]: DEBUG neutron.api.rpc.handlers.resources_rpc [None req-dd41a634-80e5-4a9f-bd34-59305762add2 admin admin] Pushing event deleted for resources: {'SecurityGroup': ['ID=98e81b0a-902d-4054-a687-c92bf08bbbe5,revision_number=None']} {{(pid=103923) push /opt/stack/neutron/neutron/api/rpc/handlers/resources_rpc.py:237}}
Jul 29 06:27:01.877128 dv-cinder-834822-7-iscsi neutron-server[103922]: INFO neutron.wsgi [req-537d9977-acd9-4919-b6b4-07fa301bf7c4 req-484d16b0-4ca2-4be3-920b-c26327f3753b tempest-AttachVolumeShelveTestJSON-712951082 tempest-AttachVolumeShelveTestJSON-712951082-project] 10.222.0.33 "GET /v2.0/ports?tenant_id=f8d1f62a52884ebb91749ef49de11bec&fields=id HTTP/1.1" status: 200 len: 302 time: 0.0835257
Jul 29 06:27:01.959726 dv-cinder-834822-7-iscsi neutron-server[103922]: DEBUG neutron_lib.callbacks.manager [None req-5528c020-473e-4eef-a7ac-5ceffe0ba0cb admin admin] Publish callbacks [] for security_group (3a4b90c3-ded7-4886-b33a-e9b6ee9d5736), before_delete {{(pid=103922) _notify_loop /usr/local/lib/python3.8/dist-packages/neutron_lib/callbacks/manager.py:176}}
Jul 29 06:27:01.998164 dv-cinder-834822-7-iscsi neutron-server[103922]: DEBUG neutron_lib.callbacks.manager [None req-5528c020-473e-4eef-a7ac-5ceffe0ba0cb admin admin] Publish callbacks [] for security_group (3a4b90c3-ded7-4886-b33a-e9b6ee9d5736), precommit_delete {{(pid=103922) _notify_loop /usr/local/lib/python3.8/dist-packages/neutron_lib/callbacks/manager.py:176}}
Jul 29 06:27:02.006081 dv-cinder-834822-7-iscsi neutron-server[103922]: DEBUG dbcounter [-] [103922] Writing DB stats neutron:SELECT=97,neutron:UPDATE=2,neutron:DELETE=1 {{(pid=103922) stat_writer /usr/local/lib/python3.8/dist-packages/dbcounter.py:114}}
Jul 29 06:27:02.037512 dv-cinder-834822-7-iscsi neutron-server[103922]: INFO neutron.wsgi [req-537d9977-acd9-4919-b6b4-07fa301bf7c4 req-f45b9ade-037c-447c-935a-159c159c090e service neutron] 10.222.0.33 "GET /v2.0/networks/40674957-e65b-42f3-b74b-29bebe673dc8?fields=segments HTTP/1.1" status: 200 len: 212 time: 0.1496677
Jul 29 06:27:02.134045 dv-cinder-834822-7-iscsi neutron-server[103922]: DEBUG neutron_lib.callbacks.manager [None req-5528c020-473e-4eef-a7ac-5ceffe0ba0cb admin admin] Publish callbacks ['neutron.plugins.ml2.ovo_rpc._ObjectChangeHandler.handle_event-329627'] for security_group (3a4b90c3-ded7-4886-b33a-e9b6ee9d5736), after_delete {{(pid=103922) _notify_loop /usr/local/lib/python3.8/dist-packages/neutron_lib/callbacks/manager.py:176}}
Jul 29 06:27:02.138149 dv-cinder-834822-7-iscsi neutron-server[103922]: DEBUG neutron_lib.callbacks.manager [None req-5528c020-473e-4eef-a7ac-5ceffe0ba0cb admin admin] Publish callbacks [] for security_group (None), before_response {{(pid=103922) _notify_loop /usr/local/lib/python3.8/dist-packages/neutron_lib/callbacks/manager.py:176}}
Jul 29 06:27:02.139422 dv-cinder-834822-7-iscsi neutron-server[103922]: INFO neutron.wsgi [None req-5528c020-473e-4eef-a7ac-5ceffe0ba0cb admin admin] 10.222.0.33 "DELETE /v2.0/security-groups/3a4b90c3-ded7-4886-b33a-e9b6ee9d5736 HTTP/1.1" status: 204 len: 168 time: 0.3285081
Jul 29 06:27:02.154425 dv-cinder-834822-7-iscsi neutron-server[103922]: DEBUG neutron.api.rpc.handlers.resources_rpc [None req-5528c020-473e-4eef-a7ac-5ceffe0ba0cb admin admin] Pushing event deleted for resources: {'SecurityGroup': ['ID=3a4b90c3-ded7-4886-b33a-e9b6ee9d5736,revision_number=None']} {{(pid=103922) push /opt/stack/neutron/neutron/api/rpc/handlers/resources_rpc.py:237}}
Jul 29 06:27:02.154686 dv-cinder-834822-7-iscsi neutron-server[103925]: DEBUG dbcounter [-] [103925] Writing DB stats neutron:SELECT=81,neutron:UPDATE=2 {{(pid=103925) stat_writer /usr/local/lib/python3.8/dist-packages/dbcounter.py:114}}
Jul 29 06:27:02.172865 dv-cinder-834822-7-iscsi neutron-server[103925]: DEBUG dbcounter [-] [103925] Writing DB stats neutron:SELECT=59,neutron:UPDATE=2,neutron:INSERT=1 {{(pid=103925) stat_writer /usr/local/lib/python3.8/dist-packages/dbcounter.py:114}}
Jul 29 06:27:02.180248 dv-cinder-834822-7-iscsi neutron-server[103923]: DEBUG neutron.pecan_wsgi.hooks.policy_enforcement [req-a8d89b39-74cc-45d3-b4b9-c20ef07645fd req-6210b48c-2948-40bf-b22a-46c05c348a80 tempest-DeleteServersTestJSON-815291525 tempest-DeleteServersTestJSON-815291525-project] Attributes excluded by policy engine: ['standard_attr_id', 'binding:profile', 'binding:host_id', 'binding:vif_type', 'binding:vif_details'] {{(pid=103923) _exclude_attributes_by_policy /opt/stack/neutron/neutron/pecan_wsgi/hooks/policy_enforcement.py:259}}
Jul 29 06:27:02.181959 dv-cinder-834822-7-iscsi neutron-server[103923]: INFO neutron.wsgi [req-a8d89b39-74cc-45d3-b4b9-c20ef07645fd req-6210b48c-2948-40bf-b22a-46c05c348a80 tempest-DeleteServersTestJSON-815291525 tempest-DeleteServersTestJSON-815291525-project] 10.222.0.33 "GET /v2.0/ports?device_id=accf1ede-e9d8-416c-b579-97df69af233d HTTP/1.1" status: 200 len: 945 time: 0.0757408
Jul 29 06:27:02.204451 dv-cinder-834822-7-iscsi neutron-server[103922]: INFO neutron.wsgi [req-537d9977-acd9-4919-b6b4-07fa301bf7c4 req-30f80d86-cadc-4d92-aca1-2888dd7f44a0 service neutron] 10.222.0.33 "GET /v2.0/networks/40674957-e65b-42f3-b74b-29bebe673dc8?fields=provider%3Aphysical_network&fields=provider%3Anetwork_type HTTP/1.1" status: 200 len: 281 time: 0.1569240
Jul 29 06:27:02.265133 dv-cinder-834822-7-iscsi neutron-server[103923]: INFO neutron.wsgi [req-a8d89b39-74cc-45d3-b4b9-c20ef07645fd req-73f6ed3d-754d-45fe-a9f3-92d6406356a5 tempest-DeleteServersTestJSON-815291525 tempest-DeleteServersTestJSON-815291525-project] 10.222.0.33 "GET /v2.0/security-groups?id=7bb396f2-fb4e-40f7-bd0a-d0b7640e50fb&fields=id&fields=name HTTP/1.1" status: 200 len: 286 time: 0.0673275
