Jun 24 06:51:27.263621 dv-cinder-834822-5-smb devstack@keystone.service[80211]: ERROR keystone.server.flask.application
File "/usr/local/lib/python3.8/dist-packages/flask/app.py", line 1509, in dispatch_request
Jun 24 06:51:27.263621 dv-cinder-834822-5-smb devstack@keystone.service[80211]: ERROR keystone.server.flask.application return self.ensure_sync(self.view_functions[rule.endpoint])(**req.view_args)
Jun 24 06:51:27.263621 dv-cinder-834822-5-smb devstack@keystone.service[80211]: ERROR keystone.server.flask.application
File "/usr/local/lib/python3.8/dist-packages/flask_restful/__init__.py", line 467, in wrapper
Jun 24 06:51:27.263621 dv-cinder-834822-5-smb devstack@keystone.service[80211]: ERROR keystone.server.flask.application resp = resource(*args, **kwargs)
Jun 24 06:51:27.263621 dv-cinder-834822-5-smb devstack@keystone.service[80211]: ERROR keystone.server.flask.application
File "/usr/local/lib/python3.8/dist-packages/flask/views.py", line 84, in view
Jun 24 06:51:27.263621 dv-cinder-834822-5-smb devstack@keystone.service[80211]: ERROR keystone.server.flask.application return current_app.ensure_sync(self.dispatch_request)(*args, **kwargs)
Jun 24 06:51:27.263621 dv-cinder-834822-5-smb devstack@keystone.service[80211]: ERROR keystone.server.flask.application
File "/usr/local/lib/python3.8/dist-packages/flask_restful/__init__.py", line 582, in dispatch_request
Jun 24 06:51:27.263621 dv-cinder-834822-5-smb devstack@keystone.service[80211]: ERROR keystone.server.flask.application resp = meth(*args, **kwargs)
Jun 24 06:51:27.263621 dv-cinder-834822-5-smb devstack@keystone.service[80211]: ERROR keystone.server.flask.application
File "/opt/stack/keystone/keystone/api/roles.py", line 50, in get
Jun 24 06:51:27.263621 dv-cinder-834822-5-smb devstack@keystone.service[80211]: ERROR keystone.server.flask.application return self._get_role(role_id)
Jun 24 06:51:27.263621 dv-cinder-834822-5-smb devstack@keystone.service[80211]: ERROR keystone.server.flask.application
File "/opt/stack/keystone/keystone/api/roles.py", line 70, in _get_role
Jun 24 06:51:27.263621 dv-cinder-834822-5-smb devstack@keystone.service[80211]: ERROR keystone.server.flask.application ENFORCER.enforce_call(action='identity:get_role')
Jun 24 06:51:27.264435 dv-cinder-834822-5-smb devstack@keystone.service[80211]: ERROR keystone.server.flask.application
File "/opt/stack/keystone/keystone/common/rbac_enforcer/enforcer.py", line 402, in enforce_call
Jun 24 06:51:27.264435 dv-cinder-834822-5-smb devstack@keystone.service[80211]: ERROR keystone.server.flask.application policy_dict.update(cls._extract_member_target_data(
Jun 24 06:51:27.264435 dv-cinder-834822-5-smb devstack@keystone.service[80211]: ERROR keystone.server.flask.application
File "/opt/stack/keystone/keystone/common/rbac_enforcer/enforcer.py", line 234, in _extract_member_target_data
Jun 24 06:51:27.264435 dv-cinder-834822-5-smb devstack@keystone.service[80211]: ERROR keystone.server.flask.application member_name: func(flask.request.view_args[key])
Jun 24 06:51:27.264435 dv-cinder-834822-5-smb devstack@keystone.service[80211]: ERROR keystone.server.flask.application
File "/opt/stack/keystone/keystone/common/manager.py", line 115, in wrapped
Jun 24 06:51:27.264435 dv-cinder-834822-5-smb devstack@keystone.service[80211]: ERROR keystone.server.flask.application __ret_val = __f(*args, **kwargs)
Jun 24 06:51:27.264435 dv-cinder-834822-5-smb devstack@keystone.service[80211]: ERROR keystone.server.flask.application
File "/usr/local/lib/python3.8/dist-packages/decorator.py", line 232, in fun
Jun 24 06:51:27.264435 dv-cinder-834822-5-smb devstack@keystone.service[80211]: ERROR keystone.server.flask.application return caller(func, *(extras + args), **kw)
Jun 24 06:51:27.264435 dv-cinder-834822-5-smb devstack@keystone.service[80211]: ERROR keystone.server.flask.application
File "/usr/local/lib/python3.8/dist-packages/dogpile/cache/region.py", line 1577, in get_or_create_for_user_func
Jun 24 06:51:27.264435 dv-cinder-834822-5-smb devstack@keystone.service[80211]: ERROR keystone.server.flask.application return self.get_or_create(
Jun 24 06:51:27.264435 dv-cinder-834822-5-smb devstack@keystone.service[80211]: ERROR keystone.server.flask.application
File "/usr/local/lib/python3.8/dist-packages/dogpile/cache/region.py", line 1042, in get_or_create
Jun 24 06:51:27.264435 dv-cinder-834822-5-smb devstack@keystone.service[80211]: ERROR keystone.server.flask.application with Lock(
Jun 24 06:51:27.264435 dv-cinder-834822-5-smb devstack@keystone.service[80211]: ERROR keystone.server.flask.application
File "/usr/local/lib/python3.8/dist-packages/dogpile/lock.py", line 185, in __enter__
Jun 24 06:51:27.264435 dv-cinder-834822-5-smb devstack@keystone.service[80211]: ERROR keystone.server.flask.application return self._enter()
Jun 24 06:51:27.264435 dv-cinder-834822-5-smb devstack@keystone.service[80211]: ERROR keystone.server.flask.application
File "/usr/local/lib/python3.8/dist-packages/dogpile/lock.py", line 94, in _enter
Jun 24 06:51:27.264435 dv-cinder-834822-5-smb devstack@keystone.service[80211]: ERROR keystone.server.flask.application generated = self._enter_create(value, createdtime)
Jun 24 06:51:27.265188 dv-cinder-834822-5-smb devstack@keystone.service[80211]: ERROR keystone.server.flask.application
File "/usr/local/lib/python3.8/dist-packages/dogpile/lock.py", line 178, in _enter_create
Jun 24 06:51:27.265188 dv-cinder-834822-5-smb devstack@keystone.service[80211]: ERROR keystone.server.flask.application return self.creator()
Jun 24 06:51:27.265188 dv-cinder-834822-5-smb devstack@keystone.service[80211]: ERROR keystone.server.flask.application
File "/usr/local/lib/python3.8/dist-packages/dogpile/cache/region.py", line 995, in gen_value
Jun 24 06:51:27.265188 dv-cinder-834822-5-smb devstack@keystone.service[80211]: ERROR keystone.server.flask.application created_value = creator(
Jun 24 06:51:27.265188 dv-cinder-834822-5-smb devstack@keystone.service[80211]: ERROR keystone.server.flask.application
File "/opt/stack/keystone/keystone/assignment/core.py", line 1276, in get_role
Jun 24 06:51:27.265188 dv-cinder-834822-5-smb devstack@keystone.service[80211]: ERROR keystone.server.flask.application return self.driver.get_role(role_id)
Jun 24 06:51:27.265188 dv-cinder-834822-5-smb devstack@keystone.service[80211]: ERROR keystone.server.flask.application
File "/opt/stack/keystone/keystone/assignment/role_backends/sql.py", line 70, in get_role
Jun 24 06:51:27.265188 dv-cinder-834822-5-smb devstack@keystone.service[80211]: ERROR keystone.server.flask.application return self._get_role(session, role_id).to_dict()
Jun 24 06:51:27.265188 dv-cinder-834822-5-smb devstack@keystone.service[80211]: ERROR keystone.server.flask.application
File "/opt/stack/keystone/keystone/assignment/role_backends/sql.py", line 65, in _get_role
Jun 24 06:51:27.265188 dv-cinder-834822-5-smb devstack@keystone.service[80211]: ERROR keystone.server.flask.application raise exception.RoleNotFound(role_id=role_id)
Jun 24 06:51:27.265188 dv-cinder-834822-5-smb devstack@keystone.service[80211]: ERROR keystone.server.flask.application keystone.exception.RoleNotFound: Could not find role: anotherrole.
Jun 24 06:51:27.265188 dv-cinder-834822-5-smb devstack@keystone.service[80211]: ERROR keystone.server.flask.application
Jun 24 06:51:27.265750 dv-cinder-834822-5-smb devstack@keystone.service[80210]: DEBUG keystone.server.flask.request_processing.middleware.auth_context [None req-11e7151d-6ac9-43a6-9e37-39b8f6944456 None admin] Validating token access rules against request {{(pid=80210) validate_allowed_request /usr/local/lib/python3.8/dist-packages/keystonemiddleware/auth_token/__init__.py:545}}
Jun 24 06:51:27.267648 dv-cinder-834822-5-smb devstack@keystone.service[80211]: [pid: 80211|app: 0|req: 56/118] 10.222.0.16 () {56 vars in 1114 bytes} [Fri Jun 24 06:51:27 2022] GET /identity/v3/roles/anotherrole => generated 89 bytes in 245 msecs (HTTP/1.1 404) 5 headers in 183 bytes (1 switches on core 0)
Jun 24 06:51:27.268709 dv-cinder-834822-5-smb devstack@keystone.service[80211]: DEBUG keystone.server.flask.request_processing.middleware.auth_context [None req-3d91a7f9-ce15-4171-afe7-db520883c190 None admin] Authenticating user token {{(pid=80211) process_request /usr/local/lib/python3.8/dist-packages/keystonemiddleware/auth_token/__init__.py:407}}
Jun 24 06:51:27.303985 dv-cinder-834822-5-smb devstack@keystone.service[80210]: DEBUG keystone.server.flask.request_processing.middleware.auth_context [None req-ac1d4bdd-db06-4f8e-8c3f-34f1d605ceff None admin] RBAC: auth_context: {'token': , 'domain_id': None, 'trust_id': None, 'trustor_id': None, 'trustee_id': None, 'domain_name': None, 'group_ids': [], 'user_id': '75228fd69640433490fcdc9dfe95b37d', 'user_domain_id': 'default', 'system_scope': 'all', 'project_id': None, 'project_domain_id': None, 'roles': ['admin', 'member', 'reader'], 'is_admin_project': True, 'service_user_id': None, 'service_user_domain_id': None, 'service_project_id': None, 'service_project_domain_id': None, 'service_roles': []} {{(pid=80210) fill_context /opt/stack/keystone/keystone/server/flask/request_processing/middleware/auth_context.py:478}}
Jun 24 06:51:27.304848 dv-cinder-834822-5-smb devstack@keystone.service[80210]: DEBUG keystone.server.flask.request_processing.req_logging [None req-ac1d4bdd-db06-4f8e-8c3f-34f1d605ceff None admin] REQUEST_METHOD: `GET` {{(pid=80210) log_request_info /opt/stack/keystone/keystone/server/flask/request_processing/req_logging.py:27}}
Jun 24 06:51:27.305144 dv-cinder-834822-5-smb devstack@keystone.service[80210]: DEBUG keystone.server.flask.request_processing.req_logging [None req-ac1d4bdd-db06-4f8e-8c3f-34f1d605ceff None admin] SCRIPT_NAME: `/identity` {{(pid=80210) log_request_info /opt/stack/keystone/keystone/server/flask/request_processing/req_logging.py:28}}
Jun 24 06:51:27.305431 dv-cinder-834822-5-smb devstack@keystone.service[80210]: DEBUG keystone.server.flask.request_processing.req_logging [None req-ac1d4bdd-db06-4f8e-8c3f-34f1d605ceff None admin] PATH_INFO: `/v3/roles` {{(pid=80210) log_request_info /opt/stack/keystone/keystone/server/flask/request_processing/req_logging.py:29}}
Jun 24 06:51:27.306206 dv-cinder-834822-5-smb devstack@keystone.service[80210]: DEBUG keystone.common.rbac_enforcer.enforcer [None req-ac1d4bdd-db06-4f8e-8c3f-34f1d605ceff None admin] RBAC: Adding query filter params (name=admin) {{(pid=80210) _extract_filter_values /opt/stack/keystone/keystone/common/rbac_enforcer/enforcer.py:167}}
Jun 24 06:51:27.306552 dv-cinder-834822-5-smb devstack@keystone.service[80210]: DEBUG keystone.common.rbac_enforcer.enforcer [None req-ac1d4bdd-db06-4f8e-8c3f-34f1d605ceff None admin] RBAC: Authorizing `identity:list_roles()` {{(pid=80210) enforce_call /opt/stack/keystone/keystone/common/rbac_enforcer/enforcer.py:449}}
Jun 24 06:51:27.307966 dv-cinder-834822-5-smb devstack@keystone.service[80210]: DEBUG keystone.common.rbac_enforcer.enforcer [None req-ac1d4bdd-db06-4f8e-8c3f-34f1d605ceff None admin] RBAC: Authorization granted {{(pid=80210) enforce_call /opt/stack/keystone/keystone/common/rbac_enforcer/enforcer.py:457}}
Jun 24 06:51:27.316997 dv-cinder-834822-5-smb devstack@keystone.service[80210]: [pid: 80210|app: 0|req: 63/119] 10.222.0.16 () {56 vars in 1099 bytes} [Fri Jun 24 06:51:27 2022] GET /identity/v3/roles?name=admin => generated 339 bytes in 180 msecs (HTTP/1.1 200) 5 headers in 177 bytes (1 switches on core 0)
Jun 24 06:51:27.318506 dv-cinder-834822-5-smb devstack@keystone.service[80210]: DEBUG keystone.server.flask.request_processing.req_logging [None req-bec3a8b3-7748-468e-b8cc-0b6ca1bb65a0 None None] REQUEST_METHOD: `GET` {{(pid=80210) log_request_info /opt/stack/keystone/keystone/server/flask/request_processing/req_logging.py:27}}
Jun 24 06:51:27.318739 dv-cinder-834822-5-smb devstack@keystone.service[80210]: DEBUG keystone.server.flask.request_processing.req_logging [None req-bec3a8b3-7748-468e-b8cc-0b6ca1bb65a0 None None] SCRIPT_NAME: `/identity` {{(pid=80210) log_request_info /opt/stack/keystone/keystone/server/flask/request_processing/req_logging.py:28}}
Jun 24 06:51:27.319023 dv-cinder-834822-5-smb devstack@keystone.service[80210]: DEBUG keystone.server.flask.request_processing.req_logging [None req-bec3a8b3-7748-468e-b8cc-0b6ca1bb65a0 None None] PATH_INFO: `/` {{(pid=80210) log_request_info /opt/stack/keystone/keystone/server/flask/request_processing/req_logging.py:29}}
Jun 24 06:51:27.320312 dv-cinder-834822-5-smb devstack@keystone.service[80210]: [pid: 80210|app: 0|req: 64/120] 10.222.0.16 () {54 vars in 926 bytes} [Fri Jun 24 06:51:27 2022] GET /identity => generated 270 bytes in 3 msecs (HTTP/1.1 300) 6 headers in 234 bytes (1 switches on core 0)
Jun 24 06:51:27.321017 dv-cinder-834822-5-smb devstack@keystone.service[80210]: DEBUG keystone.server.flask.request_processing.middleware.auth_context [None req-bec3a8b3-7748-468e-b8cc-0b6ca1bb65a0 None None] Authenticating user token {{(pid=80210) process_request /usr/local/lib/python3.8/dist-packages/keystonemiddleware/auth_token/__init__.py:407}}
Jun 24 06:51:27.381498 dv-cinder-834822-5-smb devstack@keystone.service[80211]: DEBUG keystone.server.flask.request_processing.middleware.auth_context [None req-3d91a7f9-ce15-4171-afe7-db520883c190 None admin] Validating token access rules against request {{(pid=80211) validate_allowed_request /usr/local/lib/python3.8/dist-packages/keystonemiddleware/auth_token/__init__.py:545}}
Jun 24 06:51:27.394001 dv-cinder-834822-5-smb devstack@keystone.service[80210]: DEBUG dbcounter [-] [80210] Writing DB stats keystone:SELECT=100 {{(pid=80210) stat_writer /usr/local/lib/python3.8/dist-packages/dbcounter.py:114}}
Jun 24 06:51:27.422438 dv-cinder-834822-5-smb devstack@keystone.service[80211]: DEBUG keystone.server.flask.request_processing.middleware.auth_context [None req-515deaae-563a-4380-bce8-bd6a09f95f02 None admin] RBAC: auth_context: {'token': , 'domain_id': None, 'trust_id': None, 'trustor_id': None, 'trustee_id': None, 'domain_name': None, 'group_ids': [], 'user_id': '75228fd69640433490fcdc9dfe95b37d', 'user_domain_id': 'default', 'system_scope': 'all', 'project_id': None, 'project_domain_id': None, 'roles': ['admin', 'member', 'reader'], 'is_admin_project': True, 'service_user_id': None, 'service_user_domain_id': None, 'service_project_id': None, 'service_project_domain_id': None, 'service_roles': []} {{(pid=80211) fill_context /opt/stack/keystone/keystone/server/flask/request_processing/middleware/auth_context.py:478}}
Jun 24 06:51:27.423517 dv-cinder-834822-5-smb devstack@keystone.service[80211]: DEBUG keystone.server.flask.request_processing.req_logging [None req-515deaae-563a-4380-bce8-bd6a09f95f02 None admin] REQUEST_METHOD: `GET` {{(pid=80211) log_request_info /opt/stack/keystone/keystone/server/flask/request_processing/req_logging.py:27}}
Jun 24 06:51:27.423990 dv-cinder-834822-5-smb devstack@keystone.service[80211]: DEBUG keystone.server.flask.request_processing.req_logging [None req-515deaae-563a-4380-bce8-bd6a09f95f02 None admin] SCRIPT_NAME: `/identity` {{(pid=80211) log_request_info /opt/stack/keystone/keystone/server/flask/request_processing/req_logging.py:28}}
Jun 24 06:51:27.424452 dv-cinder-834822-5-smb devstack@keystone.service[80211]: DEBUG keystone.server.flask.request_processing.req_logging [None req-515deaae-563a-4380-bce8-bd6a09f95f02 None admin] PATH_INFO: `/v3/roles` {{(pid=80211) log_request_info /opt/stack/keystone/keystone/server/flask/request_processing/req_logging.py:29}}
Jun 24 06:51:27.425387 dv-cinder-834822-5-smb devstack@keystone.service[80211]: DEBUG keystone.common.rbac_enforcer.enforcer [None req-515deaae-563a-4380-bce8-bd6a09f95f02 None admin] RBAC: Adding query filter params (name=member) {{(pid=80211) _extract_filter_values /opt/stack/keystone/keystone/common/rbac_enforcer/enforcer.py:167}}
Jun 24 06:51:27.426020 dv-cinder-834822-5-smb devstack@keystone.service[80211]: DEBUG keystone.common.rbac_enforcer.enforcer [None req-515deaae-563a-4380-bce8-bd6a09f95f02 None admin] RBAC: Authorizing `identity:list_roles()` {{(pid=80211) enforce_call /opt/stack/keystone/keystone/common/rbac_enforcer/enforcer.py:449}}
Jun 24 06:51:27.426571 dv-cinder-834822-5-smb devstack@keystone.service[80210]: DEBUG keystone.server.flask.request_processing.middleware.auth_context [None req-bec3a8b3-7748-468e-b8cc-0b6ca1bb65a0 None None] Validating token access rules against request {{(pid=80210) validate_allowed_request /usr/local/lib/python3.8/dist-packages/keystonemiddleware/auth_token/__init__.py:545}}
Jun 24 06:51:27.427949 dv-cinder-834822-5-smb devstack@keystone.service[80211]: DEBUG keystone.common.rbac_enforcer.enforcer [None req-515deaae-563a-4380-bce8-bd6a09f95f02 None admin] RBAC: Authorization granted {{(pid=80211) enforce_call /opt/stack/keystone/keystone/common/rbac_enforcer/enforcer.py:457}}
Jun 24 06:51:27.437424 dv-cinder-834822-5-smb devstack@keystone.service[80211]: [pid: 80211|app: 0|req: 57/121] 10.222.0.16 () {56 vars in 1101 bytes} [Fri Jun 24 06:51:27 2022] GET /identity/v3/roles?name=member => generated 341 bytes in 169 msecs (HTTP/1.1 200) 5 headers in 177 bytes (1 switches on core 0)
Jun 24 06:51:27.438615 dv-cinder-834822-5-smb devstack@keystone.service[80211]: DEBUG keystone.server.flask.request_processing.middleware.auth_context [None req-515deaae-563a-4380-bce8-bd6a09f95f02 None admin] Authenticating user token {{(pid=80211) process_request /usr/local/lib/python3.8/dist-packages/keystonemiddleware/auth_token/__init__.py:407}}
Jun 24 06:51:27.465991 dv-cinder-834822-5-smb devstack@keystone.service[80210]: DEBUG keystone.server.flask.request_processing.middleware.auth_context [None req-c8448a4a-cecf-4a0c-8fc4-2f0d0d1d05d5 None admin] RBAC: auth_context: {'token': , 'domain_id': None, 'trust_id': None, 'trustor_id': None, 'trustee_id': None, 'domain_name': None, 'group_ids': [], 'user_id': '75228fd69640433490fcdc9dfe95b37d', 'user_domain_id': 'default', 'system_scope': 'all', 'project_id': None, 'project_domain_id': None, 'roles': ['admin', 'member', 'reader'], 'is_admin_project': True, 'service_user_id': None, 'service_user_domain_id': None, 'service_project_id': None, 'service_project_domain_id': None, 'service_roles': []} {{(pid=80210) fill_context /opt/stack/keystone/keystone/server/flask/request_processing/middleware/auth_context.py:478}}
Jun 24 06:51:27.466629 dv-cinder-834822-5-smb devstack@keystone.service[80210]: DEBUG keystone.server.flask.request_processing.req_logging [None req-c8448a4a-cecf-4a0c-8fc4-2f0d0d1d05d5 None admin] REQUEST_METHOD: `GET` {{(pid=80210) log_request_info /opt/stack/keystone/keystone/server/flask/request_processing/req_logging.py:27}}
Jun 24 06:51:27.466902 dv-cinder-834822-5-smb devstack@keystone.service[80210]: DEBUG keystone.server.flask.request_processing.req_logging [None req-c8448a4a-cecf-4a0c-8fc4-2f0d0d1d05d5 None admin] SCRIPT_NAME: `/identity` {{(pid=80210) log_request_info /opt/stack/keystone/keystone/server/flask/request_processing/req_logging.py:28}}
Jun 24 06:51:27.467184 dv-cinder-834822-5-smb devstack@keystone.service[80210]: DEBUG keystone.server.flask.request_processing.req_logging [None req-c8448a4a-cecf-4a0c-8fc4-2f0d0d1d05d5 None admin] PATH_INFO: `/v3/roles` {{(pid=80210) log_request_info /opt/stack/keystone/keystone/server/flask/request_processing/req_logging.py:29}}
Jun 24 06:51:27.467996 dv-cinder-834822-5-smb devstack@keystone.service[80210]: DEBUG keystone.common.rbac_enforcer.enforcer [None req-c8448a4a-cecf-4a0c-8fc4-2f0d0d1d05d5 None admin] RBAC: Adding query filter params (name=anotherrole) {{(pid=80210) _extract_filter_values /opt/stack/keystone/keystone/common/rbac_enforcer/enforcer.py:167}}
Jun 24 06:51:27.468257 dv-cinder-834822-5-smb devstack@keystone.service[80210]: DEBUG keystone.common.rbac_enforcer.enforcer [None req-c8448a4a-cecf-4a0c-8fc4-2f0d0d1d05d5 None admin] RBAC: Authorizing `identity:list_roles()` {{(pid=80210) enforce_call /opt/stack/keystone/keystone/common/rbac_enforcer/enforcer.py:449}}
Jun 24 06:51:27.469676 dv-cinder-834822-5-smb devstack@keystone.service[80210]: DEBUG keystone.common.rbac_enforcer.enforcer [None req-c8448a4a-cecf-4a0c-8fc4-2f0d0d1d05d5 None admin] RBAC: Authorization granted {{(pid=80210) enforce_call /opt/stack/keystone/keystone/common/rbac_enforcer/enforcer.py:457}}
Jun 24 06:51:27.478287 dv-cinder-834822-5-smb devstack@keystone.service[80210]: [pid: 80210|app: 0|req: 65/122] 10.222.0.16 () {56 vars in 1111 bytes} [Fri Jun 24 06:51:27 2022] GET /identity/v3/roles?name=anotherrole => generated 334 bytes in 157 msecs (HTTP/1.1 200) 5 headers in 177 bytes (1 switches on core 0)
Jun 24 06:51:27.479551 dv-cinder-834822-5-smb devstack@keystone.service[80210]: DEBUG keystone.server.flask.request_processing.req_logging [None req-506b2cb4-144e-4797-8b3d-59bf1403cb70 None None] REQUEST_METHOD: `POST` {{(pid=80210) log_request_info /opt/stack/keystone/keystone/server/flask/request_processing/req_logging.py:27}}
Jun 24 06:51:27.479844 dv-cinder-834822-5-smb devstack@keystone.service[80210]: DEBUG keystone.server.flask.request_processing.req_logging [None req-506b2cb4-144e-4797-8b3d-59bf1403cb70 None None] SCRIPT_NAME: `/identity` {{(pid=80210) log_request_info /opt/stack/keystone/keystone/server/flask/request_processing/req_logging.py:28}}
Jun 24 06:51:27.480125 dv-cinder-834822-5-smb devstack@keystone.service[80210]: DEBUG keystone.server.flask.request_processing.req_logging [None req-506b2cb4-144e-4797-8b3d-59bf1403cb70 None None] PATH_INFO: `/v3/auth/tokens` {{(pid=80210) log_request_info /opt/stack/keystone/keystone/server/flask/request_processing/req_logging.py:29}}
Jun 24 06:51:27.491802 dv-cinder-834822-5-smb devstack@keystone.service[80211]: DEBUG dbcounter [-] [80211] Writing DB stats keystone:SELECT=100 {{(pid=80211) stat_writer /usr/local/lib/python3.8/dist-packages/dbcounter.py:114}}
Jun 24 06:51:27.501660 dv-cinder-834822-5-smb devstack@keystone.service[80210]: DEBUG keystone.auth.core [None req-506b2cb4-144e-4797-8b3d-59bf1403cb70 None None] MFA Rules not processed for user `75228fd69640433490fcdc9dfe95b37d`. Rule list: `[]` (Enabled: `True`). {{(pid=80210) check_auth_methods_against_rules /opt/stack/keystone/keystone/auth/core.py:438}}
Jun 24 06:51:27.502910 dv-cinder-834822-5-smb devstack@keystone.service[80210]: DEBUG keystone.common.fernet_utils [None req-506b2cb4-144e-4797-8b3d-59bf1403cb70 None None] Loaded 2 Fernet keys from /etc/keystone/fernet-keys/, but `[fernet_tokens] max_active_keys = 3`; perhaps there have not been enough key rotations to reach `max_active_keys` yet? {{(pid=80210) load_keys /opt/stack/keystone/keystone/common/fernet_utils.py:286}}
Jun 24 06:51:27.550533 dv-cinder-834822-5-smb devstack@keystone.service[80211]: DEBUG keystone.server.flask.request_processing.middleware.auth_context [None req-515deaae-563a-4380-bce8-bd6a09f95f02 None admin] Validating token access rules against request {{(pid=80211) validate_allowed_request /usr/local/lib/python3.8/dist-packages/keystonemiddleware/auth_token/__init__.py:545}}
Jun 24 06:51:27.573944 dv-cinder-834822-5-smb devstack@keystone.service[80210]: [pid: 80210|app: 0|req: 66/123] 10.222.0.16 () {58 vars in 1023 bytes} [Fri Jun 24 06:51:27 2022] POST /identity/v3/auth/tokens => generated 799 bytes in 95 msecs (HTTP/1.1 201) 6 headers in 363 bytes (1 switches on core 0)
Jun 24 06:51:27.579379 dv-cinder-834822-5-smb devstack@keystone.service[80210]: DEBUG keystone.server.flask.request_processing.middleware.auth_context [None req-506b2cb4-144e-4797-8b3d-59bf1403cb70 None None] Authenticating user token {{(pid=80210) process_request /usr/local/lib/python3.8/dist-packages/keystonemiddleware/auth_token/__init__.py:407}}
Jun 24 06:51:27.586191 dv-cinder-834822-5-smb devstack@keystone.service[80211]: DEBUG keystone.server.flask.request_processing.middleware.auth_context [None req-d4243037-2246-456e-851a-53e46025f0f6 None admin] RBAC: auth_context: {'token': , 'domain_id': None, 'trust_id': None, 'trustor_id': None, 'trustee_id': None, 'domain_name': None, 'group_ids': [], 'user_id': '75228fd69640433490fcdc9dfe95b37d', 'user_domain_id': 'default', 'system_scope': 'all', 'project_id': None, 'project_domain_id': None, 'roles': ['admin', 'member', 'reader'], 'is_admin_project': True, 'service_user_id': None, 'service_user_domain_id': None, 'service_project_id': None, 'service_project_domain_id': None, 'service_roles': []} {{(pid=80211) fill_context /opt/stack/keystone/keystone/server/flask/request_processing/middleware/auth_context.py:478}}
Jun 24 06:51:27.587362 dv-cinder-834822-5-smb devstack@keystone.service[80211]: DEBUG keystone.server.flask.request_processing.req_logging [None req-d4243037-2246-456e-851a-53e46025f0f6 None admin] REQUEST_METHOD: `GET` {{(pid=80211) log_request_info /opt/stack/keystone/keystone/server/flask/request_processing/req_logging.py:27}}
Jun 24 06:51:27.587834 dv-cinder-834822-5-smb devstack@keystone.service[80211]: DEBUG keystone.server.flask.request_processing.req_logging [None req-d4243037-2246-456e-851a-53e46025f0f6 None admin] SCRIPT_NAME: `/identity` {{(pid=80211) log_request_info /opt/stack/keystone/keystone/server/flask/request_processing/req_logging.py:28}}
Jun 24 06:51:27.588327 dv-cinder-834822-5-smb devstack@keystone.service[80211]: DEBUG keystone.server.flask.request_processing.req_logging [None req-d4243037-2246-456e-851a-53e46025f0f6 None admin] PATH_INFO: `/v3/users/75228fd69640433490fcdc9dfe95b37d` {{(pid=80211) log_request_info /opt/stack/keystone/keystone/server/flask/request_processing/req_logging.py:29}}
Jun 24 06:51:27.589726 dv-cinder-834822-5-smb devstack@keystone.service[80211]: DEBUG keystone.common.rbac_enforcer.enforcer [None req-d4243037-2246-456e-851a-53e46025f0f6 None admin] RBAC: Authorizing `identity:get_user(user_id=75228fd69640433490fcdc9dfe95b37d)` {{(pid=80211) enforce_call /opt/stack/keystone/keystone/common/rbac_enforcer/enforcer.py:449}}
Jun 24 06:51:27.591455 dv-cinder-834822-5-smb devstack@keystone.service[80211]: DEBUG keystone.common.rbac_enforcer.enforcer [None req-d4243037-2246-456e-851a-53e46025f0f6 None admin] RBAC: Authorization granted {{(pid=80211) enforce_call /opt/stack/keystone/keystone/common/rbac_enforcer/enforcer.py:457}}
Jun 24 06:51:27.593356 dv-cinder-834822-5-smb devstack@keystone.service[80211]: [pid: 80211|app: 0|req: 58/124] 10.222.0.16 () {56 vars in 1177 bytes} [Fri Jun 24 06:51:27 2022] GET /identity/v3/users/75228fd69640433490fcdc9dfe95b37d => generated 247 bytes in 155 msecs (HTTP/1.1 200) 5 headers in 177 bytes (1 switches on core 0)
Jun 24 06:51:27.594578 dv-cinder-834822-5-smb devstack@keystone.service[80211]: DEBUG keystone.server.flask.request_processing.middleware.auth_context [None req-d4243037-2246-456e-851a-53e46025f0f6 None admin] Authenticating user token {{(pid=80211) process_request /usr/local/lib/python3.8/dist-packages/keystonemiddleware/auth_token/__init__.py:407}}
Jun 24 06:51:27.659735 dv-cinder-834822-5-smb devstack@keystone.service[80210]: DEBUG dbcounter [-] [80210] Writing DB stats keystone:SELECT=100 {{(pid=80210) stat_writer /usr/local/lib/python3.8/dist-packages/dbcounter.py:114}}
Jun 24 06:51:27.700630 dv-cinder-834822-5-smb devstack@keystone.service[80210]: DEBUG keystone.server.flask.request_processing.middleware.auth_context [None req-506b2cb4-144e-4797-8b3d-59bf1403cb70 None None] Validating token access rules against request {{(pid=80210) validate_allowed_request /usr/local/lib/python3.8/dist-packages/keystonemiddleware/auth_token/__init__.py:545}}
Jun 24 06:51:27.701219 dv-cinder-834822-5-smb devstack@keystone.service[80211]: DEBUG keystone.server.flask.request_processing.middleware.auth_context [None req-d4243037-2246-456e-851a-53e46025f0f6 None admin] Validating token access rules against request {{(pid=80211) validate_allowed_request /usr/local/lib/python3.8/dist-packages/keystonemiddleware/auth_token/__init__.py:545}}
Jun 24 06:51:27.715207 dv-cinder-834822-5-smb devstack@keystone.service[80211]: DEBUG dbcounter [-] [80211] Writing DB stats keystone:SELECT=100 {{(pid=80211) stat_writer /usr/local/lib/python3.8/dist-packages/dbcounter.py:114}}
Jun 24 06:51:27.736236 dv-cinder-834822-5-smb devstack@keystone.service[80210]: DEBUG keystone.server.flask.request_processing.middleware.auth_context [None req-a3a6d372-6cd4-4033-8db4-86cb1493b0a7 None admin] RBAC: auth_context: {'token': , 'domain_id': None, 'trust_id': None, 'trustor_id': None, 'trustee_id': None, 'domain_name': None, 'group_ids': [], 'user_id': '75228fd69640433490fcdc9dfe95b37d', 'user_domain_id': 'default', 'system_scope': 'all', 'project_id': None, 'project_domain_id': None, 'roles': ['admin', 'member', 'reader'], 'is_admin_project': True, 'service_user_id': None, 'service_user_domain_id': None, 'service_project_id': None, 'service_project_domain_id': None, 'service_roles': []} {{(pid=80210) fill_context /opt/stack/keystone/keystone/server/flask/request_processing/middleware/auth_context.py:478}}
Jun 24 06:51:27.737350 dv-cinder-834822-5-smb devstack@keystone.service[80210]: DEBUG keystone.server.flask.request_processing.req_logging [None req-a3a6d372-6cd4-4033-8db4-86cb1493b0a7 None admin] REQUEST_METHOD: `GET` {{(pid=80210) log_request_info /opt/stack/keystone/keystone/server/flask/request_processing/req_logging.py:27}}
Jun 24 06:51:27.737635 dv-cinder-834822-5-smb devstack@keystone.service[80210]: DEBUG keystone.server.flask.request_processing.req_logging [None req-a3a6d372-6cd4-4033-8db4-86cb1493b0a7 None admin] SCRIPT_NAME: `/identity` {{(pid=80210) log_request_info /opt/stack/keystone/keystone/server/flask/request_processing/req_logging.py:28}}
Jun 24 06:51:27.737912 dv-cinder-834822-5-smb devstack@keystone.service[80210]: DEBUG keystone.server.flask.request_processing.req_logging [None req-a3a6d372-6cd4-4033-8db4-86cb1493b0a7 None admin] PATH_INFO: `/v3/users/a9f7c637cdf848d8a892be31b5760aae` {{(pid=80210) log_request_info /opt/stack/keystone/keystone/server/flask/request_processing/req_logging.py:29}}
Jun 24 06:51:27.739188 dv-cinder-834822-5-smb devstack@keystone.service[80210]: DEBUG keystone.common.rbac_enforcer.enforcer [None req-a3a6d372-6cd4-4033-8db4-86cb1493b0a7 None admin] RBAC: Authorizing `identity:get_user(user_id=a9f7c637cdf848d8a892be31b5760aae)` {{(pid=80210) enforce_call /opt/stack/keystone/keystone/common/rbac_enforcer/enforcer.py:449}}
Jun 24 06:51:27.740564 dv-cinder-834822-5-smb devstack@keystone.service[80211]: DEBUG keystone.server.flask.request_processing.middleware.auth_context [None req-ef1bc00c-20d2-4065-a5fe-c12ac4ba7d22 None admin] RBAC: auth_context: {'token': , 'domain_id': None, 'trust_id': None, 'trustor_id': None, 'trustee_id': None, 'domain_name': None, 'group_ids': [], 'user_id': '75228fd69640433490fcdc9dfe95b37d', 'user_domain_id': 'default', 'system_scope': 'all', 'project_id': None, 'project_domain_id': None, 'roles': ['admin', 'member', 'reader'], 'is_admin_project': True, 'service_user_id': None, 'service_user_domain_id': None, 'service_project_id': None, 'service_project_domain_id': None, 'service_roles': []} {{(pid=80211) fill_context /opt/stack/keystone/keystone/server/flask/request_processing/middleware/auth_context.py:478}}
Jun 24 06:51:27.740696 dv-cinder-834822-5-smb devstack@keystone.service[80210]: DEBUG keystone.common.rbac_enforcer.enforcer [None req-a3a6d372-6cd4-4033-8db4-86cb1493b0a7 None admin] RBAC: Authorization granted {{(pid=80210) enforce_call /opt/stack/keystone/keystone/common/rbac_enforcer/enforcer.py:457}}
Jun 24 06:51:27.741782 dv-cinder-834822-5-smb devstack@keystone.service[80211]: DEBUG keystone.server.flask.request_processing.req_logging [None req-ef1bc00c-20d2-4065-a5fe-c12ac4ba7d22 None admin] REQUEST_METHOD: `GET` {{(pid=80211) log_request_info /opt/stack/keystone/keystone/server/flask/request_processing/req_logging.py:27}}
Jun 24 06:51:27.742253 dv-cinder-834822-5-smb devstack@keystone.service[80211]: DEBUG keystone.server.flask.request_processing.req_logging [None req-ef1bc00c-20d2-4065-a5fe-c12ac4ba7d22 None admin] SCRIPT_NAME: `/identity` {{(pid=80211) log_request_info /opt/stack/keystone/keystone/server/flask/request_processing/req_logging.py:28}}
Jun 24 06:51:27.742617 dv-cinder-834822-5-smb devstack@keystone.service[80210]: [pid: 80210|app: 0|req: 67/125] 10.222.0.16 () {56 vars in 1177 bytes} [Fri Jun 24 06:51:27 2022] GET /identity/v3/users/a9f7c637cdf848d8a892be31b5760aae => generated 275 bytes in 168 msecs (HTTP/1.1 200) 5 headers in 177 bytes (1 switches on core 0)
Jun 24 06:51:27.742999 dv-cinder-834822-5-smb devstack@keystone.service[80211]: DEBUG keystone.server.flask.request_processing.req_logging [None req-ef1bc00c-20d2-4065-a5fe-c12ac4ba7d22 None admin] PATH_INFO: `/v3/users/a9f7c637cdf848d8a892be31b5760aae` {{(pid=80211) log_request_info /opt/stack/keystone/keystone/server/flask/request_processing/req_logging.py:29}}
Jun 24 06:51:27.743488 dv-cinder-834822-5-smb devstack@keystone.service[80210]: DEBUG keystone.server.flask.request_processing.middleware.auth_context [None req-a3a6d372-6cd4-4033-8db4-86cb1493b0a7 None admin] Authenticating user token {{(pid=80210) process_request /usr/local/lib/python3.8/dist-packages/keystonemiddleware/auth_token/__init__.py:407}}
Jun 24 06:51:27.744680 dv-cinder-834822-5-smb devstack@keystone.service[80211]: DEBUG keystone.common.rbac_enforcer.enforcer [None req-ef1bc00c-20d2-4065-a5fe-c12ac4ba7d22 None admin] RBAC: Authorizing `identity:get_user(user_id=a9f7c637cdf848d8a892be31b5760aae)` {{(pid=80211) enforce_call /opt/stack/keystone/keystone/common/rbac_enforcer/enforcer.py:449}}
Jun 24 06:51:27.746428 dv-cinder-834822-5-smb devstack@keystone.service[80211]: DEBUG keystone.common.rbac_enforcer.enforcer [None req-ef1bc00c-20d2-4065-a5fe-c12ac4ba7d22 None admin] RBAC: Authorization granted {{(pid=80211) enforce_call /opt/stack/keystone/keystone/common/rbac_enforcer/enforcer.py:457}}
Jun 24 06:51:27.748624 dv-cinder-834822-5-smb devstack@keystone.service[80211]: [pid: 80211|app: 0|req: 59/126] 10.222.0.16 () {56 vars in 1177 bytes} [Fri Jun 24 06:51:27 2022] GET /identity/v3/users/a9f7c637cdf848d8a892be31b5760aae => generated 275 bytes in 154 msecs (HTTP/1.1 200) 5 headers in 177 bytes (1 switches on core 0)
Jun 24 06:51:27.749894 dv-cinder-834822-5-smb devstack@keystone.service[80211]: DEBUG keystone.server.flask.request_processing.middleware.auth_context [None req-ef1bc00c-20d2-4065-a5fe-c12ac4ba7d22 None admin] Authenticating user token {{(pid=80211) process_request /usr/local/lib/python3.8/dist-packages/keystonemiddleware/auth_token/__init__.py:407}}
Jun 24 06:51:27.868297 dv-cinder-834822-5-smb devstack@keystone.service[80210]: DEBUG keystone.server.flask.request_processing.middleware.auth_context [None req-a3a6d372-6cd4-4033-8db4-86cb1493b0a7 None admin] Validating token access rules against request {{(pid=80210) validate_allowed_request /usr/local/lib/python3.8/dist-packages/keystonemiddleware/auth_token/__init__.py:545}}
Jun 24 06:51:27.870617 dv-cinder-834822-5-smb devstack@keystone.service[80211]: DEBUG keystone.server.flask.request_processing.middleware.auth_context [None req-ef1bc00c-20d2-4065-a5fe-c12ac4ba7d22 None admin] Validating token access rules against request {{(pid=80211) validate_allowed_request /usr/local/lib/python3.8/dist-packages/keystonemiddleware/auth_token/__init__.py:545}}
Jun 24 06:51:27.899518 dv-cinder-834822-5-smb devstack@keystone.service[80210]: DEBUG dbcounter [-] [80210] Writing DB stats keystone:SELECT=100 {{(pid=80210) stat_writer /usr/local/lib/python3.8/dist-packages/dbcounter.py:114}}
Jun 24 06:51:27.905582 dv-cinder-834822-5-smb devstack@keystone.service[80210]: DEBUG keystone.server.flask.request_processing.middleware.auth_context [None req-1238b71e-2351-4b4c-9494-f19e44ea8918 None admin] RBAC: auth_context: {'token': , 'domain_id': None, 'trust_id': None, 'trustor_id': None, 'trustee_id': None, 'domain_name': None, 'group_ids': [], 'user_id': '75228fd69640433490fcdc9dfe95b37d', 'user_domain_id': 'default', 'system_scope': 'all', 'project_id': None, 'project_domain_id': None, 'roles': ['admin', 'member', 'reader'], 'is_admin_project': True, 'service_user_id': None, 'service_user_domain_id': None, 'service_project_id': None, 'service_project_domain_id': None, 'service_roles': []} {{(pid=80210) fill_context /opt/stack/keystone/keystone/server/flask/request_processing/middleware/auth_context.py:478}}
Jun 24 06:51:27.907624 dv-cinder-834822-5-smb devstack@keystone.service[80210]: DEBUG keystone.server.flask.request_processing.req_logging [None req-1238b71e-2351-4b4c-9494-f19e44ea8918 None admin] REQUEST_METHOD: `GET` {{(pid=80210) log_request_info /opt/stack/keystone/keystone/server/flask/request_processing/req_logging.py:27}}
Jun 24 06:51:27.908135 dv-cinder-834822-5-smb devstack@keystone.service[80210]: DEBUG keystone.server.flask.request_processing.req_logging [None req-1238b71e-2351-4b4c-9494-f19e44ea8918 None admin] SCRIPT_NAME: `/identity` {{(pid=80210) log_request_info /opt/stack/keystone/keystone/server/flask/request_processing/req_logging.py:28}}
Jun 24 06:51:27.908613 dv-cinder-834822-5-smb devstack@keystone.service[80210]: DEBUG keystone.server.flask.request_processing.req_logging [None req-1238b71e-2351-4b4c-9494-f19e44ea8918 None admin] PATH_INFO: `/v3/projects/08b704183db846879dd10a33c1fc2cb2` {{(pid=80210) log_request_info /opt/stack/keystone/keystone/server/flask/request_processing/req_logging.py:29}}
Jun 24 06:51:27.910069 dv-cinder-834822-5-smb devstack@keystone.service[80210]: DEBUG keystone.common.rbac_enforcer.enforcer [None req-1238b71e-2351-4b4c-9494-f19e44ea8918 None admin] RBAC: Authorizing `identity:get_project(project_id=08b704183db846879dd10a33c1fc2cb2)` {{(pid=80210) enforce_call /opt/stack/keystone/keystone/common/rbac_enforcer/enforcer.py:449}}
Jun 24 06:51:27.912073 dv-cinder-834822-5-smb devstack@keystone.service[80210]: DEBUG keystone.common.rbac_enforcer.enforcer [None req-1238b71e-2351-4b4c-9494-f19e44ea8918 None admin] RBAC: Authorization granted {{(pid=80210) enforce_call /opt/stack/keystone/keystone/common/rbac_enforcer/enforcer.py:457}}
Jun 24 06:51:27.912245 dv-cinder-834822-5-smb devstack@keystone.service[80211]: DEBUG keystone.server.flask.request_processing.middleware.auth_context [None req-ab1481fa-6279-4ca8-8194-703087f11845 None admin] RBAC: auth_context: {'token': , 'domain_id': None, 'trust_id': None, 'trustor_id': None, 'trustee_id': None, 'domain_name': None, 'group_ids': [], 'user_id': '75228fd69640433490fcdc9dfe95b37d', 'user_domain_id': 'default', 'system_scope': 'all', 'project_id': None, 'project_domain_id': None, 'roles': ['admin', 'member', 'reader'], 'is_admin_project': True, 'service_user_id': None, 'service_user_domain_id': None, 'service_project_id': None, 'service_project_domain_id': None, 'service_roles': []} {{(pid=80211) fill_context /opt/stack/keystone/keystone/server/flask/request_processing/middleware/auth_context.py:478}}
Jun 24 06:51:27.913038 dv-cinder-834822-5-smb devstack@keystone.service[80211]: DEBUG keystone.server.flask.request_processing.req_logging [None req-ab1481fa-6279-4ca8-8194-703087f11845 None admin] REQUEST_METHOD: `GET` {{(pid=80211) log_request_info /opt/stack/keystone/keystone/server/flask/request_processing/req_logging.py:27}}
Jun 24 06:51:27.913375 dv-cinder-834822-5-smb devstack@keystone.service[80211]: DEBUG keystone.server.flask.request_processing.req_logging [None req-ab1481fa-6279-4ca8-8194-703087f11845 None admin] SCRIPT_NAME: `/identity` {{(pid=80211) log_request_info /opt/stack/keystone/keystone/server/flask/request_processing/req_logging.py:28}}
Jun 24 06:51:27.913658 dv-cinder-834822-5-smb devstack@keystone.service[80211]: DEBUG keystone.server.flask.request_processing.req_logging [None req-ab1481fa-6279-4ca8-8194-703087f11845 None admin] PATH_INFO: `/v3/roles/member` {{(pid=80211) log_request_info /opt/stack/keystone/keystone/server/flask/request_processing/req_logging.py:29}}
Jun 24 06:51:27.915188 dv-cinder-834822-5-smb devstack@keystone.service[80210]: [pid: 80210|app: 0|req: 68/127] 10.222.0.16 () {56 vars in 1186 bytes} [Fri Jun 24 06:51:27 2022] GET /identity/v3/projects/08b704183db846879dd10a33c1fc2cb2 => generated 298 bytes in 172 msecs (HTTP/1.1 200) 5 headers in 177 bytes (1 switches on core 0)
Jun 24 06:51:27.916352 dv-cinder-834822-5-smb devstack@keystone.service[80210]: DEBUG keystone.server.flask.request_processing.middleware.auth_context [None req-1238b71e-2351-4b4c-9494-f19e44ea8918 None admin] Authenticating user token {{(pid=80210) process_request /usr/local/lib/python3.8/dist-packages/keystonemiddleware/auth_token/__init__.py:407}}
Jun 24 06:51:27.931858 dv-cinder-834822-5-smb devstack@keystone.service[80211]: DEBUG keystone.common.rbac_enforcer.enforcer [None req-ab1481fa-6279-4ca8-8194-703087f11845 None admin] Extracting inferred target data resulted in "NOT FOUND (404)". {{(pid=80211) enforce_call /opt/stack/keystone/keystone/common/rbac_enforcer/enforcer.py:409}}
Jun 24 06:51:27.941592 dv-cinder-834822-5-smb devstack@keystone.service[80211]: ERROR keystone.server.flask.application [None req-ab1481fa-6279-4ca8-8194-703087f11845 None admin] Could not find role: member.: keystone.exception.RoleNotFound: Could not find role: member.
Jun 24 06:51:27.941592 dv-cinder-834822-5-smb devstack@keystone.service[80211]: ERROR keystone.server.flask.application
Traceback (most recent call last):
Jun 24 06:51:27.941592 dv-cinder-834822-5-smb devstack@keystone.service[80211]: ERROR keystone.server.flask.application
File "/usr/local/lib/python3.8/dist-packages/flask/app.py", line 1523, in full_dispatch_request
Jun 24 06:51:27.941592 dv-cinder-834822-5-smb devstack@keystone.service[80211]: ERROR keystone.server.flask.application rv = self.dispatch_request()
Jun 24 06:51:27.941592 dv-cinder-834822-5-smb devstack@keystone.service[80211]: ERROR keystone.server.flask.application
File "/usr/local/lib/python3.8/dist-packages/flask/app.py", line 1509, in dispatch_request
Jun 24 06:51:27.941592 dv-cinder-834822-5-smb devstack@keystone.service[80211]: ERROR keystone.server.flask.application return self.ensure_sync(self.view_functions[rule.endpoint])(**req.view_args)
Jun 24 06:51:27.941592 dv-cinder-834822-5-smb devstack@keystone.service[80211]: ERROR keystone.server.flask.application
File "/usr/local/lib/python3.8/dist-packages/flask_restful/__init__.py", line 467, in wrapper
Jun 24 06:51:27.941592 dv-cinder-834822-5-smb devstack@keystone.service[80211]: ERROR keystone.server.flask.application resp = resource(*args, **kwargs)
Jun 24 06:51:27.941592 dv-cinder-834822-5-smb devstack@keystone.service[80211]: ERROR keystone.server.flask.application
File "/usr/local/lib/python3.8/dist-packages/flask/views.py", line 84, in view
Jun 24 06:51:27.941592 dv-cinder-834822-5-smb devstack@keystone.service[80211]: ERROR keystone.server.flask.application return current_app.ensure_sync(self.dispatch_request)(*args, **kwargs)
Jun 24 06:51:27.941592 dv-cinder-834822-5-smb devstack@keystone.service[80211]: ERROR keystone.server.flask.application
File "/usr/local/lib/python3.8/dist-packages/flask_restful/__init__.py", line 582, in dispatch_request
Jun 24 06:51:27.941592 dv-cinder-834822-5-smb devstack@keystone.service[80211]: ERROR keystone.server.flask.application resp = meth(*args, **kwargs)
Jun 24 06:51:27.941592 dv-cinder-834822-5-smb devstack@keystone.service[80211]: ERROR keystone.server.flask.application
File "/opt/stack/keystone/keystone/api/roles.py", line 50, in get
Jun 24 06:51:27.941592 dv-cinder-834822-5-smb devstack@keystone.service[80211]: ERROR keystone.server.flask.application return self._get_role(role_id)
Jun 24 06:51:27.941592 dv-cinder-834822-5-smb devstack@keystone.service[80211]: ERROR keystone.server.flask.application
File "/opt/stack/keystone/keystone/api/roles.py", line 70, in _get_role
Jun 24 06:51:27.941592 dv-cinder-834822-5-smb devstack@keystone.service[80211]: ERROR keystone.server.flask.application ENFORCER.enforce_call(action='identity:get_role')
Jun 24 06:51:27.942459 dv-cinder-834822-5-smb devstack@keystone.service[80211]: ERROR keystone.server.flask.application
File "/opt/stack/keystone/keystone/common/rbac_enforcer/enforcer.py", line 402, in enforce_call
Jun 24 06:51:27.942459 dv-cinder-834822-5-smb devstack@keystone.service[80211]: ERROR keystone.server.flask.application policy_dict.update(cls._extract_member_target_data(
Jun 24 06:51:27.942459 dv-cinder-834822-5-smb devstack@keystone.service[80211]: ERROR keystone.server.flask.application
File "/opt/stack/keystone/keystone/common/rbac_enforcer/enforcer.py", line 234, in _extract_member_target_data
Jun 24 06:51:27.942459 dv-cinder-834822-5-smb devstack@keystone.service[80211]: ERROR keystone.server.flask.application member_name: func(flask.request.view_args[key])
Jun 24 06:51:27.942459 dv-cinder-834822-5-smb devstack@keystone.service[80211]: ERROR keystone.server.flask.application
File "/opt/stack/keystone/keystone/common/manager.py", line 115, in wrapped
Jun 24 06:51:27.942459 dv-cinder-834822-5-smb devstack@keystone.service[80211]: ERROR keystone.server.flask.application __ret_val = __f(*args, **kwargs)
Jun 24 06:51:27.942459 dv-cinder-834822-5-smb devstack@keystone.service[80211]: ERROR keystone.server.flask.application
File "/usr/local/lib/python3.8/dist-packages/decorator.py", line 232, in fun
Jun 24 06:51:27.942459 dv-cinder-834822-5-smb devstack@keystone.service[80211]: ERROR keystone.server.flask.application return caller(func, *(extras + args), **kw)
Jun 24 06:51:27.942459 dv-cinder-834822-5-smb devstack@keystone.service[80211]: ERROR keystone.server.flask.application
File "/usr/local/lib/python3.8/dist-packages/dogpile/cache/region.py", line 1577, in get_or_create_for_user_func
Jun 24 06:51:27.942459 dv-cinder-834822-5-smb devstack@keystone.service[80211]: ERROR keystone.server.flask.application return self.get_or_create(
Jun 24 06:51:27.942459 dv-cinder-834822-5-smb devstack@keystone.service[80211]: ERROR keystone.server.flask.application
File "/usr/local/lib/python3.8/dist-packages/dogpile/cache/region.py", line 1042, in get_or_create
Jun 24 06:51:27.942459 dv-cinder-834822-5-smb devstack@keystone.service[80211]: ERROR keystone.server.flask.application with Lock(
Jun 24 06:51:27.942459 dv-cinder-834822-5-smb devstack@keystone.service[80211]: ERROR keystone.server.flask.application
File "/usr/local/lib/python3.8/dist-packages/dogpile/lock.py", line 185, in __enter__
Jun 24 06:51:27.942459 dv-cinder-834822-5-smb devstack@keystone.service[80211]: ERROR keystone.server.flask.application return self._enter()
Jun 24 06:51:27.942459 dv-cinder-834822-5-smb devstack@keystone.service[80211]: ERROR keystone.server.flask.application
File "/usr/local/lib/python3.8/dist-packages/dogpile/lock.py", line 94, in _enter
Jun 24 06:51:27.942459 dv-cinder-834822-5-smb devstack@keystone.service[80211]: ERROR keystone.server.flask.application generated = self._enter_create(value, createdtime)
Jun 24 06:51:27.943608 dv-cinder-834822-5-smb devstack@keystone.service[80211]: ERROR keystone.server.flask.application
File "/usr/local/lib/python3.8/dist-packages/dogpile/lock.py", line 178, in _enter_create
Jun 24 06:51:27.943608 dv-cinder-834822-5-smb devstack@keystone.service[80211]: ERROR keystone.server.flask.application return self.creator()
Jun 24 06:51:27.943608 dv-cinder-834822-5-smb devstack@keystone.service[80211]: ERROR keystone.server.flask.application
File "/usr/local/lib/python3.8/dist-packages/dogpile/cache/region.py", line 995, in gen_value
Jun 24 06:51:27.943608 dv-cinder-834822-5-smb devstack@keystone.service[80211]: ERROR keystone.server.flask.application created_value = creator(
Jun 24 06:51:27.943608 dv-cinder-834822-5-smb devstack@keystone.service[80211]: ERROR keystone.server.flask.application
File "/opt/stack/keystone/keystone/assignment/core.py", line 1276, in get_role
Jun 24 06:51:27.943608 dv-cinder-834822-5-smb devstack@keystone.service[80211]: ERROR keystone.server.flask.application return self.driver.get_role(role_id)
Jun 24 06:51:27.943608 dv-cinder-834822-5-smb devstack@keystone.service[80211]: ERROR keystone.server.flask.application
File "/opt/stack/keystone/keystone/assignment/role_backends/sql.py", line 70, in get_role
Jun 24 06:51:27.943608 dv-cinder-834822-5-smb devstack@keystone.service[80211]: ERROR keystone.server.flask.application return self._get_role(session, role_id).to_dict()
Jun 24 06:51:27.943608 dv-cinder-834822-5-smb devstack@keystone.service[80211]: ERROR keystone.server.flask.application
File "/opt/stack/keystone/keystone/assignment/role_backends/sql.py", line 65, in _get_role
Jun 24 06:51:27.943608 dv-cinder-834822-5-smb devstack@keystone.service[80211]: ERROR keystone.server.flask.application raise exception.RoleNotFound(role_id=role_id)
Jun 24 06:51:27.943608 dv-cinder-834822-5-smb devstack@keystone.service[80211]: ERROR keystone.server.flask.application keystone.exception.RoleNotFound: Could not find role: member.
Jun 24 06:51:27.943608 dv-cinder-834822-5-smb devstack@keystone.service[80211]: ERROR keystone.server.flask.application
Jun 24 06:51:27.943608 dv-cinder-834822-5-smb devstack@keystone.service[80211]: [pid: 80211|app: 0|req: 60/128] 10.222.0.16 () {56 vars in 1099 bytes} [Fri Jun 24 06:51:27 2022] GET /identity/v3/roles/member => generated 84 bytes in 193 msecs (HTTP/1.1 404) 5 headers in 183 bytes (1 switches on core 0)
Jun 24 06:51:27.943608 dv-cinder-834822-5-smb devstack@keystone.service[80211]: DEBUG keystone.server.flask.request_processing.middleware.auth_context [None req-ab1481fa-6279-4ca8-8194-703087f11845 None admin] Authenticating user token {{(pid=80211) process_request /usr/local/lib/python3.8/dist-packages/keystonemiddleware/auth_token/__init__.py:407}}
Jun 24 06:51:28.001032 dv-cinder-834822-5-smb devstack@keystone.service[80211]: DEBUG dbcounter [-] [80211] Writing DB stats keystone:SELECT=100 {{(pid=80211) stat_writer /usr/local/lib/python3.8/dist-packages/dbcounter.py:114}}
