Jun 17 07:23:06.653357 dv-cinder-834822-4-smb neutron-server[103842]: DEBUG neutron.plugins.ml2.rpc [None req-965eb272-7c4d-44bc-bd6d-d0129eba3976 None None] Returning: {'device': '36951428-37d2-4d4b-80d1-568ced56eb20', 'network_id': '8eac3835-ec62-45b9-9e40-edcef803d67e', 'port_id': '36951428-37d2-4d4b-80d1-568ced56eb20', 'mac_address': 'fa:16:3e:16:35:f0', 'admin_state_up': True, 'network_type': 'vlan', 'segmentation_id': 325, 'physical_network': 'physnet1', 'mtu': 1500, 'fixed_ips': [{'subnet_id': '5db67257-6a20-4a49-99ef-ac7e961864fb', 'ip_address': '172.20.0.12'}], 'device_owner': 'compute:nova', 'allowed_address_pairs': [], 'port_security_enabled': True, 'qos_policy_id': None, 'qos_network_policy_id': None, 'profile': {}, 'propagate_uplink_status': False} {{(pid=103842) _get_device_details /opt/stack/neutron/neutron/plugins/ml2/rpc.py:184}}
Jun 17 07:23:06.672220 dv-cinder-834822-4-smb neutron-server[103840]: INFO neutron.wsgi [req-b57d43c6-92e5-4734-9130-614e154d43f3 req-6ff521fe-5615-4abb-92bf-390be34e3454 service neutron] 10.222.0.49 "GET /v2.0/floatingips?fixed_ip_address=172.20.0.4&port_id=dc6e990c-392a-4eaf-a81c-fe8fe0cb8bab HTTP/1.1" status: 200 len: 217 time: 0.3443546
Jun 17 07:23:06.700781 dv-cinder-834822-4-smb neutron-server[103842]: DEBUG neutron.plugins.ml2.plugin [None req-965eb272-7c4d-44bc-bd6d-d0129eba3976 None None] Current status of the port 36951428-37d2-4d4b-80d1-568ced56eb20 is: DOWN; New status is: BUILD {{(pid=103842) _update_individual_port_db_status /opt/stack/neutron/neutron/plugins/ml2/plugin.py:2298}}
Jun 17 07:23:06.701521 dv-cinder-834822-4-smb neutron-server[103842]: DEBUG neutron_lib.callbacks.manager [None req-965eb272-7c4d-44bc-bd6d-d0129eba3976 None None] Publish callbacks ['neutron.plugins.ml2.plugin.SecurityGroupDbMixin._ensure_default_security_group_handler-7854353'] for port (36951428-37d2-4d4b-80d1-568ced56eb20), before_update {{(pid=103842) _notify_loop /usr/local/lib/python3.8/dist-packages/neutron_lib/callbacks/manager.py:176}}
Jun 17 07:23:06.719234 dv-cinder-834822-4-smb neutron-server[103842]: DEBUG neutron.notifiers.nova [None req-965eb272-7c4d-44bc-bd6d-d0129eba3976 None None] Ignoring state change previous_port_status: DOWN current_port_status: BUILD port_id 36951428-37d2-4d4b-80d1-568ced56eb20 {{(pid=103842) record_port_status_changed /opt/stack/neutron/neutron/notifiers/nova.py:233}}
Jun 17 07:23:06.755335 dv-cinder-834822-4-smb neutron-server[103842]: DEBUG neutron.plugins.ml2.db [None req-965eb272-7c4d-44bc-bd6d-d0129eba3976 None None] For port 36951428-37d2-4d4b-80d1-568ced56eb20, host hv-cinder-83482, got binding levels [PortBindingLevel(driver='hyperv',host='hv-cinder-83482',level=0,port_id=36951428-37d2-4d4b-80d1-568ced56eb20,segment=NetworkSegment(13e1a957-3be1-491f-a161-10102f584193),segment_id=13e1a957-3be1-491f-a161-10102f584193)] {{(pid=103842) get_binding_level_objs /opt/stack/neutron/neutron/plugins/ml2/db.py:74}}
Jun 17 07:23:06.760535 dv-cinder-834822-4-smb neutron-server[103842]: DEBUG neutron_lib.callbacks.manager [None req-965eb272-7c4d-44bc-bd6d-d0129eba3976 None None] Publish callbacks ['neutron.plugins.ml2.plugin.SecurityGroupServerNotifierRpcMixin._notify_sg_on_port_change-7854544', 'neutron.plugins.ml2.ovo_rpc._ObjectChangeHandler.handle_event-201030', 'neutron.api.rpc.agentnotifiers.dhcp_rpc_agent_api.DhcpAgentNotifyAPI._native_event_send_dhcp_notification-549240', 'neutron.db.l3_db.L3RpcNotifierMixin._notify_gateway_port_ip_changed-8726823850325', 'neutron.db.l3_dvrscheduler_db._notify_l3_agent_port_update-8726823480616', 'neutron.db.l3_hascheduler_db._notify_l3_agent_ha_port_update-8726823480634'] for port (36951428-37d2-4d4b-80d1-568ced56eb20), after_update {{(pid=103842) _notify_loop /usr/local/lib/python3.8/dist-packages/neutron_lib/callbacks/manager.py:176}}
Jun 17 07:23:06.835217 dv-cinder-834822-4-smb neutron-server[103842]: DEBUG neutron.api.rpc.handlers.resources_rpc [None req-965eb272-7c4d-44bc-bd6d-d0129eba3976 None None] Pushing event updated for resources: {'Port': ['ID=36951428-37d2-4d4b-80d1-568ced56eb20,revision_number=4']} {{(pid=103842) push /opt/stack/neutron/neutron/api/rpc/handlers/resources_rpc.py:237}}
Jun 17 07:23:06.851466 dv-cinder-834822-4-smb neutron-server[103841]: INFO neutron.wsgi [req-671d0a8f-4a21-44cc-b5f3-9d7a6661b27f req-96b118e5-daed-4165-b22a-e06abb86ee2d service neutron] 10.222.0.49 "GET /v2.0/floatingips?fixed_ip_address=172.20.0.5&port_id=0d13ad30-07b7-4d04-8f18-0f157f22863f HTTP/1.1" status: 200 len: 217 time: 0.0678034
Jun 17 07:23:06.916520 dv-cinder-834822-4-smb neutron-server[103840]: DEBUG dbcounter [-] [103840] Writing DB stats neutron:DELETE=1,neutron:SELECT=99 {{(pid=103840) stat_writer /usr/local/lib/python3.8/dist-packages/dbcounter.py:114}}
Jun 17 07:23:06.947968 dv-cinder-834822-4-smb neutron-server[103840]: DEBUG neutron.pecan_wsgi.hooks.policy_enforcement [req-b57d43c6-92e5-4734-9130-614e154d43f3 req-34212e22-7541-4182-a5d5-570f0f9274ad service neutron] Attributes excluded by policy engine: ['standard_attr_id', 'shared'] {{(pid=103840) _exclude_attributes_by_policy /opt/stack/neutron/neutron/pecan_wsgi/hooks/policy_enforcement.py:259}}
Jun 17 07:23:06.949499 dv-cinder-834822-4-smb neutron-server[103840]: INFO neutron.wsgi [req-b57d43c6-92e5-4734-9130-614e154d43f3 req-34212e22-7541-4182-a5d5-570f0f9274ad service neutron] 10.222.0.49 "GET /v2.0/subnets?id=d533f64f-7c10-4078-a1b3-dfd06f06cefc HTTP/1.1" status: 200 len: 853 time: 0.1323357
Jun 17 07:23:06.967114 dv-cinder-834822-4-smb neutron-server[103840]: DEBUG neutron.pecan_wsgi.hooks.policy_enforcement [req-fca254ee-801c-45c5-80f3-3514f383e8ff req-80abd40e-aad2-4208-940c-4a4bb32057a8 tempest-AttachVolumeTestJSON-1772476017 tempest-AttachVolumeTestJSON-1772476017-project] Attributes excluded by policy engine: ['standard_attr_id', 'binding:profile', 'binding:host_id', 'binding:vif_type', 'binding:vif_details'] {{(pid=103840) _exclude_attributes_by_policy /opt/stack/neutron/neutron/pecan_wsgi/hooks/policy_enforcement.py:259}}
Jun 17 07:23:06.968895 dv-cinder-834822-4-smb neutron-server[103840]: INFO neutron.wsgi [req-fca254ee-801c-45c5-80f3-3514f383e8ff req-80abd40e-aad2-4208-940c-4a4bb32057a8 tempest-AttachVolumeTestJSON-1772476017 tempest-AttachVolumeTestJSON-1772476017-project] 10.222.0.42 "GET /v2.0/ports?device_id=c2bb03a7-6208-4a9c-968f-aa36ac4de5db HTTP/1.1" status: 200 len: 943 time: 0.2362533
Jun 17 07:23:06.972026 dv-cinder-834822-4-smb neutron-server[103841]: DEBUG neutron.pecan_wsgi.hooks.policy_enforcement [req-671d0a8f-4a21-44cc-b5f3-9d7a6661b27f req-5707d5f0-bb20-4ac2-9064-5f807a2f0a1e service neutron] Attributes excluded by policy engine: ['standard_attr_id', 'shared'] {{(pid=103841) _exclude_attributes_by_policy /opt/stack/neutron/neutron/pecan_wsgi/hooks/policy_enforcement.py:259}}
Jun 17 07:23:06.974297 dv-cinder-834822-4-smb neutron-server[103841]: INFO neutron.wsgi [req-671d0a8f-4a21-44cc-b5f3-9d7a6661b27f req-5707d5f0-bb20-4ac2-9064-5f807a2f0a1e service neutron] 10.222.0.49 "GET /v2.0/subnets?id=71454358-4631-4022-83ff-776add1fd6c9 HTTP/1.1" status: 200 len: 849 time: 0.1168509
Jun 17 07:23:06.975819 dv-cinder-834822-4-smb neutron-server[103840]: DEBUG neutron.pecan_wsgi.hooks.policy_enforcement [req-78aca578-306c-4e6f-9c4e-f1fd93a7490e req-8b3fdf59-14b0-4a99-956d-35f247bd8646 service neutron] Attributes excluded by policy engine: ['standard_attr_id', 'vlan_transparent'] {{(pid=103840) _exclude_attributes_by_policy /opt/stack/neutron/neutron/pecan_wsgi/hooks/policy_enforcement.py:259}}
Jun 17 07:23:06.978283 dv-cinder-834822-4-smb neutron-server[103840]: INFO neutron.wsgi [req-78aca578-306c-4e6f-9c4e-f1fd93a7490e req-8b3fdf59-14b0-4a99-956d-35f247bd8646 service neutron] 10.222.0.49 "GET /v2.0/networks?id=8eac3835-ec62-45b9-9e40-edcef803d67e HTTP/1.1" status: 200 len: 917 time: 0.6518772
Jun 17 07:23:06.986143 dv-cinder-834822-4-smb neutron-server[103840]: DEBUG neutron.pecan_wsgi.hooks.policy_enforcement [req-ba3182b3-c8c9-406f-995e-b4933c32a271 req-88cadd48-11d8-4b33-9209-8f6c0ddce88d tempest-DeleteServersTestJSON-973054502 tempest-DeleteServersTestJSON-973054502-project] Attributes excluded by policy engine: ['standard_attr_id', 'binding:profile', 'binding:host_id', 'binding:vif_type', 'binding:vif_details'] {{(pid=103840) _exclude_attributes_by_policy /opt/stack/neutron/neutron/pecan_wsgi/hooks/policy_enforcement.py:259}}
Jun 17 07:23:07.000969 dv-cinder-834822-4-smb neutron-server[103840]: INFO neutron.wsgi [req-ba3182b3-c8c9-406f-995e-b4933c32a271 req-88cadd48-11d8-4b33-9209-8f6c0ddce88d tempest-DeleteServersTestJSON-973054502 tempest-DeleteServersTestJSON-973054502-project] 10.222.0.42 "GET /v2.0/ports?device_id=ed21bb9e-2379-483b-b32b-8919906b0f85 HTTP/1.1" status: 200 len: 946 time: 0.3204472
Jun 17 07:23:07.066558 dv-cinder-834822-4-smb neutron-server[103840]: INFO neutron.wsgi [req-fca254ee-801c-45c5-80f3-3514f383e8ff req-96415d38-1231-4ec4-8c93-5b285284ba62 tempest-AttachVolumeTestJSON-1772476017 tempest-AttachVolumeTestJSON-1772476017-project] 10.222.0.42 "GET /v2.0/security-groups?id=59b71446-91ee-41c4-a2b4-d4728afdea60&fields=id&fields=name HTTP/1.1" status: 200 len: 313 time: 0.0871115
Jun 17 07:23:07.102399 dv-cinder-834822-4-smb neutron-server[103840]: INFO neutron.wsgi [req-ba3182b3-c8c9-406f-995e-b4933c32a271 req-3220bb93-beab-4e70-847d-ba557762940f tempest-DeleteServersTestJSON-973054502 tempest-DeleteServersTestJSON-973054502-project] 10.222.0.42 "GET /v2.0/security-groups?id=6324e0b8-e6d8-46b1-8de8-191053f484fd&fields=id&fields=name HTTP/1.1" status: 200 len: 286 time: 0.0802076
Jun 17 07:23:07.142155 dv-cinder-834822-4-smb neutron-server[103842]: DEBUG novaclient.v2.client [-] RESP: [200] Connection: close Content-Length: 183 Content-Type: application/json Date: Fri, 17 Jun 2022 07:23:06 GMT OpenStack-API-Version: compute 2.1 Server: Apache/2.4.41 (Ubuntu) Vary: OpenStack-API-Version,X-OpenStack-Nova-API-Version X-OpenStack-Nova-API-Version: 2.1 x-compute-request-id: req-606c9042-b1a0-437b-9ae9-9ea73dc89d7f x-openstack-request-id: req-606c9042-b1a0-437b-9ae9-9ea73dc89d7f {{(pid=103842) _http_log_response /usr/local/lib/python3.8/dist-packages/keystoneauth1/session.py:550}}
Jun 17 07:23:07.142647 dv-cinder-834822-4-smb neutron-server[103842]: DEBUG novaclient.v2.client [-] RESP BODY: {"events": [{"server_uuid": "ed21bb9e-2379-483b-b32b-8919906b0f85", "name": "network-vif-plugged", "status": "completed", "tag": "a674e332-29b2-4b8f-a126-b4492f82e04e", "code": 200}]} {{(pid=103842) _http_log_response /usr/local/lib/python3.8/dist-packages/keystoneauth1/session.py:582}}
Jun 17 07:23:07.142773 dv-cinder-834822-4-smb neutron-server[103842]: DEBUG novaclient.v2.client [-] POST call to compute for http://10.222.0.42/compute/v2.1/os-server-external-events used request id req-606c9042-b1a0-437b-9ae9-9ea73dc89d7f {{(pid=103842) request /usr/local/lib/python3.8/dist-packages/keystoneauth1/session.py:954}}
Jun 17 07:23:07.143102 dv-cinder-834822-4-smb neutron-server[103842]: INFO neutron.notifiers.nova [-] Nova event matching ['req-606c9042-b1a0-437b-9ae9-9ea73dc89d7f'] response: {'server_uuid': 'ed21bb9e-2379-483b-b32b-8919906b0f85', 'name': 'network-vif-plugged', 'status': 'completed', 'tag': 'a674e332-29b2-4b8f-a126-b4492f82e04e', 'code': 200}
Jun 17 07:23:07.181857 dv-cinder-834822-4-smb neutron-server[103842]: DEBUG neutron.plugins.ml2.db [None req-965eb272-7c4d-44bc-bd6d-d0129eba3976 None None] get_ports_and_sgs() called for port_ids ['dc6e990c-392a-4eaf-a81c-fe8fe0cb8bab'] {{(pid=103842) get_ports_and_sgs /opt/stack/neutron/neutron/plugins/ml2/db.py:156}}
Jun 17 07:23:07.291515 dv-cinder-834822-4-smb neutron-server[103840]: DEBUG neutron.pecan_wsgi.hooks.policy_enforcement [req-648cedc1-8680-40dd-8e75-c7ee44489967 req-fda654f3-f504-4b69-9830-197ec92f5d11 tempest-AttachVolumeNegativeTest-1822944631 tempest-AttachVolumeNegativeTest-1822944631-project] Attributes excluded by policy engine: ['standard_attr_id', 'binding:profile', 'binding:host_id', 'binding:vif_type', 'binding:vif_details'] {{(pid=103840) _exclude_attributes_by_policy /opt/stack/neutron/neutron/pecan_wsgi/hooks/policy_enforcement.py:259}}
Jun 17 07:23:07.293123 dv-cinder-834822-4-smb neutron-server[103840]: INFO neutron.wsgi [req-648cedc1-8680-40dd-8e75-c7ee44489967 req-fda654f3-f504-4b69-9830-197ec92f5d11 tempest-AttachVolumeNegativeTest-1822944631 tempest-AttachVolumeNegativeTest-1822944631-project] 10.222.0.42 "GET /v2.0/ports?device_id=2d4bd007-5c7b-4944-ae7e-1cf5b97a5b2f HTTP/1.1" status: 200 len: 944 time: 0.0780025
Jun 17 07:23:07.310046 dv-cinder-834822-4-smb neutron-server[103842]: DEBUG neutron.plugins.ml2.db [None req-965eb272-7c4d-44bc-bd6d-d0129eba3976 None None] get_ports_and_sgs() called for port_ids ['36951428-37d2-4d4b-80d1-568ced56eb20'] {{(pid=103842) get_ports_and_sgs /opt/stack/neutron/neutron/plugins/ml2/db.py:156}}
Jun 17 07:23:07.318383 dv-cinder-834822-4-smb neutron-server[103840]: DEBUG neutron.pecan_wsgi.hooks.policy_enforcement [req-2dab034f-7938-4509-81d3-592cd618dcd1 req-adaded25-dc6a-4fac-b31b-518c1c5fa3fa tempest-AttachVolumeShelveTestJSON-894692842 tempest-AttachVolumeShelveTestJSON-894692842-project] Attributes excluded by policy engine: ['standard_attr_id', 'binding:profile', 'binding:host_id', 'binding:vif_type', 'binding:vif_details'] {{(pid=103840) _exclude_attributes_by_policy /opt/stack/neutron/neutron/pecan_wsgi/hooks/policy_enforcement.py:259}}
Jun 17 07:23:07.321149 dv-cinder-834822-4-smb neutron-server[103840]: INFO neutron.wsgi [req-2dab034f-7938-4509-81d3-592cd618dcd1 req-adaded25-dc6a-4fac-b31b-518c1c5fa3fa tempest-AttachVolumeShelveTestJSON-894692842 tempest-AttachVolumeShelveTestJSON-894692842-project] 10.222.0.42 "GET /v2.0/ports?device_id=e3de23de-d75a-439f-a70e-02c0562b5738 HTTP/1.1" status: 200 len: 945 time: 0.1525910
Jun 17 07:23:07.379371 dv-cinder-834822-4-smb neutron-server[103841]: DEBUG neutron.wsgi [-] (103841) accepted ('10.222.0.42', 42952) {{(pid=103841) server /usr/local/lib/python3.8/dist-packages/eventlet/wsgi.py:1004}}
Jun 17 07:23:07.410222 dv-cinder-834822-4-smb neutron-server[103841]: DEBUG neutron.pecan_wsgi.hooks.policy_enforcement [req-671d0a8f-4a21-44cc-b5f3-9d7a6661b27f req-eafe0c2b-3823-4d6f-a90c-a3e54bee7b5b service neutron] Attributes excluded by policy engine: ['standard_attr_id'] {{(pid=103841) _exclude_attributes_by_policy /opt/stack/neutron/neutron/pecan_wsgi/hooks/policy_enforcement.py:259}}
Jun 17 07:23:07.413237 dv-cinder-834822-4-smb neutron-server[103841]: INFO neutron.wsgi [req-671d0a8f-4a21-44cc-b5f3-9d7a6661b27f req-eafe0c2b-3823-4d6f-a90c-a3e54bee7b5b service neutron] 10.222.0.49 "GET /v2.0/ports?network_id=18e6c443-1d9d-4563-8329-31fdf1b397d9&device_owner=network%3Adhcp HTTP/1.1" status: 200 len: 1210 time: 0.0852714
Jun 17 07:23:07.443098 dv-cinder-834822-4-smb neutron-server[103841]: DEBUG dbcounter [-] [103841] Writing DB stats neutron:SELECT=95,neutron:INSERT=4,neutron:UPDATE=1 {{(pid=103841) stat_writer /usr/local/lib/python3.8/dist-packages/dbcounter.py:114}}
Jun 17 07:23:07.467379 dv-cinder-834822-4-smb neutron-server[103840]: INFO neutron.wsgi [req-78aca578-306c-4e6f-9c4e-f1fd93a7490e req-fe25e3e9-1f6c-4b49-bc1d-b8a8fa2dcd3e service neutron] 10.222.0.49 "GET /v2.0/floatingips?fixed_ip_address=172.20.0.12&port_id=36951428-37d2-4d4b-80d1-568ced56eb20 HTTP/1.1" status: 200 len: 217 time: 0.1266649
Jun 17 07:23:07.518911 dv-cinder-834822-4-smb neutron-server[103840]: DEBUG neutron.pecan_wsgi.hooks.policy_enforcement [req-b57d43c6-92e5-4734-9130-614e154d43f3 req-4ee59f6b-00f5-4608-80a8-9839aaeafc23 service neutron] Attributes excluded by policy engine: ['standard_attr_id'] {{(pid=103840) _exclude_attributes_by_policy /opt/stack/neutron/neutron/pecan_wsgi/hooks/policy_enforcement.py:259}}
Jun 17 07:23:07.520675 dv-cinder-834822-4-smb neutron-server[103840]: INFO neutron.wsgi [req-b57d43c6-92e5-4734-9130-614e154d43f3 req-4ee59f6b-00f5-4608-80a8-9839aaeafc23 service neutron] 10.222.0.49 "GET /v2.0/ports?network_id=31ec21dc-02c5-41f0-b6dc-231180d744f6&device_owner=network%3Adhcp HTTP/1.1" status: 200 len: 1210 time: 0.1925576
Jun 17 07:23:07.539074 dv-cinder-834822-4-smb neutron-server[103841]: INFO neutron.wsgi [req-671d0a8f-4a21-44cc-b5f3-9d7a6661b27f req-63bac9b2-ebfe-4c71-bbfe-6ce99e420b15 service neutron] 10.222.0.49 "GET /v2.0/networks/18e6c443-1d9d-4563-8329-31fdf1b397d9?fields=segments HTTP/1.1" status: 200 len: 212 time: 0.1177263
Jun 17 07:23:07.599018 dv-cinder-834822-4-smb neutron-server[103840]: INFO neutron.wsgi [req-648cedc1-8680-40dd-8e75-c7ee44489967 req-24ac23f5-081e-4968-bdc5-6cd923d3e671 tempest-AttachVolumeNegativeTest-1822944631 tempest-AttachVolumeNegativeTest-1822944631-project] 10.222.0.42 "GET /v2.0/security-groups?id=dd729b0a-c9d3-4614-b4a3-e555b44d6002&fields=id&fields=name HTTP/1.1" status: 200 len: 313 time: 0.2766840
Jun 17 07:23:07.600688 dv-cinder-834822-4-smb neutron-server[103840]: DEBUG neutron.pecan_wsgi.hooks.policy_enforcement [req-78aca578-306c-4e6f-9c4e-f1fd93a7490e req-aedd1277-375d-4089-b5ca-e5a0d6636cd7 service neutron] Attributes excluded by policy engine: ['standard_attr_id', 'shared'] {{(pid=103840) _exclude_attributes_by_policy /opt/stack/neutron/neutron/pecan_wsgi/hooks/policy_enforcement.py:259}}
Jun 17 07:23:07.602485 dv-cinder-834822-4-smb neutron-server[103840]: INFO neutron.wsgi [req-78aca578-306c-4e6f-9c4e-f1fd93a7490e req-aedd1277-375d-4089-b5ca-e5a0d6636cd7 service neutron] 10.222.0.49 "GET /v2.0/subnets?id=5db67257-6a20-4a49-99ef-ac7e961864fb HTTP/1.1" status: 200 len: 855 time: 0.1245108
Jun 17 07:23:07.613398 dv-cinder-834822-4-smb neutron-server[103840]: INFO neutron.wsgi [req-2dab034f-7938-4509-81d3-592cd618dcd1 req-1c9debe2-f972-422c-aa5e-521beb95fac7 tempest-AttachVolumeShelveTestJSON-894692842 tempest-AttachVolumeShelveTestJSON-894692842-project] 10.222.0.42 "GET /v2.0/security-groups?id=f1aa2c8f-058b-4231-a8b7-959b0ec00c0b&fields=id&fields=name HTTP/1.1" status: 200 len: 312 time: 0.2415068
Jun 17 07:23:07.643316 dv-cinder-834822-4-smb neutron-server[103841]: DEBUG neutron_lib.callbacks.manager [None req-b8b69a4b-4338-467d-b2a5-6955f03a3cb8 admin admin] Publish callbacks [] for security_group (None), before_create {{(pid=103841) _notify_loop /usr/local/lib/python3.8/dist-packages/neutron_lib/callbacks/manager.py:176}}
Jun 17 07:23:07.710275 dv-cinder-834822-4-smb neutron-server[103841]: INFO neutron.wsgi [req-671d0a8f-4a21-44cc-b5f3-9d7a6661b27f req-111ec8e3-39e8-4dec-90f0-a0687b29445b service neutron] 10.222.0.49 "GET /v2.0/networks/18e6c443-1d9d-4563-8329-31fdf1b397d9?fields=provider%3Aphysical_network&fields=provider%3Anetwork_type HTTP/1.1" status: 200 len: 281 time: 0.1643655
Jun 17 07:23:07.721273 dv-cinder-834822-4-smb neutron-server[103840]: INFO neutron.wsgi [req-b57d43c6-92e5-4734-9130-614e154d43f3 req-880a94f3-3cc9-4f4a-a166-fce6ccedb031 service neutron] 10.222.0.49 "GET /v2.0/networks/31ec21dc-02c5-41f0-b6dc-231180d744f6?fields=segments HTTP/1.1" status: 200 len: 212 time: 0.1769700
Jun 17 07:23:07.763035 dv-cinder-834822-4-smb neutron-server[103840]: DEBUG neutron.pecan_wsgi.hooks.policy_enforcement [req-08c5f156-6d8e-4ed8-b5e1-127f7712478c req-2a58fbe0-7860-4599-b074-b882db1035c5 tempest-ServerRescueNegativeTestJSON-190649200 tempest-ServerRescueNegativeTestJSON-190649200-project] Attributes excluded by policy engine: ['standard_attr_id', 'binding:profile', 'binding:host_id', 'binding:vif_type', 'binding:vif_details'] {{(pid=103840) _exclude_attributes_by_policy /opt/stack/neutron/neutron/pecan_wsgi/hooks/policy_enforcement.py:259}}
Jun 17 07:23:07.764874 dv-cinder-834822-4-smb neutron-server[103840]: INFO neutron.wsgi [req-08c5f156-6d8e-4ed8-b5e1-127f7712478c req-2a58fbe0-7860-4599-b074-b882db1035c5 tempest-ServerRescueNegativeTestJSON-190649200 tempest-ServerRescueNegativeTestJSON-190649200-project] 10.222.0.42 "GET /v2.0/ports?device_id=7e4185fe-3731-4037-8323-f33047977106 HTTP/1.1" status: 200 len: 945 time: 0.0561831
Jun 17 07:23:07.783910 dv-cinder-834822-4-smb neutron-server[103841]: DEBUG neutron_lib.callbacks.manager [None req-b8b69a4b-4338-467d-b2a5-6955f03a3cb8 admin admin] Publish callbacks [] for security_group (415ecb0a-3ab2-473b-b6bb-abaf4aefe95b), precommit_create {{(pid=103841) _notify_loop /usr/local/lib/python3.8/dist-packages/neutron_lib/callbacks/manager.py:176}}
Jun 17 07:23:07.787993 dv-cinder-834822-4-smb neutron-server[103841]: DEBUG neutron_lib.callbacks.manager [None req-b8b69a4b-4338-467d-b2a5-6955f03a3cb8 admin admin] Publish callbacks ['neutron.plugins.ml2.ovo_rpc._ObjectChangeHandler.handle_event-620150'] for security_group (415ecb0a-3ab2-473b-b6bb-abaf4aefe95b), after_create {{(pid=103841) _notify_loop /usr/local/lib/python3.8/dist-packages/neutron_lib/callbacks/manager.py:176}}
Jun 17 07:23:07.813683 dv-cinder-834822-4-smb neutron-server[103841]: DEBUG dbcounter [-] [103841] Writing DB stats neutron:SELECT=85,neutron:INSERT=14,neutron:UPDATE=1 {{(pid=103841) stat_writer /usr/local/lib/python3.8/dist-packages/dbcounter.py:114}}
Jun 17 07:23:07.818237 dv-cinder-834822-4-smb neutron-server[103840]: INFO neutron.wsgi [req-08c5f156-6d8e-4ed8-b5e1-127f7712478c req-38380200-76c1-4190-8e82-4381015e7ff8 tempest-ServerRescueNegativeTestJSON-190649200 tempest-ServerRescueNegativeTestJSON-190649200-project] 10.222.0.42 "GET /v2.0/security-groups?id=b422156b-33a7-47f8-b224-c8ca6a491f7a&fields=id&fields=name HTTP/1.1" status: 200 len: 286 time: 0.0450299
Jun 17 07:23:07.834624 dv-cinder-834822-4-smb neutron-server[103841]: INFO neutron.wsgi [None req-b8b69a4b-4338-467d-b2a5-6955f03a3cb8 admin admin] 10.222.0.42 "GET /v2.0/security-groups?tenant_id=3c640c24158e4f69a150be5dd68a4d13&name=default HTTP/1.1" status: 200 len: 2996 time: 0.4505651
Jun 17 07:23:07.834624 dv-cinder-834822-4-smb neutron-server[103841]: DEBUG neutron.api.rpc.handlers.resources_rpc [None req-b8b69a4b-4338-467d-b2a5-6955f03a3cb8 admin admin] Pushing event updated for resources: {'SecurityGroup': ['ID=415ecb0a-3ab2-473b-b6bb-abaf4aefe95b,revision_number=1']} {{(pid=103841) push /opt/stack/neutron/neutron/api/rpc/handlers/resources_rpc.py:237}}
Jun 17 07:23:07.835060 dv-cinder-834822-4-smb neutron-server[103840]: DEBUG neutron.wsgi [-] (103840) accepted ('10.222.0.42', 42956) {{(pid=103840) server /usr/local/lib/python3.8/dist-packages/eventlet/wsgi.py:1004}}
Jun 17 07:23:07.853333 dv-cinder-834822-4-smb neutron-server[103840]: DEBUG dbcounter [-] [103840] Writing DB stats neutron:SELECT=100 {{(pid=103840) stat_writer /usr/local/lib/python3.8/dist-packages/dbcounter.py:114}}
Jun 17 07:23:07.890217 dv-cinder-834822-4-smb neutron-server[103840]: DEBUG neutron_lib.callbacks.manager [None req-3bd3ffaa-7b2f-4e6a-8689-f301bb98b7f2 admin admin] Publish callbacks [] for security_group (415ecb0a-3ab2-473b-b6bb-abaf4aefe95b), before_delete {{(pid=103840) _notify_loop /usr/local/lib/python3.8/dist-packages/neutron_lib/callbacks/manager.py:176}}
Jun 17 07:23:07.911044 dv-cinder-834822-4-smb neutron-server[103840]: DEBUG neutron_lib.callbacks.manager [None req-3bd3ffaa-7b2f-4e6a-8689-f301bb98b7f2 admin admin] Publish callbacks [] for security_group (415ecb0a-3ab2-473b-b6bb-abaf4aefe95b), precommit_delete {{(pid=103840) _notify_loop /usr/local/lib/python3.8/dist-packages/neutron_lib/callbacks/manager.py:176}}
Jun 17 07:23:07.962523 dv-cinder-834822-4-smb neutron-server[103840]: DEBUG neutron_lib.callbacks.manager [None req-3bd3ffaa-7b2f-4e6a-8689-f301bb98b7f2 admin admin] Publish callbacks ['neutron.plugins.ml2.ovo_rpc._ObjectChangeHandler.handle_event-620150'] for security_group (415ecb0a-3ab2-473b-b6bb-abaf4aefe95b), after_delete {{(pid=103840) _notify_loop /usr/local/lib/python3.8/dist-packages/neutron_lib/callbacks/manager.py:176}}
Jun 17 07:23:07.965078 dv-cinder-834822-4-smb neutron-server[103840]: DEBUG neutron_lib.callbacks.manager [None req-3bd3ffaa-7b2f-4e6a-8689-f301bb98b7f2 admin admin] Publish callbacks [] for security_group (None), before_response {{(pid=103840) _notify_loop /usr/local/lib/python3.8/dist-packages/neutron_lib/callbacks/manager.py:176}}
Jun 17 07:23:07.966251 dv-cinder-834822-4-smb neutron-server[103840]: INFO neutron.wsgi [None req-3bd3ffaa-7b2f-4e6a-8689-f301bb98b7f2 admin admin] 10.222.0.42 "DELETE /v2.0/security-groups/415ecb0a-3ab2-473b-b6bb-abaf4aefe95b HTTP/1.1" status: 204 len: 168 time: 0.1297960
Jun 17 07:23:07.974032 dv-cinder-834822-4-smb neutron-server[103840]: DEBUG neutron.api.rpc.handlers.resources_rpc [None req-3bd3ffaa-7b2f-4e6a-8689-f301bb98b7f2 admin admin] Pushing event deleted for resources: {'SecurityGroup': ['ID=415ecb0a-3ab2-473b-b6bb-abaf4aefe95b,revision_number=None']} {{(pid=103840) push /opt/stack/neutron/neutron/api/rpc/handlers/resources_rpc.py:237}}
Jun 17 07:23:08.107255 dv-cinder-834822-4-smb neutron-server[103842]: DEBUG neutron.plugins.ml2.rpc [None req-965eb272-7c4d-44bc-bd6d-d0129eba3976 None None] Device 0d13ad30-07b7-4d04-8f18-0f157f22863f details requested by agent hyperv_hv-cinder-83482 with host hv-cinder-83482 {{(pid=103842) get_device_details /opt/stack/neutron/neutron/plugins/ml2/rpc.py:102}}
Jun 17 07:23:08.111885 dv-cinder-834822-4-smb neutron-server[103841]: DEBUG neutron.pecan_wsgi.hooks.policy_enforcement [req-f8416fd2-f4a8-40e1-bfd8-63c2372fdf95 req-050d9203-6876-4975-bba4-b697fdfd3b54 service neutron] Attributes excluded by policy engine: ['standard_attr_id'] {{(pid=103841) _exclude_attributes_by_policy /opt/stack/neutron/neutron/pecan_wsgi/hooks/policy_enforcement.py:259}}
Jun 17 07:23:08.113621 dv-cinder-834822-4-smb neutron-server[103841]: INFO neutron.wsgi [req-f8416fd2-f4a8-40e1-bfd8-63c2372fdf95 req-050d9203-6876-4975-bba4-b697fdfd3b54 service neutron] 10.222.0.49 "GET /v2.0/ports?device_id=ed21bb9e-2379-483b-b32b-8919906b0f85 HTTP/1.1" status: 200 len: 1130 time: 0.0556750
Jun 17 07:23:08.210532 dv-cinder-834822-4-smb neutron-server[103841]: INFO neutron.wsgi [req-f8416fd2-f4a8-40e1-bfd8-63c2372fdf95 req-2bebdf98-afc6-4d87-ade0-2cd99837e54b service neutron] 10.222.0.49 "GET /v2.0/security-groups?id=6324e0b8-e6d8-46b1-8de8-191053f484fd&fields=id&fields=name HTTP/1.1" status: 200 len: 286 time: 0.0741565
Jun 17 07:23:08.310325 dv-cinder-834822-4-smb neutron-server[103840]: DEBUG neutron.pecan_wsgi.hooks.policy_enforcement [req-78aca578-306c-4e6f-9c4e-f1fd93a7490e req-df4ec676-acaa-4c56-bae5-256f27f36a68 service neutron] Attributes excluded by policy engine: ['standard_attr_id'] {{(pid=103840) _exclude_attributes_by_policy /opt/stack/neutron/neutron/pecan_wsgi/hooks/policy_enforcement.py:259}}
Jun 17 07:23:08.310965 dv-cinder-834822-4-smb neutron-server[103840]: INFO neutron.wsgi [req-78aca578-306c-4e6f-9c4e-f1fd93a7490e req-df4ec676-acaa-4c56-bae5-256f27f36a68 service neutron] 10.222.0.49 "GET /v2.0/ports?network_id=8eac3835-ec62-45b9-9e40-edcef803d67e&device_owner=network%3Adhcp HTTP/1.1" status: 200 len: 1210 time: 0.1776345
Jun 17 07:23:08.328406 dv-cinder-834822-4-smb neutron-server[103842]: DEBUG neutron.plugins.ml2.db [None req-965eb272-7c4d-44bc-bd6d-d0129eba3976 None None] For port 0d13ad30-07b7-4d04-8f18-0f157f22863f, host hv-cinder-83482, got binding levels [PortBindingLevel(driver='hyperv',host='hv-cinder-83482',level=0,port_id=0d13ad30-07b7-4d04-8f18-0f157f22863f,segment=NetworkSegment(8b57133b-6dd7-477f-8b00-b80d939608ff),segment_id=8b57133b-6dd7-477f-8b00-b80d939608ff)] {{(pid=103842) get_binding_level_objs /opt/stack/neutron/neutron/plugins/ml2/db.py:74}}
Jun 17 07:23:08.342273 dv-cinder-834822-4-smb neutron-server[103842]: DEBUG neutron.plugins.ml2.rpc [None req-965eb272-7c4d-44bc-bd6d-d0129eba3976 None None] Returning: {'device': '0d13ad30-07b7-4d04-8f18-0f157f22863f', 'network_id': '18e6c443-1d9d-4563-8329-31fdf1b397d9', 'port_id': '0d13ad30-07b7-4d04-8f18-0f157f22863f', 'mac_address': 'fa:16:3e:17:ae:1c', 'admin_state_up': True, 'network_type': 'vlan', 'segmentation_id': 341, 'physical_network': 'physnet1', 'mtu': 1500, 'fixed_ips': [{'subnet_id': '71454358-4631-4022-83ff-776add1fd6c9', 'ip_address': '172.20.0.5'}], 'device_owner': 'compute:nova', 'allowed_address_pairs': [], 'port_security_enabled': True, 'qos_policy_id': None, 'qos_network_policy_id': None, 'profile': {}, 'propagate_uplink_status': False} {{(pid=103842) _get_device_details /opt/stack/neutron/neutron/plugins/ml2/rpc.py:184}}
Jun 17 07:23:08.343947 dv-cinder-834822-4-smb neutron-server[103842]: DEBUG dbcounter [-] [103842] Writing DB stats neutron:SELECT=99,neutron:UPDATE=1 {{(pid=103842) stat_writer /usr/local/lib/python3.8/dist-packages/dbcounter.py:114}}
Jun 17 07:23:08.399333 dv-cinder-834822-4-smb neutron-server[103840]: DEBUG neutron.pecan_wsgi.hooks.policy_enforcement [req-8f8a8394-8645-48cd-a714-e0b510552a9c req-5b4ea1de-3746-4eff-b6db-77740a26c65e tempest-AttachVolumeTestJSON-1772476017 tempest-AttachVolumeTestJSON-1772476017-project] Attributes excluded by policy engine: ['standard_attr_id', 'binding:profile', 'binding:host_id', 'binding:vif_type', 'binding:vif_details'] {{(pid=103840) _exclude_attributes_by_policy /opt/stack/neutron/neutron/pecan_wsgi/hooks/policy_enforcement.py:259}}
Jun 17 07:23:08.401678 dv-cinder-834822-4-smb neutron-server[103840]: INFO neutron.wsgi [req-8f8a8394-8645-48cd-a714-e0b510552a9c req-5b4ea1de-3746-4eff-b6db-77740a26c65e tempest-AttachVolumeTestJSON-1772476017 tempest-AttachVolumeTestJSON-1772476017-project] 10.222.0.42 "GET /v2.0/ports?device_id=c2bb03a7-6208-4a9c-968f-aa36ac4de5db HTTP/1.1" status: 200 len: 943 time: 0.1550219
Jun 17 07:23:08.407439 dv-cinder-834822-4-smb neutron-server[103842]: DEBUG neutron.plugins.ml2.plugin [None req-965eb272-7c4d-44bc-bd6d-d0129eba3976 None None] Current status of the port 0d13ad30-07b7-4d04-8f18-0f157f22863f is: DOWN; New status is: BUILD {{(pid=103842) _update_individual_port_db_status /opt/stack/neutron/neutron/plugins/ml2/plugin.py:2298}}
Jun 17 07:23:08.407951 dv-cinder-834822-4-smb neutron-server[103842]: DEBUG neutron_lib.callbacks.manager [None req-965eb272-7c4d-44bc-bd6d-d0129eba3976 None None] Publish callbacks ['neutron.plugins.ml2.plugin.SecurityGroupDbMixin._ensure_default_security_group_handler-7854353'] for port (0d13ad30-07b7-4d04-8f18-0f157f22863f), before_update {{(pid=103842) _notify_loop /usr/local/lib/python3.8/dist-packages/neutron_lib/callbacks/manager.py:176}}
Jun 17 07:23:08.429612 dv-cinder-834822-4-smb neutron-server[103842]: DEBUG neutron.notifiers.nova [None req-965eb272-7c4d-44bc-bd6d-d0129eba3976 None None] Ignoring state change previous_port_status: DOWN current_port_status: BUILD port_id 0d13ad30-07b7-4d04-8f18-0f157f22863f {{(pid=103842) record_port_status_changed /opt/stack/neutron/neutron/notifiers/nova.py:233}}
Jun 17 07:23:08.434670 dv-cinder-834822-4-smb neutron-server[103840]: DEBUG neutron.pecan_wsgi.hooks.policy_enforcement [req-4cfd203e-9e79-44ad-b6e0-6531f6305059 req-43163ace-eab8-4914-91fe-c6f15903081c tempest-DeleteServersTestJSON-973054502 tempest-DeleteServersTestJSON-973054502-project] Attributes excluded by policy engine: ['standard_attr_id', 'binding:profile', 'binding:host_id', 'binding:vif_type', 'binding:vif_details'] {{(pid=103840) _exclude_attributes_by_policy /opt/stack/neutron/neutron/pecan_wsgi/hooks/policy_enforcement.py:259}}
Jun 17 07:23:08.436436 dv-cinder-834822-4-smb neutron-server[103840]: INFO neutron.wsgi [req-4cfd203e-9e79-44ad-b6e0-6531f6305059 req-43163ace-eab8-4914-91fe-c6f15903081c tempest-DeleteServersTestJSON-973054502 tempest-DeleteServersTestJSON-973054502-project] 10.222.0.42 "GET /v2.0/ports?device_id=ed21bb9e-2379-483b-b32b-8919906b0f85 HTTP/1.1" status: 200 len: 946 time: 0.1418104
Jun 17 07:23:08.459606 dv-cinder-834822-4-smb neutron-server[103840]: INFO neutron.wsgi [req-b57d43c6-92e5-4734-9130-614e154d43f3 req-66f2df80-51fe-4ac9-96e4-13afb2bdadc3 service neutron] 10.222.0.49 "GET /v2.0/networks/31ec21dc-02c5-41f0-b6dc-231180d744f6?fields=provider%3Aphysical_network&fields=provider%3Anetwork_type HTTP/1.1" status: 200 len: 281 time: 0.3129914
Jun 17 07:23:08.464157 dv-cinder-834822-4-smb neutron-server[103842]: DEBUG neutron.plugins.ml2.db [None req-965eb272-7c4d-44bc-bd6d-d0129eba3976 None None] For port 0d13ad30-07b7-4d04-8f18-0f157f22863f, host hv-cinder-83482, got binding levels [PortBindingLevel(driver='hyperv',host='hv-cinder-83482',level=0,port_id=0d13ad30-07b7-4d04-8f18-0f157f22863f,segment=NetworkSegment(8b57133b-6dd7-477f-8b00-b80d939608ff),segment_id=8b57133b-6dd7-477f-8b00-b80d939608ff)] {{(pid=103842) get_binding_level_objs /opt/stack/neutron/neutron/plugins/ml2/db.py:74}}
Jun 17 07:23:08.470362 dv-cinder-834822-4-smb neutron-server[103842]: DEBUG neutron_lib.callbacks.manager [None req-965eb272-7c4d-44bc-bd6d-d0129eba3976 None None] Publish callbacks ['neutron.plugins.ml2.plugin.SecurityGroupServerNotifierRpcMixin._notify_sg_on_port_change-7854544', 'neutron.plugins.ml2.ovo_rpc._ObjectChangeHandler.handle_event-201030', 'neutron.api.rpc.agentnotifiers.dhcp_rpc_agent_api.DhcpAgentNotifyAPI._native_event_send_dhcp_notification-549240', 'neutron.db.l3_db.L3RpcNotifierMixin._notify_gateway_port_ip_changed-8726823850325', 'neutron.db.l3_dvrscheduler_db._notify_l3_agent_port_update-8726823480616', 'neutron.db.l3_hascheduler_db._notify_l3_agent_ha_port_update-8726823480634'] for port (0d13ad30-07b7-4d04-8f18-0f157f22863f), after_update {{(pid=103842) _notify_loop /usr/local/lib/python3.8/dist-packages/neutron_lib/callbacks/manager.py:176}}
Jun 17 07:23:08.521822 dv-cinder-834822-4-smb neutron-server[103841]: DEBUG neutron.wsgi [-] (103841) accepted ('10.222.0.42', 42976) {{(pid=103841) server /usr/local/lib/python3.8/dist-packages/eventlet/wsgi.py:1004}}
Jun 17 07:23:08.537119 dv-cinder-834822-4-smb neutron-server[103842]: DEBUG neutron.api.rpc.handlers.resources_rpc [None req-965eb272-7c4d-44bc-bd6d-d0129eba3976 None None] Pushing event updated for resources: {'Port': ['ID=0d13ad30-07b7-4d04-8f18-0f157f22863f,revision_number=4']} {{(pid=103842) push /opt/stack/neutron/neutron/api/rpc/handlers/resources_rpc.py:237}}
Jun 17 07:23:08.541920 dv-cinder-834822-4-smb neutron-server[103841]: DEBUG neutron_lib.callbacks.manager [None req-eb318c05-d179-4588-98e5-46017b7fb400 admin admin] Publish callbacks [] for security_group (None), before_create {{(pid=103841) _notify_loop /usr/local/lib/python3.8/dist-packages/neutron_lib/callbacks/manager.py:176}}
Jun 17 07:23:08.553914 dv-cinder-834822-4-smb neutron-server[103840]: DEBUG dbcounter [-] [103840] Writing DB stats neutron:SELECT=98,neutron:DELETE=2 {{(pid=103840) stat_writer /usr/local/lib/python3.8/dist-packages/dbcounter.py:114}}
Jun 17 07:23:08.599818 dv-cinder-834822-4-smb neutron-server[103840]: INFO neutron.wsgi [req-8f8a8394-8645-48cd-a714-e0b510552a9c req-d6fa5a9a-ff9a-4231-891a-cabbdf014829 tempest-AttachVolumeTestJSON-1772476017 tempest-AttachVolumeTestJSON-1772476017-project] 10.222.0.42 "GET /v2.0/security-groups?id=59b71446-91ee-41c4-a2b4-d4728afdea60&fields=id&fields=name HTTP/1.1" status: 200 len: 313 time: 0.1858079
Jun 17 07:23:08.633825 dv-cinder-834822-4-smb neutron-server[103840]: INFO neutron.wsgi [req-4cfd203e-9e79-44ad-b6e0-6531f6305059 req-4c2e2674-6179-4878-9fa6-7644311723b4 tempest-DeleteServersTestJSON-973054502 tempest-DeleteServersTestJSON-973054502-project] 10.222.0.42 "GET /v2.0/security-groups?id=6324e0b8-e6d8-46b1-8de8-191053f484fd&fields=id&fields=name HTTP/1.1" status: 200 len: 286 time: 0.1774380
Jun 17 07:23:08.649171 dv-cinder-834822-4-smb neutron-server[103841]: DEBUG neutron_lib.callbacks.manager [None req-eb318c05-d179-4588-98e5-46017b7fb400 admin admin] Publish callbacks [] for security_group (0e4b466e-ad45-40a6-b7a9-c1fd21f03129), precommit_create {{(pid=103841) _notify_loop /usr/local/lib/python3.8/dist-packages/neutron_lib/callbacks/manager.py:176}}
Jun 17 07:23:08.654552 dv-cinder-834822-4-smb neutron-server[103841]: DEBUG neutron_lib.callbacks.manager [None req-eb318c05-d179-4588-98e5-46017b7fb400 admin admin] Publish callbacks ['neutron.plugins.ml2.ovo_rpc._ObjectChangeHandler.handle_event-620150'] for security_group (0e4b466e-ad45-40a6-b7a9-c1fd21f03129), after_create {{(pid=103841) _notify_loop /usr/local/lib/python3.8/dist-packages/neutron_lib/callbacks/manager.py:176}}
Jun 17 07:23:08.673168 dv-cinder-834822-4-smb neutron-server[103840]: INFO neutron.wsgi [req-78aca578-306c-4e6f-9c4e-f1fd93a7490e req-e049643c-012f-4120-9a58-31105336d9dc service neutron] 10.222.0.49 "GET /v2.0/networks/8eac3835-ec62-45b9-9e40-edcef803d67e?fields=segments HTTP/1.1" status: 200 len: 212 time: 0.2349758
Jun 17 07:23:08.685676 dv-cinder-834822-4-smb neutron-server[103842]: DEBUG neutron.plugins.ml2.rpc [None req-965eb272-7c4d-44bc-bd6d-d0129eba3976 None None] Device dc6e990c-392a-4eaf-a81c-fe8fe0cb8bab up at agent hyperv_hv-cinder-83482 {{(pid=103842) update_device_up /opt/stack/neutron/neutron/plugins/ml2/rpc.py:296}}
Jun 17 07:23:08.726368 dv-cinder-834822-4-smb neutron-server[103841]: INFO neutron.wsgi [None req-eb318c05-d179-4588-98e5-46017b7fb400 admin admin] 10.222.0.42 "GET /v2.0/security-groups?tenant_id=49223465a38e474da71000fc865fe883&name=default HTTP/1.1" status: 200 len: 2996 time: 0.2025597
Jun 17 07:23:08.730056 dv-cinder-834822-4-smb neutron-server[103841]: DEBUG neutron.wsgi [-] (103841) accepted ('10.222.0.42', 42984) {{(pid=103841) server /usr/local/lib/python3.8/dist-packages/eventlet/wsgi.py:1004}}
Jun 17 07:23:08.732259 dv-cinder-834822-4-smb neutron-server[103841]: DEBUG neutron.api.rpc.handlers.resources_rpc [None req-eb318c05-d179-4588-98e5-46017b7fb400 admin admin] Pushing event updated for resources: {'SecurityGroup': ['ID=0e4b466e-ad45-40a6-b7a9-c1fd21f03129,revision_number=1']} {{(pid=103841) push /opt/stack/neutron/neutron/api/rpc/handlers/resources_rpc.py:237}}
Jun 17 07:23:08.745620 dv-cinder-834822-4-smb neutron-server[103842]: DEBUG neutron.db.provisioning_blocks [None req-965eb272-7c4d-44bc-bd6d-d0129eba3976 None None] Provisioning for port dc6e990c-392a-4eaf-a81c-fe8fe0cb8bab completed by entity L2. {{(pid=103842) provisioning_complete /opt/stack/neutron/neutron/db/provisioning_blocks.py:137}}
Jun 17 07:23:08.754585 dv-cinder-834822-4-smb neutron-server[103842]: DEBUG neutron.db.provisioning_blocks [None req-965eb272-7c4d-44bc-bd6d-d0129eba3976 None None] Provisioning complete for port dc6e990c-392a-4eaf-a81c-fe8fe0cb8bab triggered by entity L2. {{(pid=103842) provisioning_complete /opt/stack/neutron/neutron/db/provisioning_blocks.py:145}}
Jun 17 07:23:08.755182 dv-cinder-834822-4-smb neutron-server[103842]: DEBUG neutron_lib.callbacks.manager [None req-965eb272-7c4d-44bc-bd6d-d0129eba3976 None None] Publish callbacks ['neutron.plugins.ml2.plugin.Ml2Plugin._port_provisioned-7653895'] for port (dc6e990c-392a-4eaf-a81c-fe8fe0cb8bab), provisioning_complete {{(pid=103842) _notify_loop /usr/local/lib/python3.8/dist-packages/neutron_lib/callbacks/manager.py:176}}
Jun 17 07:23:08.773938 dv-cinder-834822-4-smb neutron-server[103842]: DEBUG dbcounter [-] [103842] Writing DB stats neutron:SELECT=98,neutron:UPDATE=2 {{(pid=103842) stat_writer /usr/local/lib/python3.8/dist-packages/dbcounter.py:114}}
Jun 17 07:23:08.802129 dv-cinder-834822-4-smb neutron-server[103841]: DEBUG neutron_lib.callbacks.manager [None req-c6c87f42-576b-40a5-a090-1f3303617431 admin admin] Publish callbacks [] for security_group (0e4b466e-ad45-40a6-b7a9-c1fd21f03129), before_delete {{(pid=103841) _notify_loop /usr/local/lib/python3.8/dist-packages/neutron_lib/callbacks/manager.py:176}}
Jun 17 07:23:08.804855 dv-cinder-834822-4-smb neutron-server[103840]: DEBUG neutron.pecan_wsgi.hooks.policy_enforcement [req-ec71a6eb-b5a9-4110-9af1-9beb72cc3f91 req-fece884c-0eac-42c9-b3bb-3bfe66029dfe tempest-AttachVolumeShelveTestJSON-894692842 tempest-AttachVolumeShelveTestJSON-894692842-project] Attributes excluded by policy engine: ['standard_attr_id', 'binding:profile', 'binding:host_id', 'binding:vif_type', 'binding:vif_details'] {{(pid=103840) _exclude_attributes_by_policy /opt/stack/neutron/neutron/pecan_wsgi/hooks/policy_enforcement.py:259}}
Jun 17 07:23:08.807469 dv-cinder-834822-4-smb neutron-server[103840]: INFO neutron.wsgi [req-ec71a6eb-b5a9-4110-9af1-9beb72cc3f91 req-fece884c-0eac-42c9-b3bb-3bfe66029dfe tempest-AttachVolumeShelveTestJSON-894692842 tempest-AttachVolumeShelveTestJSON-894692842-project] 10.222.0.42 "GET /v2.0/ports?device_id=e3de23de-d75a-439f-a70e-02c0562b5738 HTTP/1.1" status: 200 len: 945 time: 0.1073675
Jun 17 07:23:08.815547 dv-cinder-834822-4-smb neutron-server[103840]: DEBUG neutron.pecan_wsgi.hooks.policy_enforcement [req-448ab6f8-7015-489f-b60e-1ffc9d610e87 req-c001fa5a-2da6-40ab-b3d7-77bb5782cb0c tempest-AttachVolumeNegativeTest-1822944631 tempest-AttachVolumeNegativeTest-1822944631-project] Attributes excluded by policy engine: ['standard_attr_id', 'binding:profile', 'binding:host_id', 'binding:vif_type', 'binding:vif_details'] {{(pid=103840) _exclude_attributes_by_policy /opt/stack/neutron/neutron/pecan_wsgi/hooks/policy_enforcement.py:259}}
Jun 17 07:23:08.817041 dv-cinder-834822-4-smb neutron-server[103840]: INFO neutron.wsgi [req-448ab6f8-7015-489f-b60e-1ffc9d610e87 req-c001fa5a-2da6-40ab-b3d7-77bb5782cb0c tempest-AttachVolumeNegativeTest-1822944631 tempest-AttachVolumeNegativeTest-1822944631-project] 10.222.0.42 "GET /v2.0/ports?device_id=2d4bd007-5c7b-4944-ae7e-1cf5b97a5b2f HTTP/1.1" status: 200 len: 944 time: 0.1078229
Jun 17 07:23:08.831001 dv-cinder-834822-4-smb neutron-server[103841]: DEBUG neutron_lib.callbacks.manager [None req-c6c87f42-576b-40a5-a090-1f3303617431 admin admin] Publish callbacks [] for security_group (0e4b466e-ad45-40a6-b7a9-c1fd21f03129), precommit_delete {{(pid=103841) _notify_loop /usr/local/lib/python3.8/dist-packages/neutron_lib/callbacks/manager.py:176}}
Jun 17 07:23:08.840830 dv-cinder-834822-4-smb neutron-server[103842]: DEBUG neutron.plugins.ml2.plugin [None req-965eb272-7c4d-44bc-bd6d-d0129eba3976 None None] Current status of the port dc6e990c-392a-4eaf-a81c-fe8fe0cb8bab is: BUILD; New status is: ACTIVE {{(pid=103842) _update_individual_port_db_status /opt/stack/neutron/neutron/plugins/ml2/plugin.py:2298}}
Jun 17 07:23:08.841768 dv-cinder-834822-4-smb neutron-server[103842]: DEBUG neutron_lib.callbacks.manager [None req-965eb272-7c4d-44bc-bd6d-d0129eba3976 None None] Publish callbacks ['neutron.plugins.ml2.plugin.SecurityGroupDbMixin._ensure_default_security_group_handler-7854353'] for port (dc6e990c-392a-4eaf-a81c-fe8fe0cb8bab), before_update {{(pid=103842) _notify_loop /usr/local/lib/python3.8/dist-packages/neutron_lib/callbacks/manager.py:176}}
Jun 17 07:23:08.881666 dv-cinder-834822-4-smb neutron-server[103842]: DEBUG neutron.plugins.ml2.db [None req-965eb272-7c4d-44bc-bd6d-d0129eba3976 None None] For port dc6e990c-392a-4eaf-a81c-fe8fe0cb8bab, host hv-cinder-83482, got binding levels [PortBindingLevel(driver='hyperv',host='hv-cinder-83482',level=0,port_id=dc6e990c-392a-4eaf-a81c-fe8fe0cb8bab,segment=NetworkSegment(98799182-f32c-422d-96df-30c77ecb32b5),segment_id=98799182-f32c-422d-96df-30c77ecb32b5)] {{(pid=103842) get_binding_level_objs /opt/stack/neutron/neutron/plugins/ml2/db.py:74}}
Jun 17 07:23:08.888101 dv-cinder-834822-4-smb neutron-server[103842]: DEBUG neutron_lib.callbacks.manager [None req-965eb272-7c4d-44bc-bd6d-d0129eba3976 None None] Publish callbacks ['neutron.plugins.ml2.plugin.SecurityGroupServerNotifierRpcMixin._notify_sg_on_port_change-7854544', 'neutron.plugins.ml2.ovo_rpc._ObjectChangeHandler.handle_event-201030', 'neutron.api.rpc.agentnotifiers.dhcp_rpc_agent_api.DhcpAgentNotifyAPI._native_event_send_dhcp_notification-549240', 'neutron.db.l3_db.L3RpcNotifierMixin._notify_gateway_port_ip_changed-8726823850325', 'neutron.db.l3_dvrscheduler_db._notify_l3_agent_port_update-8726823480616', 'neutron.db.l3_hascheduler_db._notify_l3_agent_ha_port_update-8726823480634'] for port (dc6e990c-392a-4eaf-a81c-fe8fe0cb8bab), after_update {{(pid=103842) _notify_loop /usr/local/lib/python3.8/dist-packages/neutron_lib/callbacks/manager.py:176}}
Jun 17 07:23:08.889393 dv-cinder-834822-4-smb neutron-server[103842]: DEBUG neutron.plugins.ml2.rpc [None req-965eb272-7c4d-44bc-bd6d-d0129eba3976 None None] Device 36951428-37d2-4d4b-80d1-568ced56eb20 up at agent hyperv_hv-cinder-83482 {{(pid=103842) update_device_up /opt/stack/neutron/neutron/plugins/ml2/rpc.py:296}}
Jun 17 07:23:08.893567 dv-cinder-834822-4-smb neutron-server[103841]: DEBUG neutron_lib.callbacks.manager [None req-c6c87f42-576b-40a5-a090-1f3303617431 admin admin] Publish callbacks ['neutron.plugins.ml2.ovo_rpc._ObjectChangeHandler.handle_event-620150'] for security_group (0e4b466e-ad45-40a6-b7a9-c1fd21f03129), after_delete {{(pid=103841) _notify_loop /usr/local/lib/python3.8/dist-packages/neutron_lib/callbacks/manager.py:176}}
Jun 17 07:23:08.896318 dv-cinder-834822-4-smb neutron-server[103841]: DEBUG neutron_lib.callbacks.manager [None req-c6c87f42-576b-40a5-a090-1f3303617431 admin admin] Publish callbacks [] for security_group (None), before_response {{(pid=103841) _notify_loop /usr/local/lib/python3.8/dist-packages/neutron_lib/callbacks/manager.py:176}}
Jun 17 07:23:08.897628 dv-cinder-834822-4-smb neutron-server[103841]: INFO neutron.wsgi [None req-c6c87f42-576b-40a5-a090-1f3303617431 admin admin] 10.222.0.42 "DELETE /v2.0/security-groups/0e4b466e-ad45-40a6-b7a9-c1fd21f03129 HTTP/1.1" status: 204 len: 168 time: 0.1664567
Jun 17 07:23:08.906757 dv-cinder-834822-4-smb neutron-server[103840]: INFO neutron.wsgi [req-ec71a6eb-b5a9-4110-9af1-9beb72cc3f91 req-e21104cc-dd50-48b8-aed9-44f438abf45c tempest-AttachVolumeShelveTestJSON-894692842 tempest-AttachVolumeShelveTestJSON-894692842-project] 10.222.0.42 "GET /v2.0/security-groups?id=f1aa2c8f-058b-4231-a8b7-959b0ec00c0b&fields=id&fields=name HTTP/1.1" status: 200 len: 312 time: 0.0886543
Jun 17 07:23:08.917101 dv-cinder-834822-4-smb neutron-server[103841]: DEBUG neutron.api.rpc.handlers.resources_rpc [None req-c6c87f42-576b-40a5-a090-1f3303617431 admin admin] Pushing event deleted for resources: {'SecurityGroup': ['ID=0e4b466e-ad45-40a6-b7a9-c1fd21f03129,revision_number=None']} {{(pid=103841) push /opt/stack/neutron/neutron/api/rpc/handlers/resources_rpc.py:237}}
Jun 17 07:23:08.924829 dv-cinder-834822-4-smb neutron-server[103840]: INFO neutron.wsgi [req-448ab6f8-7015-489f-b60e-1ffc9d610e87 req-0e3c03a5-e9d5-4b80-92b9-33cfda2d9674 tempest-AttachVolumeNegativeTest-1822944631 tempest-AttachVolumeNegativeTest-1822944631-project] 10.222.0.42 "GET /v2.0/security-groups?id=dd729b0a-c9d3-4614-b4a3-e555b44d6002&fields=id&fields=name HTTP/1.1" status: 200 len: 313 time: 0.0981658
Jun 17 07:23:08.984334 dv-cinder-834822-4-smb neutron-server[103842]: DEBUG neutron.db.provisioning_blocks [None req-965eb272-7c4d-44bc-bd6d-d0129eba3976 None None] Provisioning for port 36951428-37d2-4d4b-80d1-568ced56eb20 completed by entity L2. {{(pid=103842) provisioning_complete /opt/stack/neutron/neutron/db/provisioning_blocks.py:137}}
Jun 17 07:23:08.998851 dv-cinder-834822-4-smb neutron-server[103842]: DEBUG neutron.plugins.ml2.db [None req-965eb272-7c4d-44bc-bd6d-d0129eba3976 None None] get_ports_and_sgs() called for port_ids ['0d13ad30-07b7-4d04-8f18-0f157f22863f'] {{(pid=103842) get_ports_and_sgs /opt/stack/neutron/neutron/plugins/ml2/db.py:156}}
Jun 17 07:23:09.004848 dv-cinder-834822-4-smb neutron-server[103842]: DEBUG neutron.db.provisioning_blocks [None req-965eb272-7c4d-44bc-bd6d-d0129eba3976 None None] Provisioning complete for port 36951428-37d2-4d4b-80d1-568ced56eb20 triggered by entity L2. {{(pid=103842) provisioning_complete /opt/stack/neutron/neutron/db/provisioning_blocks.py:145}}
Jun 17 07:23:09.004848 dv-cinder-834822-4-smb neutron-server[103842]: DEBUG neutron_lib.callbacks.manager [None req-965eb272-7c4d-44bc-bd6d-d0129eba3976 None None] Publish callbacks ['neutron.plugins.ml2.plugin.Ml2Plugin._port_provisioned-7653895'] for port (36951428-37d2-4d4b-80d1-568ced56eb20), provisioning_complete {{(pid=103842) _notify_loop /usr/local/lib/python3.8/dist-packages/neutron_lib/callbacks/manager.py:176}}
Jun 17 07:23:09.029946 dv-cinder-834822-4-smb neutron-server[103842]: DEBUG neutron.api.rpc.handlers.resources_rpc [None req-965eb272-7c4d-44bc-bd6d-d0129eba3976 None None] Pushing event updated for resources: {'Port': ['ID=dc6e990c-392a-4eaf-a81c-fe8fe0cb8bab,revision_number=5']} {{(pid=103842) push /opt/stack/neutron/neutron/api/rpc/handlers/resources_rpc.py:237}}
Jun 17 07:23:09.097059 dv-cinder-834822-4-smb neutron-server[103840]: DEBUG neutron.pecan_wsgi.hooks.policy_enforcement [req-6aae3d36-108d-460e-9567-b3c3a3952675 req-3cbc7a11-5f8b-4c25-a964-12eac7bb948e tempest-ServerRescueNegativeTestJSON-190649200 tempest-ServerRescueNegativeTestJSON-190649200-project] Attributes excluded by policy engine: ['standard_attr_id', 'binding:profile', 'binding:host_id', 'binding:vif_type', 'binding:vif_details'] {{(pid=103840) _exclude_attributes_by_policy /opt/stack/neutron/neutron/pecan_wsgi/hooks/policy_enforcement.py:259}}
Jun 17 07:23:09.098624 dv-cinder-834822-4-smb neutron-server[103840]: INFO neutron.wsgi [req-6aae3d36-108d-460e-9567-b3c3a3952675 req-3cbc7a11-5f8b-4c25-a964-12eac7bb948e tempest-ServerRescueNegativeTestJSON-190649200 tempest-ServerRescueNegativeTestJSON-190649200-project] 10.222.0.42 "GET /v2.0/ports?device_id=7e4185fe-3731-4037-8323-f33047977106 HTTP/1.1" status: 200 len: 945 time: 0.1031444
Jun 17 07:23:09.139650 dv-cinder-834822-4-smb neutron-server[103840]: INFO neutron.wsgi [req-78aca578-306c-4e6f-9c4e-f1fd93a7490e req-664810ed-c13b-48d7-825d-c35d0e9fa187 service neutron] 10.222.0.49 "GET /v2.0/networks/8eac3835-ec62-45b9-9e40-edcef803d67e?fields=provider%3Aphysical_network&fields=provider%3Anetwork_type HTTP/1.1" status: 200 len: 281 time: 0.1753237
Jun 17 07:23:09.142015 dv-cinder-834822-4-smb neutron-server[103840]: DEBUG dbcounter [-] [103840] Writing DB stats neutron:SELECT=98,neutron:DELETE=2 {{(pid=103840) stat_writer /usr/local/lib/python3.8/dist-packages/dbcounter.py:114}}
