Jun 17 07:20:34.033917 dv-cinder-834822-4-iscsi neutron-server[103801]: INFO neutron.wsgi [req-f8401f28-9611-4c83-847f-bce9ad8a8e75 req-cbae861f-4f1c-4882-80b3-66ec8a33ff7b tempest-ServerRescueNegativeTestJSON-2079102785 tempest-ServerRescueNegativeTestJSON-2079102785-project] 10.222.0.33 "GET /v2.0/ports?device_id=12d88b5d-9a22-4092-a847-ca3fdb686228 HTTP/1.1" status: 200 len: 945 time: 0.0552776
Jun 17 07:20:34.097369 dv-cinder-834822-4-iscsi neutron-server[103801]: INFO neutron.wsgi [req-f8401f28-9611-4c83-847f-bce9ad8a8e75 req-d9f8e4fb-0eb1-48e3-bb71-defd13d58f94 tempest-ServerRescueNegativeTestJSON-2079102785 tempest-ServerRescueNegativeTestJSON-2079102785-project] 10.222.0.33 "GET /v2.0/security-groups?id=1ef2e7bb-4e5e-4357-9c57-fee848b6381b&fields=id&fields=name HTTP/1.1" status: 200 len: 286 time: 0.0476394
Jun 17 07:20:34.173091 dv-cinder-834822-4-iscsi neutron-server[103802]: DEBUG neutron.pecan_wsgi.hooks.policy_enforcement [req-b63d34d7-5443-43c1-a865-1d74f5dff0cb req-41868538-b7c1-4b35-a39a-b3779dee4e80 tempest-AttachVolumeTestJSON-399255042 tempest-AttachVolumeTestJSON-399255042-project] Attributes excluded by policy engine: ['standard_attr_id', 'binding:profile', 'binding:host_id', 'binding:vif_type', 'binding:vif_details'] {{(pid=103802) _exclude_attributes_by_policy /opt/stack/neutron/neutron/pecan_wsgi/hooks/policy_enforcement.py:259}}
Jun 17 07:20:34.174959 dv-cinder-834822-4-iscsi neutron-server[103802]: INFO neutron.wsgi [req-b63d34d7-5443-43c1-a865-1d74f5dff0cb req-41868538-b7c1-4b35-a39a-b3779dee4e80 tempest-AttachVolumeTestJSON-399255042 tempest-AttachVolumeTestJSON-399255042-project] 10.222.0.33 "GET /v2.0/ports?device_id=73a8c90c-c561-4193-8276-ae0351b550f4 HTTP/1.1" status: 200 len: 945 time: 0.0485313
Jun 17 07:20:34.186258 dv-cinder-834822-4-iscsi neutron-server[103801]: DEBUG neutron.wsgi [-] (103801) accepted ('10.222.0.33', 34396) {{(pid=103801) server /usr/local/lib/python3.8/dist-packages/eventlet/wsgi.py:1004}}
Jun 17 07:20:34.191027 dv-cinder-834822-4-iscsi neutron-server[103801]: DEBUG neutron.api.v2.base [None req-c257f1c5-aaa1-4d0e-806b-ad8dc3a6eda5 tempest-AttachVolumeTestJSON-399255042 tempest-AttachVolumeTestJSON-399255042-project] Request body: {'floatingip': {'port_id': 'b5405e73-90d6-4c18-ad7b-cfbd6f4aa34c'}} {{(pid=103801) prepare_request_body /opt/stack/neutron/neutron/api/v2/base.py:730}}
Jun 17 07:20:34.270825 dv-cinder-834822-4-iscsi neutron-server[103801]: DEBUG neutron_lib.callbacks.manager [None req-c257f1c5-aaa1-4d0e-806b-ad8dc3a6eda5 tempest-AttachVolumeTestJSON-399255042 tempest-AttachVolumeTestJSON-399255042-project] Publish callbacks [] for floatingip (30f29add-d701-4a36-ade3-9b2e9407cc84), before_update {{(pid=103801) _notify_loop /usr/local/lib/python3.8/dist-packages/neutron_lib/callbacks/manager.py:176}}
Jun 17 07:20:34.691364 dv-cinder-834822-4-iscsi neutron-server[103802]: DEBUG neutron.pecan_wsgi.hooks.policy_enforcement [req-2cd677a2-705c-450b-bb11-cc70e0c21293 req-07323298-dbbd-4593-a73a-38a874c00c90 tempest-AttachVolumeShelveTestJSON-1662044302 tempest-AttachVolumeShelveTestJSON-1662044302-project] Attributes excluded by policy engine: ['standard_attr_id', 'binding:profile', 'binding:host_id', 'binding:vif_type', 'binding:vif_details'] {{(pid=103802) _exclude_attributes_by_policy /opt/stack/neutron/neutron/pecan_wsgi/hooks/policy_enforcement.py:259}}
Jun 17 07:20:34.698390 dv-cinder-834822-4-iscsi neutron-server[103802]: INFO neutron.wsgi [req-2cd677a2-705c-450b-bb11-cc70e0c21293 req-07323298-dbbd-4593-a73a-38a874c00c90 tempest-AttachVolumeShelveTestJSON-1662044302 tempest-AttachVolumeShelveTestJSON-1662044302-project] 10.222.0.33 "GET /v2.0/ports?device_id=029b110f-b393-4f26-a564-bc4c10ce744b HTTP/1.1" status: 200 len: 945 time: 0.0864213
Jun 17 07:20:34.712820 dv-cinder-834822-4-iscsi neutron-server[103803]: DEBUG neutron_lib.callbacks.manager [None req-e8414249-f9a8-4dce-9dd5-9f3ce5f9e662 None None] Publish callbacks ['neutron.services.segments.db._update_segment_host_mapping_for_agent-8792503871205', 'neutron.plugins.ml2.plugin.Ml2Plugin._retry_binding_revived_agents-1000654'] for agent (539eb874-206f-464b-becc-eac6878104a4), after_update {{(pid=103803) _notify_loop /usr/local/lib/python3.8/dist-packages/neutron_lib/callbacks/manager.py:176}}
Jun 17 07:20:34.785609 dv-cinder-834822-4-iscsi neutron-server[103802]: INFO neutron.wsgi [req-2cd677a2-705c-450b-bb11-cc70e0c21293 req-57a79011-891d-4fb9-afc9-de2b20c6c5fd tempest-AttachVolumeShelveTestJSON-1662044302 tempest-AttachVolumeShelveTestJSON-1662044302-project] 10.222.0.33 "GET /v2.0/security-groups?id=5bcdc806-4dc1-4139-910f-e85a217c8c57&fields=id&fields=name HTTP/1.1" status: 200 len: 313 time: 0.0825820
Jun 17 07:20:34.787480 dv-cinder-834822-4-iscsi neutron-server[103801]: DEBUG dbcounter [-] [103801] Writing DB stats neutron:SELECT=98,neutron:UPDATE=2 {{(pid=103801) stat_writer /usr/local/lib/python3.8/dist-packages/dbcounter.py:114}}
Jun 17 07:20:34.803352 dv-cinder-834822-4-iscsi neutron-server[103801]: DEBUG neutron.pecan_wsgi.hooks.policy_enforcement [req-8e361d06-e0a5-47dd-b32a-dc1d763cd02c req-9065816f-6a48-424b-be08-1753a67eae25 tempest-DeleteServersTestJSON-55594728 tempest-DeleteServersTestJSON-55594728-project] Attributes excluded by policy engine: ['standard_attr_id', 'binding:profile', 'binding:host_id', 'binding:vif_type', 'binding:vif_details'] {{(pid=103801) _exclude_attributes_by_policy /opt/stack/neutron/neutron/pecan_wsgi/hooks/policy_enforcement.py:259}}
Jun 17 07:20:34.808886 dv-cinder-834822-4-iscsi neutron-server[103801]: INFO neutron.wsgi [req-8e361d06-e0a5-47dd-b32a-dc1d763cd02c req-9065816f-6a48-424b-be08-1753a67eae25 tempest-DeleteServersTestJSON-55594728 tempest-DeleteServersTestJSON-55594728-project] 10.222.0.33 "GET /v2.0/ports?device_id=bbd2b266-655e-4605-8db4-c708addf8e80 HTTP/1.1" status: 200 len: 946 time: 0.2080829
Jun 17 07:20:34.890716 dv-cinder-834822-4-iscsi neutron-server[103803]: DEBUG neutron.notifiers.nova [-] Sending events: [{'server_uuid': '12d88b5d-9a22-4092-a847-ca3fdb686228', 'name': 'network-vif-plugged', 'status': 'completed', 'tag': 'b91810a2-f141-4e45-96ab-9963b0a82c19'}, {'server_uuid': 'bbd2b266-655e-4605-8db4-c708addf8e80', 'name': 'network-vif-plugged', 'status': 'completed', 'tag': '2b54f26a-5895-4258-b7f5-aa5845feef41'}] {{(pid=103803) send_events /opt/stack/neutron/neutron/notifiers/nova.py:271}}
Jun 17 07:20:34.893163 dv-cinder-834822-4-iscsi neutron-server[103803]: DEBUG novaclient.v2.client [-] REQ: curl -g -i --cacert "/opt/stack/data/ca-bundle.pem" -X POST http://10.222.0.33/compute/v2.1/os-server-external-events -H "Accept: application/json" -H "Content-Type: application/json" -H "User-Agent: python-novaclient" -H "X-Auth-Token: {SHA256}db5fc7555fdb49849c66cf295151541f781d325a46e2fef42f68ca683786b7f5" -H "X-OpenStack-Nova-API-Version: 2.1" -H "X-OpenStack-Request-ID: req-1567211e-e5ab-4fe8-94a6-5d4ab4dafe16" -d '{"events": [{"server_uuid": "12d88b5d-9a22-4092-a847-ca3fdb686228", "name": "network-vif-plugged", "status": "completed", "tag": "b91810a2-f141-4e45-96ab-9963b0a82c19"}, {"server_uuid": "bbd2b266-655e-4605-8db4-c708addf8e80", "name": "network-vif-plugged", "status": "completed", "tag": "2b54f26a-5895-4258-b7f5-aa5845feef41"}]}' {{(pid=103803) _http_log_request /usr/local/lib/python3.8/dist-packages/keystoneauth1/session.py:519}}
Jun 17 07:20:34.937807 dv-cinder-834822-4-iscsi neutron-server[103803]: DEBUG novaclient.v2.client [-] RESP: [200] Connection: close Content-Length: 354 Content-Type: application/json Date: Fri, 17 Jun 2022 07:20:34 GMT OpenStack-API-Version: compute 2.1 Server: Apache/2.4.41 (Ubuntu) Vary: OpenStack-API-Version,X-OpenStack-Nova-API-Version X-OpenStack-Nova-API-Version: 2.1 x-compute-request-id: req-b693d6f4-5720-4588-84aa-d32a514c5758 x-openstack-request-id: req-b693d6f4-5720-4588-84aa-d32a514c5758 {{(pid=103803) _http_log_response /usr/local/lib/python3.8/dist-packages/keystoneauth1/session.py:550}}
Jun 17 07:20:34.938106 dv-cinder-834822-4-iscsi neutron-server[103803]: DEBUG novaclient.v2.client [-] RESP BODY: {"events": [{"server_uuid": "12d88b5d-9a22-4092-a847-ca3fdb686228", "name": "network-vif-plugged", "status": "completed", "tag": "b91810a2-f141-4e45-96ab-9963b0a82c19", "code": 200}, {"server_uuid": "bbd2b266-655e-4605-8db4-c708addf8e80", "name": "network-vif-plugged", "status": "completed", "tag": "2b54f26a-5895-4258-b7f5-aa5845feef41", "code": 200}]} {{(pid=103803) _http_log_response /usr/local/lib/python3.8/dist-packages/keystoneauth1/session.py:582}}
Jun 17 07:20:34.938354 dv-cinder-834822-4-iscsi neutron-server[103803]: DEBUG novaclient.v2.client [-] POST call to compute for http://10.222.0.33/compute/v2.1/os-server-external-events used request id req-b693d6f4-5720-4588-84aa-d32a514c5758 {{(pid=103803) request /usr/local/lib/python3.8/dist-packages/keystoneauth1/session.py:954}}
Jun 17 07:20:34.938753 dv-cinder-834822-4-iscsi neutron-server[103803]: INFO neutron.notifiers.nova [-] Nova event matching ['req-b693d6f4-5720-4588-84aa-d32a514c5758'] response: {'server_uuid': '12d88b5d-9a22-4092-a847-ca3fdb686228', 'name': 'network-vif-plugged', 'status': 'completed', 'tag': 'b91810a2-f141-4e45-96ab-9963b0a82c19', 'code': 200}
Jun 17 07:20:34.939071 dv-cinder-834822-4-iscsi neutron-server[103803]: INFO neutron.notifiers.nova [-] Nova event matching ['req-b693d6f4-5720-4588-84aa-d32a514c5758'] response: {'server_uuid': 'bbd2b266-655e-4605-8db4-c708addf8e80', 'name': 'network-vif-plugged', 'status': 'completed', 'tag': '2b54f26a-5895-4258-b7f5-aa5845feef41', 'code': 200}
Jun 17 07:20:35.169865 dv-cinder-834822-4-iscsi neutron-server[103801]: INFO neutron.wsgi [req-8e361d06-e0a5-47dd-b32a-dc1d763cd02c req-d160760e-b7eb-4e0f-8668-e51442899f41 tempest-DeleteServersTestJSON-55594728 tempest-DeleteServersTestJSON-55594728-project] 10.222.0.33 "GET /v2.0/security-groups?id=98c5bc60-200a-4691-9187-ce842c2794b0&fields=id&fields=name HTTP/1.1" status: 200 len: 286 time: 0.3412807
Jun 17 07:20:35.227789 dv-cinder-834822-4-iscsi neutron-server[103802]: DEBUG neutron.pecan_wsgi.hooks.policy_enforcement [req-6a9e433c-c243-4ae9-8a93-626b538bcd44 req-ef3ac1c0-591a-46b7-acd2-6bf963b4852a tempest-ServerRescueNegativeTestJSON-2079102785 tempest-ServerRescueNegativeTestJSON-2079102785-project] Attributes excluded by policy engine: ['standard_attr_id', 'binding:profile', 'binding:host_id', 'binding:vif_type', 'binding:vif_details'] {{(pid=103802) _exclude_attributes_by_policy /opt/stack/neutron/neutron/pecan_wsgi/hooks/policy_enforcement.py:259}}
Jun 17 07:20:35.229325 dv-cinder-834822-4-iscsi neutron-server[103802]: INFO neutron.wsgi [req-6a9e433c-c243-4ae9-8a93-626b538bcd44 req-ef3ac1c0-591a-46b7-acd2-6bf963b4852a tempest-ServerRescueNegativeTestJSON-2079102785 tempest-ServerRescueNegativeTestJSON-2079102785-project] 10.222.0.33 "GET /v2.0/ports?device_id=12d88b5d-9a22-4092-a847-ca3fdb686228 HTTP/1.1" status: 200 len: 945 time: 0.0582867
Jun 17 07:20:35.286154 dv-cinder-834822-4-iscsi neutron-server[103801]: DEBUG neutron_lib.callbacks.manager [None req-c257f1c5-aaa1-4d0e-806b-ad8dc3a6eda5 tempest-AttachVolumeTestJSON-399255042 tempest-AttachVolumeTestJSON-399255042-project] Publish callbacks [] for floatingip (None), precommit_update {{(pid=103801) _notify_loop /usr/local/lib/python3.8/dist-packages/neutron_lib/callbacks/manager.py:176}}
Jun 17 07:20:35.294409 dv-cinder-834822-4-iscsi neutron-server[103801]: DEBUG neutron_lib.callbacks.manager [None req-c257f1c5-aaa1-4d0e-806b-ad8dc3a6eda5 tempest-AttachVolumeTestJSON-399255042 tempest-AttachVolumeTestJSON-399255042-project] Publish callbacks ['neutron.services.l3_router.l3_router_plugin.DVRResourceOperationHandler._create_dvr_floating_gw_port-1819584'] for floatingip (30f29add-d701-4a36-ade3-9b2e9407cc84), after_update {{(pid=103801) _notify_loop /usr/local/lib/python3.8/dist-packages/neutron_lib/callbacks/manager.py:176}}
Jun 17 07:20:35.300767 dv-cinder-834822-4-iscsi neutron-server[103802]: INFO neutron.wsgi [req-6a9e433c-c243-4ae9-8a93-626b538bcd44 req-8cbd8186-9212-4ef4-ab61-1c659d4f9be6 tempest-ServerRescueNegativeTestJSON-2079102785 tempest-ServerRescueNegativeTestJSON-2079102785-project] 10.222.0.33 "GET /v2.0/security-groups?id=1ef2e7bb-4e5e-4357-9c57-fee848b6381b&fields=id&fields=name HTTP/1.1" status: 200 len: 286 time: 0.0656264
Jun 17 07:20:35.476517 dv-cinder-834822-4-iscsi neutron-server[103801]: INFO neutron.db.l3_db [None req-c257f1c5-aaa1-4d0e-806b-ad8dc3a6eda5 tempest-AttachVolumeTestJSON-399255042 tempest-AttachVolumeTestJSON-399255042-project] Floating IP 30f29add-d701-4a36-ade3-9b2e9407cc84 associated. External IP: 172.27.0.84, port: b5405e73-90d6-4c18-ad7b-cfbd6f4aa34c.
Jun 17 07:20:35.482329 dv-cinder-834822-4-iscsi neutron-server[103801]: DEBUG dbcounter [-] [103801] Writing DB stats neutron:SELECT=99,neutron:UPDATE=1 {{(pid=103801) stat_writer /usr/local/lib/python3.8/dist-packages/dbcounter.py:114}}
Jun 17 07:20:35.518777 dv-cinder-834822-4-iscsi neutron-server[103801]: DEBUG neutron.pecan_wsgi.hooks.policy_enforcement [req-57b51698-df76-413e-a801-ddc50d164f25 req-1515b72b-c721-48e3-891e-327ae984dfaf service neutron] Attributes excluded by policy engine: ['standard_attr_id'] {{(pid=103801) _exclude_attributes_by_policy /opt/stack/neutron/neutron/pecan_wsgi/hooks/policy_enforcement.py:259}}
Jun 17 07:20:35.520270 dv-cinder-834822-4-iscsi neutron-server[103801]: INFO neutron.wsgi [req-57b51698-df76-413e-a801-ddc50d164f25 req-1515b72b-c721-48e3-891e-327ae984dfaf service neutron] 10.222.0.16 "GET /v2.0/ports?device_id=bbd2b266-655e-4605-8db4-c708addf8e80 HTTP/1.1" status: 200 len: 1130 time: 0.1055822
Jun 17 07:20:35.538853 dv-cinder-834822-4-iscsi neutron-server[103801]: DEBUG neutron.pecan_wsgi.hooks.policy_enforcement [req-b8a79b7d-8ca3-433a-a1c4-6db30fe8666f req-5676a01f-46d4-4af0-97cd-ecaf84deda6a service neutron] Attributes excluded by policy engine: ['standard_attr_id'] {{(pid=103801) _exclude_attributes_by_policy /opt/stack/neutron/neutron/pecan_wsgi/hooks/policy_enforcement.py:259}}
Jun 17 07:20:35.540409 dv-cinder-834822-4-iscsi neutron-server[103801]: INFO neutron.wsgi [req-b8a79b7d-8ca3-433a-a1c4-6db30fe8666f req-5676a01f-46d4-4af0-97cd-ecaf84deda6a service neutron] 10.222.0.16 "GET /v2.0/ports?device_id=12d88b5d-9a22-4092-a847-ca3fdb686228 HTTP/1.1" status: 200 len: 1129 time: 0.0928397
Jun 17 07:20:35.644914 dv-cinder-834822-4-iscsi neutron-server[103801]: INFO neutron.wsgi [req-57b51698-df76-413e-a801-ddc50d164f25 req-13eabf24-1ff6-4223-aa43-8c141127dae9 service neutron] 10.222.0.16 "GET /v2.0/security-groups?id=98c5bc60-200a-4691-9187-ce842c2794b0&fields=id&fields=name HTTP/1.1" status: 200 len: 286 time: 0.1153309
Jun 17 07:20:35.653217 dv-cinder-834822-4-iscsi neutron-server[103801]: INFO neutron.wsgi [req-b8a79b7d-8ca3-433a-a1c4-6db30fe8666f req-6c7070f5-c72e-4ba3-b6ed-8fb31276beba service neutron] 10.222.0.16 "GET /v2.0/security-groups?id=1ef2e7bb-4e5e-4357-9c57-fee848b6381b&fields=id&fields=name HTTP/1.1" status: 200 len: 286 time: 0.0757773
Jun 17 07:20:35.698261 dv-cinder-834822-4-iscsi neutron-server[103803]: DEBUG neutron_lib.callbacks.manager [None req-590cd0f7-e53e-4b39-8ca2-b8f5069c8765 None None] Publish callbacks ['neutron.services.segments.db._update_segment_host_mapping_for_agent-8792503871205', 'neutron.plugins.ml2.plugin.Ml2Plugin._retry_binding_revived_agents-1000654'] for agent (30fd6606-f49f-456d-8209-c69d7f9d8925), after_update {{(pid=103803) _notify_loop /usr/local/lib/python3.8/dist-packages/neutron_lib/callbacks/manager.py:176}}
Jun 17 07:20:35.756731 dv-cinder-834822-4-iscsi neutron-server[103801]: DEBUG neutron.scheduler.l3_agent_scheduler [None req-c257f1c5-aaa1-4d0e-806b-ad8dc3a6eda5 tempest-AttachVolumeTestJSON-399255042 tempest-AttachVolumeTestJSON-399255042-project] Router 9983c8b3-1141-4c4d-a398-86257364b374 has already been hosted by L3 agent 539eb874-206f-464b-becc-eac6878104a4 {{(pid=103801) _get_candidates /opt/stack/neutron/neutron/scheduler/l3_agent_scheduler.py:126}}
Jun 17 07:20:35.917140 dv-cinder-834822-4-iscsi neutron-server[103801]: DEBUG neutron.api.rpc.agentnotifiers.l3_rpc_agent_api [None req-c257f1c5-aaa1-4d0e-806b-ad8dc3a6eda5 tempest-AttachVolumeTestJSON-399255042 tempest-AttachVolumeTestJSON-399255042-project] Notify agent at l3_agent.dv-cinder-834822-4-iscsi the message routers_updated {{(pid=103801) _agent_notification /opt/stack/neutron/neutron/api/rpc/agentnotifiers/l3_rpc_agent_api.py:65}}
Jun 17 07:20:35.931769 dv-cinder-834822-4-iscsi neutron-server[103804]: DEBUG neutron.api.rpc.handlers.l3_rpc [None req-a06dcd1f-1274-4b22-84f0-2f90f88c8613 None None] Sync routers for ids ['9983c8b3-1141-4c4d-a398-86257364b374'] in dv-cinder-834822-4-iscsi {{(pid=103804) sync_routers /opt/stack/neutron/neutron/api/rpc/handlers/l3_rpc.py:125}}
Jun 17 07:20:35.933490 dv-cinder-834822-4-iscsi neutron-server[103801]: DEBUG neutron_lib.callbacks.manager [None req-c257f1c5-aaa1-4d0e-806b-ad8dc3a6eda5 tempest-AttachVolumeTestJSON-399255042 tempest-AttachVolumeTestJSON-399255042-project] Publish callbacks ['neutron.notifiers.nova.Notifier._send_nova_notification-236428'] for floatingip (None), before_response {{(pid=103801) _notify_loop /usr/local/lib/python3.8/dist-packages/neutron_lib/callbacks/manager.py:176}}
Jun 17 07:20:35.945434 dv-cinder-834822-4-iscsi neutron-server[103804]: DEBUG neutron.db.l3_dvrscheduler_db [None req-a06dcd1f-1274-4b22-84f0-2f90f88c8613 None None] Routers {'9983c8b3-1141-4c4d-a398-86257364b374'} bound to L3 agent in host dv-cinder-834822-4-iscsi {{(pid=103804) _get_router_ids_for_agent /opt/stack/neutron/neutron/db/l3_dvrscheduler_db.py:426}}
Jun 17 07:20:35.947198 dv-cinder-834822-4-iscsi neutron-server[103804]: DEBUG neutron.db.l3_hamode_db [None req-a06dcd1f-1274-4b22-84f0-2f90f88c8613 None None] neutron.services.l3_router.l3_router_plugin.L3RouterPlugin method get_ha_sync_data_for_host called with arguments (, 'dv-cinder-834822-4-iscsi', Agent(admin_state_up=True,agent_type='L3 agent',availability_zone='nova',binary='neutron-l3-agent',configurations={"agent_mode": "legacy", "ex_gw_ports": 5, "extensions": [], "floating_ips": 0, "handle_internal_only_routers": true, "interface_driver": "openvswitch", "interfaces": 5, "log_agent_heartbeats": false, "routers": 5},created_at=2022-06-17T07:11:35Z,description=,heartbeat_timestamp=2022-06-17T07:20:35Z,host='dv-cinder-834822-4-iscsi',id=539eb874-206f-464b-becc-eac6878104a4,load=0,resource_versions=,resources_synced=,started_at=2022-06-17T07:11:35Z,topic='l3_agent')) {'router_ids': ['9983c8b3-1141-4c4d-a398-86257364b374'], 'active': True} {{(pid=103804) wrapper /usr/local/lib/python3.8/dist-packages/oslo_log/helpers.py:65}}
Jun 17 07:20:35.970986 dv-cinder-834822-4-iscsi neutron-server[103801]: INFO neutron.wsgi [None req-c257f1c5-aaa1-4d0e-806b-ad8dc3a6eda5 tempest-AttachVolumeTestJSON-399255042 tempest-AttachVolumeTestJSON-399255042-project] 10.222.0.33 "PUT /v2.0/floatingips/30f29add-d701-4a36-ade3-9b2e9407cc84 HTTP/1.1" status: 200 len: 990 time: 1.7834442
Jun 17 07:20:35.972338 dv-cinder-834822-4-iscsi neutron-server[103801]: DEBUG neutron.notifiers.nova [-] Sending events: [{'name': 'network-changed', 'server_uuid': '73a8c90c-c561-4193-8276-ae0351b550f4', 'tag': 'b5405e73-90d6-4c18-ad7b-cfbd6f4aa34c'}] {{(pid=103801) send_events /opt/stack/neutron/neutron/notifiers/nova.py:271}}
Jun 17 07:20:35.974830 dv-cinder-834822-4-iscsi neutron-server[103801]: DEBUG novaclient.v2.client [-] REQ: curl -g -i --cacert "/opt/stack/data/ca-bundle.pem" -X POST http://10.222.0.33/compute/v2.1/os-server-external-events -H "Accept: application/json" -H "Content-Type: application/json" -H "User-Agent: python-novaclient" -H "X-Auth-Token: {SHA256}8d794d0118e45ed69ac5839115e4ced7458146a82b2ea728f1244a921603dc35" -H "X-OpenStack-Nova-API-Version: 2.1" -H "X-OpenStack-Request-ID: req-2fc4fbb3-571e-4bdb-8bb4-5830d7033004" -d '{"events": [{"name": "network-changed", "server_uuid": "73a8c90c-c561-4193-8276-ae0351b550f4", "tag": "b5405e73-90d6-4c18-ad7b-cfbd6f4aa34c"}]}' {{(pid=103801) _http_log_request /usr/local/lib/python3.8/dist-packages/keystoneauth1/session.py:519}}
Jun 17 07:20:36.043915 dv-cinder-834822-4-iscsi neutron-server[103801]: DEBUG novaclient.v2.client [-] RESP: [200] Connection: close Content-Length: 179 Content-Type: application/json Date: Fri, 17 Jun 2022 07:20:35 GMT OpenStack-API-Version: compute 2.1 Server: Apache/2.4.41 (Ubuntu) Vary: OpenStack-API-Version,X-OpenStack-Nova-API-Version X-OpenStack-Nova-API-Version: 2.1 x-compute-request-id: req-5895d71a-b08d-4a5c-9fc8-5407c95486d2 x-openstack-request-id: req-5895d71a-b08d-4a5c-9fc8-5407c95486d2 {{(pid=103801) _http_log_response /usr/local/lib/python3.8/dist-packages/keystoneauth1/session.py:550}}
Jun 17 07:20:36.044229 dv-cinder-834822-4-iscsi neutron-server[103801]: DEBUG novaclient.v2.client [-] RESP BODY: {"events": [{"name": "network-changed", "server_uuid": "73a8c90c-c561-4193-8276-ae0351b550f4", "tag": "b5405e73-90d6-4c18-ad7b-cfbd6f4aa34c", "status": "completed", "code": 200}]} {{(pid=103801) _http_log_response /usr/local/lib/python3.8/dist-packages/keystoneauth1/session.py:582}}
Jun 17 07:20:36.044477 dv-cinder-834822-4-iscsi neutron-server[103801]: DEBUG novaclient.v2.client [-] POST call to compute for http://10.222.0.33/compute/v2.1/os-server-external-events used request id req-5895d71a-b08d-4a5c-9fc8-5407c95486d2 {{(pid=103801) request /usr/local/lib/python3.8/dist-packages/keystoneauth1/session.py:954}}
Jun 17 07:20:36.044877 dv-cinder-834822-4-iscsi neutron-server[103801]: INFO neutron.notifiers.nova [-] Nova event matching ['req-5895d71a-b08d-4a5c-9fc8-5407c95486d2'] response: {'name': 'network-changed', 'server_uuid': '73a8c90c-c561-4193-8276-ae0351b550f4', 'tag': 'b5405e73-90d6-4c18-ad7b-cfbd6f4aa34c', 'status': 'completed', 'code': 200}
Jun 17 07:20:36.066274 dv-cinder-834822-4-iscsi neutron-server[103801]: DEBUG neutron.pecan_wsgi.hooks.policy_enforcement [req-8d3520c5-149b-452c-b07d-801f92998b6a req-076141f0-a979-4e14-9039-5fbc7f5bdede tempest-AttachVolumeShelveTestJSON-1662044302 tempest-AttachVolumeShelveTestJSON-1662044302-project] Attributes excluded by policy engine: ['standard_attr_id', 'binding:profile', 'binding:host_id', 'binding:vif_type', 'binding:vif_details'] {{(pid=103801) _exclude_attributes_by_policy /opt/stack/neutron/neutron/pecan_wsgi/hooks/policy_enforcement.py:259}}
Jun 17 07:20:36.074675 dv-cinder-834822-4-iscsi neutron-server[103801]: INFO neutron.wsgi [req-8d3520c5-149b-452c-b07d-801f92998b6a req-076141f0-a979-4e14-9039-5fbc7f5bdede tempest-AttachVolumeShelveTestJSON-1662044302 tempest-AttachVolumeShelveTestJSON-1662044302-project] 10.222.0.33 "GET /v2.0/ports?device_id=029b110f-b393-4f26-a564-bc4c10ce744b HTTP/1.1" status: 200 len: 945 time: 0.1058197
Jun 17 07:20:36.134201 dv-cinder-834822-4-iscsi neutron-server[103801]: INFO neutron.wsgi [req-8d3520c5-149b-452c-b07d-801f92998b6a req-f2830af0-63da-4535-85f7-4d002fafe7c7 tempest-AttachVolumeShelveTestJSON-1662044302 tempest-AttachVolumeShelveTestJSON-1662044302-project] 10.222.0.33 "GET /v2.0/security-groups?id=5bcdc806-4dc1-4139-910f-e85a217c8c57&fields=id&fields=name HTTP/1.1" status: 200 len: 313 time: 0.0586262
Jun 17 07:20:36.259967 dv-cinder-834822-4-iscsi neutron-server[103804]: DEBUG neutron.db.l3_dvr_db [None req-a06dcd1f-1274-4b22-84f0-2f90f88c8613 None None] Set router 9983c8b3-1141-4c4d-a398-86257364b374 gateway port host: dv-cinder-834822-4-iscsi {{(pid=103804) _build_routers_list /opt/stack/neutron/neutron/db/l3_dvr_db.py:907}}
Jun 17 07:20:36.356033 dv-cinder-834822-4-iscsi neutron-server[103802]: DEBUG neutron.wsgi [-] (103802) accepted ('10.222.0.33', 34486) {{(pid=103802) server /usr/local/lib/python3.8/dist-packages/eventlet/wsgi.py:1004}}
Jun 17 07:20:36.366676 dv-cinder-834822-4-iscsi neutron-server[103802]: DEBUG dbcounter [-] [103802] Writing DB stats neutron:SELECT=99,neutron:DELETE=1 {{(pid=103802) stat_writer /usr/local/lib/python3.8/dist-packages/dbcounter.py:114}}
Jun 17 07:20:36.387593 dv-cinder-834822-4-iscsi neutron-server[103802]: DEBUG neutron.pecan_wsgi.hooks.policy_enforcement [req-ae944799-e027-4e81-ac44-7dc1bee7b535 req-a7acd61d-1662-4b2f-b26d-f552cb583f19 tempest-AttachVolumeShelveTestJSON-1662044302 tempest-AttachVolumeShelveTestJSON-1662044302-project] Attributes excluded by policy engine: ['standard_attr_id', 'binding:profile', 'binding:host_id', 'binding:vif_type', 'binding:vif_details'] {{(pid=103802) _exclude_attributes_by_policy /opt/stack/neutron/neutron/pecan_wsgi/hooks/policy_enforcement.py:259}}
Jun 17 07:20:36.406414 dv-cinder-834822-4-iscsi neutron-server[103802]: INFO neutron.wsgi [req-ae944799-e027-4e81-ac44-7dc1bee7b535 req-a7acd61d-1662-4b2f-b26d-f552cb583f19 tempest-AttachVolumeShelveTestJSON-1662044302 tempest-AttachVolumeShelveTestJSON-1662044302-project] 10.222.0.33 "GET /v2.0/ports?device_id=029b110f-b393-4f26-a564-bc4c10ce744b HTTP/1.1" status: 200 len: 945 time: 0.1270514
Jun 17 07:20:36.411123 dv-cinder-834822-4-iscsi neutron-server[103802]: DEBUG neutron.wsgi [-] (103802) accepted ('10.222.0.33', 34490) {{(pid=103802) server /usr/local/lib/python3.8/dist-packages/eventlet/wsgi.py:1004}}
Jun 17 07:20:36.429021 dv-cinder-834822-4-iscsi neutron-server[103801]: DEBUG neutron.pecan_wsgi.hooks.policy_enforcement [req-9d438181-2b5a-45d3-b55d-405b6b63b38f req-df6bc380-04ad-4539-a6c2-74f527ed213d tempest-DeleteServersTestJSON-55594728 tempest-DeleteServersTestJSON-55594728-project] Attributes excluded by policy engine: ['standard_attr_id', 'binding:profile', 'binding:host_id', 'binding:vif_type', 'binding:vif_details'] {{(pid=103801) _exclude_attributes_by_policy /opt/stack/neutron/neutron/pecan_wsgi/hooks/policy_enforcement.py:259}}
Jun 17 07:20:36.429604 dv-cinder-834822-4-iscsi neutron-server[103802]: DEBUG neutron.api.v2.base [None req-7151e52b-a62c-461b-80ac-ca91a2a42dd4 tempest-AttachVolumeShelveTestJSON-1662044302 tempest-AttachVolumeShelveTestJSON-1662044302-project] Request body: {'floatingip': {'port_id': '64a7d8d8-05dd-4a53-a5a0-14ec44851533'}} {{(pid=103802) prepare_request_body /opt/stack/neutron/neutron/api/v2/base.py:730}}
Jun 17 07:20:36.430707 dv-cinder-834822-4-iscsi neutron-server[103801]: INFO neutron.wsgi [req-9d438181-2b5a-45d3-b55d-405b6b63b38f req-df6bc380-04ad-4539-a6c2-74f527ed213d tempest-DeleteServersTestJSON-55594728 tempest-DeleteServersTestJSON-55594728-project] 10.222.0.33 "GET /v2.0/ports?device_id=bbd2b266-655e-4605-8db4-c708addf8e80 HTTP/1.1" status: 200 len: 946 time: 0.1307299
Jun 17 07:20:36.467697 dv-cinder-834822-4-iscsi neutron-server[103801]: DEBUG dbcounter [-] [103801] Writing DB stats neutron:SELECT=99,neutron:UPDATE=1 {{(pid=103801) stat_writer /usr/local/lib/python3.8/dist-packages/dbcounter.py:114}}
Jun 17 07:20:36.548333 dv-cinder-834822-4-iscsi neutron-server[103802]: DEBUG neutron_lib.callbacks.manager [None req-7151e52b-a62c-461b-80ac-ca91a2a42dd4 tempest-AttachVolumeShelveTestJSON-1662044302 tempest-AttachVolumeShelveTestJSON-1662044302-project] Publish callbacks [] for floatingip (418aa893-30c2-49e9-8a37-5b852f685194), before_update {{(pid=103802) _notify_loop /usr/local/lib/python3.8/dist-packages/neutron_lib/callbacks/manager.py:176}}
Jun 17 07:20:36.615998 dv-cinder-834822-4-iscsi neutron-server[103801]: INFO neutron.wsgi [req-9d438181-2b5a-45d3-b55d-405b6b63b38f req-215ce52a-826a-4c2c-91c6-5ff0bdd9ed36 tempest-DeleteServersTestJSON-55594728 tempest-DeleteServersTestJSON-55594728-project] 10.222.0.33 "GET /v2.0/security-groups?id=98c5bc60-200a-4691-9187-ce842c2794b0&fields=id&fields=name HTTP/1.1" status: 200 len: 286 time: 0.1763942
Jun 17 07:20:36.619171 dv-cinder-834822-4-iscsi neutron-server[103801]: DEBUG neutron.pecan_wsgi.hooks.policy_enforcement [req-2fc4fbb3-571e-4bdb-8bb4-5830d7033004 req-397a8c5e-9627-4ec8-8cbb-4a409b9084be service neutron] Attributes excluded by policy engine: ['standard_attr_id'] {{(pid=103801) _exclude_attributes_by_policy /opt/stack/neutron/neutron/pecan_wsgi/hooks/policy_enforcement.py:259}}
Jun 17 07:20:36.622160 dv-cinder-834822-4-iscsi neutron-server[103801]: INFO neutron.wsgi [req-2fc4fbb3-571e-4bdb-8bb4-5830d7033004 req-397a8c5e-9627-4ec8-8cbb-4a409b9084be service neutron] 10.222.0.16 "GET /v2.0/ports?tenant_id=ab7deafed6f447faade3e3d8d281617a&device_id=73a8c90c-c561-4193-8276-ae0351b550f4 HTTP/1.1" status: 200 len: 1129 time: 0.1065581
Jun 17 07:20:36.638196 dv-cinder-834822-4-iscsi neutron-server[103802]: DEBUG neutron_lib.callbacks.manager [None req-093d46e5-8880-4cb1-8f94-41f755ba4ef5 admin admin] Publish callbacks [] for security_group (None), before_create {{(pid=103802) _notify_loop /usr/local/lib/python3.8/dist-packages/neutron_lib/callbacks/manager.py:176}}
Jun 17 07:20:36.660106 dv-cinder-834822-4-iscsi neutron-server[103802]: DEBUG dbcounter [-] [103802] Writing DB stats neutron:SELECT=97,neutron:DELETE=3 {{(pid=103802) stat_writer /usr/local/lib/python3.8/dist-packages/dbcounter.py:114}}
Jun 17 07:20:36.703395 dv-cinder-834822-4-iscsi neutron-server[103804]: DEBUG neutron.db.l3_hamode_db [None req-a06dcd1f-1274-4b22-84f0-2f90f88c8613 None None] neutron.services.l3_router.l3_router_plugin.L3RouterPlugin method _process_sync_ha_data called with arguments (, [{'id': '9983c8b3-1141-4c4d-a398-86257364b374', 'name': 'tempest-AttachVolumeTestJSON-49818561-router', 'tenant_id': 'ab7deafed6f447faade3e3d8d281617a', 'admin_state_up': True, 'status': 'ACTIVE', 'external_gateway_info': {'network_id': '254c2a78-6b68-4d1a-949e-12ece4c5936b', 'external_fixed_ips': [{'subnet_id': '167ea197-aeee-45d1-be0c-7d2c7c8af9d1', 'ip_address': '172.27.0.2'}], 'enable_snat': True}, 'gw_port_id': '2e7c3166-9ac4-4f78-80fe-14a178d1c26c', 'description': '', 'availability_zones': ['nova'], 'distributed': False, 'ha': False, 'ha_vr_id': 0, 'availability_zone_hints': [], 'routes': [], 'flavor_id': None, 'tags': [], 'created_at': '2022-06-17T07:19:36Z', 'updated_at': '2022-06-17T07:19:42Z', 'revision_number': 4, 'project_id': 'ab7deafed6f447faade3e3d8d281617a', 'gw_port': {'id': '2e7c3166-9ac4-4f78-80fe-14a178d1c26c', 'name': '', 'network_id': '254c2a78-6b68-4d1a-949e-12ece4c5936b', 'tenant_id': '', 'mac_address': 'fa:16:3e:ed:c9:e5', 'admin_state_up': True, 'status': 'ACTIVE', 'device_id': '9983c8b3-1141-4c4d-a398-86257364b374', 'device_owner': 'network:router_gateway', 'standard_attr_id': 41, 'fixed_ips': [{'subnet_id': '167ea197-aeee-45d1-be0c-7d2c7c8af9d1', 'ip_address': '172.27.0.2', 'prefixlen': 24}], 'allowed_address_pairs': [], 'extra_dhcp_opts': [], 'security_groups': [], 'description': '', 'binding:vnic_type': 'normal', 'binding:profile': {}, 'binding:host_id': 'dv-cinder-834822-4-iscsi', 'binding:vif_type': 'ovs', 'binding:vif_details': {'connectivity': 'l2', 'port_filter': True, 'ovs_hybrid_plug': False, 'datapath_type': 'system', 'bridge_name': 'br-int', 'bound_drivers': {'0': 'openvswitch'}}, 'port_security_enabled': False, 'tags': [], 'created_at': '2022-06-17T07:19:37Z', 'updated_at': '2022-06-17T07:19:46Z', 'revision_number': 4, 'project_id': '', 'subnets': [{'id': '167ea197-aeee-45d1-be0c-7d2c7c8af9d1', 'cidr': '172.27.0.0/24', 'gateway_ip': '172.27.0.1', 'dns_nameservers': [], 'ipv6_ra_mode': None, 'subnetpool_id': None}], 'extra_subnets': [], 'address_scopes': {4: None, 6: None}, 'mtu': 1500}, 'enable_snat': True, 'gw_port_host': 'dv-cinder-834822-4-iscsi', '_floatingips': [{'id': '30f29add-d701-4a36-ade3-9b2e9407cc84', 'tenant_id': 'ab7deafed6f447faade3e3d8d281617a', 'floating_ip_address': '172.27.0.84', 'floating_network_id': '254c2a78-6b68-4d1a-949e-12ece4c5936b', 'router_id': '9983c8b3-1141-4c4d-a398-86257364b374', 'port_id': 'b5405e73-90d6-4c18-ad7b-cfbd6f4aa34c', 'fixed_ip_address': '172.20.0.6', 'status': 'DOWN', 'standard_attr_id': 102, 'description': '', 'qos_policy_id': None, 'qos_network_policy_id': None, 'port_details': {'name': '', 'network_id': '1239213d-0a3b-407c-aa59-5c1ac224edf4', 'mac_address': 'fa:16:3e:9d:d5:cd', 'admin_state_up': True, 'status': 'ACTIVE', 'device_id': '73a8c90c-c561-4193-8276-ae0351b550f4', 'device_owner': 'compute:nova'}, 'dns_domain': '', 'dns_name': '', 'tags': [], 'created_at': '2022-06-17T07:19:49Z', 'updated_at': '2022-06-17T07:20:35Z', 'revision_number': 1, 'project_id': 'ab7deafed6f447faade3e3d8d281617a', 'fixed_ip_address_scope': None}], '_interfaces': [{'id': 'e76027f5-c2aa-443f-a85a-89c7d8f8e18c', 'name': '', 'network_id': '1239213d-0a3b-407c-aa59-5c1ac224edf4', 'tenant_id': 'ab7deafed6f447faade3e3d8d281617a', 'mac_address': 'fa:16:3e:24:fc:94', 'admin_state_up': True, 'status': 'ACTIVE', 'device_id': '9983c8b3-1141-4c4d-a398-86257364b374', 'device_owner': 'network:router_interface', 'standard_attr_id': 63, 'fixed_ips': [{'subnet_id': 'dacfbc50-0f0a-4fb0-9040-e06949d49000', 'ip_address': '172.20.0.1', 'prefixlen': 28}], 'allowed_address_pairs': [], 'extra_dhcp_opts': [], 'security_groups': [], 'description': '', 'binding:vnic_type': 'normal', 'binding:profile': {}, 'binding:host_id': 'dv-cinder-834822-4-iscsi', 'binding:vif_type': 'ovs', 'binding:vif_details': {'connectivity': 'l2', 'port_filter': True, 'ovs_hybrid_plug': False, 'datapath_type': 'system', 'bridge_name': 'br-int', 'bound_drivers': {'0': 'openvswitch'}}, 'port_security_enabled': False, 'tags': [], 'created_at': '2022-06-17T07:19:40Z', 'updated_at': '2022-06-17T07:19:51Z', 'revision_number': 5, 'project_id': 'ab7deafed6f447faade3e3d8d281617a', 'subnets': [{'id': 'dacfbc50-0f0a-4fb0-9040-e06949d49000', 'cidr': '172.20.0.0/28', 'gateway_ip': '172.20.0.1', 'dns_nameservers': [], 'ipv6_ra_mode': None, 'subnetpool_id': None}], 'extra_subnets': [], 'address_scopes': {4: None, 6: None}, 'mtu': 1500}]}], 'dv-cinder-834822-4-iscsi', False) {} {{(pid=103804) wrapper /usr/local/lib/python3.8/dist-packages/oslo_log/helpers.py:65}}
Jun 17 07:20:36.723066 dv-cinder-834822-4-iscsi neutron-server[103802]: DEBUG neutron.pecan_wsgi.hooks.policy_enforcement [req-3bc3b480-2465-4fb5-b235-7462ad107465 req-5ba15c16-fc0f-49ab-9311-b1746cbfe9de tempest-ServerRescueNegativeTestJSON-2079102785 tempest-ServerRescueNegativeTestJSON-2079102785-project] Attributes excluded by policy engine: ['standard_attr_id', 'binding:profile', 'binding:host_id', 'binding:vif_type', 'binding:vif_details'] {{(pid=103802) _exclude_attributes_by_policy /opt/stack/neutron/neutron/pecan_wsgi/hooks/policy_enforcement.py:259}}
Jun 17 07:20:36.725025 dv-cinder-834822-4-iscsi neutron-server[103802]: INFO neutron.wsgi [req-3bc3b480-2465-4fb5-b235-7462ad107465 req-5ba15c16-fc0f-49ab-9311-b1746cbfe9de tempest-ServerRescueNegativeTestJSON-2079102785 tempest-ServerRescueNegativeTestJSON-2079102785-project] 10.222.0.33 "GET /v2.0/ports?device_id=12d88b5d-9a22-4092-a847-ca3fdb686228 HTTP/1.1" status: 200 len: 945 time: 0.1715899
Jun 17 07:20:36.733970 dv-cinder-834822-4-iscsi neutron-server[103804]: DEBUG neutron.api.rpc.handlers.l3_rpc [None req-a06dcd1f-1274-4b22-84f0-2f90f88c8613 None None] Checking router: 9983c8b3-1141-4c4d-a398-86257364b374 for host: dv-cinder-834822-4-iscsi {{(pid=103804) _ensure_host_set_on_ports /opt/stack/neutron/neutron/api/rpc/handlers/l3_rpc.py:155}}
Jun 17 07:20:36.743879 dv-cinder-834822-4-iscsi neutron-server[103804]: DEBUG neutron.db.l3_dvrscheduler_db [None req-a06dcd1f-1274-4b22-84f0-2f90f88c8613 None None] Routers {'9983c8b3-1141-4c4d-a398-86257364b374'} bound to L3 agent in host dv-cinder-834822-4-iscsi {{(pid=103804) _get_router_ids_for_agent /opt/stack/neutron/neutron/db/l3_dvrscheduler_db.py:426}}
Jun 17 07:20:36.744497 dv-cinder-834822-4-iscsi neutron-server[103804]: DEBUG neutron.db.l3_hamode_db [None req-a06dcd1f-1274-4b22-84f0-2f90f88c8613 None None] neutron.services.l3_router.l3_router_plugin.L3RouterPlugin method get_ha_sync_data_for_host called with arguments (, 'dv-cinder-834822-4-iscsi', Agent(admin_state_up=True,agent_type='L3 agent',availability_zone='nova',binary='neutron-l3-agent',configurations={"agent_mode": "legacy", "ex_gw_ports": 5, "extensions": [], "floating_ips": 0, "handle_internal_only_routers": true, "interface_driver": "openvswitch", "interfaces": 5, "log_agent_heartbeats": false, "routers": 5},created_at=2022-06-17T07:11:35Z,description=,heartbeat_timestamp=2022-06-17T07:20:35Z,host='dv-cinder-834822-4-iscsi',id=539eb874-206f-464b-becc-eac6878104a4,load=0,resource_versions=,resources_synced=,started_at=2022-06-17T07:11:35Z,topic='l3_agent')) {'router_ids': ['9983c8b3-1141-4c4d-a398-86257364b374'], 'active': True} {{(pid=103804) wrapper /usr/local/lib/python3.8/dist-packages/oslo_log/helpers.py:65}}
Jun 17 07:20:36.847400 dv-cinder-834822-4-iscsi neutron-server[103802]: INFO neutron.wsgi [req-3bc3b480-2465-4fb5-b235-7462ad107465 req-f81e85bd-69b7-4237-811a-c4067418caa3 tempest-ServerRescueNegativeTestJSON-2079102785 tempest-ServerRescueNegativeTestJSON-2079102785-project] 10.222.0.33 "GET /v2.0/security-groups?id=1ef2e7bb-4e5e-4357-9c57-fee848b6381b&fields=id&fields=name HTTP/1.1" status: 200 len: 286 time: 0.0931084
Jun 17 07:20:36.850989 dv-cinder-834822-4-iscsi neutron-server[103804]: DEBUG neutron.db.l3_dvr_db [None req-a06dcd1f-1274-4b22-84f0-2f90f88c8613 None None] Set router 9983c8b3-1141-4c4d-a398-86257364b374 gateway port host: dv-cinder-834822-4-iscsi {{(pid=103804) _build_routers_list /opt/stack/neutron/neutron/db/l3_dvr_db.py:907}}
Jun 17 07:20:36.968504 dv-cinder-834822-4-iscsi neutron-server[103802]: DEBUG neutron_lib.callbacks.manager [None req-093d46e5-8880-4cb1-8f94-41f755ba4ef5 admin admin] Publish callbacks [] for security_group (86eff897-bca8-4266-8ff0-50cb6216c20c), precommit_create {{(pid=103802) _notify_loop /usr/local/lib/python3.8/dist-packages/neutron_lib/callbacks/manager.py:176}}
Jun 17 07:20:36.980449 dv-cinder-834822-4-iscsi neutron-server[103802]: DEBUG neutron_lib.callbacks.manager [None req-093d46e5-8880-4cb1-8f94-41f755ba4ef5 admin admin] Publish callbacks ['neutron.plugins.ml2.ovo_rpc._ObjectChangeHandler.handle_event-1687923'] for security_group (86eff897-bca8-4266-8ff0-50cb6216c20c), after_create {{(pid=103802) _notify_loop /usr/local/lib/python3.8/dist-packages/neutron_lib/callbacks/manager.py:176}}
Jun 17 07:20:37.066858 dv-cinder-834822-4-iscsi neutron-server[103802]: INFO neutron.wsgi [None req-093d46e5-8880-4cb1-8f94-41f755ba4ef5 admin admin] 10.222.0.33 "GET /v2.0/security-groups?tenant_id=f82081e918504de7b3505338d7d8c22f&name=default HTTP/1.1" status: 200 len: 2996 time: 0.7096567
Jun 17 07:20:37.080485 dv-cinder-834822-4-iscsi neutron-server[103801]: DEBUG neutron.wsgi [-] (103801) accepted ('10.222.0.33', 34506) {{(pid=103801) server /usr/local/lib/python3.8/dist-packages/eventlet/wsgi.py:1004}}
Jun 17 07:20:37.090966 dv-cinder-834822-4-iscsi neutron-server[103802]: DEBUG neutron.api.rpc.handlers.resources_rpc [None req-093d46e5-8880-4cb1-8f94-41f755ba4ef5 admin admin] Pushing event updated for resources: {'SecurityGroup': ['ID=86eff897-bca8-4266-8ff0-50cb6216c20c,revision_number=1']} {{(pid=103802) push /opt/stack/neutron/neutron/api/rpc/handlers/resources_rpc.py:237}}
Jun 17 07:20:37.133532 dv-cinder-834822-4-iscsi neutron-server[103802]: DEBUG neutron.api.rpc.callbacks.version_manager [None req-093d46e5-8880-4cb1-8f94-41f755ba4ef5 admin admin] Version for resource type AddressGroup changed None to 1.2 on consumer Open vSwitch agent@dv-cinder-834822-4-iscsi {{(pid=103802) _set_version /opt/stack/neutron/neutron/api/rpc/callbacks/version_manager.py:113}}
Jun 17 07:20:37.133783 dv-cinder-834822-4-iscsi neutron-server[103802]: DEBUG neutron.api.rpc.callbacks.version_manager [None req-093d46e5-8880-4cb1-8f94-41f755ba4ef5 admin admin] Version for resource type Agent changed None to 1.1 on consumer Open vSwitch agent@dv-cinder-834822-4-iscsi {{(pid=103802) _set_version /opt/stack/neutron/neutron/api/rpc/callbacks/version_manager.py:113}}
Jun 17 07:20:37.133997 dv-cinder-834822-4-iscsi neutron-server[103802]: DEBUG neutron.api.rpc.callbacks.version_manager [None req-093d46e5-8880-4cb1-8f94-41f755ba4ef5 admin admin] Version for resource type ConntrackHelper changed None to 1.0 on consumer Open vSwitch agent@dv-cinder-834822-4-iscsi {{(pid=103802) _set_version /opt/stack/neutron/neutron/api/rpc/callbacks/version_manager.py:113}}
Jun 17 07:20:37.134329 dv-cinder-834822-4-iscsi neutron-server[103802]: DEBUG neutron.api.rpc.callbacks.version_manager [None req-093d46e5-8880-4cb1-8f94-41f755ba4ef5 admin admin] Version for resource type LocalIPAssociation changed None to 1.0 on consumer Open vSwitch agent@dv-cinder-834822-4-iscsi {{(pid=103802) _set_version /opt/stack/neutron/neutron/api/rpc/callbacks/version_manager.py:113}}
Jun 17 07:20:37.134654 dv-cinder-834822-4-iscsi neutron-server[103802]: DEBUG neutron.api.rpc.callbacks.version_manager [None req-093d46e5-8880-4cb1-8f94-41f755ba4ef5 admin admin] Version for resource type Log changed None to 1.0 on consumer Open vSwitch agent@dv-cinder-834822-4-iscsi {{(pid=103802) _set_version /opt/stack/neutron/neutron/api/rpc/callbacks/version_manager.py:113}}
Jun 17 07:20:37.134978 dv-cinder-834822-4-iscsi neutron-server[103802]: DEBUG neutron.api.rpc.callbacks.version_manager [None req-093d46e5-8880-4cb1-8f94-41f755ba4ef5 admin admin] Version for resource type NDPProxy changed None to 1.0 on consumer Open vSwitch agent@dv-cinder-834822-4-iscsi {{(pid=103802) _set_version /opt/stack/neutron/neutron/api/rpc/callbacks/version_manager.py:113}}
Jun 17 07:20:37.135297 dv-cinder-834822-4-iscsi neutron-server[103802]: DEBUG neutron.api.rpc.callbacks.version_manager [None req-093d46e5-8880-4cb1-8f94-41f755ba4ef5 admin admin] Version for resource type Network changed None to 1.1 on consumer Open vSwitch agent@dv-cinder-834822-4-iscsi {{(pid=103802) _set_version /opt/stack/neutron/neutron/api/rpc/callbacks/version_manager.py:113}}
Jun 17 07:20:37.135614 dv-cinder-834822-4-iscsi neutron-server[103802]: DEBUG neutron.api.rpc.callbacks.version_manager [None req-093d46e5-8880-4cb1-8f94-41f755ba4ef5 admin admin] Version for resource type Port changed None to 1.7 on consumer Open vSwitch agent@dv-cinder-834822-4-iscsi {{(pid=103802) _set_version /opt/stack/neutron/neutron/api/rpc/callbacks/version_manager.py:113}}
Jun 17 07:20:37.135930 dv-cinder-834822-4-iscsi neutron-server[103802]: DEBUG neutron.api.rpc.callbacks.version_manager [None req-093d46e5-8880-4cb1-8f94-41f755ba4ef5 admin admin] Version for resource type PortForwarding changed None to 1.3 on consumer Open vSwitch agent@dv-cinder-834822-4-iscsi {{(pid=103802) _set_version /opt/stack/neutron/neutron/api/rpc/callbacks/version_manager.py:113}}
Jun 17 07:20:37.136287 dv-cinder-834822-4-iscsi neutron-server[103802]: DEBUG neutron.api.rpc.callbacks.version_manager [None req-093d46e5-8880-4cb1-8f94-41f755ba4ef5 admin admin] Version for resource type QosPolicy changed None to 1.10 on consumer Open vSwitch agent@dv-cinder-834822-4-iscsi {{(pid=103802) _set_version /opt/stack/neutron/neutron/api/rpc/callbacks/version_manager.py:113}}
Jun 17 07:20:37.137381 dv-cinder-834822-4-iscsi neutron-server[103802]: DEBUG neutron.api.rpc.callbacks.version_manager [None req-093d46e5-8880-4cb1-8f94-41f755ba4ef5 admin admin] Version for resource type SecurityGroup changed None to 1.5 on consumer Open vSwitch agent@dv-cinder-834822-4-iscsi {{(pid=103802) _set_version /opt/stack/neutron/neutron/api/rpc/callbacks/version_manager.py:113}}
Jun 17 07:20:37.137381 dv-cinder-834822-4-iscsi neutron-server[103802]: DEBUG neutron.api.rpc.callbacks.version_manager [None req-093d46e5-8880-4cb1-8f94-41f755ba4ef5 admin admin] Version for resource type SecurityGroupRule changed None to 1.2 on consumer Open vSwitch agent@dv-cinder-834822-4-iscsi {{(pid=103802) _set_version /opt/stack/neutron/neutron/api/rpc/callbacks/version_manager.py:113}}
Jun 17 07:20:37.137381 dv-cinder-834822-4-iscsi neutron-server[103802]: DEBUG neutron.api.rpc.callbacks.version_manager [None req-093d46e5-8880-4cb1-8f94-41f755ba4ef5 admin admin] Version for resource type SubPort changed None to 1.0 on consumer Open vSwitch agent@dv-cinder-834822-4-iscsi {{(pid=103802) _set_version /opt/stack/neutron/neutron/api/rpc/callbacks/version_manager.py:113}}
Jun 17 07:20:37.137654 dv-cinder-834822-4-iscsi neutron-server[103802]: DEBUG neutron.api.rpc.callbacks.version_manager [None req-093d46e5-8880-4cb1-8f94-41f755ba4ef5 admin admin] Version for resource type Subnet changed None to 1.1 on consumer Open vSwitch agent@dv-cinder-834822-4-iscsi {{(pid=103802) _set_version /opt/stack/neutron/neutron/api/rpc/callbacks/version_manager.py:113}}
Jun 17 07:20:37.137982 dv-cinder-834822-4-iscsi neutron-server[103802]: DEBUG neutron.api.rpc.callbacks.version_manager [None req-093d46e5-8880-4cb1-8f94-41f755ba4ef5 admin admin] Version for resource type Trunk changed None to 1.1 on consumer Open vSwitch agent@dv-cinder-834822-4-iscsi {{(pid=103802) _set_version /opt/stack/neutron/neutron/api/rpc/callbacks/version_manager.py:113}}
Jun 17 07:20:37.213647 dv-cinder-834822-4-iscsi neutron-server[103801]: DEBUG neutron.pecan_wsgi.hooks.policy_enforcement [req-2fc4fbb3-571e-4bdb-8bb4-5830d7033004 req-6f9d2c9c-b7ca-4810-8a7f-65eea366a148 service neutron] Attributes excluded by policy engine: ['standard_attr_id', 'vlan_transparent'] {{(pid=103801) _exclude_attributes_by_policy /opt/stack/neutron/neutron/pecan_wsgi/hooks/policy_enforcement.py:259}}
Jun 17 07:20:37.215127 dv-cinder-834822-4-iscsi neutron-server[103801]: INFO neutron.wsgi [req-2fc4fbb3-571e-4bdb-8bb4-5830d7033004 req-6f9d2c9c-b7ca-4810-8a7f-65eea366a148 service neutron] 10.222.0.16 "GET /v2.0/networks?id=1239213d-0a3b-407c-aa59-5c1ac224edf4 HTTP/1.1" status: 200 len: 910 time: 0.2085838
Jun 17 07:20:37.216350 dv-cinder-834822-4-iscsi neutron-server[103801]: DEBUG neutron_lib.callbacks.manager [None req-6f4d1d56-ab43-453f-b522-1d3215a7663a admin admin] Publish callbacks [] for security_group (86eff897-bca8-4266-8ff0-50cb6216c20c), before_delete {{(pid=103801) _notify_loop /usr/local/lib/python3.8/dist-packages/neutron_lib/callbacks/manager.py:176}}
