Mar 24 14:46:36.185877 dv-cinder-834805-2-smb devstack@n-api.service[108915]: DEBUG nova.api.openstack.wsgi [None req-21a3fe0b-db1b-4e26-95e4-49d5208100be admin admin] Action: 'create', calling method: >, body: {"extra_specs": {"hw_rng:allowed": "True"}} {{(pid=108915) _process_stack /opt/stack/nova/nova/api/openstack/wsgi.py:511}}
Mar 24 14:46:36.208772 dv-cinder-834805-2-smb devstack@n-api.service[108915]: INFO nova.api.openstack.requestlog [None req-21a3fe0b-db1b-4e26-95e4-49d5208100be admin admin] 10.222.0.35 "POST /compute/v2.1/flavors/3/os-extra_specs" status: 200 len: 43 microversion: 2.61 time: 0.027078
Mar 24 14:46:36.209342 dv-cinder-834805-2-smb devstack@n-api.service[108915]: [pid: 108915|app: 0|req: 15/29] 10.222.0.35 () {64 vars in 1332 bytes} [Thu Mar 24 14:46:36 2022] POST /compute/v2.1/flavors/3/os-extra_specs => generated 43 bytes in 28 msecs (HTTP/1.1 200) 9 headers in 358 bytes (1 switches on core 0)
Mar 24 14:46:38.544258 dv-cinder-834805-2-smb devstack@n-api.service[108916]: DEBUG nova.api.openstack.wsgi [None req-6747e3c1-116c-473a-a4c0-47cb9bfb2da8 admin admin] Calling method '>' {{(pid=108916) _process_stack /opt/stack/nova/nova/api/openstack/wsgi.py:513}}
Mar 24 14:46:38.545614 dv-cinder-834805-2-smb devstack@n-api.service[108916]: INFO nova.api.openstack.requestlog [None req-6747e3c1-116c-473a-a4c0-47cb9bfb2da8 admin admin] 10.222.0.35 "GET /compute/v2.1" status: 200 len: 388 microversion: 2.1 time: 0.001869
Mar 24 14:46:38.546083 dv-cinder-834805-2-smb devstack@n-api.service[108916]: [pid: 108916|app: 0|req: 15/30] 10.222.0.35 () {54 vars in 930 bytes} [Thu Mar 24 14:46:38 2022] GET /compute/v2.1 => generated 388 bytes in 3 msecs (HTTP/1.1 200) 9 headers in 357 bytes (2 switches on core 0)
Mar 24 14:46:38.606671 dv-cinder-834805-2-smb devstack@n-api.service[108915]: DEBUG nova.api.openstack.wsgi [None req-250c96fc-7b92-48b6-86cb-467844c4a00f admin admin] Action: 'create', calling method: >, body: {"flavor": {"rxtx_factor": 1.0, "vcpus": 4, "OS-FLV-EXT-DATA:ephemeral": 0, "ram": 8192, "id": "4", "disk": 80, "os-flavor-access:is_public": true, "swap": 0, "name": "m1.large"}} {{(pid=108915) _process_stack /opt/stack/nova/nova/api/openstack/wsgi.py:511}}
Mar 24 14:46:38.626058 dv-cinder-834805-2-smb devstack@n-api.service[108915]: INFO nova.api.openstack.requestlog [None req-250c96fc-7b92-48b6-86cb-467844c4a00f admin admin] 10.222.0.35 "POST /compute/v2.1/flavors" status: 200 len: 405 microversion: 2.61 time: 0.074340
Mar 24 14:46:38.626700 dv-cinder-834805-2-smb devstack@n-api.service[108915]: [pid: 108915|app: 0|req: 16/31] 10.222.0.35 () {64 vars in 1282 bytes} [Thu Mar 24 14:46:38 2022] POST /compute/v2.1/flavors => generated 405 bytes in 76 msecs (HTTP/1.1 200) 9 headers in 359 bytes (1 switches on core 0)
Mar 24 14:46:38.639262 dv-cinder-834805-2-smb devstack@n-api.service[108916]: DEBUG nova.api.openstack.wsgi [None req-08d571bc-7940-445d-9950-ee33819ddeff admin admin] Action: 'create', calling method: >, body: {"extra_specs": {"hw_rng:allowed": "True"}} {{(pid=108916) _process_stack /opt/stack/nova/nova/api/openstack/wsgi.py:511}}
Mar 24 14:46:38.662089 dv-cinder-834805-2-smb devstack@n-api.service[108916]: INFO nova.api.openstack.requestlog [None req-08d571bc-7940-445d-9950-ee33819ddeff admin admin] 10.222.0.35 "POST /compute/v2.1/flavors/4/os-extra_specs" status: 200 len: 43 microversion: 2.61 time: 0.027198
Mar 24 14:46:38.664191 dv-cinder-834805-2-smb devstack@n-api.service[108916]: [pid: 108916|app: 0|req: 16/32] 10.222.0.35 () {64 vars in 1332 bytes} [Thu Mar 24 14:46:38 2022] POST /compute/v2.1/flavors/4/os-extra_specs => generated 43 bytes in 30 msecs (HTTP/1.1 200) 9 headers in 358 bytes (1 switches on core 0)
Mar 24 14:46:41.101525 dv-cinder-834805-2-smb devstack@n-api.service[108915]: DEBUG nova.api.openstack.wsgi [None req-250c96fc-7b92-48b6-86cb-467844c4a00f admin admin] Calling method '>' {{(pid=108915) _process_stack /opt/stack/nova/nova/api/openstack/wsgi.py:513}}
Mar 24 14:46:41.102572 dv-cinder-834805-2-smb devstack@n-api.service[108915]: INFO nova.api.openstack.requestlog [None req-250c96fc-7b92-48b6-86cb-467844c4a00f admin admin] 10.222.0.35 "GET /compute/v2.1" status: 200 len: 388 microversion: 2.1 time: 0.001501
Mar 24 14:46:41.102970 dv-cinder-834805-2-smb devstack@n-api.service[108915]: [pid: 108915|app: 0|req: 17/33] 10.222.0.35 () {54 vars in 930 bytes} [Thu Mar 24 14:46:41 2022] GET /compute/v2.1 => generated 388 bytes in 3 msecs (HTTP/1.1 200) 9 headers in 357 bytes (1 switches on core 0)
Mar 24 14:46:41.172292 dv-cinder-834805-2-smb devstack@n-api.service[108916]: DEBUG nova.api.openstack.wsgi [None req-5b9e8d32-05fb-4728-b7ea-ba8a995816ac admin admin] Action: 'create', calling method: >, body: {"flavor": {"vcpus": 8, "os-flavor-access:is_public": true, "ram": 16384, "OS-FLV-EXT-DATA:ephemeral": 0, "rxtx_factor": 1.0, "disk": 160, "name": "m1.xlarge", "id": "5", "swap": 0}} {{(pid=108916) _process_stack /opt/stack/nova/nova/api/openstack/wsgi.py:511}}
Mar 24 14:46:41.192393 dv-cinder-834805-2-smb devstack@n-api.service[108916]: INFO nova.api.openstack.requestlog [None req-5b9e8d32-05fb-4728-b7ea-ba8a995816ac admin admin] 10.222.0.35 "POST /compute/v2.1/flavors" status: 200 len: 408 microversion: 2.61 time: 0.083521
Mar 24 14:46:41.193279 dv-cinder-834805-2-smb devstack@n-api.service[108916]: [pid: 108916|app: 0|req: 17/34] 10.222.0.35 () {64 vars in 1282 bytes} [Thu Mar 24 14:46:41 2022] POST /compute/v2.1/flavors => generated 408 bytes in 85 msecs (HTTP/1.1 200) 9 headers in 359 bytes (2 switches on core 0)
Mar 24 14:46:41.205244 dv-cinder-834805-2-smb devstack@n-api.service[108915]: DEBUG nova.api.openstack.wsgi [None req-e84a532d-baaf-4cf5-8d1b-4e6e5e22f353 admin admin] Action: 'create', calling method: >, body: {"extra_specs": {"hw_rng:allowed": "True"}} {{(pid=108915) _process_stack /opt/stack/nova/nova/api/openstack/wsgi.py:511}}
Mar 24 14:46:41.229746 dv-cinder-834805-2-smb devstack@n-api.service[108915]: INFO nova.api.openstack.requestlog [None req-e84a532d-baaf-4cf5-8d1b-4e6e5e22f353 admin admin] 10.222.0.35 "POST /compute/v2.1/flavors/5/os-extra_specs" status: 200 len: 43 microversion: 2.61 time: 0.028335
Mar 24 14:46:41.230325 dv-cinder-834805-2-smb devstack@n-api.service[108915]: [pid: 108915|app: 0|req: 18/35] 10.222.0.35 () {64 vars in 1332 bytes} [Thu Mar 24 14:46:41 2022] POST /compute/v2.1/flavors/5/os-extra_specs => generated 43 bytes in 30 msecs (HTTP/1.1 200) 9 headers in 358 bytes (1 switches on core 0)
Mar 24 14:47:03.871809 dv-cinder-834805-2-smb devstack@n-api.service[108916]: DEBUG nova.api.openstack.wsgi [None req-5b9e8d32-05fb-4728-b7ea-ba8a995816ac admin admin] Calling method '>' {{(pid=108916) _process_stack /opt/stack/nova/nova/api/openstack/wsgi.py:513}}
Mar 24 14:47:03.872849 dv-cinder-834805-2-smb devstack@n-api.service[108916]: INFO nova.api.openstack.requestlog [None req-5b9e8d32-05fb-4728-b7ea-ba8a995816ac admin admin] 10.222.0.35 "GET /compute/v2.1" status: 200 len: 388 microversion: 2.1 time: 0.001488
Mar 24 14:47:03.873239 dv-cinder-834805-2-smb devstack@n-api.service[108916]: [pid: 108916|app: 0|req: 18/36] 10.222.0.35 () {54 vars in 930 bytes} [Thu Mar 24 14:47:03 2022] GET /compute/v2.1 => generated 388 bytes in 2 msecs (HTTP/1.1 200) 9 headers in 357 bytes (1 switches on core 0)
Mar 24 14:47:03.953213 dv-cinder-834805-2-smb devstack@n-api.service[108915]: DEBUG nova.api.openstack.wsgi [None req-c6d63314-3d16-4e62-833a-a2b77db88f64 admin admin] Calling method '>' {{(pid=108915) _process_stack /opt/stack/nova/nova/api/openstack/wsgi.py:513}}
Mar 24 14:47:03.970168 dv-cinder-834805-2-smb devstack@n-api.service[108915]: INFO nova.api.openstack.requestlog [None req-c6d63314-3d16-4e62-833a-a2b77db88f64 admin admin] 10.222.0.35 "GET /compute/v2.1/flavors/detail?is_public=True" status: 200 len: 4202 microversion: 2.61 time: 0.090554
Mar 24 14:47:03.970707 dv-cinder-834805-2-smb devstack@n-api.service[108915]: [pid: 108915|app: 0|req: 19/37] 10.222.0.35 () {60 vars in 1291 bytes} [Thu Mar 24 14:47:03 2022] GET /compute/v2.1/flavors/detail?is_public=True => generated 4202 bytes in 92 msecs (HTTP/1.1 200) 9 headers in 360 bytes (1 switches on core 0)
Mar 24 14:47:05.349737 dv-cinder-834805-2-smb devstack@n-api.service[108916]: DEBUG nova.api.openstack.wsgi [None req-5b9e8d32-05fb-4728-b7ea-ba8a995816ac admin admin] Calling method '>' {{(pid=108916) _process_stack /opt/stack/nova/nova/api/openstack/wsgi.py:513}}
Mar 24 14:47:05.350777 dv-cinder-834805-2-smb devstack@n-api.service[108916]: INFO nova.api.openstack.requestlog [None req-5b9e8d32-05fb-4728-b7ea-ba8a995816ac admin admin] 10.222.0.35 "GET /compute/v2.1" status: 200 len: 388 microversion: 2.1 time: 0.001727
Mar 24 14:47:05.351171 dv-cinder-834805-2-smb devstack@n-api.service[108916]: [pid: 108916|app: 0|req: 19/38] 10.222.0.35 () {56 vars in 1074 bytes} [Thu Mar 24 14:47:05 2022] GET /compute/v2.1 => generated 388 bytes in 3 msecs (HTTP/1.1 200) 9 headers in 357 bytes (1 switches on core 0)
Mar 24 14:47:05.556141 dv-cinder-834805-2-smb devstack@n-api.service[108915]: DEBUG nova.api.openstack.wsgi [None req-4049fcc5-4158-49a7-b448-b62f3af535f8 admin admin] Calling method '>' {{(pid=108915) _process_stack /opt/stack/nova/nova/api/openstack/wsgi.py:513}}
Mar 24 14:47:05.562099 dv-cinder-834805-2-smb devstack@n-api.service[108915]: INFO nova.api.openstack.wsgi [None req-4049fcc5-4158-49a7-b448-b62f3af535f8 admin admin] HTTP exception thrown: Flavor 42 could not be found.
Mar 24 14:47:05.562664 dv-cinder-834805-2-smb devstack@n-api.service[108915]: DEBUG nova.api.openstack.wsgi [None req-4049fcc5-4158-49a7-b448-b62f3af535f8 admin admin] Returning 404 to user: Flavor 42 could not be found. {{(pid=108915) __call__ /opt/stack/nova/nova/api/openstack/wsgi.py:936}}
Mar 24 14:47:05.563456 dv-cinder-834805-2-smb devstack@n-api.service[108915]: INFO nova.api.openstack.requestlog [None req-4049fcc5-4158-49a7-b448-b62f3af535f8 admin admin] 10.222.0.35 "GET /compute/v2.1/flavors/42" status: 404 len: 75 microversion: 2.90 time: 0.067438
Mar 24 14:47:05.563968 dv-cinder-834805-2-smb devstack@n-api.service[108915]: [pid: 108915|app: 0|req: 20/39] 10.222.0.35 () {60 vars in 1190 bytes} [Thu Mar 24 14:47:05 2022] GET /compute/v2.1/flavors/42 => generated 75 bytes in 69 msecs (HTTP/1.1 404) 9 headers in 380 bytes (1 switches on core 0)
Mar 24 14:47:05.573880 dv-cinder-834805-2-smb devstack@n-api.service[108916]: DEBUG nova.api.openstack.wsgi [None req-c4b9be3b-7598-4b18-bbb2-e960136193c3 admin admin] Calling method '>' {{(pid=108916) _process_stack /opt/stack/nova/nova/api/openstack/wsgi.py:513}}
Mar 24 14:47:05.595560 dv-cinder-834805-2-smb devstack@n-api.service[108916]: INFO nova.api.openstack.requestlog [None req-c4b9be3b-7598-4b18-bbb2-e960136193c3 admin admin] 10.222.0.35 "GET /compute/v2.1/flavors?is_public=None" status: 200 len: 2056 microversion: 2.90 time: 0.025342
Mar 24 14:47:05.596091 dv-cinder-834805-2-smb devstack@n-api.service[108916]: [pid: 108916|app: 0|req: 20/40] 10.222.0.35 () {60 vars in 1210 bytes} [Thu Mar 24 14:47:05 2022] GET /compute/v2.1/flavors?is_public=None => generated 2056 bytes in 26 msecs (HTTP/1.1 200) 9 headers in 360 bytes (1 switches on core 0)
Mar 24 14:47:05.605926 dv-cinder-834805-2-smb devstack@n-api.service[108915]: DEBUG nova.api.openstack.wsgi [None req-f3d6dcd8-c305-43ff-90ed-8c48dbaa9fdb admin admin] Calling method '>' {{(pid=108915) _process_stack /opt/stack/nova/nova/api/openstack/wsgi.py:513}}
Mar 24 14:47:05.627405 dv-cinder-834805-2-smb devstack@n-api.service[108915]: INFO nova.api.openstack.requestlog [None req-f3d6dcd8-c305-43ff-90ed-8c48dbaa9fdb admin admin] 10.222.0.35 "GET /compute/v2.1/flavors?is_public=None" status: 200 len: 2056 microversion: 2.90 time: 0.025005
Mar 24 14:47:05.627942 dv-cinder-834805-2-smb devstack@n-api.service[108915]: [pid: 108915|app: 0|req: 21/41] 10.222.0.35 () {60 vars in 1210 bytes} [Thu Mar 24 14:47:05 2022] GET /compute/v2.1/flavors?is_public=None => generated 2056 bytes in 26 msecs (HTTP/1.1 200) 9 headers in 360 bytes (1 switches on core 0)
Mar 24 14:47:05.637500 dv-cinder-834805-2-smb devstack@n-api.service[108916]: DEBUG nova.api.openstack.wsgi [None req-41169249-6d94-4d2a-a57b-91be645824fa admin admin] Calling method '>' {{(pid=108916) _process_stack /opt/stack/nova/nova/api/openstack/wsgi.py:513}}
Mar 24 14:47:05.643307 dv-cinder-834805-2-smb devstack@n-api.service[108916]: INFO nova.api.openstack.wsgi [None req-41169249-6d94-4d2a-a57b-91be645824fa admin admin] HTTP exception thrown: Flavor 42 could not be found.
Mar 24 14:47:05.643885 dv-cinder-834805-2-smb devstack@n-api.service[108916]: DEBUG nova.api.openstack.wsgi [None req-41169249-6d94-4d2a-a57b-91be645824fa admin admin] Returning 404 to user: Flavor 42 could not be found. {{(pid=108916) __call__ /opt/stack/nova/nova/api/openstack/wsgi.py:936}}
Mar 24 14:47:05.644714 dv-cinder-834805-2-smb devstack@n-api.service[108916]: INFO nova.api.openstack.requestlog [None req-41169249-6d94-4d2a-a57b-91be645824fa admin admin] 10.222.0.35 "GET /compute/v2.1/flavors/42" status: 404 len: 75 microversion: 2.90 time: 0.010825
Mar 24 14:47:05.645207 dv-cinder-834805-2-smb devstack@n-api.service[108916]: [pid: 108916|app: 0|req: 21/42] 10.222.0.35 () {60 vars in 1190 bytes} [Thu Mar 24 14:47:05 2022] GET /compute/v2.1/flavors/42 => generated 75 bytes in 12 msecs (HTTP/1.1 404) 9 headers in 380 bytes (1 switches on core 0)
Mar 24 14:47:06.949872 dv-cinder-834805-2-smb devstack@n-api.service[108915]: DEBUG nova.api.openstack.wsgi [None req-f3d6dcd8-c305-43ff-90ed-8c48dbaa9fdb admin admin] Calling method '>' {{(pid=108915) _process_stack /opt/stack/nova/nova/api/openstack/wsgi.py:513}}
Mar 24 14:47:06.950907 dv-cinder-834805-2-smb devstack@n-api.service[108915]: INFO nova.api.openstack.requestlog [None req-f3d6dcd8-c305-43ff-90ed-8c48dbaa9fdb admin admin] 10.222.0.35 "GET /compute/v2.1" status: 200 len: 388 microversion: 2.1 time: 0.001444
Mar 24 14:47:06.951302 dv-cinder-834805-2-smb devstack@n-api.service[108915]: [pid: 108915|app: 0|req: 22/43] 10.222.0.35 () {56 vars in 1074 bytes} [Thu Mar 24 14:47:06 2022] GET /compute/v2.1 => generated 388 bytes in 2 msecs (HTTP/1.1 200) 9 headers in 357 bytes (1 switches on core 0)
Mar 24 14:47:07.153714 dv-cinder-834805-2-smb devstack@n-api.service[108916]: DEBUG nova.api.openstack.wsgi [None req-7267f1d9-6667-46a9-93ec-72c775774f2a admin admin] Calling method '>' {{(pid=108916) _process_stack /opt/stack/nova/nova/api/openstack/wsgi.py:513}}
Mar 24 14:47:07.159369 dv-cinder-834805-2-smb devstack@n-api.service[108916]: INFO nova.api.openstack.wsgi [None req-7267f1d9-6667-46a9-93ec-72c775774f2a admin admin] HTTP exception thrown: Flavor 84 could not be found.
Mar 24 14:47:07.159931 dv-cinder-834805-2-smb devstack@n-api.service[108916]: DEBUG nova.api.openstack.wsgi [None req-7267f1d9-6667-46a9-93ec-72c775774f2a admin admin] Returning 404 to user: Flavor 84 could not be found. {{(pid=108916) __call__ /opt/stack/nova/nova/api/openstack/wsgi.py:936}}
Mar 24 14:47:07.160750 dv-cinder-834805-2-smb devstack@n-api.service[108916]: INFO nova.api.openstack.requestlog [None req-7267f1d9-6667-46a9-93ec-72c775774f2a admin admin] 10.222.0.35 "GET /compute/v2.1/flavors/84" status: 404 len: 75 microversion: 2.90 time: 0.070850
Mar 24 14:47:07.161257 dv-cinder-834805-2-smb devstack@n-api.service[108916]: [pid: 108916|app: 0|req: 22/44] 10.222.0.35 () {60 vars in 1190 bytes} [Thu Mar 24 14:47:07 2022] GET /compute/v2.1/flavors/84 => generated 75 bytes in 72 msecs (HTTP/1.1 404) 9 headers in 380 bytes (1 switches on core 0)
Mar 24 14:47:07.170979 dv-cinder-834805-2-smb devstack@n-api.service[108915]: DEBUG nova.api.openstack.wsgi [None req-70cf06b1-ffa5-47f6-ac28-9c82db0b03be admin admin] Calling method '>' {{(pid=108915) _process_stack /opt/stack/nova/nova/api/openstack/wsgi.py:513}}
Mar 24 14:47:07.184615 dv-cinder-834805-2-smb devstack@n-api.service[108915]: INFO nova.api.openstack.requestlog [None req-70cf06b1-ffa5-47f6-ac28-9c82db0b03be admin admin] 10.222.0.35 "GET /compute/v2.1/flavors?is_public=None" status: 200 len: 2056 microversion: 2.90 time: 0.017324
Mar 24 14:47:07.185136 dv-cinder-834805-2-smb devstack@n-api.service[108915]: [pid: 108915|app: 0|req: 23/45] 10.222.0.35 () {60 vars in 1210 bytes} [Thu Mar 24 14:47:07 2022] GET /compute/v2.1/flavors?is_public=None => generated 2056 bytes in 18 msecs (HTTP/1.1 200) 9 headers in 360 bytes (1 switches on core 0)
Mar 24 14:47:07.194761 dv-cinder-834805-2-smb devstack@n-api.service[108916]: DEBUG nova.api.openstack.wsgi [None req-8f15bab0-dd1f-424e-ad30-7bd6a2c26c5d admin admin] Calling method '>' {{(pid=108916) _process_stack /opt/stack/nova/nova/api/openstack/wsgi.py:513}}
Mar 24 14:47:07.208254 dv-cinder-834805-2-smb devstack@n-api.service[108916]: INFO nova.api.openstack.requestlog [None req-8f15bab0-dd1f-424e-ad30-7bd6a2c26c5d admin admin] 10.222.0.35 "GET /compute/v2.1/flavors?is_public=None" status: 200 len: 2056 microversion: 2.90 time: 0.016973
Mar 24 14:47:07.208935 dv-cinder-834805-2-smb devstack@n-api.service[108916]: [pid: 108916|app: 0|req: 23/46] 10.222.0.35 () {60 vars in 1210 bytes} [Thu Mar 24 14:47:07 2022] GET /compute/v2.1/flavors?is_public=None => generated 2056 bytes in 18 msecs (HTTP/1.1 200) 9 headers in 360 bytes (2 switches on core 0)
Mar 24 14:47:07.218134 dv-cinder-834805-2-smb devstack@n-api.service[108915]: DEBUG nova.api.openstack.wsgi [None req-5e1ecd8d-4af0-4d99-8ea2-94a63cb16879 admin admin] Calling method '>' {{(pid=108915) _process_stack /opt/stack/nova/nova/api/openstack/wsgi.py:513}}
Mar 24 14:47:07.223365 dv-cinder-834805-2-smb devstack@n-api.service[108915]: INFO nova.api.openstack.wsgi [None req-5e1ecd8d-4af0-4d99-8ea2-94a63cb16879 admin admin] HTTP exception thrown: Flavor 84 could not be found.
Mar 24 14:47:07.223927 dv-cinder-834805-2-smb devstack@n-api.service[108915]: DEBUG nova.api.openstack.wsgi [None req-5e1ecd8d-4af0-4d99-8ea2-94a63cb16879 admin admin] Returning 404 to user: Flavor 84 could not be found. {{(pid=108915) __call__ /opt/stack/nova/nova/api/openstack/wsgi.py:936}}
Mar 24 14:47:07.224800 dv-cinder-834805-2-smb devstack@n-api.service[108915]: INFO nova.api.openstack.requestlog [None req-5e1ecd8d-4af0-4d99-8ea2-94a63cb16879 admin admin] 10.222.0.35 "GET /compute/v2.1/flavors/84" status: 404 len: 75 microversion: 2.90 time: 0.010312
Mar 24 14:47:07.225285 dv-cinder-834805-2-smb devstack@n-api.service[108915]: [pid: 108915|app: 0|req: 24/47] 10.222.0.35 () {60 vars in 1190 bytes} [Thu Mar 24 14:47:07 2022] GET /compute/v2.1/flavors/84 => generated 75 bytes in 11 msecs (HTTP/1.1 404) 9 headers in 380 bytes (1 switches on core 0)
Mar 24 14:47:08.501551 dv-cinder-834805-2-smb devstack@n-api.service[108916]: DEBUG nova.api.openstack.wsgi [None req-8f15bab0-dd1f-424e-ad30-7bd6a2c26c5d admin admin] Calling method '>' {{(pid=108916) _process_stack /opt/stack/nova/nova/api/openstack/wsgi.py:513}}
Mar 24 14:47:08.502493 dv-cinder-834805-2-smb devstack@n-api.service[108916]: INFO nova.api.openstack.requestlog [None req-8f15bab0-dd1f-424e-ad30-7bd6a2c26c5d admin admin] 10.222.0.35 "GET /compute/v2.1" status: 200 len: 388 microversion: 2.1 time: 0.001447
Mar 24 14:47:08.502855 dv-cinder-834805-2-smb devstack@n-api.service[108916]: [pid: 108916|app: 0|req: 24/48] 10.222.0.35 () {56 vars in 1074 bytes} [Thu Mar 24 14:47:08 2022] GET /compute/v2.1 => generated 388 bytes in 2 msecs (HTTP/1.1 200) 9 headers in 357 bytes (1 switches on core 0)
Mar 24 14:47:08.708118 dv-cinder-834805-2-smb devstack@n-api.service[108915]: DEBUG nova.api.openstack.wsgi [None req-f1c7b86f-2333-4dd4-abbb-b49b1287ac8c admin admin] Calling method '>' {{(pid=108915) _process_stack /opt/stack/nova/nova/api/openstack/wsgi.py:513}}
Mar 24 14:47:08.714229 dv-cinder-834805-2-smb devstack@n-api.service[108915]: INFO nova.api.openstack.wsgi [None req-f1c7b86f-2333-4dd4-abbb-b49b1287ac8c admin admin] HTTP exception thrown: Flavor 451 could not be found.
Mar 24 14:47:08.714797 dv-cinder-834805-2-smb devstack@n-api.service[108915]: DEBUG nova.api.openstack.wsgi [None req-f1c7b86f-2333-4dd4-abbb-b49b1287ac8c admin admin] Returning 404 to user: Flavor 451 could not be found. {{(pid=108915) __call__ /opt/stack/nova/nova/api/openstack/wsgi.py:936}}
Mar 24 14:47:08.715619 dv-cinder-834805-2-smb devstack@n-api.service[108915]: INFO nova.api.openstack.requestlog [None req-f1c7b86f-2333-4dd4-abbb-b49b1287ac8c admin admin] 10.222.0.35 "GET /compute/v2.1/flavors/451" status: 404 len: 76 microversion: 2.90 time: 0.074228
Mar 24 14:47:08.716164 dv-cinder-834805-2-smb devstack@n-api.service[108915]: [pid: 108915|app: 0|req: 25/49] 10.222.0.35 () {60 vars in 1193 bytes} [Thu Mar 24 14:47:08 2022] GET /compute/v2.1/flavors/451 => generated 76 bytes in 76 msecs (HTTP/1.1 404) 9 headers in 380 bytes (1 switches on core 0)
Mar 24 14:47:08.725761 dv-cinder-834805-2-smb devstack@n-api.service[108916]: DEBUG nova.api.openstack.wsgi [None req-7c9b9eca-3c53-467e-8cdf-84b2c46d4fec admin admin] Calling method '>' {{(pid=108916) _process_stack /opt/stack/nova/nova/api/openstack/wsgi.py:513}}
Mar 24 14:47:08.739319 dv-cinder-834805-2-smb devstack@n-api.service[108916]: INFO nova.api.openstack.requestlog [None req-7c9b9eca-3c53-467e-8cdf-84b2c46d4fec admin admin] 10.222.0.35 "GET /compute/v2.1/flavors?is_public=None" status: 200 len: 2056 microversion: 2.90 time: 0.017154
Mar 24 14:47:08.739848 dv-cinder-834805-2-smb devstack@n-api.service[108916]: [pid: 108916|app: 0|req: 25/50] 10.222.0.35 () {60 vars in 1210 bytes} [Thu Mar 24 14:47:08 2022] GET /compute/v2.1/flavors?is_public=None => generated 2056 bytes in 18 msecs (HTTP/1.1 200) 9 headers in 360 bytes (1 switches on core 0)
Mar 24 14:47:08.750133 dv-cinder-834805-2-smb devstack@n-api.service[108915]: DEBUG nova.api.openstack.wsgi [None req-d70e87af-0c3d-4d95-90ce-00e4d6b91405 admin admin] Calling method '>' {{(pid=108915) _process_stack /opt/stack/nova/nova/api/openstack/wsgi.py:513}}
Mar 24 14:47:08.763846 dv-cinder-834805-2-smb devstack@n-api.service[108915]: INFO nova.api.openstack.requestlog [None req-d70e87af-0c3d-4d95-90ce-00e4d6b91405 admin admin] 10.222.0.35 "GET /compute/v2.1/flavors?is_public=None" status: 200 len: 2056 microversion: 2.90 time: 0.017716
Mar 24 14:47:08.764338 dv-cinder-834805-2-smb devstack@n-api.service[108915]: [pid: 108915|app: 0|req: 26/51] 10.222.0.35 () {60 vars in 1210 bytes} [Thu Mar 24 14:47:08 2022] GET /compute/v2.1/flavors?is_public=None => generated 2056 bytes in 19 msecs (HTTP/1.1 200) 9 headers in 360 bytes (1 switches on core 0)
Mar 24 14:47:08.776500 dv-cinder-834805-2-smb devstack@n-api.service[108916]: DEBUG nova.api.openstack.wsgi [None req-be0b2459-c00e-499c-be5c-4be83f94711e admin admin] Calling method '>' {{(pid=108916) _process_stack /opt/stack/nova/nova/api/openstack/wsgi.py:513}}
Mar 24 14:47:08.782167 dv-cinder-834805-2-smb devstack@n-api.service[108916]: INFO nova.api.openstack.wsgi [None req-be0b2459-c00e-499c-be5c-4be83f94711e admin admin] HTTP exception thrown: Flavor 451 could not be found.
Mar 24 14:47:08.782729 dv-cinder-834805-2-smb devstack@n-api.service[108916]: DEBUG nova.api.openstack.wsgi [None req-be0b2459-c00e-499c-be5c-4be83f94711e admin admin] Returning 404 to user: Flavor 451 could not be found. {{(pid=108916) __call__ /opt/stack/nova/nova/api/openstack/wsgi.py:936}}
Mar 24 14:47:08.783510 dv-cinder-834805-2-smb devstack@n-api.service[108916]: INFO nova.api.openstack.requestlog [None req-be0b2459-c00e-499c-be5c-4be83f94711e admin admin] 10.222.0.35 "GET /compute/v2.1/flavors/451" status: 404 len: 76 microversion: 2.90 time: 0.010714
Mar 24 14:47:08.783994 dv-cinder-834805-2-smb devstack@n-api.service[108916]: [pid: 108916|app: 0|req: 26/52] 10.222.0.35 () {60 vars in 1193 bytes} [Thu Mar 24 14:47:08 2022] GET /compute/v2.1/flavors/451 => generated 76 bytes in 12 msecs (HTTP/1.1 404) 9 headers in 380 bytes (1 switches on core 0)
Mar 24 14:47:10.087666 dv-cinder-834805-2-smb devstack@n-api.service[108915]: DEBUG nova.api.openstack.wsgi [None req-d70e87af-0c3d-4d95-90ce-00e4d6b91405 admin admin] Calling method '>' {{(pid=108915) _process_stack /opt/stack/nova/nova/api/openstack/wsgi.py:513}}
Mar 24 14:47:10.088699 dv-cinder-834805-2-smb devstack@n-api.service[108915]: INFO nova.api.openstack.requestlog [None req-d70e87af-0c3d-4d95-90ce-00e4d6b91405 admin admin] 10.222.0.35 "GET /compute/v2.1" status: 200 len: 388 microversion: 2.1 time: 0.001523
Mar 24 14:47:10.089093 dv-cinder-834805-2-smb devstack@n-api.service[108915]: [pid: 108915|app: 0|req: 27/53] 10.222.0.35 () {56 vars in 1074 bytes} [Thu Mar 24 14:47:10 2022] GET /compute/v2.1 => generated 388 bytes in 3 msecs (HTTP/1.1 200) 9 headers in 357 bytes (1 switches on core 0)
Mar 24 14:47:10.291466 dv-cinder-834805-2-smb devstack@n-api.service[108916]: DEBUG nova.api.openstack.wsgi [None req-fd39707a-c467-405c-9592-61c986ab6ba8 admin admin] Action: 'create', calling method: >, body: {"flavor": {"name": "m1.nano", "ram": 256, "vcpus": 1, "disk": 1, "id": "42", "swap": 0, "OS-FLV-EXT-DATA:ephemeral": 0, "rxtx_factor": 1.0, "os-flavor-access:is_public": true}} {{(pid=108916) _process_stack /opt/stack/nova/nova/api/openstack/wsgi.py:511}}
Mar 24 14:47:10.312500 dv-cinder-834805-2-smb devstack@n-api.service[108916]: INFO nova.api.openstack.requestlog [None req-fd39707a-c467-405c-9592-61c986ab6ba8 admin admin] 10.222.0.35 "POST /compute/v2.1/flavors" status: 200 len: 404 microversion: 2.90 time: 0.076303
Mar 24 14:47:10.313017 dv-cinder-834805-2-smb devstack@n-api.service[108916]: [pid: 108916|app: 0|req: 27/54] 10.222.0.35 () {64 vars in 1235 bytes} [Thu Mar 24 14:47:10 2022] POST /compute/v2.1/flavors => generated 404 bytes in 78 msecs (HTTP/1.1 200) 9 headers in 359 bytes (1 switches on core 0)
Mar 24 14:47:11.569580 dv-cinder-834805-2-smb devstack@n-api.service[108915]: DEBUG nova.api.openstack.wsgi [None req-d70e87af-0c3d-4d95-90ce-00e4d6b91405 admin admin] Calling method '>' {{(pid=108915) _process_stack /opt/stack/nova/nova/api/openstack/wsgi.py:513}}
Mar 24 14:47:11.570898 dv-cinder-834805-2-smb devstack@n-api.service[108915]: INFO nova.api.openstack.requestlog [None req-d70e87af-0c3d-4d95-90ce-00e4d6b91405 admin admin] 10.222.0.35 "GET /compute/v2.1" status: 200 len: 388 microversion: 2.1 time: 0.001891
Mar 24 14:47:11.571406 dv-cinder-834805-2-smb devstack@n-api.service[108915]: [pid: 108915|app: 0|req: 28/55] 10.222.0.35 () {56 vars in 1074 bytes} [Thu Mar 24 14:47:11 2022] GET /compute/v2.1 => generated 388 bytes in 3 msecs (HTTP/1.1 200) 9 headers in 357 bytes (1 switches on core 0)
Mar 24 14:47:11.772676 dv-cinder-834805-2-smb devstack@n-api.service[108916]: DEBUG nova.api.openstack.wsgi [None req-90449766-cbd5-42ad-a136-9262dc7fb1e4 admin admin] Action: 'create', calling method: >, body: {"flavor": {"name": "m1.micro", "ram": 256, "vcpus": 1, "disk": 2, "id": "84", "swap": 0, "OS-FLV-EXT-DATA:ephemeral": 0, "rxtx_factor": 1.0, "os-flavor-access:is_public": true}} {{(pid=108916) _process_stack /opt/stack/nova/nova/api/openstack/wsgi.py:511}}
Mar 24 14:47:11.792792 dv-cinder-834805-2-smb devstack@n-api.service[108916]: INFO nova.api.openstack.requestlog [None req-90449766-cbd5-42ad-a136-9262dc7fb1e4 admin admin] 10.222.0.35 "POST /compute/v2.1/flavors" status: 200 len: 405 microversion: 2.90 time: 0.075788
Mar 24 14:47:11.793238 dv-cinder-834805-2-smb devstack@n-api.service[108916]: [pid: 108916|app: 0|req: 28/56] 10.222.0.35 () {64 vars in 1235 bytes} [Thu Mar 24 14:47:11 2022] POST /compute/v2.1/flavors => generated 405 bytes in 77 msecs (HTTP/1.1 200) 9 headers in 359 bytes (1 switches on core 0)
Mar 24 14:47:13.078971 dv-cinder-834805-2-smb devstack@n-api.service[108915]: DEBUG nova.api.openstack.wsgi [None req-d70e87af-0c3d-4d95-90ce-00e4d6b91405 admin admin] Calling method '>' {{(pid=108915) _process_stack /opt/stack/nova/nova/api/openstack/wsgi.py:513}}
Mar 24 14:47:13.080421 dv-cinder-834805-2-smb devstack@n-api.service[108915]: INFO nova.api.openstack.requestlog [None req-d70e87af-0c3d-4d95-90ce-00e4d6b91405 admin admin] 10.222.0.35 "GET /compute/v2.1" status: 200 len: 388 microversion: 2.1 time: 0.001864
Mar 24 14:47:13.080983 dv-cinder-834805-2-smb devstack@n-api.service[108915]: [pid: 108915|app: 0|req: 29/57] 10.222.0.35 () {56 vars in 1074 bytes} [Thu Mar 24 14:47:13 2022] GET /compute/v2.1 => generated 388 bytes in 3 msecs (HTTP/1.1 200) 9 headers in 357 bytes (1 switches on core 0)
Mar 24 14:47:13.293063 dv-cinder-834805-2-smb devstack@n-api.service[108916]: DEBUG nova.api.openstack.wsgi [None req-dd53b72d-b9f9-4164-b16f-16e0334d7d80 admin admin] Action: 'create', calling method: >, body: {"flavor": {"name": "m1.heat", "ram": 512, "vcpus": 1, "disk": 1, "id": "451", "swap": 0, "OS-FLV-EXT-DATA:ephemeral": 0, "rxtx_factor": 1.0, "os-flavor-access:is_public": true}} {{(pid=108916) _process_stack /opt/stack/nova/nova/api/openstack/wsgi.py:511}}
Mar 24 14:47:13.311939 dv-cinder-834805-2-smb devstack@n-api.service[108916]: INFO nova.api.openstack.requestlog [None req-dd53b72d-b9f9-4164-b16f-16e0334d7d80 admin admin] 10.222.0.35 "POST /compute/v2.1/flavors" status: 200 len: 407 microversion: 2.90 time: 0.086589
Mar 24 14:47:13.312511 dv-cinder-834805-2-smb devstack@n-api.service[108916]: [pid: 108916|app: 0|req: 29/58] 10.222.0.35 () {64 vars in 1235 bytes} [Thu Mar 24 14:47:13 2022] POST /compute/v2.1/flavors => generated 407 bytes in 88 msecs (HTTP/1.1 200) 9 headers in 359 bytes (2 switches on core 0)
Mar 24 14:47:14.584520 dv-cinder-834805-2-smb devstack@n-api.service[108915]: DEBUG nova.api.openstack.wsgi [None req-d70e87af-0c3d-4d95-90ce-00e4d6b91405 admin admin] Calling method '>' {{(pid=108915) _process_stack /opt/stack/nova/nova/api/openstack/wsgi.py:513}}
Mar 24 14:47:14.585533 dv-cinder-834805-2-smb devstack@n-api.service[108915]: INFO nova.api.openstack.requestlog [None req-d70e87af-0c3d-4d95-90ce-00e4d6b91405 admin admin] 10.222.0.35 "GET /compute/v2.1" status: 200 len: 388 microversion: 2.1 time: 0.001652
Mar 24 14:47:14.585963 dv-cinder-834805-2-smb devstack@n-api.service[108915]: [pid: 108915|app: 0|req: 30/59] 10.222.0.35 () {56 vars in 1074 bytes} [Thu Mar 24 14:47:14 2022] GET /compute/v2.1 => generated 388 bytes in 2 msecs (HTTP/1.1 200) 9 headers in 357 bytes (1 switches on core 0)
Mar 24 14:47:14.786730 dv-cinder-834805-2-smb devstack@n-api.service[108916]: DEBUG nova.api.openstack.wsgi [None req-fc89db45-05db-4d08-8474-f668578ec66c admin admin] Action: 'create', calling method: >, body: {"flavor": {"name": "m1.heat2", "ram": 1024, "vcpus": 1, "disk": 1, "id": "452", "swap": 0, "OS-FLV-EXT-DATA:ephemeral": 0, "rxtx_factor": 1.0, "os-flavor-access:is_public": true}} {{(pid=108916) _process_stack /opt/stack/nova/nova/api/openstack/wsgi.py:511}}
Mar 24 14:47:14.811375 dv-cinder-834805-2-smb devstack@n-api.service[108916]: INFO nova.api.openstack.requestlog [None req-fc89db45-05db-4d08-8474-f668578ec66c admin admin] 10.222.0.35 "POST /compute/v2.1/flavors" status: 200 len: 409 microversion: 2.90 time: 0.089115
Mar 24 14:47:14.811851 dv-cinder-834805-2-smb devstack@n-api.service[108916]: [pid: 108916|app: 0|req: 30/60] 10.222.0.35 () {64 vars in 1235 bytes} [Thu Mar 24 14:47:14 2022] POST /compute/v2.1/flavors => generated 409 bytes in 91 msecs (HTTP/1.1 200) 9 headers in 359 bytes (1 switches on core 0)
Mar 24 14:47:16.080909 dv-cinder-834805-2-smb devstack@n-api.service[108915]: DEBUG nova.api.openstack.wsgi [None req-d70e87af-0c3d-4d95-90ce-00e4d6b91405 admin admin] Calling method '>' {{(pid=108915) _process_stack /opt/stack/nova/nova/api/openstack/wsgi.py:513}}
Mar 24 14:47:16.082185 dv-cinder-834805-2-smb devstack@n-api.service[108915]: INFO nova.api.openstack.requestlog [None req-d70e87af-0c3d-4d95-90ce-00e4d6b91405 admin admin] 10.222.0.35 "GET /compute/v2.1" status: 200 len: 388 microversion: 2.1 time: 0.001998
Mar 24 14:47:16.082704 dv-cinder-834805-2-smb devstack@n-api.service[108915]: [pid: 108915|app: 0|req: 31/61] 10.222.0.35 () {56 vars in 1074 bytes} [Thu Mar 24 14:47:16 2022] GET /compute/v2.1 => generated 388 bytes in 3 msecs (HTTP/1.1 200) 9 headers in 357 bytes (1 switches on core 0)
Mar 24 14:47:16.284632 dv-cinder-834805-2-smb devstack@n-api.service[108916]: DEBUG nova.api.openstack.wsgi [None req-2103e6b4-18f4-4e0e-9dc5-8693db91b637 admin admin] Calling method '>' {{(pid=108916) _process_stack /opt/stack/nova/nova/api/openstack/wsgi.py:513}}
Mar 24 14:47:16.309125 dv-cinder-834805-2-smb devstack@n-api.service[108916]: INFO nova.api.openstack.requestlog [None req-2103e6b4-18f4-4e0e-9dc5-8693db91b637 admin admin] 10.222.0.35 "GET /compute/v2.1/flavors/detail" status: 200 len: 5777 microversion: 2.90 time: 0.090059
Mar 24 14:47:16.309657 dv-cinder-834805-2-smb devstack@n-api.service[108916]: [pid: 108916|app: 0|req: 31/62] 10.222.0.35 () {60 vars in 1202 bytes} [Thu Mar 24 14:47:16 2022] GET /compute/v2.1/flavors/detail => generated 5777 bytes in 92 msecs (HTTP/1.1 200) 9 headers in 360 bytes (1 switches on core 0)
Mar 24 14:48:06.820638 dv-cinder-834805-2-smb devstack@n-api.service[108915]: DEBUG nova.api.openstack.wsgi [None req-d70e87af-0c3d-4d95-90ce-00e4d6b91405 admin admin] Calling method '>' {{(pid=108915) _process_stack /opt/stack/nova/nova/api/openstack/wsgi.py:513}}
Mar 24 14:48:06.822310 dv-cinder-834805-2-smb devstack@n-api.service[108915]: INFO nova.api.openstack.requestlog [None req-d70e87af-0c3d-4d95-90ce-00e4d6b91405 admin admin] 10.222.0.35 "GET /compute/v2.1" status: 200 len: 388 microversion: 2.1 time: 0.002331
Mar 24 14:48:06.822941 dv-cinder-834805-2-smb devstack@n-api.service[108915]: [pid: 108915|app: 0|req: 32/63] 10.222.0.35 () {54 vars in 930 bytes} [Thu Mar 24 14:48:06 2022] GET /compute/v2.1 => generated 388 bytes in 4 msecs (HTTP/1.1 200) 9 headers in 357 bytes (1 switches on core 0)
Mar 24 14:48:06.891792 dv-cinder-834805-2-smb devstack@n-api.service[108916]: DEBUG nova.api.openstack.wsgi [None req-67a17dde-2139-4c53-a945-d05b011c539a admin admin] Calling method '>' {{(pid=108916) _process_stack /opt/stack/nova/nova/api/openstack/wsgi.py:513}}
Mar 24 14:48:06.913599 dv-cinder-834805-2-smb devstack@n-api.service[108916]: INFO nova.api.openstack.requestlog [None req-67a17dde-2139-4c53-a945-d05b011c539a admin admin] 10.222.0.35 "GET /compute/v2.1/flavors/detail?is_public=True" status: 200 len: 5791 microversion: 2.61 time: 0.084101
Mar 24 14:48:06.914053 dv-cinder-834805-2-smb devstack@n-api.service[108916]: [pid: 108916|app: 0|req: 32/64] 10.222.0.35 () {60 vars in 1291 bytes} [Thu Mar 24 14:48:06 2022] GET /compute/v2.1/flavors/detail?is_public=True => generated 5791 bytes in 86 msecs (HTTP/1.1 200) 9 headers in 360 bytes (1 switches on core 0)
Mar 24 14:48:06.939121 dv-cinder-834805-2-smb devstack@n-api.service[108915]: DEBUG nova.api.openstack.wsgi [None req-64e76743-ed02-45e0-9a41-b3390a5ece51 admin admin] Calling method '>' {{(pid=108915) _process_stack /opt/stack/nova/nova/api/openstack/wsgi.py:513}}
Mar 24 14:48:06.948339 dv-cinder-834805-2-smb devstack@n-api.service[108915]: INFO nova.api.openstack.requestlog [None req-64e76743-ed02-45e0-9a41-b3390a5ece51 admin admin] 10.222.0.35 "GET /compute/v2.1/flavors/42/os-extra_specs" status: 200 len: 19 microversion: 2.61 time: 0.015296
Mar 24 14:48:06.948856 dv-cinder-834805-2-smb devstack@n-api.service[108915]: [pid: 108915|app: 0|req: 33/65] 10.222.0.35 () {60 vars in 1282 bytes} [Thu Mar 24 14:48:06 2022] GET /compute/v2.1/flavors/42/os-extra_specs => generated 19 bytes in 17 msecs (HTTP/1.1 200) 9 headers in 358 bytes (1 switches on core 0)
Mar 24 14:48:06.963231 dv-cinder-834805-2-smb devstack@n-api.service[108916]: DEBUG nova.api.openstack.wsgi [None req-b08edcfc-5ebf-4018-9ce8-4ff5fd009c63 admin admin] Calling method '>' {{(pid=108916) _process_stack /opt/stack/nova/nova/api/openstack/wsgi.py:513}}
Mar 24 14:48:06.974946 dv-cinder-834805-2-smb devstack@n-api.service[108916]: INFO nova.api.openstack.requestlog [None req-b08edcfc-5ebf-4018-9ce8-4ff5fd009c63 admin admin] 10.222.0.35 "GET /compute/v2.1/flavors/451/os-extra_specs" status: 200 len: 19 microversion: 2.61 time: 0.018060
Mar 24 14:48:06.975492 dv-cinder-834805-2-smb devstack@n-api.service[108916]: [pid: 108916|app: 0|req: 33/66] 10.222.0.35 () {60 vars in 1285 bytes} [Thu Mar 24 14:48:06 2022] GET /compute/v2.1/flavors/451/os-extra_specs => generated 19 bytes in 19 msecs (HTTP/1.1 200) 9 headers in 358 bytes (1 switches on core 0)
Mar 24 14:48:06.986716 dv-cinder-834805-2-smb devstack@n-api.service[108915]: DEBUG nova.api.openstack.wsgi [None req-5ef8313e-5701-47b8-9e8d-32419d866447 admin admin] Calling method '>' {{(pid=108915) _process_stack /opt/stack/nova/nova/api/openstack/wsgi.py:513}}
Mar 24 14:48:06.995463 dv-cinder-834805-2-smb devstack@n-api.service[108915]: INFO nova.api.openstack.requestlog [None req-5ef8313e-5701-47b8-9e8d-32419d866447 admin admin] 10.222.0.35 "GET /compute/v2.1/flavors/452/os-extra_specs" status: 200 len: 19 microversion: 2.61 time: 0.012284
Mar 24 14:48:06.995983 dv-cinder-834805-2-smb devstack@n-api.service[108915]: [pid: 108915|app: 0|req: 34/67] 10.222.0.35 () {60 vars in 1285 bytes} [Thu Mar 24 14:48:06 2022] GET /compute/v2.1/flavors/452/os-extra_specs => generated 19 bytes in 13 msecs (HTTP/1.1 200) 9 headers in 358 bytes (1 switches on core 0)
Mar 24 14:48:07.007613 dv-cinder-834805-2-smb devstack@n-api.service[108916]: DEBUG nova.api.openstack.wsgi [None req-a7205838-0f10-429b-96db-983b1fe04912 admin admin] Calling method '>' {{(pid=108916) _process_stack /opt/stack/nova/nova/api/openstack/wsgi.py:513}}
Mar 24 14:48:07.015308 dv-cinder-834805-2-smb devstack@n-api.service[108916]: INFO nova.api.openstack.requestlog [None req-a7205838-0f10-429b-96db-983b1fe04912 admin admin] 10.222.0.35 "GET /compute/v2.1/flavors/84/os-extra_specs" status: 200 len: 19 microversion: 2.61 time: 0.011706
Mar 24 14:48:07.015817 dv-cinder-834805-2-smb devstack@n-api.service[108916]: [pid: 108916|app: 0|req: 34/68] 10.222.0.35 () {60 vars in 1282 bytes} [Thu Mar 24 14:48:07 2022] GET /compute/v2.1/flavors/84/os-extra_specs => generated 19 bytes in 13 msecs (HTTP/1.1 200) 9 headers in 358 bytes (1 switches on core 0)
Mar 24 14:49:38.615303 dv-cinder-834805-2-smb devstack@n-api.service[108915]: DEBUG nova.api.openstack.wsgi [None req-d43f101f-6e7b-4860-8459-c5b469bcef63 tempest-verify_tempest_config-1318413258 tempest-verify_tempest_config-1318413258-project] Calling method '>' {{(pid=108915) _process_stack /opt/stack/nova/nova/api/openstack/wsgi.py:513}}
Mar 24 14:49:38.617267 dv-cinder-834805-2-smb devstack@n-api.service[108915]: INFO nova.api.openstack.requestlog [None req-d43f101f-6e7b-4860-8459-c5b469bcef63 tempest-verify_tempest_config-1318413258 tempest-verify_tempest_config-1318413258-project] 10.222.0.35 "GET /compute/v2.1/extensions" status: 200 len: 22700 microversion: 2.1 time: 0.124218
Mar 24 14:49:38.617788 dv-cinder-834805-2-smb devstack@n-api.service[108915]: [pid: 108915|app: 0|req: 35/69] 10.222.0.35 () {58 vars in 1133 bytes} [Thu Mar 24 14:49:38 2022] GET /compute/v2.1/extensions => generated 22700 bytes in 126 msecs (HTTP/1.1 200) 9 headers in 359 bytes (1 switches on core 0)
Mar 24 14:51:22.308875 dv-cinder-834805-2-smb devstack@n-api.service[108916]: DEBUG nova.api.openstack.wsgi [None req-a7205838-0f10-429b-96db-983b1fe04912 admin admin] Calling method '>' {{(pid=108916) _process_stack /opt/stack/nova/nova/api/openstack/wsgi.py:513}}
Mar 24 14:51:22.310295 dv-cinder-834805-2-smb devstack@n-api.service[108916]: INFO nova.api.openstack.requestlog [None req-a7205838-0f10-429b-96db-983b1fe04912 admin admin] 10.222.0.35 "GET /compute/v2.1" status: 200 len: 388 microversion: 2.1 time: 0.002098
Mar 24 14:51:22.310879 dv-cinder-834805-2-smb devstack@n-api.service[108916]: [pid: 108916|app: 0|req: 35/70] 10.222.0.35 () {56 vars in 1074 bytes} [Thu Mar 24 14:51:22 2022] GET /compute/v2.1 => generated 388 bytes in 4 msecs (HTTP/1.1 200) 9 headers in 357 bytes (1 switches on core 0)
Mar 24 14:51:22.594459 dv-cinder-834805-2-smb devstack@n-api.service[108915]: DEBUG nova.api.openstack.wsgi [None req-6727257c-24ec-4cd9-920b-aa52d597e31e admin admin] Calling method '>' {{(pid=108915) _process_stack /opt/stack/nova/nova/api/openstack/wsgi.py:513}}
Mar 24 14:51:22.595608 dv-cinder-834805-2-smb devstack@n-api.service[108915]: /usr/local/lib/python3.8/dist-packages/oslo_policy/policy.py:1119: UserWarning: Policy "os_compute_api:os-services:list": "rule:context_is_admin" failed scope check. The token used to make the request was project scoped but the policy requires ['system'] scope. This behavior may change in the future where using the intended scope is required
Mar 24 14:51:22.595608 dv-cinder-834805-2-smb devstack@n-api.service[108915]: warnings.warn(msg)
Mar 24 14:51:22.596837 dv-cinder-834805-2-smb devstack@n-api.service[108915]: DEBUG oslo_concurrency.lockutils [None req-6727257c-24ec-4cd9-920b-aa52d597e31e admin admin] Lock "00000000-0000-0000-0000-000000000000" acquired by "nova.context.set_target_cell..get_or_set_cached_cell_and_set_connections" :: waited 0.000s {{(pid=108915) inner /usr/local/lib/python3.8/dist-packages/oslo_concurrency/lockutils.py:386}}
Mar 24 14:51:22.597271 dv-cinder-834805-2-smb devstack@n-api.service[108915]: DEBUG oslo_concurrency.lockutils [None req-6727257c-24ec-4cd9-920b-aa52d597e31e admin admin] Lock "00000000-0000-0000-0000-000000000000" "released" by "nova.context.set_target_cell..get_or_set_cached_cell_and_set_connections" :: held 0.000s {{(pid=108915) inner /usr/local/lib/python3.8/dist-packages/oslo_concurrency/lockutils.py:400}}
Mar 24 14:51:22.598052 dv-cinder-834805-2-smb devstack@n-api.service[108915]: DEBUG oslo_concurrency.lockutils [None req-6727257c-24ec-4cd9-920b-aa52d597e31e admin admin] Lock "5e19ad1c-f5c9-4eb3-9a6a-72a91b1e482e" acquired by "nova.context.set_target_cell..get_or_set_cached_cell_and_set_connections" :: waited 0.000s {{(pid=108915) inner /usr/local/lib/python3.8/dist-packages/oslo_concurrency/lockutils.py:386}}
Mar 24 14:51:22.598477 dv-cinder-834805-2-smb devstack@n-api.service[108915]: DEBUG oslo_concurrency.lockutils [None req-6727257c-24ec-4cd9-920b-aa52d597e31e admin admin] Lock "5e19ad1c-f5c9-4eb3-9a6a-72a91b1e482e" "released" by "nova.context.set_target_cell..get_or_set_cached_cell_and_set_connections" :: held 0.000s {{(pid=108915) inner /usr/local/lib/python3.8/dist-packages/oslo_concurrency/lockutils.py:400}}
Mar 24 14:51:22.631971 dv-cinder-834805-2-smb devstack@n-api.service[108915]: INFO nova.api.openstack.requestlog [None req-6727257c-24ec-4cd9-920b-aa52d597e31e admin admin] 10.222.0.35 "GET /compute/v2.1/os-services" status: 200 len: 785 microversion: 2.90 time: 0.178009
Mar 24 14:51:22.632559 dv-cinder-834805-2-smb devstack@n-api.service[108915]: [pid: 108915|app: 0|req: 36/71] 10.222.0.35 () {60 vars in 1193 bytes} [Thu Mar 24 14:51:22 2022] GET /compute/v2.1/os-services => generated 785 bytes in 180 msecs (HTTP/1.1 200) 9 headers in 359 bytes (1 switches on core 0)
Mar 24 14:51:23.927865 dv-cinder-834805-2-smb devstack@n-api.service[108916]: DEBUG nova.api.openstack.wsgi [None req-a7205838-0f10-429b-96db-983b1fe04912 admin admin] Calling method '>' {{(pid=108916) _process_stack /opt/stack/nova/nova/api/openstack/wsgi.py:513}}
Mar 24 14:51:23.928893 dv-cinder-834805-2-smb devstack@n-api.service[108916]: INFO nova.api.openstack.requestlog [None req-a7205838-0f10-429b-96db-983b1fe04912 admin admin] 10.222.0.35 "GET /compute/v2.1" status: 200 len: 388 microversion: 2.1 time: 0.001464
Mar 24 14:51:23.929302 dv-cinder-834805-2-smb devstack@n-api.service[108916]: [pid: 108916|app: 0|req: 36/72] 10.222.0.35 () {56 vars in 1074 bytes} [Thu Mar 24 14:51:23 2022] GET /compute/v2.1 => generated 388 bytes in 2 msecs (HTTP/1.1 200) 9 headers in 357 bytes (1 switches on core 0)
Mar 24 14:51:24.128852 dv-cinder-834805-2-smb devstack@n-api.service[108915]: DEBUG nova.api.openstack.wsgi [None req-a970b21b-d0bd-4a71-94c5-aaae784ce4ce admin admin] Calling method '>' {{(pid=108915) _process_stack /opt/stack/nova/nova/api/openstack/wsgi.py:513}}
Mar 24 14:51:24.130032 dv-cinder-834805-2-smb devstack@n-api.service[108915]: /usr/local/lib/python3.8/dist-packages/oslo_policy/policy.py:1119: UserWarning: Policy "os_compute_api:os-services:list": "rule:context_is_admin" failed scope check. The token used to make the request was project scoped but the policy requires ['system'] scope. This behavior may change in the future where using the intended scope is required
Mar 24 14:51:24.130032 dv-cinder-834805-2-smb devstack@n-api.service[108915]: warnings.warn(msg)
Mar 24 14:51:24.131230 dv-cinder-834805-2-smb devstack@n-api.service[108915]: DEBUG oslo_concurrency.lockutils [None req-a970b21b-d0bd-4a71-94c5-aaae784ce4ce admin admin] Lock "00000000-0000-0000-0000-000000000000" acquired by "nova.context.set_target_cell..get_or_set_cached_cell_and_set_connections" :: waited 0.000s {{(pid=108915) inner /usr/local/lib/python3.8/dist-packages/oslo_concurrency/lockutils.py:386}}
Mar 24 14:51:24.131678 dv-cinder-834805-2-smb devstack@n-api.service[108915]: DEBUG oslo_concurrency.lockutils [None req-a970b21b-d0bd-4a71-94c5-aaae784ce4ce admin admin] Lock "00000000-0000-0000-0000-000000000000" "released" by "nova.context.set_target_cell..get_or_set_cached_cell_and_set_connections" :: held 0.000s {{(pid=108915) inner /usr/local/lib/python3.8/dist-packages/oslo_concurrency/lockutils.py:400}}
Mar 24 14:51:24.132497 dv-cinder-834805-2-smb devstack@n-api.service[108915]: DEBUG oslo_concurrency.lockutils [None req-a970b21b-d0bd-4a71-94c5-aaae784ce4ce admin admin] Lock "5e19ad1c-f5c9-4eb3-9a6a-72a91b1e482e" acquired by "nova.context.set_target_cell..get_or_set_cached_cell_and_set_connections" :: waited 0.000s {{(pid=108915) inner /usr/local/lib/python3.8/dist-packages/oslo_concurrency/lockutils.py:386}}
Mar 24 14:51:24.132933 dv-cinder-834805-2-smb devstack@n-api.service[108915]: DEBUG oslo_concurrency.lockutils [None req-a970b21b-d0bd-4a71-94c5-aaae784ce4ce admin admin] Lock "5e19ad1c-f5c9-4eb3-9a6a-72a91b1e482e" "released" by "nova.context.set_target_cell..get_or_set_cached_cell_and_set_connections" :: held 0.000s {{(pid=108915) inner /usr/local/lib/python3.8/dist-packages/oslo_concurrency/lockutils.py:400}}
Mar 24 14:51:24.152727 dv-cinder-834805-2-smb devstack@n-api.service[108915]: INFO nova.api.openstack.requestlog [None req-a970b21b-d0bd-4a71-94c5-aaae784ce4ce admin admin] 10.222.0.35 "GET /compute/v2.1/os-services" status: 200 len: 785 microversion: 2.90 time: 0.086374
Mar 24 14:51:24.153277 dv-cinder-834805-2-smb devstack@n-api.service[108915]: [pid: 108915|app: 0|req: 37/73] 10.222.0.35 () {60 vars in 1193 bytes} [Thu Mar 24 14:51:24 2022] GET /compute/v2.1/os-services => generated 785 bytes in 88 msecs (HTTP/1.1 200) 9 headers in 359 bytes (1 switches on core 0)
Mar 24 14:51:35.878863 dv-cinder-834805-2-smb devstack@n-api.service[108916]: DEBUG nova.api.openstack.wsgi [None req-a7205838-0f10-429b-96db-983b1fe04912 admin admin] Calling method '>' {{(pid=108916) _process_stack /opt/stack/nova/nova/api/openstack/wsgi.py:513}}
Mar 24 14:51:35.879856 dv-cinder-834805-2-smb devstack@n-api.service[108916]: INFO nova.api.openstack.requestlog [None req-a7205838-0f10-429b-96db-983b1fe04912 admin admin] 10.222.0.35 "GET /compute/v2.1" status: 200 len: 388 microversion: 2.1 time: 0.001435
Mar 24 14:51:35.880274 dv-cinder-834805-2-smb devstack@n-api.service[108916]: [pid: 108916|app: 0|req: 37/74] 10.222.0.35 () {56 vars in 1074 bytes} [Thu Mar 24 14:51:35 2022] GET /compute/v2.1 => generated 388 bytes in 2 msecs (HTTP/1.1 200) 9 headers in 357 bytes (1 switches on core 0)
Mar 24 14:51:36.093173 dv-cinder-834805-2-smb devstack@n-api.service[108915]: DEBUG nova.api.openstack.wsgi [None req-37b5e1a7-8fae-45df-91a9-f2c8192028ac admin admin] Calling method '>' {{(pid=108915) _process_stack /opt/stack/nova/nova/api/openstack/wsgi.py:513}}
Mar 24 14:51:36.094308 dv-cinder-834805-2-smb devstack@n-api.service[108915]: /usr/local/lib/python3.8/dist-packages/oslo_policy/policy.py:1119: UserWarning: Policy "os_compute_api:os-services:list": "rule:context_is_admin" failed scope check. The token used to make the request was project scoped but the policy requires ['system'] scope. This behavior may change in the future where using the intended scope is required
Mar 24 14:51:36.094308 dv-cinder-834805-2-smb devstack@n-api.service[108915]: warnings.warn(msg)
Mar 24 14:51:36.095498 dv-cinder-834805-2-smb devstack@n-api.service[108915]: DEBUG oslo_concurrency.lockutils [None req-37b5e1a7-8fae-45df-91a9-f2c8192028ac admin admin] Lock "00000000-0000-0000-0000-000000000000" acquired by "nova.context.set_target_cell..get_or_set_cached_cell_and_set_connections" :: waited 0.000s {{(pid=108915) inner /usr/local/lib/python3.8/dist-packages/oslo_concurrency/lockutils.py:386}}
Mar 24 14:51:36.095958 dv-cinder-834805-2-smb devstack@n-api.service[108915]: DEBUG oslo_concurrency.lockutils [None req-37b5e1a7-8fae-45df-91a9-f2c8192028ac admin admin] Lock "00000000-0000-0000-0000-000000000000" "released" by "nova.context.set_target_cell..get_or_set_cached_cell_and_set_connections" :: held 0.000s {{(pid=108915) inner /usr/local/lib/python3.8/dist-packages/oslo_concurrency/lockutils.py:400}}
Mar 24 14:51:36.096765 dv-cinder-834805-2-smb devstack@n-api.service[108915]: DEBUG oslo_concurrency.lockutils [None req-37b5e1a7-8fae-45df-91a9-f2c8192028ac admin admin] Lock "5e19ad1c-f5c9-4eb3-9a6a-72a91b1e482e" acquired by "nova.context.set_target_cell..get_or_set_cached_cell_and_set_connections" :: waited 0.000s {{(pid=108915) inner /usr/local/lib/python3.8/dist-packages/oslo_concurrency/lockutils.py:386}}
