Mar 21 22:04:42.029945 dv-cinder-834545-1-smb neutron-server[115891]: DEBUG neutron_lib.callbacks.manager [None req-8b446adb-46f9-496f-8662-adac4fca94f3 admin admin] Publish callbacks [] for security_group (None), before_create {{(pid=115891) _notify_loop /usr/local/lib/python3.8/dist-packages/neutron_lib/callbacks/manager.py:176}}
Mar 21 22:04:42.123801 dv-cinder-834545-1-smb neutron-server[115892]: DEBUG neutron.db.db_base_plugin_common [None req-bc674b03-5f79-4a52-93a6-45d580d1f6df None None] Allocated IP 172.20.0.2 (05004aae-4d5d-4fd9-aba2-0893bee26d5b/5b422bd9-36dd-4318-8ec8-81f985e7d2fb/74ddb4bf-4848-49f5-9608-582b61d28591) {{(pid=115892) _store_ip_allocation /opt/stack/neutron/neutron/db/db_base_plugin_common.py:131}}
Mar 21 22:04:42.131590 dv-cinder-834545-1-smb neutron-server[115891]: DEBUG neutron_lib.callbacks.manager [None req-8b446adb-46f9-496f-8662-adac4fca94f3 admin admin] Publish callbacks [] for security_group (d89bc80a-e3cb-4a0d-b48a-3f92cf7da1c7), precommit_create {{(pid=115891) _notify_loop /usr/local/lib/python3.8/dist-packages/neutron_lib/callbacks/manager.py:176}}
Mar 21 22:04:42.215290 dv-cinder-834545-1-smb neutron-server[115891]: DEBUG neutron_lib.callbacks.manager [None req-8b446adb-46f9-496f-8662-adac4fca94f3 admin admin] Publish callbacks ['neutron.plugins.ml2.ovo_rpc._ObjectChangeHandler.handle_event-3792408'] for security_group (d89bc80a-e3cb-4a0d-b48a-3f92cf7da1c7), after_create {{(pid=115891) _notify_loop /usr/local/lib/python3.8/dist-packages/neutron_lib/callbacks/manager.py:176}}
Mar 21 22:04:42.232783 dv-cinder-834545-1-smb neutron-server[115891]: DEBUG neutron.plugins.ml2.drivers.helpers [None req-8b446adb-46f9-496f-8662-adac4fca94f3 admin admin] vlan segment allocate from pool success with {'physical_network': 'physnet1', 'vlan_id': 375} {{(pid=115891) allocate_partially_specified_segment /opt/stack/neutron/neutron/plugins/ml2/drivers/helpers.py:153}}
Mar 21 22:04:42.246217 dv-cinder-834545-1-smb neutron-server[115891]: DEBUG neutron_lib.callbacks.manager [None req-8b446adb-46f9-496f-8662-adac4fca94f3 admin admin] Publish callbacks ['neutron.plugins.ml2.plugin.Ml2Plugin._handle_segment_change-844742'] for segment (74507982-c627-4e88-8ab2-8a676734b576), precommit_create {{(pid=115891) _notify_loop /usr/local/lib/python3.8/dist-packages/neutron_lib/callbacks/manager.py:176}}
Mar 21 22:04:42.247044 dv-cinder-834545-1-smb neutron-server[115891]: INFO neutron.db.segments_db [None req-8b446adb-46f9-496f-8662-adac4fca94f3 admin admin] Added segment 74507982-c627-4e88-8ab2-8a676734b576 of type vlan for network b44454df-19e6-4317-bdbd-9c674a4ea0d7
Mar 21 22:04:42.309504 dv-cinder-834545-1-smb neutron-server[115891]: DEBUG neutron_lib.callbacks.manager [None req-8b446adb-46f9-496f-8662-adac4fca94f3 admin admin] Publish callbacks ['neutron.services.auto_allocate.db._ensure_external_network_default_value_callback-8746123856231'] for network (b44454df-19e6-4317-bdbd-9c674a4ea0d7), precommit_create {{(pid=115891) _notify_loop /usr/local/lib/python3.8/dist-packages/neutron_lib/callbacks/manager.py:176}}
Mar 21 22:04:42.357222 dv-cinder-834545-1-smb neutron-server[115891]: DEBUG neutron.api.rpc.handlers.resources_rpc [None req-8b446adb-46f9-496f-8662-adac4fca94f3 admin admin] Pushing event updated for resources: {'SecurityGroup': ['ID=d89bc80a-e3cb-4a0d-b48a-3f92cf7da1c7,revision_number=1']} {{(pid=115891) push /opt/stack/neutron/neutron/api/rpc/handlers/resources_rpc.py:237}}
Mar 21 22:04:42.419572 dv-cinder-834545-1-smb neutron-server[115890]: DEBUG neutron.api.v2.base [None req-e97098c3-1fb0-40ec-b4d0-ed52619cf660 admin admin] Request body: {'network': {'name': 'tempest-ServerRescueNegativeTestJSON-1872918434-network', 'tenant_id': '0f2c4242dd8040d8ad6cdc123ae90e04'}} {{(pid=115890) prepare_request_body /opt/stack/neutron/neutron/api/v2/base.py:729}}
Mar 21 22:04:42.427759 dv-cinder-834545-1-smb neutron-server[115891]: DEBUG neutron_lib.callbacks.manager [None req-8b446adb-46f9-496f-8662-adac4fca94f3 admin admin] Publish callbacks ['neutron.plugins.ml2.ovo_rpc._ObjectChangeHandler.handle_event-3792587', 'neutron.api.rpc.agentnotifiers.dhcp_rpc_agent_api.DhcpAgentNotifyAPI._native_event_send_dhcp_notification-3716690'] for network (b44454df-19e6-4317-bdbd-9c674a4ea0d7), after_create {{(pid=115891) _notify_loop /usr/local/lib/python3.8/dist-packages/neutron_lib/callbacks/manager.py:176}}
Mar 21 22:04:42.428920 dv-cinder-834545-1-smb neutron-server[115891]: DEBUG neutron.pecan_wsgi.hooks.policy_enforcement [None req-8b446adb-46f9-496f-8662-adac4fca94f3 admin admin] Attributes excluded by policy engine: ['standard_attr_id', 'vlan_transparent'] {{(pid=115891) _exclude_attributes_by_policy /opt/stack/neutron/neutron/pecan_wsgi/hooks/policy_enforcement.py:255}}
Mar 21 22:04:42.429323 dv-cinder-834545-1-smb neutron-server[115891]: DEBUG neutron_lib.callbacks.manager [None req-8b446adb-46f9-496f-8662-adac4fca94f3 admin admin] Publish callbacks ['neutron.api.rpc.agentnotifiers.dhcp_rpc_agent_api.DhcpAgentNotifyAPI._send_dhcp_notification-3716704'] for network (None), before_response {{(pid=115891) _notify_loop /usr/local/lib/python3.8/dist-packages/neutron_lib/callbacks/manager.py:176}}
Mar 21 22:04:42.505926 dv-cinder-834545-1-smb neutron-server[115892]: DEBUG neutron_lib.callbacks.manager [None req-bc674b03-5f79-4a52-93a6-45d580d1f6df None None] Publish callbacks [] for port (74ddb4bf-4848-49f5-9608-582b61d28591), precommit_create {{(pid=115892) _notify_loop /usr/local/lib/python3.8/dist-packages/neutron_lib/callbacks/manager.py:176}}
Mar 21 22:04:42.551899 dv-cinder-834545-1-smb neutron-server[115891]: DEBUG neutron.api.rpc.handlers.resources_rpc [None req-8b446adb-46f9-496f-8662-adac4fca94f3 admin admin] Pushing event updated for resources: {'Network': ['ID=b44454df-19e6-4317-bdbd-9c674a4ea0d7,revision_number=1']} {{(pid=115891) push /opt/stack/neutron/neutron/api/rpc/handlers/resources_rpc.py:237}}
Mar 21 22:04:42.560509 dv-cinder-834545-1-smb neutron-server[115890]: DEBUG neutron.api.v2.base [None req-41359bf6-a911-445b-9cb9-6bbefe2c1cbd admin admin] Request body: {'network': {'name': 'tempest-AttachVolumeNegativeTest-196752695-network', 'tenant_id': '7f3112ef96da4a4fae997f47f4d55824'}} {{(pid=115890) prepare_request_body /opt/stack/neutron/neutron/api/v2/base.py:729}}
Mar 21 22:04:42.563988 dv-cinder-834545-1-smb neutron-server[115892]: DEBUG neutron.plugins.ml2.rpc [None req-eaacfb45-674e-4f1d-bc29-c87b5ca7f496 None None] Network b44454df-19e6-4317-bdbd-9c674a4ea0d7 details requested by agent ovs-agent-dv-cinder-834545-1-smb with host dv-cinder-834545-1-smb {{(pid=115892) get_network_details /opt/stack/neutron/neutron/plugins/ml2/rpc.py:248}}
Mar 21 22:04:42.599293 dv-cinder-834545-1-smb neutron-server[115890]: DEBUG neutron.pecan_wsgi.hooks.quota_enforcement [None req-e97098c3-1fb0-40ec-b4d0-ed52619cf660 admin admin] Made reservation on behalf of 0f2c4242dd8040d8ad6cdc123ae90e04 for: {'network': 1} {{(pid=115890) before /opt/stack/neutron/neutron/pecan_wsgi/hooks/quota_enforcement.py:53}}
Mar 21 22:04:42.608084 dv-cinder-834545-1-smb neutron-server[115890]: DEBUG neutron_lib.callbacks.manager [None req-e97098c3-1fb0-40ec-b4d0-ed52619cf660 admin admin] Publish callbacks ['neutron.plugins.ml2.plugin.SecurityGroupDbMixin._ensure_default_security_group_handler-989921'] for network (None), before_create {{(pid=115890) _notify_loop /usr/local/lib/python3.8/dist-packages/neutron_lib/callbacks/manager.py:176}}
Mar 21 22:04:42.640515 dv-cinder-834545-1-smb neutron-server[115890]: DEBUG neutron_lib.callbacks.manager [None req-e97098c3-1fb0-40ec-b4d0-ed52619cf660 admin admin] Publish callbacks [] for security_group (None), before_create {{(pid=115890) _notify_loop /usr/local/lib/python3.8/dist-packages/neutron_lib/callbacks/manager.py:176}}
Mar 21 22:04:42.661170 dv-cinder-834545-1-smb neutron-server[115892]: DEBUG neutron_lib.callbacks.manager [None req-bc674b03-5f79-4a52-93a6-45d580d1f6df None None] Publish callbacks ['neutron.plugins.ml2.plugin.SecurityGroupServerNotifierRpcMixin._notify_sg_on_port_change-989858', 'neutron.plugins.ml2.ovo_rpc._ObjectChangeHandler.handle_event-59925', 'neutron.api.rpc.agentnotifiers.dhcp_rpc_agent_api.DhcpAgentNotifyAPI._native_event_send_dhcp_notification-3716690', 'neutron.db.l3_dvrscheduler_db._notify_l3_agent_new_port-8746123838733'] for port (74ddb4bf-4848-49f5-9608-582b61d28591), after_create {{(pid=115892) _notify_loop /usr/local/lib/python3.8/dist-packages/neutron_lib/callbacks/manager.py:176}}
Mar 21 22:04:42.687059 dv-cinder-834545-1-smb neutron-server[115891]: INFO neutron.wsgi [None req-8b446adb-46f9-496f-8662-adac4fca94f3 admin admin] 10.222.0.55 "POST /v2.0/networks HTTP/1.1" status: 201 len: 885 time: 1.1869295
Mar 21 22:04:42.687154 dv-cinder-834545-1-smb neutron-server[115890]: DEBUG neutron_lib.callbacks.manager [None req-ad594444-523f-4743-a9c9-9f5711e6dd2b admin admin] Publish callbacks [] for router_gateway (a597e78a-0b8d-4cfc-bc3a-42c513383da3), precommit_update {{(pid=115890) _notify_loop /usr/local/lib/python3.8/dist-packages/neutron_lib/callbacks/manager.py:176}}
Mar 21 22:04:42.696494 dv-cinder-834545-1-smb neutron-server[115891]: DEBUG neutron.wsgi [-] (115891) accepted ('10.222.0.55', 56966) {{(pid=115891) server /usr/local/lib/python3.8/dist-packages/eventlet/wsgi.py:1004}}
Mar 21 22:04:42.703601 dv-cinder-834545-1-smb neutron-server[115891]: DEBUG neutron.api.v2.base [None req-25441b0c-dbe4-4fd8-a0d0-279cb33fa0d9 admin admin] Request body: {'subnet': {'network_id': 'b44454df-19e6-4317-bdbd-9c674a4ea0d7', 'cidr': '172.20.0.0/28', 'name': 'tempest-DeleteServersTestJSON-1076176655-subnet', 'tenant_id': '4e76b482974a4ea6bd76009ded78ff7b', 'enable_dhcp': False, 'ip_version': 4}} {{(pid=115891) prepare_request_body /opt/stack/neutron/neutron/api/v2/base.py:729}}
Mar 21 22:04:42.736975 dv-cinder-834545-1-smb neutron-server[115892]: DEBUG neutron.api.rpc.handlers.resources_rpc [None req-bc674b03-5f79-4a52-93a6-45d580d1f6df None None] Pushing event updated for resources: {'Port': ['ID=74ddb4bf-4848-49f5-9608-582b61d28591,revision_number=1']} {{(pid=115892) push /opt/stack/neutron/neutron/api/rpc/handlers/resources_rpc.py:237}}
Mar 21 22:04:42.748995 dv-cinder-834545-1-smb neutron-server[115890]: DEBUG neutron.pecan_wsgi.hooks.quota_enforcement [None req-41359bf6-a911-445b-9cb9-6bbefe2c1cbd admin admin] Made reservation on behalf of 7f3112ef96da4a4fae997f47f4d55824 for: {'network': 1} {{(pid=115890) before /opt/stack/neutron/neutron/pecan_wsgi/hooks/quota_enforcement.py:53}}
Mar 21 22:04:42.751374 dv-cinder-834545-1-smb neutron-server[115890]: DEBUG neutron_lib.callbacks.manager [None req-41359bf6-a911-445b-9cb9-6bbefe2c1cbd admin admin] Publish callbacks ['neutron.plugins.ml2.plugin.SecurityGroupDbMixin._ensure_default_security_group_handler-989921'] for network (None), before_create {{(pid=115890) _notify_loop /usr/local/lib/python3.8/dist-packages/neutron_lib/callbacks/manager.py:176}}
Mar 21 22:04:42.759319 dv-cinder-834545-1-smb neutron-server[115892]: DEBUG neutron.api.rpc.callbacks.version_manager [None req-bc674b03-5f79-4a52-93a6-45d580d1f6df None None] Version for resource type AddressGroup changed None to 1.2 on consumer Open vSwitch agent@dv-cinder-834545-1-smb {{(pid=115892) _set_version /opt/stack/neutron/neutron/api/rpc/callbacks/version_manager.py:113}}
Mar 21 22:04:42.760619 dv-cinder-834545-1-smb neutron-server[115892]: DEBUG neutron.api.rpc.callbacks.version_manager [None req-bc674b03-5f79-4a52-93a6-45d580d1f6df None None] Version for resource type Agent changed None to 1.1 on consumer Open vSwitch agent@dv-cinder-834545-1-smb {{(pid=115892) _set_version /opt/stack/neutron/neutron/api/rpc/callbacks/version_manager.py:113}}
Mar 21 22:04:42.761237 dv-cinder-834545-1-smb neutron-server[115892]: DEBUG neutron.api.rpc.callbacks.version_manager [None req-bc674b03-5f79-4a52-93a6-45d580d1f6df None None] Version for resource type ConntrackHelper changed None to 1.0 on consumer Open vSwitch agent@dv-cinder-834545-1-smb {{(pid=115892) _set_version /opt/stack/neutron/neutron/api/rpc/callbacks/version_manager.py:113}}
Mar 21 22:04:42.761877 dv-cinder-834545-1-smb neutron-server[115892]: DEBUG neutron.api.rpc.callbacks.version_manager [None req-bc674b03-5f79-4a52-93a6-45d580d1f6df None None] Version for resource type LocalIPAssociation changed None to 1.0 on consumer Open vSwitch agent@dv-cinder-834545-1-smb {{(pid=115892) _set_version /opt/stack/neutron/neutron/api/rpc/callbacks/version_manager.py:113}}
Mar 21 22:04:42.762448 dv-cinder-834545-1-smb neutron-server[115892]: DEBUG neutron.api.rpc.callbacks.version_manager [None req-bc674b03-5f79-4a52-93a6-45d580d1f6df None None] Version for resource type Log changed None to 1.0 on consumer Open vSwitch agent@dv-cinder-834545-1-smb {{(pid=115892) _set_version /opt/stack/neutron/neutron/api/rpc/callbacks/version_manager.py:113}}
Mar 21 22:04:42.763691 dv-cinder-834545-1-smb neutron-server[115890]: DEBUG neutron_lib.callbacks.manager [None req-41359bf6-a911-445b-9cb9-6bbefe2c1cbd admin admin] Publish callbacks [] for security_group (None), before_create {{(pid=115890) _notify_loop /usr/local/lib/python3.8/dist-packages/neutron_lib/callbacks/manager.py:176}}
Mar 21 22:04:42.764064 dv-cinder-834545-1-smb neutron-server[115892]: DEBUG neutron.api.rpc.callbacks.version_manager [None req-bc674b03-5f79-4a52-93a6-45d580d1f6df None None] Version for resource type NDPProxy changed None to 1.0 on consumer Open vSwitch agent@dv-cinder-834545-1-smb {{(pid=115892) _set_version /opt/stack/neutron/neutron/api/rpc/callbacks/version_manager.py:113}}
Mar 21 22:04:42.764871 dv-cinder-834545-1-smb neutron-server[115892]: DEBUG neutron.api.rpc.callbacks.version_manager [None req-bc674b03-5f79-4a52-93a6-45d580d1f6df None None] Version for resource type Network changed None to 1.1 on consumer Open vSwitch agent@dv-cinder-834545-1-smb {{(pid=115892) _set_version /opt/stack/neutron/neutron/api/rpc/callbacks/version_manager.py:113}}
Mar 21 22:04:42.765451 dv-cinder-834545-1-smb neutron-server[115892]: DEBUG neutron.api.rpc.callbacks.version_manager [None req-bc674b03-5f79-4a52-93a6-45d580d1f6df None None] Version for resource type Port changed None to 1.7 on consumer Open vSwitch agent@dv-cinder-834545-1-smb {{(pid=115892) _set_version /opt/stack/neutron/neutron/api/rpc/callbacks/version_manager.py:113}}
Mar 21 22:04:42.766810 dv-cinder-834545-1-smb neutron-server[115892]: DEBUG neutron.api.rpc.callbacks.version_manager [None req-bc674b03-5f79-4a52-93a6-45d580d1f6df None None] Version for resource type PortForwarding changed None to 1.3 on consumer Open vSwitch agent@dv-cinder-834545-1-smb {{(pid=115892) _set_version /opt/stack/neutron/neutron/api/rpc/callbacks/version_manager.py:113}}
Mar 21 22:04:42.767495 dv-cinder-834545-1-smb neutron-server[115892]: DEBUG neutron.api.rpc.callbacks.version_manager [None req-bc674b03-5f79-4a52-93a6-45d580d1f6df None None] Version for resource type QosPolicy changed None to 1.10 on consumer Open vSwitch agent@dv-cinder-834545-1-smb {{(pid=115892) _set_version /opt/stack/neutron/neutron/api/rpc/callbacks/version_manager.py:113}}
Mar 21 22:04:42.767881 dv-cinder-834545-1-smb neutron-server[115892]: DEBUG neutron.api.rpc.callbacks.version_manager [None req-bc674b03-5f79-4a52-93a6-45d580d1f6df None None] Version for resource type SecurityGroup changed None to 1.5 on consumer Open vSwitch agent@dv-cinder-834545-1-smb {{(pid=115892) _set_version /opt/stack/neutron/neutron/api/rpc/callbacks/version_manager.py:113}}
Mar 21 22:04:42.768830 dv-cinder-834545-1-smb neutron-server[115892]: DEBUG neutron.api.rpc.callbacks.version_manager [None req-bc674b03-5f79-4a52-93a6-45d580d1f6df None None] Version for resource type SecurityGroupRule changed None to 1.2 on consumer Open vSwitch agent@dv-cinder-834545-1-smb {{(pid=115892) _set_version /opt/stack/neutron/neutron/api/rpc/callbacks/version_manager.py:113}}
Mar 21 22:04:42.769763 dv-cinder-834545-1-smb neutron-server[115892]: DEBUG neutron.api.rpc.callbacks.version_manager [None req-bc674b03-5f79-4a52-93a6-45d580d1f6df None None] Version for resource type SubPort changed None to 1.0 on consumer Open vSwitch agent@dv-cinder-834545-1-smb {{(pid=115892) _set_version /opt/stack/neutron/neutron/api/rpc/callbacks/version_manager.py:113}}
Mar 21 22:04:42.770968 dv-cinder-834545-1-smb neutron-server[115892]: DEBUG neutron.api.rpc.callbacks.version_manager [None req-bc674b03-5f79-4a52-93a6-45d580d1f6df None None] Version for resource type Subnet changed None to 1.1 on consumer Open vSwitch agent@dv-cinder-834545-1-smb {{(pid=115892) _set_version /opt/stack/neutron/neutron/api/rpc/callbacks/version_manager.py:113}}
Mar 21 22:04:42.771651 dv-cinder-834545-1-smb neutron-server[115892]: DEBUG neutron.api.rpc.callbacks.version_manager [None req-bc674b03-5f79-4a52-93a6-45d580d1f6df None None] Version for resource type Trunk changed None to 1.1 on consumer Open vSwitch agent@dv-cinder-834545-1-smb {{(pid=115892) _set_version /opt/stack/neutron/neutron/api/rpc/callbacks/version_manager.py:113}}
Mar 21 22:04:42.777147 dv-cinder-834545-1-smb neutron-server[115892]: DEBUG neutron.api.rpc.callbacks.version_manager [None req-bc674b03-5f79-4a52-93a6-45d580d1f6df None None] Tracked resource versions report:
Mar 21 22:04:42.777147 dv-cinder-834545-1-smb neutron-server[115892]: pushed versions:
Mar 21 22:04:42.777147 dv-cinder-834545-1-smb neutron-server[115892]: { 'AddressGroup': {'1.2'},
Mar 21 22:04:42.777147 dv-cinder-834545-1-smb neutron-server[115892]: 'Agent': {'1.1'},
Mar 21 22:04:42.777147 dv-cinder-834545-1-smb neutron-server[115892]: 'ConntrackHelper': {'1.0'},
Mar 21 22:04:42.777147 dv-cinder-834545-1-smb neutron-server[115892]: 'LocalIPAssociation': {'1.0'},
Mar 21 22:04:42.777147 dv-cinder-834545-1-smb neutron-server[115892]: 'Log': {'1.0'},
Mar 21 22:04:42.777147 dv-cinder-834545-1-smb neutron-server[115892]: 'NDPProxy': {'1.0'},
Mar 21 22:04:42.777147 dv-cinder-834545-1-smb neutron-server[115892]: 'Network': {'1.1'},
Mar 21 22:04:42.777147 dv-cinder-834545-1-smb neutron-server[115892]: 'Port': {'1.7'},
Mar 21 22:04:42.777147 dv-cinder-834545-1-smb neutron-server[115892]: 'PortForwarding': {'1.3'},
Mar 21 22:04:42.777147 dv-cinder-834545-1-smb neutron-server[115892]: 'QosPolicy': {'1.10'},
Mar 21 22:04:42.777147 dv-cinder-834545-1-smb neutron-server[115892]: 'SecurityGroup': {'1.5'},
Mar 21 22:04:42.777147 dv-cinder-834545-1-smb neutron-server[115892]: 'SecurityGroupRule': {'1.2'},
Mar 21 22:04:42.777147 dv-cinder-834545-1-smb neutron-server[115892]: 'SubPort': {'1.0'},
Mar 21 22:04:42.777147 dv-cinder-834545-1-smb neutron-server[115892]: 'Subnet': {'1.1'},
Mar 21 22:04:42.777147 dv-cinder-834545-1-smb neutron-server[115892]: 'Trunk': {'1.1'}}
Mar 21 22:04:42.777147 dv-cinder-834545-1-smb neutron-server[115892]: consumer versions:
Mar 21 22:04:42.777147 dv-cinder-834545-1-smb neutron-server[115892]: { DHCP agent@dv-cinder-834545-1-smb: {},
Mar 21 22:04:42.777147 dv-cinder-834545-1-smb neutron-server[115892]: HyperV agent@hv-cinder-83454: {},
Mar 21 22:04:42.777147 dv-cinder-834545-1-smb neutron-server[115892]: L3 agent@dv-cinder-834545-1-smb: {},
Mar 21 22:04:42.777147 dv-cinder-834545-1-smb neutron-server[115892]: Metadata agent@dv-cinder-834545-1-smb: {},
Mar 21 22:04:42.777147 dv-cinder-834545-1-smb neutron-server[115892]: Metering agent@dv-cinder-834545-1-smb: {},
Mar 21 22:04:42.777147 dv-cinder-834545-1-smb neutron-server[115892]: Open vSwitch agent@dv-cinder-834545-1-smb: { 'AddressGroup': '1.2',
Mar 21 22:04:42.777147 dv-cinder-834545-1-smb neutron-server[115892]: 'Agent': '1.1',
Mar 21 22:04:42.777147 dv-cinder-834545-1-smb neutron-server[115892]: 'ConntrackHelper': '1.0',
Mar 21 22:04:42.777147 dv-cinder-834545-1-smb neutron-server[115892]: 'LocalIPAssociation': '1.0',
Mar 21 22:04:42.777147 dv-cinder-834545-1-smb neutron-server[115892]: 'Log': '1.0',
Mar 21 22:04:42.777147 dv-cinder-834545-1-smb neutron-server[115892]: 'NDPProxy': '1.0',
Mar 21 22:04:42.777147 dv-cinder-834545-1-smb neutron-server[115892]: 'Network': '1.1',
Mar 21 22:04:42.777147 dv-cinder-834545-1-smb neutron-server[115892]: 'Port': '1.7',
Mar 21 22:04:42.777147 dv-cinder-834545-1-smb neutron-server[115892]: 'PortForwarding': '1.3',
Mar 21 22:04:42.777147 dv-cinder-834545-1-smb neutron-server[115892]: 'QosPolicy': '1.10',
Mar 21 22:04:42.777147 dv-cinder-834545-1-smb neutron-server[115892]: 'SecurityGroup': '1.5',
Mar 21 22:04:42.777147 dv-cinder-834545-1-smb neutron-server[115892]: 'SecurityGroupRule': '1.2',
Mar 21 22:04:42.777147 dv-cinder-834545-1-smb neutron-server[115892]: 'SubPort': '1.0',
Mar 21 22:04:42.777147 dv-cinder-834545-1-smb neutron-server[115892]: 'Subnet': '1.1',
Mar 21 22:04:42.777147 dv-cinder-834545-1-smb neutron-server[115892]: 'Trunk': '1.1'}}
Mar 21 22:04:42.777147 dv-cinder-834545-1-smb neutron-server[115892]: {{(pid=115892) report /opt/stack/neutron/neutron/api/rpc/callbacks/version_manager.py:175}}
Mar 21 22:04:42.822575 dv-cinder-834545-1-smb neutron-server[115892]: DEBUG neutron.scheduler.dhcp_agent_scheduler [None req-bc674b03-5f79-4a52-93a6-45d580d1f6df None None] Network 05004aae-4d5d-4fd9-aba2-0893bee26d5b is already hosted by enough agents. {{(pid=115892) _get_dhcp_agents_hosting_network /opt/stack/neutron/neutron/scheduler/dhcp_agent_scheduler.py:275}}
Mar 21 22:04:42.828242 dv-cinder-834545-1-smb neutron-server[115892]: DEBUG neutron.scheduler.base_scheduler [None req-bc674b03-5f79-4a52-93a6-45d580d1f6df None None] Resources bound (agent type, host, resource id): {{(pid=115892) schedule /opt/stack/neutron/neutron/scheduler/base_scheduler.py:57}}
Mar 21 22:04:42.843911 dv-cinder-834545-1-smb neutron-server[115892]: DEBUG neutron.db.l3_dvrscheduler_db [None req-bc674b03-5f79-4a52-93a6-45d580d1f6df None None] Received port after_create {{(pid=115892) _notify_l3_agent_new_port /opt/stack/neutron/neutron/db/l3_dvrscheduler_db.py:536}}
Mar 21 22:04:42.851187 dv-cinder-834545-1-smb neutron-server[115890]: DEBUG neutron_lib.callbacks.manager [None req-41359bf6-a911-445b-9cb9-6bbefe2c1cbd admin admin] Publish callbacks [] for security_group (c7ea0aef-58b7-4fbd-b1e2-2b364edf9303), precommit_create {{(pid=115890) _notify_loop /usr/local/lib/python3.8/dist-packages/neutron_lib/callbacks/manager.py:176}}
Mar 21 22:04:42.885180 dv-cinder-834545-1-smb neutron-server[115891]: DEBUG neutron.pecan_wsgi.hooks.quota_enforcement [None req-25441b0c-dbe4-4fd8-a0d0-279cb33fa0d9 admin admin] Made reservation on behalf of 4e76b482974a4ea6bd76009ded78ff7b for: {'subnet': 1} {{(pid=115891) before /opt/stack/neutron/neutron/pecan_wsgi/hooks/quota_enforcement.py:53}}
Mar 21 22:04:42.890008 dv-cinder-834545-1-smb neutron-server[115891]: DEBUG neutron_lib.callbacks.manager [None req-25441b0c-dbe4-4fd8-a0d0-279cb33fa0d9 admin admin] Publish callbacks [] for subnet (None), before_create {{(pid=115891) _notify_loop /usr/local/lib/python3.8/dist-packages/neutron_lib/callbacks/manager.py:176}}
Mar 21 22:04:42.978350 dv-cinder-834545-1-smb neutron-server[115890]: DEBUG neutron_lib.callbacks.manager [None req-e97098c3-1fb0-40ec-b4d0-ed52619cf660 admin admin] Publish callbacks [] for security_group (85ed7872-0cac-4953-9e6c-eeae05d263a3), precommit_create {{(pid=115890) _notify_loop /usr/local/lib/python3.8/dist-packages/neutron_lib/callbacks/manager.py:176}}
Mar 21 22:04:42.983104 dv-cinder-834545-1-smb neutron-server[115890]: DEBUG neutron_lib.callbacks.manager [None req-41359bf6-a911-445b-9cb9-6bbefe2c1cbd admin admin] Publish callbacks ['neutron.plugins.ml2.ovo_rpc._ObjectChangeHandler.handle_event-3792408'] for security_group (c7ea0aef-58b7-4fbd-b1e2-2b364edf9303), after_create {{(pid=115890) _notify_loop /usr/local/lib/python3.8/dist-packages/neutron_lib/callbacks/manager.py:176}}
Mar 21 22:04:43.014646 dv-cinder-834545-1-smb neutron-server[115890]: DEBUG neutron.plugins.ml2.drivers.helpers [None req-41359bf6-a911-445b-9cb9-6bbefe2c1cbd admin admin] vlan segment allocate from pool success with {'physical_network': 'physnet1', 'vlan_id': 396} {{(pid=115890) allocate_partially_specified_segment /opt/stack/neutron/neutron/plugins/ml2/drivers/helpers.py:153}}
Mar 21 22:04:43.050948 dv-cinder-834545-1-smb neutron-server[115892]: DEBUG neutron.plugins.ml2.managers [None req-bc674b03-5f79-4a52-93a6-45d580d1f6df None None] Attempting to bind port 74ddb4bf-4848-49f5-9608-582b61d28591 on host dv-cinder-834545-1-smb for vnic_type normal with profile {{(pid=115892) bind_port /opt/stack/neutron/neutron/plugins/ml2/managers.py:795}}
Mar 21 22:04:43.050948 dv-cinder-834545-1-smb neutron-server[115892]: DEBUG neutron.plugins.ml2.managers [None req-bc674b03-5f79-4a52-93a6-45d580d1f6df None None] Attempting to bind port 74ddb4bf-4848-49f5-9608-582b61d28591 by drivers openvswitch,hyperv on host dv-cinder-834545-1-smb at level 0 using segments [{'id': '6c1e3da7-ac11-46a2-856a-585af2b293c2', 'network_type': 'vlan', 'physical_network': 'physnet1', 'segmentation_id': 358, 'network_id': '05004aae-4d5d-4fd9-aba2-0893bee26d5b'}] {{(pid=115892) _bind_port_level /opt/stack/neutron/neutron/plugins/ml2/managers.py:820}}
Mar 21 22:04:43.050948 dv-cinder-834545-1-smb neutron-server[115892]: DEBUG neutron.plugins.ml2.drivers.mech_agent [None req-bc674b03-5f79-4a52-93a6-45d580d1f6df None None] Attempting to bind port 74ddb4bf-4848-49f5-9608-582b61d28591 on network 05004aae-4d5d-4fd9-aba2-0893bee26d5b {{(pid=115892) bind_port /opt/stack/neutron/neutron/plugins/ml2/drivers/mech_agent.py:91}}
Mar 21 22:04:43.059509 dv-cinder-834545-1-smb neutron-server[115892]: DEBUG neutron.plugins.ml2.drivers.mech_agent [None req-bc674b03-5f79-4a52-93a6-45d580d1f6df None None] Checking agent: {'id': '46ec80a3-910e-401d-a918-c76f94e88280', 'agent_type': 'Open vSwitch agent', 'binary': 'neutron-openvswitch-agent', 'topic': 'N/A', 'host': 'dv-cinder-834545-1-smb', 'admin_state_up': True, 'created_at': datetime.datetime(2022, 3, 21, 21, 55, 52), 'started_at': datetime.datetime(2022, 3, 21, 21, 56, 22), 'heartbeat_timestamp': datetime.datetime(2022, 3, 21, 22, 4, 22), 'description': None, 'resources_synced': None, 'availability_zone': None, 'alive': True, 'configurations': {'arp_responder_enabled': False, 'baremetal_smartnic': False, 'bridge_mappings': {'physnet1': 'br-data'}, 'datapath_type': 'system', 'devices': 0, 'enable_distributed_routing': False, 'extensions': [], 'in_distributed_mode': False, 'integration_bridge': 'br-int', 'l2_population': False, 'log_agent_heartbeats': False, 'ovs_capabilities': {'datapath_types': ['netdev', 'system'], 'iface_types': ['erspan', 'geneve', 'gre', 'internal', 'ip6erspan', 'ip6gre', 'lisp', 'patch', 'stt', 'system', 'tap', 'vxlan']}, 'ovs_hybrid_plug': False, 'resource_provider_bandwidths': {}, 'resource_provider_hypervisors': {'br-data': 'dv-cinder-834545-1-smb'}, 'resource_provider_inventory_defaults': {'allocation_ratio': 1.0, 'min_unit': 1, 'step_size': 1, 'reserved': 0}, 'resource_provider_packet_processing_inventory_defaults': {'allocation_ratio': 1.0, 'min_unit': 1, 'step_size': 1, 'reserved': 0}, 'resource_provider_packet_processing_with_direction': {}, 'resource_provider_packet_processing_without_direction': {}, 'tunnel_types': [], 'tunneling_ip': None, 'vhostuser_socket_dir': '/var/run/openvswitch'}, 'resource_versions': {'AddressGroup': '1.2', 'Agent': '1.1', 'ConntrackHelper': '1.0', 'LocalIPAssociation': '1.0', 'Log': '1.0', 'NDPProxy': '1.0', 'Network': '1.1', 'Port': '1.7', 'PortForwarding': '1.3', 'QosPolicy': '1.10', 'SecurityGroup': '1.5', 'SecurityGroupRule': '1.2', 'SubPort': '1.0', 'Subnet': '1.1', 'Trunk': '1.1'}} {{(pid=115892) bind_port /opt/stack/neutron/neutron/plugins/ml2/drivers/mech_agent.py:110}}
Mar 21 22:04:43.060155 dv-cinder-834545-1-smb neutron-server[115892]: DEBUG neutron.plugins.ml2.drivers.mech_agent [None req-bc674b03-5f79-4a52-93a6-45d580d1f6df None None] Checking segment: {'id': '6c1e3da7-ac11-46a2-856a-585af2b293c2', 'network_type': 'vlan', 'physical_network': 'physnet1', 'segmentation_id': 358, 'network_id': '05004aae-4d5d-4fd9-aba2-0893bee26d5b'} for mappings: {'physnet1': 'br-data'} with network types: ['local', 'flat', 'vlan'] {{(pid=115892) check_segment_for_agent /opt/stack/neutron/neutron/plugins/ml2/drivers/mech_agent.py:373}}
Mar 21 22:04:43.061061 dv-cinder-834545-1-smb neutron-server[115892]: DEBUG neutron_lib.callbacks.manager [None req-bc674b03-5f79-4a52-93a6-45d580d1f6df None None] Publish callbacks [] for ovs_bridge_name (None), before_read {{(pid=115892) _notify_loop /usr/local/lib/python3.8/dist-packages/neutron_lib/callbacks/manager.py:176}}
Mar 21 22:04:43.061855 dv-cinder-834545-1-smb neutron-server[115892]: DEBUG neutron.plugins.ml2.drivers.mech_agent [None req-bc674b03-5f79-4a52-93a6-45d580d1f6df None None] Bound using segment: {'id': '6c1e3da7-ac11-46a2-856a-585af2b293c2', 'network_type': 'vlan', 'physical_network': 'physnet1', 'segmentation_id': 358, 'network_id': '05004aae-4d5d-4fd9-aba2-0893bee26d5b'} {{(pid=115892) bind_port /opt/stack/neutron/neutron/plugins/ml2/drivers/mech_agent.py:120}}
Mar 21 22:04:43.062707 dv-cinder-834545-1-smb neutron-server[115892]: DEBUG neutron.plugins.ml2.managers [None req-bc674b03-5f79-4a52-93a6-45d580d1f6df None None] Bound port: 74ddb4bf-4848-49f5-9608-582b61d28591, host: dv-cinder-834545-1-smb, vif_type: ovs, vif_details: {"connectivity": "l2", "port_filter": true, "ovs_hybrid_plug": false, "datapath_type": "system", "bridge_name": "br-int"}, binding_levels: [{'bound_driver': 'openvswitch', 'bound_segment': {'id': '6c1e3da7-ac11-46a2-856a-585af2b293c2', 'network_type': 'vlan', 'physical_network': 'physnet1', 'segmentation_id': 358, 'network_id': '05004aae-4d5d-4fd9-aba2-0893bee26d5b'}}] {{(pid=115892) _bind_port_level /opt/stack/neutron/neutron/plugins/ml2/managers.py:932}}
Mar 21 22:04:43.063349 dv-cinder-834545-1-smb neutron-server[115892]: DEBUG neutron_lib.callbacks.manager [None req-bc674b03-5f79-4a52-93a6-45d580d1f6df None None] Publish callbacks ['neutron.plugins.ml2.plugin.SecurityGroupDbMixin._ensure_default_security_group_handler-989921'] for port (74ddb4bf-4848-49f5-9608-582b61d28591), before_update {{(pid=115892) _notify_loop /usr/local/lib/python3.8/dist-packages/neutron_lib/callbacks/manager.py:176}}
Mar 21 22:04:43.064081 dv-cinder-834545-1-smb neutron-server[115890]: DEBUG neutron_lib.callbacks.manager [None req-41359bf6-a911-445b-9cb9-6bbefe2c1cbd admin admin] Publish callbacks ['neutron.plugins.ml2.plugin.Ml2Plugin._handle_segment_change-844742'] for segment (006417c4-5365-4090-8aa1-0d87b0516161), precommit_create {{(pid=115890) _notify_loop /usr/local/lib/python3.8/dist-packages/neutron_lib/callbacks/manager.py:176}}
Mar 21 22:04:43.064703 dv-cinder-834545-1-smb neutron-server[115890]: INFO neutron.db.segments_db [None req-41359bf6-a911-445b-9cb9-6bbefe2c1cbd admin admin] Added segment 006417c4-5365-4090-8aa1-0d87b0516161 of type vlan for network c58ccd8f-aebc-4c98-be06-e95937842e21
Mar 21 22:04:43.106270 dv-cinder-834545-1-smb neutron-server[115890]: DEBUG neutron_lib.callbacks.manager [None req-e97098c3-1fb0-40ec-b4d0-ed52619cf660 admin admin] Publish callbacks ['neutron.plugins.ml2.ovo_rpc._ObjectChangeHandler.handle_event-3792408'] for security_group (85ed7872-0cac-4953-9e6c-eeae05d263a3), after_create {{(pid=115890) _notify_loop /usr/local/lib/python3.8/dist-packages/neutron_lib/callbacks/manager.py:176}}
Mar 21 22:04:43.205839 dv-cinder-834545-1-smb neutron-server[115892]: DEBUG neutron.plugins.ml2.db [None req-bc674b03-5f79-4a52-93a6-45d580d1f6df None None] For port 74ddb4bf-4848-49f5-9608-582b61d28591, host dv-cinder-834545-1-smb, cleared binding levels {{(pid=115892) clear_binding_levels /opt/stack/neutron/neutron/plugins/ml2/db.py:87}}
Mar 21 22:04:43.214131 dv-cinder-834545-1-smb neutron-server[115892]: DEBUG neutron.plugins.ml2.db [None req-bc674b03-5f79-4a52-93a6-45d580d1f6df None None] For port 74ddb4bf-4848-49f5-9608-582b61d28591, host dv-cinder-834545-1-smb, set binding levels [PortBindingLevel(driver='openvswitch',host='dv-cinder-834545-1-smb',level=0,port_id=74ddb4bf-4848-49f5-9608-582b61d28591,segment=NetworkSegment(6c1e3da7-ac11-46a2-856a-585af2b293c2),segment_id=6c1e3da7-ac11-46a2-856a-585af2b293c2)] {{(pid=115892) set_binding_levels /opt/stack/neutron/neutron/plugins/ml2/db.py:59}}
Mar 21 22:04:43.302335 dv-cinder-834545-1-smb neutron-server[115890]: DEBUG neutron.api.rpc.handlers.resources_rpc [None req-41359bf6-a911-445b-9cb9-6bbefe2c1cbd admin admin] Pushing event updated for resources: {'SecurityGroup': ['ID=c7ea0aef-58b7-4fbd-b1e2-2b364edf9303,revision_number=1']} {{(pid=115890) push /opt/stack/neutron/neutron/api/rpc/handlers/resources_rpc.py:237}}
Mar 21 22:04:43.321610 dv-cinder-834545-1-smb neutron-server[115892]: DEBUG neutron_lib.callbacks.manager [None req-bc674b03-5f79-4a52-93a6-45d580d1f6df None None] Publish callbacks ['neutron.plugins.ml2.plugin.SecurityGroupServerNotifierRpcMixin._notify_sg_on_port_change-989858', 'neutron.plugins.ml2.ovo_rpc._ObjectChangeHandler.handle_event-59925', 'neutron.api.rpc.agentnotifiers.dhcp_rpc_agent_api.DhcpAgentNotifyAPI._native_event_send_dhcp_notification-3716690', 'neutron.db.l3_db.L3RpcNotifierMixin._notify_gateway_port_ip_changed-8746124343956', 'neutron.db.l3_dvrscheduler_db._notify_l3_agent_port_update-8746123838751', 'neutron.db.l3_hascheduler_db._notify_l3_agent_ha_port_update-8746123838769'] for port (74ddb4bf-4848-49f5-9608-582b61d28591), after_update {{(pid=115892) _notify_loop /usr/local/lib/python3.8/dist-packages/neutron_lib/callbacks/manager.py:176}}
Mar 21 22:04:43.334907 dv-cinder-834545-1-smb neutron-server[115890]: DEBUG neutron.plugins.ml2.drivers.helpers [None req-e97098c3-1fb0-40ec-b4d0-ed52619cf660 admin admin] vlan segment allocate from pool success with {'physical_network': 'physnet1', 'vlan_id': 361} {{(pid=115890) allocate_partially_specified_segment /opt/stack/neutron/neutron/plugins/ml2/drivers/helpers.py:153}}
Mar 21 22:04:43.348611 dv-cinder-834545-1-smb neutron-server[115890]: DEBUG neutron_lib.callbacks.manager [None req-41359bf6-a911-445b-9cb9-6bbefe2c1cbd admin admin] Publish callbacks ['neutron.services.auto_allocate.db._ensure_external_network_default_value_callback-8746123856231'] for network (c58ccd8f-aebc-4c98-be06-e95937842e21), precommit_create {{(pid=115890) _notify_loop /usr/local/lib/python3.8/dist-packages/neutron_lib/callbacks/manager.py:176}}
Mar 21 22:04:43.377295 dv-cinder-834545-1-smb neutron-server[115890]: DEBUG neutron_lib.callbacks.manager [None req-e97098c3-1fb0-40ec-b4d0-ed52619cf660 admin admin] Publish callbacks ['neutron.plugins.ml2.plugin.Ml2Plugin._handle_segment_change-844742'] for segment (35844482-cb07-4138-baeb-63569a0e36fd), precommit_create {{(pid=115890) _notify_loop /usr/local/lib/python3.8/dist-packages/neutron_lib/callbacks/manager.py:176}}
Mar 21 22:04:43.377606 dv-cinder-834545-1-smb neutron-server[115890]: INFO neutron.db.segments_db [None req-e97098c3-1fb0-40ec-b4d0-ed52619cf660 admin admin] Added segment 35844482-cb07-4138-baeb-63569a0e36fd of type vlan for network 8cf8357e-33be-48d8-93d8-ef8c05f70e8d
Mar 21 22:04:43.389884 dv-cinder-834545-1-smb neutron-server[115890]: DEBUG neutron_lib.callbacks.manager [None req-ad594444-523f-4743-a9c9-9f5711e6dd2b admin admin] Publish callbacks [] for router_gateway (a597e78a-0b8d-4cfc-bc3a-42c513383da3), before_create {{(pid=115890) _notify_loop /usr/local/lib/python3.8/dist-packages/neutron_lib/callbacks/manager.py:176}}
Mar 21 22:04:43.395643 dv-cinder-834545-1-smb neutron-server[115890]: DEBUG neutron.api.rpc.handlers.resources_rpc [None req-e97098c3-1fb0-40ec-b4d0-ed52619cf660 admin admin] Pushing event updated for resources: {'SecurityGroup': ['ID=85ed7872-0cac-4953-9e6c-eeae05d263a3,revision_number=1']} {{(pid=115890) push /opt/stack/neutron/neutron/api/rpc/handlers/resources_rpc.py:237}}
Mar 21 22:04:43.476698 dv-cinder-834545-1-smb neutron-server[115890]: DEBUG neutron_lib.callbacks.manager [None req-ad594444-523f-4743-a9c9-9f5711e6dd2b admin admin] Publish callbacks ['neutron.plugins.ml2.plugin.SecurityGroupDbMixin._ensure_default_security_group_handler-989921'] for port (None), before_create {{(pid=115890) _notify_loop /usr/local/lib/python3.8/dist-packages/neutron_lib/callbacks/manager.py:176}}
Mar 21 22:04:43.502313 dv-cinder-834545-1-smb neutron-server[115890]: DEBUG neutron_lib.callbacks.manager [None req-e97098c3-1fb0-40ec-b4d0-ed52619cf660 admin admin] Publish callbacks ['neutron.services.auto_allocate.db._ensure_external_network_default_value_callback-8746123856231'] for network (8cf8357e-33be-48d8-93d8-ef8c05f70e8d), precommit_create {{(pid=115890) _notify_loop /usr/local/lib/python3.8/dist-packages/neutron_lib/callbacks/manager.py:176}}
Mar 21 22:04:43.518771 dv-cinder-834545-1-smb neutron-server[115892]: DEBUG neutron.api.rpc.handlers.resources_rpc [None req-bc674b03-5f79-4a52-93a6-45d580d1f6df None None] Pushing event updated for resources: {'Port': ['ID=74ddb4bf-4848-49f5-9608-582b61d28591,revision_number=2']} {{(pid=115892) push /opt/stack/neutron/neutron/api/rpc/handlers/resources_rpc.py:237}}
Mar 21 22:04:43.610666 dv-cinder-834545-1-smb neutron-server[115891]: DEBUG neutron_lib.callbacks.manager [None req-25441b0c-dbe4-4fd8-a0d0-279cb33fa0d9 admin admin] Publish callbacks ['neutron.plugins.ml2.ovo_rpc._ObjectChangeHandler.handle_event-3790966', 'neutron.api.rpc.agentnotifiers.dhcp_rpc_agent_api.DhcpAgentNotifyAPI._native_event_send_dhcp_notification-3716690'] for subnet (5cc96121-1b85-458c-93b2-d825916011d9), after_create {{(pid=115891) _notify_loop /usr/local/lib/python3.8/dist-packages/neutron_lib/callbacks/manager.py:176}}
Mar 21 22:04:43.611405 dv-cinder-834545-1-smb neutron-server[115890]: DEBUG neutron_lib.callbacks.manager [None req-41359bf6-a911-445b-9cb9-6bbefe2c1cbd admin admin] Publish callbacks ['neutron.plugins.ml2.ovo_rpc._ObjectChangeHandler.handle_event-3792587', 'neutron.api.rpc.agentnotifiers.dhcp_rpc_agent_api.DhcpAgentNotifyAPI._native_event_send_dhcp_notification-3716690'] for network (c58ccd8f-aebc-4c98-be06-e95937842e21), after_create {{(pid=115890) _notify_loop /usr/local/lib/python3.8/dist-packages/neutron_lib/callbacks/manager.py:176}}
Mar 21 22:04:43.611880 dv-cinder-834545-1-smb neutron-server[115890]: DEBUG neutron.pecan_wsgi.hooks.policy_enforcement [None req-41359bf6-a911-445b-9cb9-6bbefe2c1cbd admin admin] Attributes excluded by policy engine: ['standard_attr_id', 'vlan_transparent'] {{(pid=115890) _exclude_attributes_by_policy /opt/stack/neutron/neutron/pecan_wsgi/hooks/policy_enforcement.py:255}}
Mar 21 22:04:43.612945 dv-cinder-834545-1-smb neutron-server[115890]: DEBUG neutron_lib.callbacks.manager [None req-41359bf6-a911-445b-9cb9-6bbefe2c1cbd admin admin] Publish callbacks ['neutron.api.rpc.agentnotifiers.dhcp_rpc_agent_api.DhcpAgentNotifyAPI._send_dhcp_notification-3716704'] for network (None), before_response {{(pid=115890) _notify_loop /usr/local/lib/python3.8/dist-packages/neutron_lib/callbacks/manager.py:176}}
Mar 21 22:04:43.706459 dv-cinder-834545-1-smb neutron-server[115890]: DEBUG neutron_lib.callbacks.manager [None req-e97098c3-1fb0-40ec-b4d0-ed52619cf660 admin admin] Publish callbacks ['neutron.plugins.ml2.ovo_rpc._ObjectChangeHandler.handle_event-3792587', 'neutron.api.rpc.agentnotifiers.dhcp_rpc_agent_api.DhcpAgentNotifyAPI._native_event_send_dhcp_notification-3716690'] for network (8cf8357e-33be-48d8-93d8-ef8c05f70e8d), after_create {{(pid=115890) _notify_loop /usr/local/lib/python3.8/dist-packages/neutron_lib/callbacks/manager.py:176}}
Mar 21 22:04:43.706459 dv-cinder-834545-1-smb neutron-server[115890]: DEBUG neutron.pecan_wsgi.hooks.policy_enforcement [None req-e97098c3-1fb0-40ec-b4d0-ed52619cf660 admin admin] Attributes excluded by policy engine: ['standard_attr_id', 'vlan_transparent'] {{(pid=115890) _exclude_attributes_by_policy /opt/stack/neutron/neutron/pecan_wsgi/hooks/policy_enforcement.py:255}}
Mar 21 22:04:43.706459 dv-cinder-834545-1-smb neutron-server[115890]: DEBUG neutron_lib.callbacks.manager [None req-e97098c3-1fb0-40ec-b4d0-ed52619cf660 admin admin] Publish callbacks ['neutron.api.rpc.agentnotifiers.dhcp_rpc_agent_api.DhcpAgentNotifyAPI._send_dhcp_notification-3716704'] for network (None), before_response {{(pid=115890) _notify_loop /usr/local/lib/python3.8/dist-packages/neutron_lib/callbacks/manager.py:176}}
Mar 21 22:04:43.711440 dv-cinder-834545-1-smb neutron-server[115891]: DEBUG neutron.api.rpc.handlers.resources_rpc [None req-25441b0c-dbe4-4fd8-a0d0-279cb33fa0d9 admin admin] Pushing event updated for resources: {'Subnet': ['ID=5cc96121-1b85-458c-93b2-d825916011d9,revision_number=0']} {{(pid=115891) push /opt/stack/neutron/neutron/api/rpc/handlers/resources_rpc.py:237}}
Mar 21 22:04:43.733981 dv-cinder-834545-1-smb neutron-server[115890]: DEBUG neutron.db.db_base_plugin_common [None req-ad594444-523f-4743-a9c9-9f5711e6dd2b admin admin] Allocated IP 172.28.1.66 (167f0e56-c7d4-4862-bee2-45e7a5ac5a02/f20d2a85-2a42-47b2-bb07-fb45a0d4bb64/6173d2e4-42ee-4234-9744-83d5dfd018f1) {{(pid=115890) _store_ip_allocation /opt/stack/neutron/neutron/db/db_base_plugin_common.py:131}}
Mar 21 22:04:43.748949 dv-cinder-834545-1-smb neutron-server[115890]: DEBUG neutron.api.rpc.handlers.resources_rpc [None req-41359bf6-a911-445b-9cb9-6bbefe2c1cbd admin admin] Pushing event updated for resources: {'Network': ['ID=c58ccd8f-aebc-4c98-be06-e95937842e21,revision_number=1']} {{(pid=115890) push /opt/stack/neutron/neutron/api/rpc/handlers/resources_rpc.py:237}}
Mar 21 22:04:43.755533 dv-cinder-834545-1-smb neutron-server[115891]: DEBUG neutron.plugins.ml2.drivers.mech_agent [None req-25441b0c-dbe4-4fd8-a0d0-279cb33fa0d9 admin admin] Checking segment: {'id': '74507982-c627-4e88-8ab2-8a676734b576', 'network_type': 'vlan', 'physical_network': 'physnet1', 'segmentation_id': 375, 'network_id': 'b44454df-19e6-4317-bdbd-9c674a4ea0d7'} for mappings: {'physnet1': 'br-data'} with network types: ['local', 'flat', 'vlan'] {{(pid=115891) check_segment_for_agent /opt/stack/neutron/neutron/plugins/ml2/drivers/mech_agent.py:373}}
Mar 21 22:04:43.756762 dv-cinder-834545-1-smb neutron-server[115891]: DEBUG neutron.scheduler.dhcp_agent_scheduler [None req-25441b0c-dbe4-4fd8-a0d0-279cb33fa0d9 admin admin] Network hostable DHCP agents. Network: b44454df-19e6-4317-bdbd-9c674a4ea0d7, hostable agents: ['299ddee5-b63a-4eb5-94e5-9d724a516d29'], hosted agents: [] {{(pid=115891) _get_network_hostable_dhcp_agents /opt/stack/neutron/neutron/scheduler/dhcp_agent_scheduler.py:329}}
Mar 21 22:04:43.783392 dv-cinder-834545-1-smb neutron-server[115892]: DEBUG neutron.plugins.ml2.rpc [None req-eaacfb45-674e-4f1d-bc29-c87b5ca7f496 None None] Network c58ccd8f-aebc-4c98-be06-e95937842e21 details requested by agent ovs-agent-dv-cinder-834545-1-smb with host dv-cinder-834545-1-smb {{(pid=115892) get_network_details /opt/stack/neutron/neutron/plugins/ml2/rpc.py:248}}
Mar 21 22:04:43.801285 dv-cinder-834545-1-smb neutron-server[115890]: INFO neutron.wsgi [None req-41359bf6-a911-445b-9cb9-6bbefe2c1cbd admin admin] 10.222.0.55 "POST /v2.0/networks HTTP/1.1" status: 201 len: 887 time: 2.0540080
Mar 21 22:04:43.809327 dv-cinder-834545-1-smb neutron-server[115891]: DEBUG neutron.wsgi [-] (115891) accepted ('10.222.0.55', 57032) {{(pid=115891) server /usr/local/lib/python3.8/dist-packages/eventlet/wsgi.py:1004}}
Mar 21 22:04:43.816801 dv-cinder-834545-1-smb neutron-server[115891]: DEBUG neutron.api.v2.base [None req-44491378-ea89-4fe2-bc43-e8527197fa8b admin admin] Request body: {'subnet': {'network_id': 'c58ccd8f-aebc-4c98-be06-e95937842e21', 'cidr': '172.20.0.0/28', 'name': 'tempest-AttachVolumeNegativeTest-196752695-subnet', 'tenant_id': '7f3112ef96da4a4fae997f47f4d55824', 'enable_dhcp': True, 'ip_version': 4}} {{(pid=115891) prepare_request_body /opt/stack/neutron/neutron/api/v2/base.py:729}}
Mar 21 22:04:43.892492 dv-cinder-834545-1-smb neutron-server[115891]: DEBUG neutron.scheduler.dhcp_agent_scheduler [None req-25441b0c-dbe4-4fd8-a0d0-279cb33fa0d9 admin admin] Network b44454df-19e6-4317-bdbd-9c674a4ea0d7 is scheduled to be hosted by DHCP agent 299ddee5-b63a-4eb5-94e5-9d724a516d29 with binding_index 1 {{(pid=115891) bind /opt/stack/neutron/neutron/scheduler/dhcp_agent_scheduler.py:227}}
Mar 21 22:04:43.917697 dv-cinder-834545-1-smb neutron-server[115890]: INFO neutron.wsgi [None req-e97098c3-1fb0-40ec-b4d0-ed52619cf660 admin admin] 10.222.0.55 "POST /v2.0/networks HTTP/1.1" status: 201 len: 892 time: 1.9053154
Mar 21 22:04:43.918441 dv-cinder-834545-1-smb neutron-server[115891]: DEBUG neutron.wsgi [-] (115891) accepted ('10.222.0.55', 57034) {{(pid=115891) server /usr/local/lib/python3.8/dist-packages/eventlet/wsgi.py:1004}}
Mar 21 22:04:43.927656 dv-cinder-834545-1-smb neutron-server[115891]: DEBUG neutron.api.v2.base [None req-87a71577-6840-45f4-b905-72ac00ca3f2d admin admin] Request body: {'subnet': {'network_id': '8cf8357e-33be-48d8-93d8-ef8c05f70e8d', 'cidr': '172.20.0.0/28', 'name': 'tempest-ServerRescueNegativeTestJSON-1872918434-subnet', 'tenant_id': '0f2c4242dd8040d8ad6cdc123ae90e04', 'enable_dhcp': True, 'ip_version': 4}} {{(pid=115891) prepare_request_body /opt/stack/neutron/neutron/api/v2/base.py:729}}
Mar 21 22:04:43.958605 dv-cinder-834545-1-smb neutron-server[115890]: DEBUG neutron.api.rpc.handlers.resources_rpc [None req-e97098c3-1fb0-40ec-b4d0-ed52619cf660 admin admin] Pushing event updated for resources: {'Network': ['ID=8cf8357e-33be-48d8-93d8-ef8c05f70e8d,revision_number=1']} {{(pid=115890) push /opt/stack/neutron/neutron/api/rpc/handlers/resources_rpc.py:237}}
Mar 21 22:04:43.962476 dv-cinder-834545-1-smb neutron-server[115891]: DEBUG neutron.pecan_wsgi.hooks.quota_enforcement [None req-44491378-ea89-4fe2-bc43-e8527197fa8b admin admin] Made reservation on behalf of 7f3112ef96da4a4fae997f47f4d55824 for: {'subnet': 1} {{(pid=115891) before /opt/stack/neutron/neutron/pecan_wsgi/hooks/quota_enforcement.py:53}}
Mar 21 22:04:43.972960 dv-cinder-834545-1-smb neutron-server[115891]: DEBUG neutron_lib.callbacks.manager [None req-44491378-ea89-4fe2-bc43-e8527197fa8b admin admin] Publish callbacks [] for subnet (None), before_create {{(pid=115891) _notify_loop /usr/local/lib/python3.8/dist-packages/neutron_lib/callbacks/manager.py:176}}
Mar 21 22:04:44.036076 dv-cinder-834545-1-smb neutron-server[115890]: DEBUG neutron_lib.callbacks.manager [None req-ad594444-523f-4743-a9c9-9f5711e6dd2b admin admin] Publish callbacks [] for port (6173d2e4-42ee-4234-9744-83d5dfd018f1), precommit_create {{(pid=115890) _notify_loop /usr/local/lib/python3.8/dist-packages/neutron_lib/callbacks/manager.py:176}}
Mar 21 22:04:44.047989 dv-cinder-834545-1-smb neutron-server[115891]: DEBUG neutron.scheduler.base_scheduler [None req-25441b0c-dbe4-4fd8-a0d0-279cb33fa0d9 admin admin] Resources bound (agent type, host, resource id): (DHCP agent, dv-cinder-834545-1-smb, b44454df-19e6-4317-bdbd-9c674a4ea0d7) {{(pid=115891) schedule /opt/stack/neutron/neutron/scheduler/base_scheduler.py:57}}
Mar 21 22:04:44.074253 dv-cinder-834545-1-smb neutron-server[115891]: DEBUG neutron.pecan_wsgi.hooks.policy_enforcement [None req-25441b0c-dbe4-4fd8-a0d0-279cb33fa0d9 admin admin] Attributes excluded by policy engine: ['standard_attr_id', 'shared', 'network'] {{(pid=115891) _exclude_attributes_by_policy /opt/stack/neutron/neutron/pecan_wsgi/hooks/policy_enforcement.py:255}}
Mar 21 22:04:44.075250 dv-cinder-834545-1-smb neutron-server[115891]: DEBUG neutron_lib.callbacks.manager [None req-25441b0c-dbe4-4fd8-a0d0-279cb33fa0d9 admin admin] Publish callbacks ['neutron.api.rpc.agentnotifiers.dhcp_rpc_agent_api.DhcpAgentNotifyAPI._send_dhcp_notification-3716704'] for subnet (None), before_response {{(pid=115891) _notify_loop /usr/local/lib/python3.8/dist-packages/neutron_lib/callbacks/manager.py:176}}
Mar 21 22:04:44.083516 dv-cinder-834545-1-smb neutron-server[115892]: DEBUG neutron.plugins.ml2.rpc [None req-eaacfb45-674e-4f1d-bc29-c87b5ca7f496 None None] Network 8cf8357e-33be-48d8-93d8-ef8c05f70e8d details requested by agent ovs-agent-dv-cinder-834545-1-smb with host dv-cinder-834545-1-smb {{(pid=115892) get_network_details /opt/stack/neutron/neutron/plugins/ml2/rpc.py:248}}
Mar 21 22:04:44.092752 dv-cinder-834545-1-smb neutron-server[115891]: DEBUG neutron.pecan_wsgi.hooks.quota_enforcement [None req-87a71577-6840-45f4-b905-72ac00ca3f2d admin admin] Made reservation on behalf of 0f2c4242dd8040d8ad6cdc123ae90e04 for: {'subnet': 1} {{(pid=115891) before /opt/stack/neutron/neutron/pecan_wsgi/hooks/quota_enforcement.py:53}}
Mar 21 22:04:44.100961 dv-cinder-834545-1-smb neutron-server[115891]: DEBUG neutron_lib.callbacks.manager [None req-87a71577-6840-45f4-b905-72ac00ca3f2d admin admin] Publish callbacks [] for subnet (None), before_create {{(pid=115891) _notify_loop /usr/local/lib/python3.8/dist-packages/neutron_lib/callbacks/manager.py:176}}
Mar 21 22:04:44.132264 dv-cinder-834545-1-smb neutron-server[115892]: DEBUG neutron.api.rpc.handlers.dhcp_rpc [None req-80c5a454-d433-4c49-8eb4-5640dca0caf7 None None] Network b44454df-19e6-4317-bdbd-9c674a4ea0d7 requested from dv-cinder-834545-1-smb {{(pid=115892) get_network_info /opt/stack/neutron/neutron/api/rpc/handlers/dhcp_rpc.py:191}}
Mar 21 22:04:44.238696 dv-cinder-834545-1-smb neutron-server[115890]: DEBUG neutron_lib.callbacks.manager [None req-ad594444-523f-4743-a9c9-9f5711e6dd2b admin admin] Publish callbacks ['neutron.plugins.ml2.plugin.SecurityGroupServerNotifierRpcMixin._notify_sg_on_port_change-989858', 'neutron.plugins.ml2.ovo_rpc._ObjectChangeHandler.handle_event-59925', 'neutron.api.rpc.agentnotifiers.dhcp_rpc_agent_api.DhcpAgentNotifyAPI._native_event_send_dhcp_notification-3716690', 'neutron.db.l3_dvrscheduler_db._notify_l3_agent_new_port-8746123838733'] for port (6173d2e4-42ee-4234-9744-83d5dfd018f1), after_create {{(pid=115890) _notify_loop /usr/local/lib/python3.8/dist-packages/neutron_lib/callbacks/manager.py:176}}
