Mar 21 21:34:42.126305 dv-cinder-834541-1-smb devstack@c-api.service[110923]: DEBUG cinder.volume.api [None req-4d265ffa-b86e-4508-b471-2f8446a669ef tempest-VolumeRetypeWithoutMigrationTest-266053167 tempest-VolumeRetypeWithoutMigrationTest-266053167-project] Task 'cinder.volume.flows.api.create_volume.QuotaReserveTask;volume:create' (8c109f1b-aba0-43a5-8064-4f8bcb939583) transitioned into state 'SUCCESS' from state 'RUNNING' with result '{'reservations': ['87a9b24d-11b8-4aa4-814c-8b8a428edcbe', '9baf2dd0-fc37-435f-8b0c-1a17f9412534', '60d576aa-ac9d-45a7-b731-69f25d9c65d8', '3535e364-efbd-4f04-9166-624a541b213b']}' {{(pid=110923) _task_receiver /usr/local/lib/python3.8/dist-packages/taskflow/listeners/logging.py:178}}
Mar 21 21:34:42.130231 dv-cinder-834541-1-smb devstack@c-api.service[110923]: DEBUG cinder.volume.api [None req-4d265ffa-b86e-4508-b471-2f8446a669ef tempest-VolumeRetypeWithoutMigrationTest-266053167 tempest-VolumeRetypeWithoutMigrationTest-266053167-project] Task 'cinder.volume.flows.api.create_volume.EntryCreateTask;volume:create' (15c285fe-f429-4ff0-ac1e-f3e08c25414c) transitioned into state 'RUNNING' from state 'PENDING' {{(pid=110923) _task_receiver /usr/local/lib/python3.8/dist-packages/taskflow/listeners/logging.py:190}}
Mar 21 21:34:42.281592 dv-cinder-834541-1-smb devstack@c-api.service[110923]: DEBUG cinder.volume.api [None req-4d265ffa-b86e-4508-b471-2f8446a669ef tempest-VolumeRetypeWithoutMigrationTest-266053167 tempest-VolumeRetypeWithoutMigrationTest-266053167-project] Task 'cinder.volume.flows.api.create_volume.EntryCreateTask;volume:create' (15c285fe-f429-4ff0-ac1e-f3e08c25414c) transitioned into state 'SUCCESS' from state 'RUNNING' with result '{'volume_id': '7cca60b9-a07a-447f-bb4b-913516326ab0', 'volume_properties': VolumeProperties(attach_status='detached',availability_zone='nova',cgsnapshot_id=None,consistencygroup_id=None,display_description=None,display_name='tempest-VolumeRetypeWithoutMigrationTest-Volume-491514242',encryption_key_id=None,group_id=None,group_type_id=,metadata={},multiattach=False,project_id='5c681f23547244e993059483e3e25054',qos_specs=None,replication_status=,reservations=['87a9b24d-11b8-4aa4-814c-8b8a428edcbe','9baf2dd0-fc37-435f-8b0c-1a17f9412534','60d576aa-ac9d-45a7-b731-69f25d9c65d8','3535e364-efbd-4f04-9166-624a541b213b'],size=1,snapshot_id=None,source_replicaid=,source_volid=None,status='creating',user_id='5eb9a3a8fcac47769ceb85fd899cc497',volume_type_id=a31b15fe-a167-4ce6-83f6-8dbf4354aeed), 'volume': Volume(_name_id=None,admin_metadata=,attach_status='detached',availability_zone='nova',bootable=False,cluster=,cluster_name=None,consistencygroup=,consistencygroup_id=None,created_at=2022-03-21T21:34:42Z,deleted=False,deleted_at=None,display_description=None,display_name='tempest-VolumeRetypeWithoutMigrationTest-Volume-491514242',ec2_id=None,encryption_key_id=None,glance_metadata=,group=,group_id=None,host=None,id=7cca60b9-a07a-447f-bb4b-913516326ab0,launched_at=None,metadata={},migration_status=None,multiattach=False,previous_status=None,project_id='5c681f23547244e993059483e3e25054',provider_auth=None,provider_geometry=None,provider_id=None,provider_location=None,replication_driver_data=None,replication_extended_status=None,replication_status=None,scheduled_at=None,service_uuid=None,shared_targets=True,size=1,snapshot_id=None,snapshots=,source_volid=None,status='creating',terminated_at=None,updated_at=None,use_quota=True,user_id='5eb9a3a8fcac47769ceb85fd899cc497',volume_attachment=VolumeAttachmentList,volume_type=VolumeType(a31b15fe-a167-4ce6-83f6-8dbf4354aeed),volume_type_id=a31b15fe-a167-4ce6-83f6-8dbf4354aeed)}' {{(pid=110923) _task_receiver /usr/local/lib/python3.8/dist-packages/taskflow/listeners/logging.py:178}}
Mar 21 21:34:42.284279 dv-cinder-834541-1-smb devstack@c-api.service[110923]: DEBUG cinder.volume.api [None req-4d265ffa-b86e-4508-b471-2f8446a669ef tempest-VolumeRetypeWithoutMigrationTest-266053167 tempest-VolumeRetypeWithoutMigrationTest-266053167-project] Task 'cinder.volume.flows.api.create_volume.QuotaCommitTask;volume:create' (fb349aa6-7806-4c39-ba16-7704aa7d6fef) transitioned into state 'RUNNING' from state 'PENDING' {{(pid=110923) _task_receiver /usr/local/lib/python3.8/dist-packages/taskflow/listeners/logging.py:190}}
Mar 21 21:34:42.374054 dv-cinder-834541-1-smb devstack@c-api.service[110924]: DEBUG cinder.volume.api [None req-1f867c06-d382-4e5a-a71b-7cbf6c840cfd tempest-DeleteServersTestJSON-1911384370 tempest-DeleteServersTestJSON-1911384370-project] Task 'cinder.volume.flows.api.create_volume.QuotaCommitTask;volume:create' (8c70783d-ba7b-4c48-990e-310597b09816) transitioned into state 'SUCCESS' from state 'RUNNING' with result '{'volume_properties': VolumeProperties(attach_status='detached',availability_zone='nova',cgsnapshot_id=None,consistencygroup_id=None,display_description=None,display_name='tempest-DeleteServersTestJSON-volume-434706688',encryption_key_id=None,group_id=None,group_type_id=,metadata={},multiattach=False,project_id='1ba8cafc41164eada974eb944d9947c5',qos_specs=None,replication_status=,reservations=['32a82508-a45b-4c8c-bcef-a90629843765','602261dc-e65a-412d-973a-a90420fab3aa','b1a71aaf-e507-4bf0-8f78-1a8e6e218f28','3c90d140-670e-40af-9128-1ce0d2fb0750'],size=1,snapshot_id=None,source_replicaid=,source_volid=None,status='creating',user_id='84736f7f09974185b9fad50e547202c8',volume_type_id=73e181ed-d134-424e-89da-d4468e0e7bb5)}' {{(pid=110924) _task_receiver /usr/local/lib/python3.8/dist-packages/taskflow/listeners/logging.py:178}}
Mar 21 21:34:42.376377 dv-cinder-834541-1-smb devstack@c-api.service[110924]: DEBUG cinder.volume.api [None req-1f867c06-d382-4e5a-a71b-7cbf6c840cfd tempest-DeleteServersTestJSON-1911384370 tempest-DeleteServersTestJSON-1911384370-project] Task 'cinder.volume.flows.api.create_volume.VolumeCastTask;volume:create' (ec657952-9fd6-4abc-a434-bc0ed3b13a7b) transitioned into state 'RUNNING' from state 'PENDING' {{(pid=110924) _task_receiver /usr/local/lib/python3.8/dist-packages/taskflow/listeners/logging.py:190}}
Mar 21 21:34:42.491725 dv-cinder-834541-1-smb devstack@c-api.service[110924]: DEBUG cinder.volume.api [None req-1f867c06-d382-4e5a-a71b-7cbf6c840cfd tempest-DeleteServersTestJSON-1911384370 tempest-DeleteServersTestJSON-1911384370-project] Task 'cinder.volume.flows.api.create_volume.VolumeCastTask;volume:create' (ec657952-9fd6-4abc-a434-bc0ed3b13a7b) transitioned into state 'SUCCESS' from state 'RUNNING' with result 'None' {{(pid=110924) _task_receiver /usr/local/lib/python3.8/dist-packages/taskflow/listeners/logging.py:178}}
Mar 21 21:34:42.495429 dv-cinder-834541-1-smb devstack@c-api.service[110924]: DEBUG cinder.volume.api [None req-1f867c06-d382-4e5a-a71b-7cbf6c840cfd tempest-DeleteServersTestJSON-1911384370 tempest-DeleteServersTestJSON-1911384370-project] Flow 'volume_create_api' (54d8d87e-d537-4d3d-a594-9fe13b08e5ee) transitioned into state 'SUCCESS' from state 'RUNNING' {{(pid=110924) _flow_receiver /usr/local/lib/python3.8/dist-packages/taskflow/listeners/logging.py:141}}
Mar 21 21:34:42.496391 dv-cinder-834541-1-smb devstack@c-api.service[110924]: INFO cinder.volume.api [None req-1f867c06-d382-4e5a-a71b-7cbf6c840cfd tempest-DeleteServersTestJSON-1911384370 tempest-DeleteServersTestJSON-1911384370-project] Create volume request issued successfully.
Mar 21 21:34:42.498252 dv-cinder-834541-1-smb devstack@c-api.service[110924]: INFO cinder.api.openstack.wsgi [None req-1f867c06-d382-4e5a-a71b-7cbf6c840cfd tempest-DeleteServersTestJSON-1911384370 tempest-DeleteServersTestJSON-1911384370-project] http://10.222.0.46/volume/v3/1ba8cafc41164eada974eb944d9947c5/volumes returned with HTTP 202
Mar 21 21:34:42.499966 dv-cinder-834541-1-smb devstack@c-api.service[110924]: [pid: 110924|app: 0|req: 71/138] 10.222.0.46 () {60 vars in 1234 bytes} [Mon Mar 21 21:34:41 2022] POST /volume/v3/1ba8cafc41164eada974eb944d9947c5/volumes => generated 820 bytes in 1069 msecs (HTTP/1.1 202) 7 headers in 291 bytes (1 switches on core 0)
Mar 21 21:34:42.502267 dv-cinder-834541-1-smb devstack@c-api.service[110924]: DEBUG cinder.api.middleware.request_id [None req-4628fcce-fc67-408f-a61d-0ed662ba5bc3 None None] RequestId filter calling following filter/app {{(pid=110924) _context_setter /opt/stack/cinder/cinder/api/middleware/request_id.py:62}}
Mar 21 21:34:42.529849 dv-cinder-834541-1-smb devstack@c-api.service[110923]: DEBUG cinder.volume.api [None req-4d265ffa-b86e-4508-b471-2f8446a669ef tempest-VolumeRetypeWithoutMigrationTest-266053167 tempest-VolumeRetypeWithoutMigrationTest-266053167-project] Task 'cinder.volume.flows.api.create_volume.QuotaCommitTask;volume:create' (fb349aa6-7806-4c39-ba16-7704aa7d6fef) transitioned into state 'SUCCESS' from state 'RUNNING' with result '{'volume_properties': VolumeProperties(attach_status='detached',availability_zone='nova',cgsnapshot_id=None,consistencygroup_id=None,display_description=None,display_name='tempest-VolumeRetypeWithoutMigrationTest-Volume-491514242',encryption_key_id=None,group_id=None,group_type_id=,metadata={},multiattach=False,project_id='5c681f23547244e993059483e3e25054',qos_specs=None,replication_status=,reservations=['87a9b24d-11b8-4aa4-814c-8b8a428edcbe','9baf2dd0-fc37-435f-8b0c-1a17f9412534','60d576aa-ac9d-45a7-b731-69f25d9c65d8','3535e364-efbd-4f04-9166-624a541b213b'],size=1,snapshot_id=None,source_replicaid=,source_volid=None,status='creating',user_id='5eb9a3a8fcac47769ceb85fd899cc497',volume_type_id=a31b15fe-a167-4ce6-83f6-8dbf4354aeed)}' {{(pid=110923) _task_receiver /usr/local/lib/python3.8/dist-packages/taskflow/listeners/logging.py:178}}
Mar 21 21:34:42.532388 dv-cinder-834541-1-smb devstack@c-api.service[110923]: DEBUG cinder.volume.api [None req-4d265ffa-b86e-4508-b471-2f8446a669ef tempest-VolumeRetypeWithoutMigrationTest-266053167 tempest-VolumeRetypeWithoutMigrationTest-266053167-project] Task 'cinder.volume.flows.api.create_volume.VolumeCastTask;volume:create' (325eba72-82af-4d7c-97f9-ef08913d7c9b) transitioned into state 'RUNNING' from state 'PENDING' {{(pid=110923) _task_receiver /usr/local/lib/python3.8/dist-packages/taskflow/listeners/logging.py:190}}
Mar 21 21:34:42.626959 dv-cinder-834541-1-smb devstack@c-api.service[110923]: DEBUG cinder.volume.api [None req-4d265ffa-b86e-4508-b471-2f8446a669ef tempest-VolumeRetypeWithoutMigrationTest-266053167 tempest-VolumeRetypeWithoutMigrationTest-266053167-project] Task 'cinder.volume.flows.api.create_volume.VolumeCastTask;volume:create' (325eba72-82af-4d7c-97f9-ef08913d7c9b) transitioned into state 'SUCCESS' from state 'RUNNING' with result 'None' {{(pid=110923) _task_receiver /usr/local/lib/python3.8/dist-packages/taskflow/listeners/logging.py:178}}
Mar 21 21:34:42.629335 dv-cinder-834541-1-smb devstack@c-api.service[110923]: DEBUG cinder.volume.api [None req-4d265ffa-b86e-4508-b471-2f8446a669ef tempest-VolumeRetypeWithoutMigrationTest-266053167 tempest-VolumeRetypeWithoutMigrationTest-266053167-project] Flow 'volume_create_api' (6aac000d-6691-409f-8dd4-eb711857a44a) transitioned into state 'SUCCESS' from state 'RUNNING' {{(pid=110923) _flow_receiver /usr/local/lib/python3.8/dist-packages/taskflow/listeners/logging.py:141}}
Mar 21 21:34:42.630660 dv-cinder-834541-1-smb devstack@c-api.service[110923]: INFO cinder.volume.api [None req-4d265ffa-b86e-4508-b471-2f8446a669ef tempest-VolumeRetypeWithoutMigrationTest-266053167 tempest-VolumeRetypeWithoutMigrationTest-266053167-project] Create volume request issued successfully.
Mar 21 21:34:42.631463 dv-cinder-834541-1-smb devstack@c-api.service[110923]: INFO cinder.api.openstack.wsgi [None req-4d265ffa-b86e-4508-b471-2f8446a669ef tempest-VolumeRetypeWithoutMigrationTest-266053167 tempest-VolumeRetypeWithoutMigrationTest-266053167-project] http://10.222.0.46/volume/v3/5c681f23547244e993059483e3e25054/volumes returned with HTTP 202
Mar 21 21:34:42.632266 dv-cinder-834541-1-smb devstack@c-api.service[110923]: [pid: 110923|app: 0|req: 68/139] 10.222.0.46 () {60 vars in 1235 bytes} [Mon Mar 21 21:34:41 2022] POST /volume/v3/5c681f23547244e993059483e3e25054/volumes => generated 833 bytes in 1334 msecs (HTTP/1.1 202) 7 headers in 291 bytes (2 switches on core 0)
Mar 21 21:34:42.637186 dv-cinder-834541-1-smb devstack@c-api.service[110924]: INFO cinder.api.openstack.wsgi [None req-4628fcce-fc67-408f-a61d-0ed662ba5bc3 tempest-QosSpecsTestJSON-262900770 tempest-QosSpecsTestJSON-262900770-project-admin] POST http://10.222.0.46/volume/v3/c4fe0b69fefe434092c677ef16c2bbae/qos-specs
Mar 21 21:34:42.638287 dv-cinder-834541-1-smb devstack@c-api.service[110924]: DEBUG cinder.api.openstack.wsgi [None req-4628fcce-fc67-408f-a61d-0ed662ba5bc3 tempest-QosSpecsTestJSON-262900770 tempest-QosSpecsTestJSON-262900770-project-admin] Action: 'create', calling method: create, body: {"qos_specs": {"name": "tempest-QosSpecsTestJSON-QoS-343429703", "consumer": "front-end", "read_iops_sec": "2000"}} {{(pid=110924) _process_stack /opt/stack/cinder/cinder/api/openstack/wsgi.py:866}}
Mar 21 21:34:42.639620 dv-cinder-834541-1-smb devstack@c-api.service[110924]: /usr/local/lib/python3.8/dist-packages/oslo_context/context.py:100: DeprecationWarning: Policy enforcement is depending on the value of is_admin. This key is deprecated. Please update your policy file to use the standard policy values.
Mar 21 21:34:42.639620 dv-cinder-834541-1-smb devstack@c-api.service[110924]: warnings.warn('Policy enforcement is depending on the value of '
Mar 21 21:34:42.639858 dv-cinder-834541-1-smb devstack@c-api.service[110923]: DEBUG cinder.api.middleware.request_id [None req-5cf0ea31-6db5-457d-8625-0eade560cb95 None None] RequestId filter calling following filter/app {{(pid=110923) _context_setter /opt/stack/cinder/cinder/api/middleware/request_id.py:62}}
Mar 21 21:34:42.641363 dv-cinder-834541-1-smb devstack@c-api.service[110924]: DEBUG cinder.volume.qos_specs [None req-4628fcce-fc67-408f-a61d-0ed662ba5bc3 tempest-QosSpecsTestJSON-262900770 tempest-QosSpecsTestJSON-262900770-project-admin] Dict for qos_specs: {'name': 'tempest-QosSpecsTestJSON-QoS-343429703', 'consumer': 'front-end', 'specs': {'read_iops_sec': '2000'}} {{(pid=110924) create /opt/stack/cinder/cinder/volume/qos_specs.py:64}}
Mar 21 21:34:42.658577 dv-cinder-834541-1-smb devstack@c-api.service[110924]: DEBUG cinder.db.sqlalchemy.api [None req-4628fcce-fc67-408f-a61d-0ed662ba5bc3 tempest-QosSpecsTestJSON-262900770 tempest-QosSpecsTestJSON-262900770-project-admin] DB qos_specs_create(): root {'id': 'e1f7c51e-2ab6-4936-a634-8860f29f1e40', 'key': 'QoS_Specs_Name', 'value': 'tempest-QosSpecsTestJSON-QoS-343429703'} {{(pid=110924) qos_specs_create /opt/stack/cinder/cinder/db/sqlalchemy/api.py:4853}}
Mar 21 21:34:42.662445 dv-cinder-834541-1-smb devstack@c-api.service[110923]: INFO cinder.api.openstack.wsgi [None req-5cf0ea31-6db5-457d-8625-0eade560cb95 tempest-DeleteServersTestJSON-1911384370 tempest-DeleteServersTestJSON-1911384370-project] GET http://10.222.0.46/volume/v3/1ba8cafc41164eada974eb944d9947c5/volumes/48178030-399b-4235-bf68-e87a1c169378
Mar 21 21:34:42.664274 dv-cinder-834541-1-smb devstack@c-api.service[110923]: DEBUG cinder.api.openstack.wsgi [None req-5cf0ea31-6db5-457d-8625-0eade560cb95 tempest-DeleteServersTestJSON-1911384370 tempest-DeleteServersTestJSON-1911384370-project] Empty body provided in request {{(pid=110923) get_body /opt/stack/cinder/cinder/api/openstack/wsgi.py:715}}
Mar 21 21:34:42.665983 dv-cinder-834541-1-smb devstack@c-api.service[110923]: DEBUG cinder.api.openstack.wsgi [None req-5cf0ea31-6db5-457d-8625-0eade560cb95 tempest-DeleteServersTestJSON-1911384370 tempest-DeleteServersTestJSON-1911384370-project] Calling method 'show' {{(pid=110923) _process_stack /opt/stack/cinder/cinder/api/openstack/wsgi.py:868}}
Mar 21 21:34:42.705386 dv-cinder-834541-1-smb devstack@c-api.service[110923]: /usr/local/lib/python3.8/dist-packages/oslo_context/context.py:100: DeprecationWarning: Policy enforcement is depending on the value of is_admin. This key is deprecated. Please update your policy file to use the standard policy values.
Mar 21 21:34:42.705386 dv-cinder-834541-1-smb devstack@c-api.service[110923]: warnings.warn('Policy enforcement is depending on the value of '
Mar 21 21:34:42.723823 dv-cinder-834541-1-smb devstack@c-api.service[110923]: INFO cinder.volume.api [None req-5cf0ea31-6db5-457d-8625-0eade560cb95 tempest-DeleteServersTestJSON-1911384370 tempest-DeleteServersTestJSON-1911384370-project] Volume info retrieved successfully.
Mar 21 21:34:42.740531 dv-cinder-834541-1-smb devstack@c-api.service[110923]: INFO cinder.api.openstack.wsgi [None req-5cf0ea31-6db5-457d-8625-0eade560cb95 tempest-DeleteServersTestJSON-1911384370 tempest-DeleteServersTestJSON-1911384370-project] http://10.222.0.46/volume/v3/1ba8cafc41164eada974eb944d9947c5/volumes/48178030-399b-4235-bf68-e87a1c169378 returned with HTTP 200
Mar 21 21:34:42.741279 dv-cinder-834541-1-smb devstack@c-api.service[110923]: [pid: 110923|app: 0|req: 69/140] 10.222.0.46 () {58 vars in 1324 bytes} [Mon Mar 21 21:34:42 2022] GET /volume/v3/1ba8cafc41164eada974eb944d9947c5/volumes/48178030-399b-4235-bf68-e87a1c169378 => generated 888 bytes in 103 msecs (HTTP/1.1 200) 7 headers in 285 bytes (1 switches on core 0)
Mar 21 21:34:42.742432 dv-cinder-834541-1-smb devstack@c-api.service[110923]: DEBUG cinder.api.middleware.request_id [None req-3c97a113-9fc3-414d-8a72-1feb72e22740 None None] RequestId filter calling following filter/app {{(pid=110923) _context_setter /opt/stack/cinder/cinder/api/middleware/request_id.py:62}}
Mar 21 21:34:42.758061 dv-cinder-834541-1-smb devstack@c-api.service[110924]: INFO cinder.api.openstack.wsgi [None req-4628fcce-fc67-408f-a61d-0ed662ba5bc3 tempest-QosSpecsTestJSON-262900770 tempest-QosSpecsTestJSON-262900770-project-admin] http://10.222.0.46/volume/v3/c4fe0b69fefe434092c677ef16c2bbae/qos-specs returned with HTTP 200
Mar 21 21:34:42.759064 dv-cinder-834541-1-smb devstack@c-api.service[110923]: INFO cinder.api.openstack.wsgi [None req-3c97a113-9fc3-414d-8a72-1feb72e22740 tempest-VolumeRetypeWithoutMigrationTest-266053167 tempest-VolumeRetypeWithoutMigrationTest-266053167-project] GET http://10.222.0.46/volume/v3/5c681f23547244e993059483e3e25054/volumes/7cca60b9-a07a-447f-bb4b-913516326ab0
Mar 21 21:34:42.759512 dv-cinder-834541-1-smb devstack@c-api.service[110923]: DEBUG cinder.api.openstack.wsgi [None req-3c97a113-9fc3-414d-8a72-1feb72e22740 tempest-VolumeRetypeWithoutMigrationTest-266053167 tempest-VolumeRetypeWithoutMigrationTest-266053167-project] Empty body provided in request {{(pid=110923) get_body /opt/stack/cinder/cinder/api/openstack/wsgi.py:715}}
Mar 21 21:34:42.759890 dv-cinder-834541-1-smb devstack@c-api.service[110924]: [pid: 110924|app: 0|req: 72/141] 10.222.0.46 () {60 vars in 1241 bytes} [Mon Mar 21 21:34:42 2022] POST /volume/v3/c4fe0b69fefe434092c677ef16c2bbae/qos-specs => generated 458 bytes in 259 msecs (HTTP/1.1 200) 7 headers in 285 bytes (1 switches on core 0)
Mar 21 21:34:42.760459 dv-cinder-834541-1-smb devstack@c-api.service[110923]: DEBUG cinder.api.openstack.wsgi [None req-3c97a113-9fc3-414d-8a72-1feb72e22740 tempest-VolumeRetypeWithoutMigrationTest-266053167 tempest-VolumeRetypeWithoutMigrationTest-266053167-project] Calling method 'show' {{(pid=110923) _process_stack /opt/stack/cinder/cinder/api/openstack/wsgi.py:868}}
Mar 21 21:34:42.775626 dv-cinder-834541-1-smb devstack@c-api.service[110924]: DEBUG cinder.api.middleware.request_id [None req-9b55656d-f8c7-4ec8-adb3-73a1437f7a58 None None] RequestId filter calling following filter/app {{(pid=110924) _context_setter /opt/stack/cinder/cinder/api/middleware/request_id.py:62}}
Mar 21 21:34:42.783354 dv-cinder-834541-1-smb devstack@c-api.service[110924]: INFO cinder.api.openstack.wsgi [None req-9b55656d-f8c7-4ec8-adb3-73a1437f7a58 tempest-QosSpecsTestJSON-262900770 tempest-QosSpecsTestJSON-262900770-project-admin] POST http://10.222.0.46/volume/v3/c4fe0b69fefe434092c677ef16c2bbae/types
Mar 21 21:34:42.785000 dv-cinder-834541-1-smb devstack@c-api.service[110924]: DEBUG cinder.api.openstack.wsgi [None req-9b55656d-f8c7-4ec8-adb3-73a1437f7a58 tempest-QosSpecsTestJSON-262900770 tempest-QosSpecsTestJSON-262900770-project-admin] Action: 'create', calling method: _create, body: {"volume_type": {"name": "tempest-QosSpecsTestJSON-volume-type-1780251520"}} {{(pid=110924) _process_stack /opt/stack/cinder/cinder/api/openstack/wsgi.py:866}}
Mar 21 21:34:42.786338 dv-cinder-834541-1-smb devstack@c-api.service[110924]: /usr/local/lib/python3.8/dist-packages/oslo_context/context.py:100: DeprecationWarning: Policy enforcement is depending on the value of is_admin. This key is deprecated. Please update your policy file to use the standard policy values.
Mar 21 21:34:42.786338 dv-cinder-834541-1-smb devstack@c-api.service[110924]: warnings.warn('Policy enforcement is depending on the value of '
Mar 21 21:34:42.786540 dv-cinder-834541-1-smb devstack@c-api.service[110923]: /usr/local/lib/python3.8/dist-packages/oslo_context/context.py:100: DeprecationWarning: Policy enforcement is depending on the value of is_admin. This key is deprecated. Please update your policy file to use the standard policy values.
Mar 21 21:34:42.786540 dv-cinder-834541-1-smb devstack@c-api.service[110923]: warnings.warn('Policy enforcement is depending on the value of '
Mar 21 21:34:42.802034 dv-cinder-834541-1-smb devstack@c-api.service[110923]: INFO cinder.volume.api [None req-3c97a113-9fc3-414d-8a72-1feb72e22740 tempest-VolumeRetypeWithoutMigrationTest-266053167 tempest-VolumeRetypeWithoutMigrationTest-266053167-project] Volume info retrieved successfully.
Mar 21 21:34:42.827213 dv-cinder-834541-1-smb devstack@c-api.service[110923]: INFO cinder.api.openstack.wsgi [None req-3c97a113-9fc3-414d-8a72-1feb72e22740 tempest-VolumeRetypeWithoutMigrationTest-266053167 tempest-VolumeRetypeWithoutMigrationTest-266053167-project] http://10.222.0.46/volume/v3/5c681f23547244e993059483e3e25054/volumes/7cca60b9-a07a-447f-bb4b-913516326ab0 returned with HTTP 200
Mar 21 21:34:42.829041 dv-cinder-834541-1-smb devstack@c-api.service[110923]: [pid: 110923|app: 0|req: 70/142] 10.222.0.46 () {58 vars in 1324 bytes} [Mon Mar 21 21:34:42 2022] GET /volume/v3/5c681f23547244e993059483e3e25054/volumes/7cca60b9-a07a-447f-bb4b-913516326ab0 => generated 901 bytes in 87 msecs (HTTP/1.1 200) 7 headers in 285 bytes (1 switches on core 0)
Mar 21 21:34:42.885965 dv-cinder-834541-1-smb devstack@c-api.service[110924]: INFO cinder.api.openstack.wsgi [None req-9b55656d-f8c7-4ec8-adb3-73a1437f7a58 tempest-QosSpecsTestJSON-262900770 tempest-QosSpecsTestJSON-262900770-project-admin] http://10.222.0.46/volume/v3/c4fe0b69fefe434092c677ef16c2bbae/types returned with HTTP 200
Mar 21 21:34:42.887192 dv-cinder-834541-1-smb devstack@c-api.service[110924]: [pid: 110924|app: 0|req: 73/143] 10.222.0.46 () {60 vars in 1228 bytes} [Mon Mar 21 21:34:42 2022] POST /volume/v3/c4fe0b69fefe434092c677ef16c2bbae/types => generated 222 bytes in 112 msecs (HTTP/1.1 200) 7 headers in 285 bytes (2 switches on core 0)
Mar 21 21:34:42.893178 dv-cinder-834541-1-smb devstack@c-api.service[110923]: DEBUG cinder.api.middleware.request_id [None req-f50a798d-bdd3-45c0-9eca-a3f62b019e31 None None] RequestId filter calling following filter/app {{(pid=110923) _context_setter /opt/stack/cinder/cinder/api/middleware/request_id.py:62}}
Mar 21 21:34:42.897080 dv-cinder-834541-1-smb devstack@c-api.service[110923]: INFO cinder.api.openstack.wsgi [None req-f50a798d-bdd3-45c0-9eca-a3f62b019e31 tempest-QosSpecsTestJSON-262900770 tempest-QosSpecsTestJSON-262900770-project-admin] POST http://10.222.0.46/volume/v3/c4fe0b69fefe434092c677ef16c2bbae/types
Mar 21 21:34:42.897822 dv-cinder-834541-1-smb devstack@c-api.service[110923]: DEBUG cinder.api.openstack.wsgi [None req-f50a798d-bdd3-45c0-9eca-a3f62b019e31 tempest-QosSpecsTestJSON-262900770 tempest-QosSpecsTestJSON-262900770-project-admin] Action: 'create', calling method: _create, body: {"volume_type": {"name": "tempest-QosSpecsTestJSON-volume-type-471049818"}} {{(pid=110923) _process_stack /opt/stack/cinder/cinder/api/openstack/wsgi.py:866}}
Mar 21 21:34:43.006425 dv-cinder-834541-1-smb devstack@c-api.service[110923]: INFO cinder.api.openstack.wsgi [None req-f50a798d-bdd3-45c0-9eca-a3f62b019e31 tempest-QosSpecsTestJSON-262900770 tempest-QosSpecsTestJSON-262900770-project-admin] http://10.222.0.46/volume/v3/c4fe0b69fefe434092c677ef16c2bbae/types returned with HTTP 200
Mar 21 21:34:43.007648 dv-cinder-834541-1-smb devstack@c-api.service[110923]: [pid: 110923|app: 0|req: 71/144] 10.222.0.46 () {60 vars in 1228 bytes} [Mon Mar 21 21:34:42 2022] POST /volume/v3/c4fe0b69fefe434092c677ef16c2bbae/types => generated 221 bytes in 115 msecs (HTTP/1.1 200) 7 headers in 285 bytes (1 switches on core 0)
Mar 21 21:34:43.013476 dv-cinder-834541-1-smb devstack@c-api.service[110924]: DEBUG cinder.api.middleware.request_id [None req-1e8a336a-d69d-4ace-8656-413433c87987 None None] RequestId filter calling following filter/app {{(pid=110924) _context_setter /opt/stack/cinder/cinder/api/middleware/request_id.py:62}}
Mar 21 21:34:43.018236 dv-cinder-834541-1-smb devstack@c-api.service[110924]: INFO cinder.api.openstack.wsgi [None req-1e8a336a-d69d-4ace-8656-413433c87987 tempest-QosSpecsTestJSON-262900770 tempest-QosSpecsTestJSON-262900770-project-admin] POST http://10.222.0.46/volume/v3/c4fe0b69fefe434092c677ef16c2bbae/types
Mar 21 21:34:43.018989 dv-cinder-834541-1-smb devstack@c-api.service[110924]: DEBUG cinder.api.openstack.wsgi [None req-1e8a336a-d69d-4ace-8656-413433c87987 tempest-QosSpecsTestJSON-262900770 tempest-QosSpecsTestJSON-262900770-project-admin] Action: 'create', calling method: _create, body: {"volume_type": {"name": "tempest-QosSpecsTestJSON-volume-type-1278502814"}} {{(pid=110924) _process_stack /opt/stack/cinder/cinder/api/openstack/wsgi.py:866}}
Mar 21 21:34:43.154208 dv-cinder-834541-1-smb devstack@c-api.service[110924]: INFO cinder.api.openstack.wsgi [None req-1e8a336a-d69d-4ace-8656-413433c87987 tempest-QosSpecsTestJSON-262900770 tempest-QosSpecsTestJSON-262900770-project-admin] http://10.222.0.46/volume/v3/c4fe0b69fefe434092c677ef16c2bbae/types returned with HTTP 200
Mar 21 21:34:43.155912 dv-cinder-834541-1-smb devstack@c-api.service[110924]: [pid: 110924|app: 0|req: 74/145] 10.222.0.46 () {60 vars in 1228 bytes} [Mon Mar 21 21:34:43 2022] POST /volume/v3/c4fe0b69fefe434092c677ef16c2bbae/types => generated 222 bytes in 143 msecs (HTTP/1.1 200) 7 headers in 285 bytes (1 switches on core 0)
Mar 21 21:34:43.162251 dv-cinder-834541-1-smb devstack@c-api.service[110923]: DEBUG cinder.api.middleware.request_id [None req-e12844ce-6f9e-4bf9-b764-46b0c61d732a None None] RequestId filter calling following filter/app {{(pid=110923) _context_setter /opt/stack/cinder/cinder/api/middleware/request_id.py:62}}
Mar 21 21:34:43.167790 dv-cinder-834541-1-smb devstack@c-api.service[110923]: INFO cinder.api.openstack.wsgi [None req-e12844ce-6f9e-4bf9-b764-46b0c61d732a tempest-QosSpecsTestJSON-262900770 tempest-QosSpecsTestJSON-262900770-project-admin] GET http://10.222.0.46/volume/v3/c4fe0b69fefe434092c677ef16c2bbae/qos-specs/e1f7c51e-2ab6-4936-a634-8860f29f1e40/associate?vol_type_id=60a1d31c-8c6d-43dc-b104-b5f74108e848
Mar 21 21:34:43.168561 dv-cinder-834541-1-smb devstack@c-api.service[110923]: DEBUG cinder.api.openstack.wsgi [None req-e12844ce-6f9e-4bf9-b764-46b0c61d732a tempest-QosSpecsTestJSON-262900770 tempest-QosSpecsTestJSON-262900770-project-admin] Empty body provided in request {{(pid=110923) get_body /opt/stack/cinder/cinder/api/openstack/wsgi.py:715}}
Mar 21 21:34:43.169217 dv-cinder-834541-1-smb devstack@c-api.service[110923]: DEBUG cinder.api.openstack.wsgi [None req-e12844ce-6f9e-4bf9-b764-46b0c61d732a tempest-QosSpecsTestJSON-262900770 tempest-QosSpecsTestJSON-262900770-project-admin] Calling method 'associate' {{(pid=110923) _process_stack /opt/stack/cinder/cinder/api/openstack/wsgi.py:868}}
Mar 21 21:34:43.170921 dv-cinder-834541-1-smb devstack@c-api.service[110923]: DEBUG cinder.api.contrib.qos_specs_manage [None req-e12844ce-6f9e-4bf9-b764-46b0c61d732a tempest-QosSpecsTestJSON-262900770 tempest-QosSpecsTestJSON-262900770-project-admin] Associate qos_spec: e1f7c51e-2ab6-4936-a634-8860f29f1e40 with type: 60a1d31c-8c6d-43dc-b104-b5f74108e848 {{(pid=110923) associate /opt/stack/cinder/cinder/api/contrib/qos_specs_manage.py:275}}
Mar 21 21:34:43.349466 dv-cinder-834541-1-smb devstack@c-api.service[110923]: INFO cinder.api.openstack.wsgi [None req-e12844ce-6f9e-4bf9-b764-46b0c61d732a tempest-QosSpecsTestJSON-262900770 tempest-QosSpecsTestJSON-262900770-project-admin] http://10.222.0.46/volume/v3/c4fe0b69fefe434092c677ef16c2bbae/qos-specs/e1f7c51e-2ab6-4936-a634-8860f29f1e40/associate?vol_type_id=60a1d31c-8c6d-43dc-b104-b5f74108e848 returned with HTTP 202
Mar 21 21:34:43.351773 dv-cinder-834541-1-smb devstack@c-api.service[110923]: [pid: 110923|app: 0|req: 72/146] 10.222.0.46 () {58 vars in 1457 bytes} [Mon Mar 21 21:34:43 2022] GET /volume/v3/c4fe0b69fefe434092c677ef16c2bbae/qos-specs/e1f7c51e-2ab6-4936-a634-8860f29f1e40/associate?vol_type_id=60a1d31c-8c6d-43dc-b104-b5f74108e848 => generated 0 bytes in 190 msecs (HTTP/1.1 202) 6 headers in 233 bytes (1 switches on core 0)
Mar 21 21:34:43.356835 dv-cinder-834541-1-smb devstack@c-api.service[110924]: DEBUG cinder.api.middleware.request_id [None req-515f2809-17ca-478e-bdaf-83e85461b905 None None] RequestId filter calling following filter/app {{(pid=110924) _context_setter /opt/stack/cinder/cinder/api/middleware/request_id.py:62}}
Mar 21 21:34:43.362682 dv-cinder-834541-1-smb devstack@c-api.service[110924]: INFO cinder.api.openstack.wsgi [None req-515f2809-17ca-478e-bdaf-83e85461b905 tempest-QosSpecsTestJSON-262900770 tempest-QosSpecsTestJSON-262900770-project-admin] GET http://10.222.0.46/volume/v3/c4fe0b69fefe434092c677ef16c2bbae/qos-specs/e1f7c51e-2ab6-4936-a634-8860f29f1e40/associate?vol_type_id=ddada87f-5d00-4b2c-bbb8-0aacbc32d0cb
Mar 21 21:34:43.363349 dv-cinder-834541-1-smb devstack@c-api.service[110924]: DEBUG cinder.api.openstack.wsgi [None req-515f2809-17ca-478e-bdaf-83e85461b905 tempest-QosSpecsTestJSON-262900770 tempest-QosSpecsTestJSON-262900770-project-admin] Empty body provided in request {{(pid=110924) get_body /opt/stack/cinder/cinder/api/openstack/wsgi.py:715}}
Mar 21 21:34:43.364095 dv-cinder-834541-1-smb devstack@c-api.service[110924]: DEBUG cinder.api.openstack.wsgi [None req-515f2809-17ca-478e-bdaf-83e85461b905 tempest-QosSpecsTestJSON-262900770 tempest-QosSpecsTestJSON-262900770-project-admin] Calling method 'associate' {{(pid=110924) _process_stack /opt/stack/cinder/cinder/api/openstack/wsgi.py:868}}
Mar 21 21:34:43.368488 dv-cinder-834541-1-smb devstack@c-api.service[110924]: DEBUG cinder.api.contrib.qos_specs_manage [None req-515f2809-17ca-478e-bdaf-83e85461b905 tempest-QosSpecsTestJSON-262900770 tempest-QosSpecsTestJSON-262900770-project-admin] Associate qos_spec: e1f7c51e-2ab6-4936-a634-8860f29f1e40 with type: ddada87f-5d00-4b2c-bbb8-0aacbc32d0cb {{(pid=110924) associate /opt/stack/cinder/cinder/api/contrib/qos_specs_manage.py:275}}
Mar 21 21:34:43.577151 dv-cinder-834541-1-smb devstack@c-api.service[110924]: INFO cinder.api.openstack.wsgi [None req-515f2809-17ca-478e-bdaf-83e85461b905 tempest-QosSpecsTestJSON-262900770 tempest-QosSpecsTestJSON-262900770-project-admin] http://10.222.0.46/volume/v3/c4fe0b69fefe434092c677ef16c2bbae/qos-specs/e1f7c51e-2ab6-4936-a634-8860f29f1e40/associate?vol_type_id=ddada87f-5d00-4b2c-bbb8-0aacbc32d0cb returned with HTTP 202
Mar 21 21:34:43.585064 dv-cinder-834541-1-smb devstack@c-api.service[110923]: DEBUG cinder.api.middleware.request_id [None req-105430ec-95da-45d5-8e3f-b5c3ee610c5e None None] RequestId filter calling following filter/app {{(pid=110923) _context_setter /opt/stack/cinder/cinder/api/middleware/request_id.py:62}}
Mar 21 21:34:43.586876 dv-cinder-834541-1-smb devstack@c-api.service[110924]: [pid: 110924|app: 0|req: 75/147] 10.222.0.46 () {58 vars in 1457 bytes} [Mon Mar 21 21:34:43 2022] GET /volume/v3/c4fe0b69fefe434092c677ef16c2bbae/qos-specs/e1f7c51e-2ab6-4936-a634-8860f29f1e40/associate?vol_type_id=ddada87f-5d00-4b2c-bbb8-0aacbc32d0cb => generated 0 bytes in 231 msecs (HTTP/1.1 202) 6 headers in 233 bytes (1 switches on core 0)
Mar 21 21:34:43.598668 dv-cinder-834541-1-smb devstack@c-api.service[110923]: INFO cinder.api.openstack.wsgi [None req-105430ec-95da-45d5-8e3f-b5c3ee610c5e tempest-QosSpecsTestJSON-262900770 tempest-QosSpecsTestJSON-262900770-project-admin] GET http://10.222.0.46/volume/v3/c4fe0b69fefe434092c677ef16c2bbae/qos-specs/e1f7c51e-2ab6-4936-a634-8860f29f1e40/associate?vol_type_id=d7f8b964-f09e-4add-b9df-90a09e9ca89d
Mar 21 21:34:43.598668 dv-cinder-834541-1-smb devstack@c-api.service[110923]: DEBUG cinder.api.openstack.wsgi [None req-105430ec-95da-45d5-8e3f-b5c3ee610c5e tempest-QosSpecsTestJSON-262900770 tempest-QosSpecsTestJSON-262900770-project-admin] Empty body provided in request {{(pid=110923) get_body /opt/stack/cinder/cinder/api/openstack/wsgi.py:715}}
Mar 21 21:34:43.598668 dv-cinder-834541-1-smb devstack@c-api.service[110923]: DEBUG cinder.api.openstack.wsgi [None req-105430ec-95da-45d5-8e3f-b5c3ee610c5e tempest-QosSpecsTestJSON-262900770 tempest-QosSpecsTestJSON-262900770-project-admin] Calling method 'associate' {{(pid=110923) _process_stack /opt/stack/cinder/cinder/api/openstack/wsgi.py:868}}
Mar 21 21:34:43.598668 dv-cinder-834541-1-smb devstack@c-api.service[110923]: /usr/local/lib/python3.8/dist-packages/oslo_context/context.py:100: DeprecationWarning: Policy enforcement is depending on the value of is_admin. This key is deprecated. Please update your policy file to use the standard policy values.
Mar 21 21:34:43.598668 dv-cinder-834541-1-smb devstack@c-api.service[110923]: warnings.warn('Policy enforcement is depending on the value of '
Mar 21 21:34:43.598668 dv-cinder-834541-1-smb devstack@c-api.service[110923]: DEBUG cinder.api.contrib.qos_specs_manage [None req-105430ec-95da-45d5-8e3f-b5c3ee610c5e tempest-QosSpecsTestJSON-262900770 tempest-QosSpecsTestJSON-262900770-project-admin] Associate qos_spec: e1f7c51e-2ab6-4936-a634-8860f29f1e40 with type: d7f8b964-f09e-4add-b9df-90a09e9ca89d {{(pid=110923) associate /opt/stack/cinder/cinder/api/contrib/qos_specs_manage.py:275}}
Mar 21 21:34:43.739374 dv-cinder-834541-1-smb devstack@c-api.service[110923]: INFO cinder.api.openstack.wsgi [None req-105430ec-95da-45d5-8e3f-b5c3ee610c5e tempest-QosSpecsTestJSON-262900770 tempest-QosSpecsTestJSON-262900770-project-admin] http://10.222.0.46/volume/v3/c4fe0b69fefe434092c677ef16c2bbae/qos-specs/e1f7c51e-2ab6-4936-a634-8860f29f1e40/associate?vol_type_id=d7f8b964-f09e-4add-b9df-90a09e9ca89d returned with HTTP 202
Mar 21 21:34:43.740851 dv-cinder-834541-1-smb devstack@c-api.service[110923]: [pid: 110923|app: 0|req: 73/148] 10.222.0.46 () {58 vars in 1457 bytes} [Mon Mar 21 21:34:43 2022] GET /volume/v3/c4fe0b69fefe434092c677ef16c2bbae/qos-specs/e1f7c51e-2ab6-4936-a634-8860f29f1e40/associate?vol_type_id=d7f8b964-f09e-4add-b9df-90a09e9ca89d => generated 0 bytes in 157 msecs (HTTP/1.1 202) 6 headers in 233 bytes (1 switches on core 0)
Mar 21 21:34:43.745219 dv-cinder-834541-1-smb devstack@c-api.service[110924]: DEBUG cinder.api.middleware.request_id [None req-5586bcd2-08f2-425e-83d3-9862a6eb95d6 None None] RequestId filter calling following filter/app {{(pid=110924) _context_setter /opt/stack/cinder/cinder/api/middleware/request_id.py:62}}
Mar 21 21:34:43.751525 dv-cinder-834541-1-smb devstack@c-api.service[110924]: INFO cinder.api.openstack.wsgi [None req-5586bcd2-08f2-425e-83d3-9862a6eb95d6 tempest-QosSpecsTestJSON-262900770 tempest-QosSpecsTestJSON-262900770-project-admin] GET http://10.222.0.46/volume/v3/c4fe0b69fefe434092c677ef16c2bbae/qos-specs/e1f7c51e-2ab6-4936-a634-8860f29f1e40/associations
Mar 21 21:34:43.752028 dv-cinder-834541-1-smb devstack@c-api.service[110924]: DEBUG cinder.api.openstack.wsgi [None req-5586bcd2-08f2-425e-83d3-9862a6eb95d6 tempest-QosSpecsTestJSON-262900770 tempest-QosSpecsTestJSON-262900770-project-admin] Empty body provided in request {{(pid=110924) get_body /opt/stack/cinder/cinder/api/openstack/wsgi.py:715}}
Mar 21 21:34:43.752855 dv-cinder-834541-1-smb devstack@c-api.service[110924]: DEBUG cinder.api.openstack.wsgi [None req-5586bcd2-08f2-425e-83d3-9862a6eb95d6 tempest-QosSpecsTestJSON-262900770 tempest-QosSpecsTestJSON-262900770-project-admin] Calling method 'associations' {{(pid=110924) _process_stack /opt/stack/cinder/cinder/api/openstack/wsgi.py:868}}
Mar 21 21:34:43.753513 dv-cinder-834541-1-smb devstack@c-api.service[110924]: /usr/local/lib/python3.8/dist-packages/oslo_context/context.py:100: DeprecationWarning: Policy enforcement is depending on the value of is_admin. This key is deprecated. Please update your policy file to use the standard policy values.
Mar 21 21:34:43.753513 dv-cinder-834541-1-smb devstack@c-api.service[110924]: warnings.warn('Policy enforcement is depending on the value of '
Mar 21 21:34:43.753689 dv-cinder-834541-1-smb devstack@c-api.service[110923]: DEBUG cinder.api.middleware.request_id [None req-b2609fe3-a4f6-41c4-b386-3341c2078a20 None None] RequestId filter calling following filter/app {{(pid=110923) _context_setter /opt/stack/cinder/cinder/api/middleware/request_id.py:62}}
Mar 21 21:34:43.754239 dv-cinder-834541-1-smb devstack@c-api.service[110924]: DEBUG cinder.api.contrib.qos_specs_manage [None req-5586bcd2-08f2-425e-83d3-9862a6eb95d6 tempest-QosSpecsTestJSON-262900770 tempest-QosSpecsTestJSON-262900770-project-admin] Get associations for qos_spec id: e1f7c51e-2ab6-4936-a634-8860f29f1e40 {{(pid=110924) associations /opt/stack/cinder/cinder/api/contrib/qos_specs_manage.py:233}}
Mar 21 21:34:43.766514 dv-cinder-834541-1-smb devstack@c-api.service[110923]: INFO cinder.api.openstack.wsgi [None req-b2609fe3-a4f6-41c4-b386-3341c2078a20 tempest-DeleteServersTestJSON-1911384370 tempest-DeleteServersTestJSON-1911384370-project] GET http://10.222.0.46/volume/v3/1ba8cafc41164eada974eb944d9947c5/volumes/48178030-399b-4235-bf68-e87a1c169378
Mar 21 21:34:43.766899 dv-cinder-834541-1-smb devstack@c-api.service[110923]: DEBUG cinder.api.openstack.wsgi [None req-b2609fe3-a4f6-41c4-b386-3341c2078a20 tempest-DeleteServersTestJSON-1911384370 tempest-DeleteServersTestJSON-1911384370-project] Empty body provided in request {{(pid=110923) get_body /opt/stack/cinder/cinder/api/openstack/wsgi.py:715}}
Mar 21 21:34:43.767361 dv-cinder-834541-1-smb devstack@c-api.service[110923]: DEBUG cinder.api.openstack.wsgi [None req-b2609fe3-a4f6-41c4-b386-3341c2078a20 tempest-DeleteServersTestJSON-1911384370 tempest-DeleteServersTestJSON-1911384370-project] Calling method 'show' {{(pid=110923) _process_stack /opt/stack/cinder/cinder/api/openstack/wsgi.py:868}}
Mar 21 21:34:43.782843 dv-cinder-834541-1-smb devstack@c-api.service[110924]: INFO cinder.api.openstack.wsgi [None req-5586bcd2-08f2-425e-83d3-9862a6eb95d6 tempest-QosSpecsTestJSON-262900770 tempest-QosSpecsTestJSON-262900770-project-admin] http://10.222.0.46/volume/v3/c4fe0b69fefe434092c677ef16c2bbae/qos-specs/e1f7c51e-2ab6-4936-a634-8860f29f1e40/associations returned with HTTP 200
Mar 21 21:34:43.784893 dv-cinder-834541-1-smb devstack@c-api.service[110924]: [pid: 110924|app: 0|req: 76/149] 10.222.0.46 () {58 vars in 1369 bytes} [Mon Mar 21 21:34:43 2022] GET /volume/v3/c4fe0b69fefe434092c677ef16c2bbae/qos-specs/e1f7c51e-2ab6-4936-a634-8860f29f1e40/associations => generated 447 bytes in 41 msecs (HTTP/1.1 200) 7 headers in 285 bytes (2 switches on core 0)
Mar 21 21:34:43.792356 dv-cinder-834541-1-smb devstack@c-api.service[110924]: DEBUG cinder.api.middleware.request_id [None req-2cec190a-6f48-4941-a8ef-3ffc056e816b None None] RequestId filter calling following filter/app {{(pid=110924) _context_setter /opt/stack/cinder/cinder/api/middleware/request_id.py:62}}
Mar 21 21:34:43.799503 dv-cinder-834541-1-smb devstack@c-api.service[110923]: /usr/local/lib/python3.8/dist-packages/oslo_context/context.py:100: DeprecationWarning: Policy enforcement is depending on the value of is_admin. This key is deprecated. Please update your policy file to use the standard policy values.
Mar 21 21:34:43.799503 dv-cinder-834541-1-smb devstack@c-api.service[110923]: warnings.warn('Policy enforcement is depending on the value of '
Mar 21 21:34:43.803088 dv-cinder-834541-1-smb devstack@c-api.service[110924]: INFO cinder.api.openstack.wsgi [None req-2cec190a-6f48-4941-a8ef-3ffc056e816b tempest-QosSpecsTestJSON-262900770 tempest-QosSpecsTestJSON-262900770-project-admin] GET http://10.222.0.46/volume/v3/c4fe0b69fefe434092c677ef16c2bbae/qos-specs/e1f7c51e-2ab6-4936-a634-8860f29f1e40/disassociate?vol_type_id=60a1d31c-8c6d-43dc-b104-b5f74108e848
Mar 21 21:34:43.803088 dv-cinder-834541-1-smb devstack@c-api.service[110924]: DEBUG cinder.api.openstack.wsgi [None req-2cec190a-6f48-4941-a8ef-3ffc056e816b tempest-QosSpecsTestJSON-262900770 tempest-QosSpecsTestJSON-262900770-project-admin] Empty body provided in request {{(pid=110924) get_body /opt/stack/cinder/cinder/api/openstack/wsgi.py:715}}
Mar 21 21:34:43.803274 dv-cinder-834541-1-smb devstack@c-api.service[110924]: DEBUG cinder.api.openstack.wsgi [None req-2cec190a-6f48-4941-a8ef-3ffc056e816b tempest-QosSpecsTestJSON-262900770 tempest-QosSpecsTestJSON-262900770-project-admin] Calling method 'disassociate' {{(pid=110924) _process_stack /opt/stack/cinder/cinder/api/openstack/wsgi.py:868}}
Mar 21 21:34:43.804168 dv-cinder-834541-1-smb devstack@c-api.service[110924]: /usr/local/lib/python3.8/dist-packages/oslo_context/context.py:100: DeprecationWarning: Policy enforcement is depending on the value of is_admin. This key is deprecated. Please update your policy file to use the standard policy values.
Mar 21 21:34:43.804168 dv-cinder-834541-1-smb devstack@c-api.service[110924]: warnings.warn('Policy enforcement is depending on the value of '
Mar 21 21:34:43.805469 dv-cinder-834541-1-smb devstack@c-api.service[110924]: DEBUG cinder.api.contrib.qos_specs_manage [None req-2cec190a-6f48-4941-a8ef-3ffc056e816b tempest-QosSpecsTestJSON-262900770 tempest-QosSpecsTestJSON-262900770-project-admin] Disassociate qos_spec: e1f7c51e-2ab6-4936-a634-8860f29f1e40 from type: 60a1d31c-8c6d-43dc-b104-b5f74108e848 {{(pid=110924) disassociate /opt/stack/cinder/cinder/api/contrib/qos_specs_manage.py:327}}
Mar 21 21:34:43.829398 dv-cinder-834541-1-smb devstack@c-api.service[110923]: INFO cinder.volume.api [None req-b2609fe3-a4f6-41c4-b386-3341c2078a20 tempest-DeleteServersTestJSON-1911384370 tempest-DeleteServersTestJSON-1911384370-project] Volume info retrieved successfully.
Mar 21 21:34:43.846020 dv-cinder-834541-1-smb devstack@c-api.service[110923]: INFO cinder.api.openstack.wsgi [None req-b2609fe3-a4f6-41c4-b386-3341c2078a20 tempest-DeleteServersTestJSON-1911384370 tempest-DeleteServersTestJSON-1911384370-project] http://10.222.0.46/volume/v3/1ba8cafc41164eada974eb944d9947c5/volumes/48178030-399b-4235-bf68-e87a1c169378 returned with HTTP 200
Mar 21 21:34:43.846751 dv-cinder-834541-1-smb devstack@c-api.service[110923]: [pid: 110923|app: 0|req: 74/150] 10.222.0.46 () {58 vars in 1324 bytes} [Mon Mar 21 21:34:43 2022] GET /volume/v3/1ba8cafc41164eada974eb944d9947c5/volumes/48178030-399b-4235-bf68-e87a1c169378 => generated 913 bytes in 94 msecs (HTTP/1.1 200) 7 headers in 285 bytes (1 switches on core 0)
Mar 21 21:34:43.853404 dv-cinder-834541-1-smb devstack@c-api.service[110923]: DEBUG cinder.api.middleware.request_id [None req-2dfefb85-d9c2-4bab-a1a3-cb84f21359bf None None] RequestId filter calling following filter/app {{(pid=110923) _context_setter /opt/stack/cinder/cinder/api/middleware/request_id.py:62}}
Mar 21 21:34:43.861613 dv-cinder-834541-1-smb devstack@c-api.service[110923]: INFO cinder.api.openstack.wsgi [None req-2dfefb85-d9c2-4bab-a1a3-cb84f21359bf tempest-VolumeRetypeWithoutMigrationTest-266053167 tempest-VolumeRetypeWithoutMigrationTest-266053167-project] GET http://10.222.0.46/volume/v3/5c681f23547244e993059483e3e25054/volumes/7cca60b9-a07a-447f-bb4b-913516326ab0
Mar 21 21:34:43.866103 dv-cinder-834541-1-smb devstack@c-api.service[110923]: DEBUG cinder.api.openstack.wsgi [None req-2dfefb85-d9c2-4bab-a1a3-cb84f21359bf tempest-VolumeRetypeWithoutMigrationTest-266053167 tempest-VolumeRetypeWithoutMigrationTest-266053167-project] Empty body provided in request {{(pid=110923) get_body /opt/stack/cinder/cinder/api/openstack/wsgi.py:715}}
Mar 21 21:34:43.866632 dv-cinder-834541-1-smb devstack@c-api.service[110923]: DEBUG cinder.api.openstack.wsgi [None req-2dfefb85-d9c2-4bab-a1a3-cb84f21359bf tempest-VolumeRetypeWithoutMigrationTest-266053167 tempest-VolumeRetypeWithoutMigrationTest-266053167-project] Calling method 'show' {{(pid=110923) _process_stack /opt/stack/cinder/cinder/api/openstack/wsgi.py:868}}
Mar 21 21:34:43.896589 dv-cinder-834541-1-smb devstack@c-api.service[110923]: /usr/local/lib/python3.8/dist-packages/oslo_context/context.py:100: DeprecationWarning: Policy enforcement is depending on the value of is_admin. This key is deprecated. Please update your policy file to use the standard policy values.
Mar 21 21:34:43.896589 dv-cinder-834541-1-smb devstack@c-api.service[110923]: warnings.warn('Policy enforcement is depending on the value of '
Mar 21 21:34:43.905580 dv-cinder-834541-1-smb devstack@c-api.service[110923]: INFO cinder.volume.api [None req-2dfefb85-d9c2-4bab-a1a3-cb84f21359bf tempest-VolumeRetypeWithoutMigrationTest-266053167 tempest-VolumeRetypeWithoutMigrationTest-266053167-project] Volume info retrieved successfully.
Mar 21 21:34:43.909376 dv-cinder-834541-1-smb devstack@c-api.service[110924]: INFO cinder.api.openstack.wsgi [None req-2cec190a-6f48-4941-a8ef-3ffc056e816b tempest-QosSpecsTestJSON-262900770 tempest-QosSpecsTestJSON-262900770-project-admin] http://10.222.0.46/volume/v3/c4fe0b69fefe434092c677ef16c2bbae/qos-specs/e1f7c51e-2ab6-4936-a634-8860f29f1e40/disassociate?vol_type_id=60a1d31c-8c6d-43dc-b104-b5f74108e848 returned with HTTP 202
Mar 21 21:34:43.910793 dv-cinder-834541-1-smb devstack@c-api.service[110924]: [pid: 110924|app: 0|req: 77/151] 10.222.0.46 () {58 vars in 1466 bytes} [Mon Mar 21 21:34:43 2022] GET /volume/v3/c4fe0b69fefe434092c677ef16c2bbae/qos-specs/e1f7c51e-2ab6-4936-a634-8860f29f1e40/disassociate?vol_type_id=60a1d31c-8c6d-43dc-b104-b5f74108e848 => generated 0 bytes in 120 msecs (HTTP/1.1 202) 6 headers in 233 bytes (1 switches on core 0)
Mar 21 21:34:43.921229 dv-cinder-834541-1-smb devstack@c-api.service[110924]: DEBUG cinder.api.middleware.request_id [None req-afa14be1-0efc-4992-b66a-23840ab2de30 None None] RequestId filter calling following filter/app {{(pid=110924) _context_setter /opt/stack/cinder/cinder/api/middleware/request_id.py:62}}
Mar 21 21:34:43.921328 dv-cinder-834541-1-smb devstack@c-api.service[110923]: INFO cinder.api.openstack.wsgi [None req-2dfefb85-d9c2-4bab-a1a3-cb84f21359bf tempest-VolumeRetypeWithoutMigrationTest-266053167 tempest-VolumeRetypeWithoutMigrationTest-266053167-project] http://10.222.0.46/volume/v3/5c681f23547244e993059483e3e25054/volumes/7cca60b9-a07a-447f-bb4b-913516326ab0 returned with HTTP 200
Mar 21 21:34:43.921328 dv-cinder-834541-1-smb devstack@c-api.service[110923]: [pid: 110923|app: 0|req: 75/152] 10.222.0.46 () {58 vars in 1324 bytes} [Mon Mar 21 21:34:43 2022] GET /volume/v3/5c681f23547244e993059483e3e25054/volumes/7cca60b9-a07a-447f-bb4b-913516326ab0 => generated 926 bytes in 68 msecs (HTTP/1.1 200) 7 headers in 285 bytes (1 switches on core 0)
Mar 21 21:34:43.921769 dv-cinder-834541-1-smb devstack@c-api.service[110924]: INFO cinder.api.openstack.wsgi [None req-afa14be1-0efc-4992-b66a-23840ab2de30 tempest-QosSpecsTestJSON-262900770 tempest-QosSpecsTestJSON-262900770-project-admin] GET http://10.222.0.46/volume/v3/c4fe0b69fefe434092c677ef16c2bbae/qos-specs/e1f7c51e-2ab6-4936-a634-8860f29f1e40/associations
Mar 21 21:34:43.922888 dv-cinder-834541-1-smb devstack@c-api.service[110924]: DEBUG cinder.api.openstack.wsgi [None req-afa14be1-0efc-4992-b66a-23840ab2de30 tempest-QosSpecsTestJSON-262900770 tempest-QosSpecsTestJSON-262900770-project-admin] Empty body provided in request {{(pid=110924) get_body /opt/stack/cinder/cinder/api/openstack/wsgi.py:715}}
Mar 21 21:34:43.923685 dv-cinder-834541-1-smb devstack@c-api.service[110924]: DEBUG cinder.api.openstack.wsgi [None req-afa14be1-0efc-4992-b66a-23840ab2de30 tempest-QosSpecsTestJSON-262900770 tempest-QosSpecsTestJSON-262900770-project-admin] Calling method 'associations' {{(pid=110924) _process_stack /opt/stack/cinder/cinder/api/openstack/wsgi.py:868}}
Mar 21 21:34:43.924580 dv-cinder-834541-1-smb devstack@c-api.service[110924]: /usr/local/lib/python3.8/dist-packages/oslo_context/context.py:100: DeprecationWarning: Policy enforcement is depending on the value of is_admin. This key is deprecated. Please update your policy file to use the standard policy values.
Mar 21 21:34:43.924580 dv-cinder-834541-1-smb devstack@c-api.service[110924]: warnings.warn('Policy enforcement is depending on the value of '
Mar 21 21:34:43.925482 dv-cinder-834541-1-smb devstack@c-api.service[110924]: DEBUG cinder.api.contrib.qos_specs_manage [None req-afa14be1-0efc-4992-b66a-23840ab2de30 tempest-QosSpecsTestJSON-262900770 tempest-QosSpecsTestJSON-262900770-project-admin] Get associations for qos_spec id: e1f7c51e-2ab6-4936-a634-8860f29f1e40 {{(pid=110924) associations /opt/stack/cinder/cinder/api/contrib/qos_specs_manage.py:233}}
Mar 21 21:34:43.931378 dv-cinder-834541-1-smb devstack@c-api.service[110923]: DEBUG cinder.api.middleware.request_id [None req-9b2f53a5-eb77-4566-b663-665bec621adc None None] RequestId filter calling following filter/app {{(pid=110923) _context_setter /opt/stack/cinder/cinder/api/middleware/request_id.py:62}}
