Apr 05 11:33:09.790825 dv-cinder-834448-3-smb devstack@n-api.service[124215]: DEBUG nova.api.openstack.wsgi_app [-] oslo_policy.remote_ssl_client_key_file = None {{(pid=124215) log_opt_values /usr/local/lib/python3.8/dist-packages/oslo_config/cfg.py:2609}}
Apr 05 11:33:09.790825 dv-cinder-834448-3-smb devstack@n-api.service[124215]: DEBUG nova.api.openstack.wsgi_app [-] oslo_policy.remote_ssl_verify_server_crt = False {{(pid=124215) log_opt_values /usr/local/lib/python3.8/dist-packages/oslo_config/cfg.py:2609}}
Apr 05 11:33:09.791417 dv-cinder-834448-3-smb devstack@n-api.service[124215]: DEBUG nova.api.openstack.wsgi_app [-] oslo_limit.auth_section = None {{(pid=124215) log_opt_values /usr/local/lib/python3.8/dist-packages/oslo_config/cfg.py:2609}}
Apr 05 11:33:09.791417 dv-cinder-834448-3-smb devstack@n-api.service[124215]: DEBUG nova.api.openstack.wsgi_app [-] oslo_limit.auth_type = None {{(pid=124215) log_opt_values /usr/local/lib/python3.8/dist-packages/oslo_config/cfg.py:2609}}
Apr 05 11:33:09.791755 dv-cinder-834448-3-smb devstack@n-api.service[124215]: DEBUG nova.api.openstack.wsgi_app [-] oslo_limit.cafile = None {{(pid=124215) log_opt_values /usr/local/lib/python3.8/dist-packages/oslo_config/cfg.py:2609}}
Apr 05 11:33:09.791969 dv-cinder-834448-3-smb devstack@n-api.service[124215]: DEBUG nova.api.openstack.wsgi_app [-] oslo_limit.certfile = None {{(pid=124215) log_opt_values /usr/local/lib/python3.8/dist-packages/oslo_config/cfg.py:2609}}
Apr 05 11:33:09.792286 dv-cinder-834448-3-smb devstack@n-api.service[124215]: DEBUG nova.api.openstack.wsgi_app [-] oslo_limit.collect_timing = False {{(pid=124215) log_opt_values /usr/local/lib/python3.8/dist-packages/oslo_config/cfg.py:2609}}
Apr 05 11:33:09.792597 dv-cinder-834448-3-smb devstack@n-api.service[124215]: DEBUG nova.api.openstack.wsgi_app [-] oslo_limit.connect_retries = None {{(pid=124215) log_opt_values /usr/local/lib/python3.8/dist-packages/oslo_config/cfg.py:2609}}
Apr 05 11:33:09.792909 dv-cinder-834448-3-smb devstack@n-api.service[124215]: DEBUG nova.api.openstack.wsgi_app [-] oslo_limit.connect_retry_delay = None {{(pid=124215) log_opt_values /usr/local/lib/python3.8/dist-packages/oslo_config/cfg.py:2609}}
Apr 05 11:33:09.793223 dv-cinder-834448-3-smb devstack@n-api.service[124215]: DEBUG nova.api.openstack.wsgi_app [-] oslo_limit.endpoint_id = None {{(pid=124215) log_opt_values /usr/local/lib/python3.8/dist-packages/oslo_config/cfg.py:2609}}
Apr 05 11:33:09.793534 dv-cinder-834448-3-smb devstack@n-api.service[124215]: DEBUG nova.api.openstack.wsgi_app [-] oslo_limit.endpoint_override = None {{(pid=124215) log_opt_values /usr/local/lib/python3.8/dist-packages/oslo_config/cfg.py:2609}}
Apr 05 11:33:09.793849 dv-cinder-834448-3-smb devstack@n-api.service[124215]: DEBUG nova.api.openstack.wsgi_app [-] oslo_limit.insecure = False {{(pid=124215) log_opt_values /usr/local/lib/python3.8/dist-packages/oslo_config/cfg.py:2609}}
Apr 05 11:33:09.794159 dv-cinder-834448-3-smb devstack@n-api.service[124215]: DEBUG nova.api.openstack.wsgi_app [-] oslo_limit.keyfile = None {{(pid=124215) log_opt_values /usr/local/lib/python3.8/dist-packages/oslo_config/cfg.py:2609}}
Apr 05 11:33:09.794476 dv-cinder-834448-3-smb devstack@n-api.service[124215]: DEBUG nova.api.openstack.wsgi_app [-] oslo_limit.max_version = None {{(pid=124215) log_opt_values /usr/local/lib/python3.8/dist-packages/oslo_config/cfg.py:2609}}
Apr 05 11:33:09.794813 dv-cinder-834448-3-smb devstack@n-api.service[124215]: DEBUG nova.api.openstack.wsgi_app [-] oslo_limit.min_version = None {{(pid=124215) log_opt_values /usr/local/lib/python3.8/dist-packages/oslo_config/cfg.py:2609}}
Apr 05 11:33:09.795128 dv-cinder-834448-3-smb devstack@n-api.service[124215]: DEBUG nova.api.openstack.wsgi_app [-] oslo_limit.region_name = None {{(pid=124215) log_opt_values /usr/local/lib/python3.8/dist-packages/oslo_config/cfg.py:2609}}
Apr 05 11:33:09.795442 dv-cinder-834448-3-smb devstack@n-api.service[124215]: DEBUG nova.api.openstack.wsgi_app [-] oslo_limit.service_name = None {{(pid=124215) log_opt_values /usr/local/lib/python3.8/dist-packages/oslo_config/cfg.py:2609}}
Apr 05 11:33:09.795755 dv-cinder-834448-3-smb devstack@n-api.service[124215]: DEBUG nova.api.openstack.wsgi_app [-] oslo_limit.service_type = None {{(pid=124215) log_opt_values /usr/local/lib/python3.8/dist-packages/oslo_config/cfg.py:2609}}
Apr 05 11:33:09.796068 dv-cinder-834448-3-smb devstack@n-api.service[124215]: DEBUG nova.api.openstack.wsgi_app [-] oslo_limit.split_loggers = False {{(pid=124215) log_opt_values /usr/local/lib/python3.8/dist-packages/oslo_config/cfg.py:2609}}
Apr 05 11:33:09.796376 dv-cinder-834448-3-smb devstack@n-api.service[124215]: DEBUG nova.api.openstack.wsgi_app [-] oslo_limit.status_code_retries = None {{(pid=124215) log_opt_values /usr/local/lib/python3.8/dist-packages/oslo_config/cfg.py:2609}}
Apr 05 11:33:09.796686 dv-cinder-834448-3-smb devstack@n-api.service[124215]: DEBUG nova.api.openstack.wsgi_app [-] oslo_limit.status_code_retry_delay = None {{(pid=124215) log_opt_values /usr/local/lib/python3.8/dist-packages/oslo_config/cfg.py:2609}}
Apr 05 11:33:09.797031 dv-cinder-834448-3-smb devstack@n-api.service[124215]: DEBUG nova.api.openstack.wsgi_app [-] oslo_limit.timeout = None {{(pid=124215) log_opt_values /usr/local/lib/python3.8/dist-packages/oslo_config/cfg.py:2609}}
Apr 05 11:33:09.797305 dv-cinder-834448-3-smb devstack@n-api.service[124215]: DEBUG nova.api.openstack.wsgi_app [-] oslo_limit.valid_interfaces = None {{(pid=124215) log_opt_values /usr/local/lib/python3.8/dist-packages/oslo_config/cfg.py:2609}}
Apr 05 11:33:09.798065 dv-cinder-834448-3-smb devstack@n-api.service[124215]: DEBUG nova.api.openstack.wsgi_app [-] oslo_limit.version = None {{(pid=124215) log_opt_values /usr/local/lib/python3.8/dist-packages/oslo_config/cfg.py:2609}}
Apr 05 11:33:09.798065 dv-cinder-834448-3-smb devstack@n-api.service[124215]: DEBUG nova.api.openstack.wsgi_app [-] oslo_middleware.http_basic_auth_user_file = /etc/htpasswd {{(pid=124215) log_opt_values /usr/local/lib/python3.8/dist-packages/oslo_config/cfg.py:2609}}
Apr 05 11:33:09.798389 dv-cinder-834448-3-smb devstack@n-api.service[124215]: DEBUG nova.api.openstack.wsgi_app [-] profiler.connection_string = messaging:// {{(pid=124215) log_opt_values /usr/local/lib/python3.8/dist-packages/oslo_config/cfg.py:2609}}
Apr 05 11:33:09.799144 dv-cinder-834448-3-smb devstack@n-api.service[124215]: DEBUG nova.api.openstack.wsgi_app [-] profiler.enabled = False {{(pid=124215) log_opt_values /usr/local/lib/python3.8/dist-packages/oslo_config/cfg.py:2609}}
Apr 05 11:33:09.799478 dv-cinder-834448-3-smb devstack@n-api.service[124215]: DEBUG nova.api.openstack.wsgi_app [-] profiler.es_doc_type = notification {{(pid=124215) log_opt_values /usr/local/lib/python3.8/dist-packages/oslo_config/cfg.py:2609}}
Apr 05 11:33:09.799801 dv-cinder-834448-3-smb devstack@n-api.service[124215]: DEBUG nova.api.openstack.wsgi_app [-] profiler.es_scroll_size = 10000 {{(pid=124215) log_opt_values /usr/local/lib/python3.8/dist-packages/oslo_config/cfg.py:2609}}
Apr 05 11:33:09.800132 dv-cinder-834448-3-smb devstack@n-api.service[124215]: DEBUG nova.api.openstack.wsgi_app [-] profiler.es_scroll_time = 2m {{(pid=124215) log_opt_values /usr/local/lib/python3.8/dist-packages/oslo_config/cfg.py:2609}}
Apr 05 11:33:09.800448 dv-cinder-834448-3-smb devstack@n-api.service[124215]: DEBUG nova.api.openstack.wsgi_app [-] profiler.filter_error_trace = False {{(pid=124215) log_opt_values /usr/local/lib/python3.8/dist-packages/oslo_config/cfg.py:2609}}
Apr 05 11:33:09.800778 dv-cinder-834448-3-smb devstack@n-api.service[124215]: DEBUG nova.api.openstack.wsgi_app [-] profiler.hmac_keys = SECRET_KEY {{(pid=124215) log_opt_values /usr/local/lib/python3.8/dist-packages/oslo_config/cfg.py:2609}}
Apr 05 11:33:09.801108 dv-cinder-834448-3-smb devstack@n-api.service[124215]: DEBUG nova.api.openstack.wsgi_app [-] profiler.sentinel_service_name = mymaster {{(pid=124215) log_opt_values /usr/local/lib/python3.8/dist-packages/oslo_config/cfg.py:2609}}
Apr 05 11:33:09.801431 dv-cinder-834448-3-smb devstack@n-api.service[124215]: DEBUG nova.api.openstack.wsgi_app [-] profiler.socket_timeout = 0.1 {{(pid=124215) log_opt_values /usr/local/lib/python3.8/dist-packages/oslo_config/cfg.py:2609}}
Apr 05 11:33:09.801747 dv-cinder-834448-3-smb devstack@n-api.service[124215]: DEBUG nova.api.openstack.wsgi_app [-] profiler.trace_sqlalchemy = False {{(pid=124215) log_opt_values /usr/local/lib/python3.8/dist-packages/oslo_config/cfg.py:2609}}
Apr 05 11:33:09.802087 dv-cinder-834448-3-smb devstack@n-api.service[124215]: DEBUG nova.api.openstack.wsgi_app [-] oslo_messaging_rabbit.amqp_auto_delete = False {{(pid=124215) log_opt_values /usr/local/lib/python3.8/dist-packages/oslo_config/cfg.py:2609}}
Apr 05 11:33:09.802405 dv-cinder-834448-3-smb devstack@n-api.service[124215]: DEBUG nova.api.openstack.wsgi_app [-] oslo_messaging_rabbit.amqp_durable_queues = False {{(pid=124215) log_opt_values /usr/local/lib/python3.8/dist-packages/oslo_config/cfg.py:2609}}
Apr 05 11:33:09.802747 dv-cinder-834448-3-smb devstack@n-api.service[124215]: DEBUG nova.api.openstack.wsgi_app [-] oslo_messaging_rabbit.conn_pool_min_size = 2 {{(pid=124215) log_opt_values /usr/local/lib/python3.8/dist-packages/oslo_config/cfg.py:2609}}
Apr 05 11:33:09.803067 dv-cinder-834448-3-smb devstack@n-api.service[124215]: DEBUG nova.api.openstack.wsgi_app [-] oslo_messaging_rabbit.conn_pool_ttl = 1200 {{(pid=124215) log_opt_values /usr/local/lib/python3.8/dist-packages/oslo_config/cfg.py:2609}}
Apr 05 11:33:09.803390 dv-cinder-834448-3-smb devstack@n-api.service[124215]: DEBUG nova.api.openstack.wsgi_app [-] oslo_messaging_rabbit.direct_mandatory_flag = True {{(pid=124215) log_opt_values /usr/local/lib/python3.8/dist-packages/oslo_config/cfg.py:2609}}
Apr 05 11:33:09.803703 dv-cinder-834448-3-smb devstack@n-api.service[124215]: DEBUG nova.api.openstack.wsgi_app [-] oslo_messaging_rabbit.enable_cancel_on_failover = False {{(pid=124215) log_opt_values /usr/local/lib/python3.8/dist-packages/oslo_config/cfg.py:2609}}
Apr 05 11:33:09.804019 dv-cinder-834448-3-smb devstack@n-api.service[124215]: DEBUG nova.api.openstack.wsgi_app [-] oslo_messaging_rabbit.heartbeat_in_pthread = True {{(pid=124215) log_opt_values /usr/local/lib/python3.8/dist-packages/oslo_config/cfg.py:2609}}
Apr 05 11:33:09.804364 dv-cinder-834448-3-smb devstack@n-api.service[124215]: DEBUG nova.api.openstack.wsgi_app [-] oslo_messaging_rabbit.heartbeat_rate = 3 {{(pid=124215) log_opt_values /usr/local/lib/python3.8/dist-packages/oslo_config/cfg.py:2609}}
Apr 05 11:33:09.804697 dv-cinder-834448-3-smb devstack@n-api.service[124215]: DEBUG nova.api.openstack.wsgi_app [-] oslo_messaging_rabbit.heartbeat_timeout_threshold = 600 {{(pid=124215) log_opt_values /usr/local/lib/python3.8/dist-packages/oslo_config/cfg.py:2609}}
Apr 05 11:33:09.805017 dv-cinder-834448-3-smb devstack@n-api.service[124215]: DEBUG nova.api.openstack.wsgi_app [-] oslo_messaging_rabbit.kombu_compression = None {{(pid=124215) log_opt_values /usr/local/lib/python3.8/dist-packages/oslo_config/cfg.py:2609}}
Apr 05 11:33:09.805350 dv-cinder-834448-3-smb devstack@n-api.service[124215]: DEBUG nova.api.openstack.wsgi_app [-] oslo_messaging_rabbit.kombu_failover_strategy = round-robin {{(pid=124215) log_opt_values /usr/local/lib/python3.8/dist-packages/oslo_config/cfg.py:2609}}
Apr 05 11:33:09.805673 dv-cinder-834448-3-smb devstack@n-api.service[124215]: DEBUG nova.api.openstack.wsgi_app [-] oslo_messaging_rabbit.kombu_missing_consumer_retry_timeout = 60 {{(pid=124215) log_opt_values /usr/local/lib/python3.8/dist-packages/oslo_config/cfg.py:2609}}
Apr 05 11:33:09.806222 dv-cinder-834448-3-smb devstack@n-api.service[124215]: DEBUG nova.api.openstack.wsgi_app [-] oslo_messaging_rabbit.kombu_reconnect_delay = 1.0 {{(pid=124215) log_opt_values /usr/local/lib/python3.8/dist-packages/oslo_config/cfg.py:2609}}
Apr 05 11:33:09.806436 dv-cinder-834448-3-smb devstack@n-api.service[124215]: DEBUG nova.api.openstack.wsgi_app [-] oslo_messaging_rabbit.rabbit_ha_queues = False {{(pid=124215) log_opt_values /usr/local/lib/python3.8/dist-packages/oslo_config/cfg.py:2609}}
Apr 05 11:33:09.806804 dv-cinder-834448-3-smb devstack@n-api.service[124215]: DEBUG nova.api.openstack.wsgi_app [-] oslo_messaging_rabbit.rabbit_interval_max = 30 {{(pid=124215) log_opt_values /usr/local/lib/python3.8/dist-packages/oslo_config/cfg.py:2609}}
Apr 05 11:33:09.807150 dv-cinder-834448-3-smb devstack@n-api.service[124215]: DEBUG nova.api.openstack.wsgi_app [-] oslo_messaging_rabbit.rabbit_login_method = AMQPLAIN {{(pid=124215) log_opt_values /usr/local/lib/python3.8/dist-packages/oslo_config/cfg.py:2609}}
Apr 05 11:33:09.807466 dv-cinder-834448-3-smb devstack@n-api.service[124215]: DEBUG nova.api.openstack.wsgi_app [-] oslo_messaging_rabbit.rabbit_qos_prefetch_count = 0 {{(pid=124215) log_opt_values /usr/local/lib/python3.8/dist-packages/oslo_config/cfg.py:2609}}
Apr 05 11:33:09.807804 dv-cinder-834448-3-smb devstack@n-api.service[124215]: DEBUG nova.api.openstack.wsgi_app [-] oslo_messaging_rabbit.rabbit_quorum_queue = False {{(pid=124215) log_opt_values /usr/local/lib/python3.8/dist-packages/oslo_config/cfg.py:2609}}
Apr 05 11:33:09.808103 dv-cinder-834448-3-smb devstack@n-api.service[124215]: DEBUG nova.api.openstack.wsgi_app [-] oslo_messaging_rabbit.rabbit_retry_backoff = 2 {{(pid=124215) log_opt_values /usr/local/lib/python3.8/dist-packages/oslo_config/cfg.py:2609}}
Apr 05 11:33:09.808641 dv-cinder-834448-3-smb devstack@n-api.service[124215]: DEBUG nova.api.openstack.wsgi_app [-] oslo_messaging_rabbit.rabbit_retry_interval = 1 {{(pid=124215) log_opt_values /usr/local/lib/python3.8/dist-packages/oslo_config/cfg.py:2609}}
Apr 05 11:33:09.809033 dv-cinder-834448-3-smb devstack@n-api.service[124215]: DEBUG nova.api.openstack.wsgi_app [-] oslo_messaging_rabbit.rabbit_transient_queues_ttl = 1800 {{(pid=124215) log_opt_values /usr/local/lib/python3.8/dist-packages/oslo_config/cfg.py:2609}}
Apr 05 11:33:09.809033 dv-cinder-834448-3-smb devstack@n-api.service[124215]: DEBUG nova.api.openstack.wsgi_app [-] oslo_messaging_rabbit.rpc_conn_pool_size = 30 {{(pid=124215) log_opt_values /usr/local/lib/python3.8/dist-packages/oslo_config/cfg.py:2609}}
Apr 05 11:33:09.810732 dv-cinder-834448-3-smb devstack@n-api.service[124215]: DEBUG nova.api.openstack.wsgi_app [-] oslo_messaging_rabbit.ssl = False {{(pid=124215) log_opt_values /usr/local/lib/python3.8/dist-packages/oslo_config/cfg.py:2609}}
Apr 05 11:33:09.810732 dv-cinder-834448-3-smb devstack@n-api.service[124215]: DEBUG nova.api.openstack.wsgi_app [-] oslo_messaging_rabbit.ssl_ca_file = {{(pid=124215) log_opt_values /usr/local/lib/python3.8/dist-packages/oslo_config/cfg.py:2609}}
Apr 05 11:33:09.810732 dv-cinder-834448-3-smb devstack@n-api.service[124215]: DEBUG nova.api.openstack.wsgi_app [-] oslo_messaging_rabbit.ssl_cert_file = {{(pid=124215) log_opt_values /usr/local/lib/python3.8/dist-packages/oslo_config/cfg.py:2609}}
Apr 05 11:33:09.810732 dv-cinder-834448-3-smb devstack@n-api.service[124215]: DEBUG nova.api.openstack.wsgi_app [-] oslo_messaging_rabbit.ssl_key_file = {{(pid=124215) log_opt_values /usr/local/lib/python3.8/dist-packages/oslo_config/cfg.py:2609}}
Apr 05 11:33:09.810732 dv-cinder-834448-3-smb devstack@n-api.service[124215]: DEBUG nova.api.openstack.wsgi_app [-] oslo_messaging_rabbit.ssl_version = {{(pid=124215) log_opt_values /usr/local/lib/python3.8/dist-packages/oslo_config/cfg.py:2609}}
Apr 05 11:33:09.811087 dv-cinder-834448-3-smb devstack@n-api.service[124215]: DEBUG nova.api.openstack.wsgi_app [-] oslo_messaging_notifications.driver = ['messagingv2'] {{(pid=124215) log_opt_values /usr/local/lib/python3.8/dist-packages/oslo_config/cfg.py:2609}}
Apr 05 11:33:09.811334 dv-cinder-834448-3-smb devstack@n-api.service[124215]: DEBUG nova.api.openstack.wsgi_app [-] oslo_messaging_notifications.retry = -1 {{(pid=124215) log_opt_values /usr/local/lib/python3.8/dist-packages/oslo_config/cfg.py:2609}}
Apr 05 11:33:09.811690 dv-cinder-834448-3-smb devstack@n-api.service[124215]: DEBUG nova.api.openstack.wsgi_app [-] oslo_messaging_notifications.topics = ['notifications'] {{(pid=124215) log_opt_values /usr/local/lib/python3.8/dist-packages/oslo_config/cfg.py:2609}}
Apr 05 11:33:09.812036 dv-cinder-834448-3-smb devstack@n-api.service[124215]: DEBUG nova.api.openstack.wsgi_app [-] oslo_messaging_notifications.transport_url = **** {{(pid=124215) log_opt_values /usr/local/lib/python3.8/dist-packages/oslo_config/cfg.py:2609}}
Apr 05 11:33:09.812353 dv-cinder-834448-3-smb devstack@n-api.service[124215]: DEBUG nova.api.openstack.wsgi_app [-] oslo_reports.file_event_handler = None {{(pid=124215) log_opt_values /usr/local/lib/python3.8/dist-packages/oslo_config/cfg.py:2609}}
Apr 05 11:33:09.812674 dv-cinder-834448-3-smb devstack@n-api.service[124215]: DEBUG nova.api.openstack.wsgi_app [-] oslo_reports.file_event_handler_interval = 1 {{(pid=124215) log_opt_values /usr/local/lib/python3.8/dist-packages/oslo_config/cfg.py:2609}}
Apr 05 11:33:09.812989 dv-cinder-834448-3-smb devstack@n-api.service[124215]: DEBUG nova.api.openstack.wsgi_app [-] oslo_reports.log_dir = None {{(pid=124215) log_opt_values /usr/local/lib/python3.8/dist-packages/oslo_config/cfg.py:2609}}
Apr 05 11:33:09.813241 dv-cinder-834448-3-smb devstack@n-api.service[124215]: DEBUG nova.api.openstack.wsgi_app [-] ******************************************************************************** {{(pid=124215) log_opt_values /usr/local/lib/python3.8/dist-packages/oslo_config/cfg.py:2613}}
Apr 05 11:33:09.813716 dv-cinder-834448-3-smb devstack@n-api.service[124216]: DEBUG oslo_db.sqlalchemy.engines [None req-7b1ca07c-0249-4dc4-a9ed-1d672ea0f03d None None] MySQL server mode set to STRICT_TRANS_TABLES,STRICT_ALL_TABLES,NO_ZERO_IN_DATE,NO_ZERO_DATE,ERROR_FOR_DIVISION_BY_ZERO,TRADITIONAL,NO_ENGINE_SUBSTITUTION {{(pid=124216) _check_effective_sql_mode /usr/local/lib/python3.8/dist-packages/oslo_db/sqlalchemy/engines.py:314}}
Apr 05 11:33:09.836943 dv-cinder-834448-3-smb devstack@n-api.service[124215]: DEBUG oslo_db.sqlalchemy.engines [None req-197d29f1-f8ab-4af8-87b4-77a904372550 None None] MySQL server mode set to STRICT_TRANS_TABLES,STRICT_ALL_TABLES,NO_ZERO_IN_DATE,NO_ZERO_DATE,ERROR_FOR_DIVISION_BY_ZERO,TRADITIONAL,NO_ENGINE_SUBSTITUTION {{(pid=124215) _check_effective_sql_mode /usr/local/lib/python3.8/dist-packages/oslo_db/sqlalchemy/engines.py:314}}
Apr 05 11:33:09.880527 dv-cinder-834448-3-smb devstack@n-api.service[124216]: DEBUG nova.context [None req-7b1ca07c-0249-4dc4-a9ed-1d672ea0f03d None None] Found 2 cells: 00000000-0000-0000-0000-000000000000(cell0),3b0b75c3-7670-448e-9774-854627c4a034(cell1) {{(pid=124216) load_cells /opt/stack/nova/nova/context.py:464}}
Apr 05 11:33:09.884998 dv-cinder-834448-3-smb devstack@n-api.service[124216]: DEBUG oslo_concurrency.lockutils [None req-7b1ca07c-0249-4dc4-a9ed-1d672ea0f03d None None] Lock "00000000-0000-0000-0000-000000000000" acquired by "nova.context.set_target_cell..get_or_set_cached_cell_and_set_connections" :: waited 0.000s {{(pid=124216) inner /usr/local/lib/python3.8/dist-packages/oslo_concurrency/lockutils.py:386}}
Apr 05 11:33:09.886631 dv-cinder-834448-3-smb devstack@n-api.service[124216]: DEBUG oslo_concurrency.lockutils [None req-7b1ca07c-0249-4dc4-a9ed-1d672ea0f03d None None] Lock "00000000-0000-0000-0000-000000000000" "released" by "nova.context.set_target_cell..get_or_set_cached_cell_and_set_connections" :: held 0.002s {{(pid=124216) inner /usr/local/lib/python3.8/dist-packages/oslo_concurrency/lockutils.py:400}}
Apr 05 11:33:09.887460 dv-cinder-834448-3-smb devstack@n-api.service[124216]: DEBUG oslo_concurrency.lockutils [None req-7b1ca07c-0249-4dc4-a9ed-1d672ea0f03d None None] Lock "3b0b75c3-7670-448e-9774-854627c4a034" acquired by "nova.context.set_target_cell..get_or_set_cached_cell_and_set_connections" :: waited 0.000s {{(pid=124216) inner /usr/local/lib/python3.8/dist-packages/oslo_concurrency/lockutils.py:386}}
Apr 05 11:33:09.889415 dv-cinder-834448-3-smb devstack@n-api.service[124216]: DEBUG oslo_concurrency.lockutils [None req-7b1ca07c-0249-4dc4-a9ed-1d672ea0f03d None None] Lock "3b0b75c3-7670-448e-9774-854627c4a034" "released" by "nova.context.set_target_cell..get_or_set_cached_cell_and_set_connections" :: held 0.002s {{(pid=124216) inner /usr/local/lib/python3.8/dist-packages/oslo_concurrency/lockutils.py:400}}
Apr 05 11:33:09.901792 dv-cinder-834448-3-smb devstack@n-api.service[124215]: DEBUG nova.context [None req-197d29f1-f8ab-4af8-87b4-77a904372550 None None] Found 2 cells: 00000000-0000-0000-0000-000000000000(cell0),3b0b75c3-7670-448e-9774-854627c4a034(cell1) {{(pid=124215) load_cells /opt/stack/nova/nova/context.py:464}}
Apr 05 11:33:09.902342 dv-cinder-834448-3-smb devstack@n-api.service[124216]: DEBUG oslo_db.sqlalchemy.engines [None req-7b1ca07c-0249-4dc4-a9ed-1d672ea0f03d None None] MySQL server mode set to STRICT_TRANS_TABLES,STRICT_ALL_TABLES,NO_ZERO_IN_DATE,NO_ZERO_DATE,ERROR_FOR_DIVISION_BY_ZERO,TRADITIONAL,NO_ENGINE_SUBSTITUTION {{(pid=124216) _check_effective_sql_mode /usr/local/lib/python3.8/dist-packages/oslo_db/sqlalchemy/engines.py:314}}
Apr 05 11:33:09.904097 dv-cinder-834448-3-smb devstack@n-api.service[124216]: DEBUG oslo_db.sqlalchemy.engines [None req-7b1ca07c-0249-4dc4-a9ed-1d672ea0f03d None None] MySQL server mode set to STRICT_TRANS_TABLES,STRICT_ALL_TABLES,NO_ZERO_IN_DATE,NO_ZERO_DATE,ERROR_FOR_DIVISION_BY_ZERO,TRADITIONAL,NO_ENGINE_SUBSTITUTION {{(pid=124216) _check_effective_sql_mode /usr/local/lib/python3.8/dist-packages/oslo_db/sqlalchemy/engines.py:314}}
Apr 05 11:33:09.906357 dv-cinder-834448-3-smb devstack@n-api.service[124215]: DEBUG oslo_concurrency.lockutils [None req-197d29f1-f8ab-4af8-87b4-77a904372550 None None] Lock "00000000-0000-0000-0000-000000000000" acquired by "nova.context.set_target_cell..get_or_set_cached_cell_and_set_connections" :: waited 0.000s {{(pid=124215) inner /usr/local/lib/python3.8/dist-packages/oslo_concurrency/lockutils.py:386}}
Apr 05 11:33:09.908245 dv-cinder-834448-3-smb devstack@n-api.service[124215]: DEBUG oslo_concurrency.lockutils [None req-197d29f1-f8ab-4af8-87b4-77a904372550 None None] Lock "00000000-0000-0000-0000-000000000000" "released" by "nova.context.set_target_cell..get_or_set_cached_cell_and_set_connections" :: held 0.002s {{(pid=124215) inner /usr/local/lib/python3.8/dist-packages/oslo_concurrency/lockutils.py:400}}
Apr 05 11:33:09.909118 dv-cinder-834448-3-smb devstack@n-api.service[124215]: DEBUG oslo_concurrency.lockutils [None req-197d29f1-f8ab-4af8-87b4-77a904372550 None None] Lock "3b0b75c3-7670-448e-9774-854627c4a034" acquired by "nova.context.set_target_cell..get_or_set_cached_cell_and_set_connections" :: waited 0.000s {{(pid=124215) inner /usr/local/lib/python3.8/dist-packages/oslo_concurrency/lockutils.py:386}}
Apr 05 11:33:09.911119 dv-cinder-834448-3-smb devstack@n-api.service[124215]: DEBUG oslo_concurrency.lockutils [None req-197d29f1-f8ab-4af8-87b4-77a904372550 None None] Lock "3b0b75c3-7670-448e-9774-854627c4a034" "released" by "nova.context.set_target_cell..get_or_set_cached_cell_and_set_connections" :: held 0.002s {{(pid=124215) inner /usr/local/lib/python3.8/dist-packages/oslo_concurrency/lockutils.py:400}}
Apr 05 11:33:09.922248 dv-cinder-834448-3-smb devstack@n-api.service[124215]: DEBUG oslo_db.sqlalchemy.engines [None req-197d29f1-f8ab-4af8-87b4-77a904372550 None None] MySQL server mode set to STRICT_TRANS_TABLES,STRICT_ALL_TABLES,NO_ZERO_IN_DATE,NO_ZERO_DATE,ERROR_FOR_DIVISION_BY_ZERO,TRADITIONAL,NO_ENGINE_SUBSTITUTION {{(pid=124215) _check_effective_sql_mode /usr/local/lib/python3.8/dist-packages/oslo_db/sqlalchemy/engines.py:314}}
Apr 05 11:33:09.924921 dv-cinder-834448-3-smb devstack@n-api.service[124215]: DEBUG oslo_db.sqlalchemy.engines [None req-197d29f1-f8ab-4af8-87b4-77a904372550 None None] MySQL server mode set to STRICT_TRANS_TABLES,STRICT_ALL_TABLES,NO_ZERO_IN_DATE,NO_ZERO_DATE,ERROR_FOR_DIVISION_BY_ZERO,TRADITIONAL,NO_ENGINE_SUBSTITUTION {{(pid=124215) _check_effective_sql_mode /usr/local/lib/python3.8/dist-packages/oslo_db/sqlalchemy/engines.py:314}}
Apr 05 11:33:10.062041 dv-cinder-834448-3-smb devstack@n-api.service[124216]: DEBUG oslo_db.sqlalchemy.engines [None req-7b1ca07c-0249-4dc4-a9ed-1d672ea0f03d None None] MySQL server mode set to STRICT_TRANS_TABLES,STRICT_ALL_TABLES,NO_ZERO_IN_DATE,NO_ZERO_DATE,ERROR_FOR_DIVISION_BY_ZERO,TRADITIONAL,NO_ENGINE_SUBSTITUTION {{(pid=124216) _check_effective_sql_mode /usr/local/lib/python3.8/dist-packages/oslo_db/sqlalchemy/engines.py:314}}
Apr 05 11:33:10.084672 dv-cinder-834448-3-smb devstack@n-api.service[124215]: DEBUG oslo_db.sqlalchemy.engines [None req-197d29f1-f8ab-4af8-87b4-77a904372550 None None] MySQL server mode set to STRICT_TRANS_TABLES,STRICT_ALL_TABLES,NO_ZERO_IN_DATE,NO_ZERO_DATE,ERROR_FOR_DIVISION_BY_ZERO,TRADITIONAL,NO_ENGINE_SUBSTITUTION {{(pid=124215) _check_effective_sql_mode /usr/local/lib/python3.8/dist-packages/oslo_db/sqlalchemy/engines.py:314}}
Apr 05 11:33:10.500403 dv-cinder-834448-3-smb devstack@n-api.service[124216]: WARNING keystonemiddleware.auth_token [None req-7b1ca07c-0249-4dc4-a9ed-1d672ea0f03d None None] AuthToken middleware is set with keystone_authtoken.service_token_roles_required set to False. This is backwards compatible but deprecated behaviour. Please set this to True.
Apr 05 11:33:10.507101 dv-cinder-834448-3-smb devstack@n-api.service[124216]: WARNING keystonemiddleware.auth_token [None req-7b1ca07c-0249-4dc4-a9ed-1d672ea0f03d None None] Configuring www_authenticate_uri to point to the public identity endpoint is required; clients may not be able to authenticate against an admin endpoint
Apr 05 11:33:10.514586 dv-cinder-834448-3-smb devstack@n-api.service[124215]: WARNING keystonemiddleware.auth_token [None req-197d29f1-f8ab-4af8-87b4-77a904372550 None None] AuthToken middleware is set with keystone_authtoken.service_token_roles_required set to False. This is backwards compatible but deprecated behaviour. Please set this to True.
Apr 05 11:33:10.521684 dv-cinder-834448-3-smb devstack@n-api.service[124215]: WARNING keystonemiddleware.auth_token [None req-197d29f1-f8ab-4af8-87b4-77a904372550 None None] Configuring www_authenticate_uri to point to the public identity endpoint is required; clients may not be able to authenticate against an admin endpoint
Apr 05 11:33:10.739982 dv-cinder-834448-3-smb devstack@n-api.service[124216]: WARNING keystonemiddleware.auth_token [None req-7b1ca07c-0249-4dc4-a9ed-1d672ea0f03d None None] AuthToken middleware is set with keystone_authtoken.service_token_roles_required set to False. This is backwards compatible but deprecated behaviour. Please set this to True.
Apr 05 11:33:10.743524 dv-cinder-834448-3-smb devstack@n-api.service[124215]: WARNING keystonemiddleware.auth_token [None req-197d29f1-f8ab-4af8-87b4-77a904372550 None None] AuthToken middleware is set with keystone_authtoken.service_token_roles_required set to False. This is backwards compatible but deprecated behaviour. Please set this to True.
Apr 05 11:33:10.745160 dv-cinder-834448-3-smb devstack@n-api.service[124216]: WARNING keystonemiddleware.auth_token [None req-7b1ca07c-0249-4dc4-a9ed-1d672ea0f03d None None] Configuring www_authenticate_uri to point to the public identity endpoint is required; clients may not be able to authenticate against an admin endpoint
Apr 05 11:33:10.748660 dv-cinder-834448-3-smb devstack@n-api.service[124215]: WARNING keystonemiddleware.auth_token [None req-197d29f1-f8ab-4af8-87b4-77a904372550 None None] Configuring www_authenticate_uri to point to the public identity endpoint is required; clients may not be able to authenticate against an admin endpoint
Apr 05 11:33:10.750576 dv-cinder-834448-3-smb devstack@n-api.service[124216]: WSGI app 0 (mountpoint='') ready in 5 seconds on interpreter 0x5574a7bd59c0 pid: 124216 (default app)
Apr 05 11:33:10.753945 dv-cinder-834448-3-smb devstack@n-api.service[124215]: WSGI app 0 (mountpoint='') ready in 5 seconds on interpreter 0x5574a7bd59c0 pid: 124215 (default app)
Apr 05 11:33:55.171288 dv-cinder-834448-3-smb devstack@n-api.service[124216]: DEBUG nova.api.openstack.wsgi [None req-ebe50b02-473f-436d-8d4f-60fda94467c7 tempest-VolumesNegativeTest-371490686 tempest-VolumesNegativeTest-371490686-project] Action: 'create', calling method: .version_select at 0x7f25b1a4c310>, body: {"volume": {"size": "#$%", "display_name": "tempest-VolumesNegativeTest-Volume-752549412", "metadata": {"Type": "work"}}} {{(pid=124216) _process_stack /opt/stack/nova/nova/api/openstack/wsgi.py:511}}
Apr 05 11:33:55.173625 dv-cinder-834448-3-smb devstack@n-api.service[124216]: DEBUG nova.api.openstack.wsgi [None req-ebe50b02-473f-436d-8d4f-60fda94467c7 tempest-VolumesNegativeTest-371490686 tempest-VolumesNegativeTest-371490686-project] Returning 400 to user: Invalid input for field/attribute size. Value: #$%. '#$%' does not match '^[0-9]+$' {{(pid=124216) __call__ /opt/stack/nova/nova/api/openstack/wsgi.py:936}}
Apr 05 11:33:55.185041 dv-cinder-834448-3-smb devstack@n-api.service[124216]: INFO nova.api.openstack.requestlog [None req-ebe50b02-473f-436d-8d4f-60fda94467c7 tempest-VolumesNegativeTest-371490686 tempest-VolumesNegativeTest-371490686-project] 10.222.0.64 "POST /compute/v2.1/os-volumes" status: 400 len: 127 microversion: 2.1 time: 1.470599
Apr 05 11:33:55.192211 dv-cinder-834448-3-smb devstack@n-api.service[124216]: [pid: 124216|app: 0|req: 1/1] 10.222.0.64 () {60 vars in 1155 bytes} [Tue Apr 5 11:33:53 2022] POST /compute/v2.1/os-volumes => generated 127 bytes in 1489 msecs (HTTP/1.1 400) 9 headers in 381 bytes (1 switches on core 0)
Apr 05 11:33:55.354615 dv-cinder-834448-3-smb devstack@n-api.service[124215]: DEBUG nova.api.openstack.wsgi [None req-bb5f64ee-aa9b-4ed4-85c2-b79ce019786d tempest-VolumesSnapshotsTestJSON-575668255 tempest-VolumesSnapshotsTestJSON-575668255-project] Action: 'create', calling method: .version_select at 0x7f25b1a4f310>, body: {"volume": {"size": 1, "display_name": "tempest-VolumesSnapshotsTestJSON-volume-719528084"}} {{(pid=124215) _process_stack /opt/stack/nova/nova/api/openstack/wsgi.py:511}}
Apr 05 11:33:55.465325 dv-cinder-834448-3-smb devstack@n-api.service[124216]: DEBUG nova.api.openstack.wsgi [None req-79ec75ba-8417-47d2-a7d2-ea76465d4656 tempest-DeleteServersTestJSON-1605048093 tempest-DeleteServersTestJSON-1605048093-project] Action: 'create', calling method: >, body: {"server": {"name": "tempest-DeleteServersTestJSON-server-143983476", "imageRef": "9677afd4-ed38-456b-a6d2-b25b08ef2a38", "flavorRef": "452", "networks": [{"uuid": "0486b161-d05c-4938-ac39-382242390c7f"}]}} {{(pid=124216) _process_stack /opt/stack/nova/nova/api/openstack/wsgi.py:511}}
Apr 05 11:33:55.754856 dv-cinder-834448-3-smb devstack@n-api.service[124216]: DEBUG nova.network.neutron [None req-79ec75ba-8417-47d2-a7d2-ea76465d4656 tempest-DeleteServersTestJSON-1605048093 tempest-DeleteServersTestJSON-1605048093-project] validate_networks() for [('0486b161-d05c-4938-ac39-382242390c7f', None, None, None, None, None)] {{(pid=124216) validate_networks /opt/stack/nova/nova/network/neutron.py:2632}}
Apr 05 11:33:56.679474 dv-cinder-834448-3-smb devstack@n-api.service[124215]: INFO nova.api.openstack.requestlog [None req-bb5f64ee-aa9b-4ed4-85c2-b79ce019786d tempest-VolumesSnapshotsTestJSON-575668255 tempest-VolumesSnapshotsTestJSON-575668255-project] 10.222.0.64 "POST /compute/v2.1/os-volumes" status: 200 len: 344 microversion: 2.1 time: 2.636171
Apr 05 11:33:56.680097 dv-cinder-834448-3-smb devstack@n-api.service[124215]: [pid: 124215|app: 0|req: 1/2] 10.222.0.64 () {60 vars in 1154 bytes} [Tue Apr 5 11:33:54 2022] POST /compute/v2.1/os-volumes => generated 344 bytes in 2638 msecs (HTTP/1.1 200) 10 headers in 448 bytes (1 switches on core 0)
Apr 05 11:33:56.685467 dv-cinder-834448-3-smb devstack@n-api.service[124215]: DEBUG nova.api.openstack.wsgi [None req-a1bc74c8-cb80-44e1-ac84-3b5be18a26d8 tempest-VolumesNegativeTest-371490686 tempest-VolumesNegativeTest-371490686-project] Action: 'create', calling method: .version_select at 0x7f25b1919280>, body: {"volume": {"size": "0", "display_name": "tempest-VolumesNegativeTest-Volume-415583648", "metadata": {"Type": "work"}}} {{(pid=124215) _process_stack /opt/stack/nova/nova/api/openstack/wsgi.py:511}}
Apr 05 11:33:56.687868 dv-cinder-834448-3-smb devstack@n-api.service[124215]: DEBUG nova.api.openstack.wsgi [None req-a1bc74c8-cb80-44e1-ac84-3b5be18a26d8 tempest-VolumesNegativeTest-371490686 tempest-VolumesNegativeTest-371490686-project] Returning 400 to user: Invalid input for field/attribute size. Value: 0. 0 is less than the minimum of 1 {{(pid=124215) __call__ /opt/stack/nova/nova/api/openstack/wsgi.py:936}}
Apr 05 11:33:56.688742 dv-cinder-834448-3-smb devstack@n-api.service[124215]: INFO nova.api.openstack.requestlog [None req-a1bc74c8-cb80-44e1-ac84-3b5be18a26d8 tempest-VolumesNegativeTest-371490686 tempest-VolumesNegativeTest-371490686-project] 10.222.0.64 "POST /compute/v2.1/os-volumes" status: 400 len: 125 microversion: 2.1 time: 0.007324
Apr 05 11:33:56.694201 dv-cinder-834448-3-smb devstack@n-api.service[124215]: [pid: 124215|app: 0|req: 2/3] 10.222.0.64 () {60 vars in 1155 bytes} [Tue Apr 5 11:33:56 2022] POST /compute/v2.1/os-volumes => generated 125 bytes in 13 msecs (HTTP/1.1 400) 9 headers in 381 bytes (1 switches on core 0)
Apr 05 11:33:56.699661 dv-cinder-834448-3-smb devstack@n-api.service[124215]: DEBUG nova.api.openstack.wsgi [None req-6264e7e2-17d8-4d2f-9c8c-d6d1260284b3 tempest-VolumesSnapshotsTestJSON-575668255 tempest-VolumesSnapshotsTestJSON-575668255-project] Calling method '.version_select at 0x7f25b1919280>' {{(pid=124215) _process_stack /opt/stack/nova/nova/api/openstack/wsgi.py:513}}
Apr 05 11:33:56.762674 dv-cinder-834448-3-smb devstack@n-api.service[124216]: DEBUG nova.virt.hardware [None req-79ec75ba-8417-47d2-a7d2-ea76465d4656 tempest-DeleteServersTestJSON-1605048093 tempest-DeleteServersTestJSON-1605048093-project] Flavor limits 0:0:0 {{(pid=124216) get_cpu_topology_constraints /opt/stack/nova/nova/virt/hardware.py:343}}
Apr 05 11:33:56.763198 dv-cinder-834448-3-smb devstack@n-api.service[124216]: DEBUG nova.virt.hardware [None req-79ec75ba-8417-47d2-a7d2-ea76465d4656 tempest-DeleteServersTestJSON-1605048093 tempest-DeleteServersTestJSON-1605048093-project] Image limits 0:0:0 {{(pid=124216) get_cpu_topology_constraints /opt/stack/nova/nova/virt/hardware.py:347}}
Apr 05 11:33:56.763840 dv-cinder-834448-3-smb devstack@n-api.service[124216]: DEBUG nova.virt.hardware [None req-79ec75ba-8417-47d2-a7d2-ea76465d4656 tempest-DeleteServersTestJSON-1605048093 tempest-DeleteServersTestJSON-1605048093-project] Flavor pref 0:0:0 {{(pid=124216) get_cpu_topology_constraints /opt/stack/nova/nova/virt/hardware.py:383}}
Apr 05 11:33:56.764325 dv-cinder-834448-3-smb devstack@n-api.service[124216]: DEBUG nova.virt.hardware [None req-79ec75ba-8417-47d2-a7d2-ea76465d4656 tempest-DeleteServersTestJSON-1605048093 tempest-DeleteServersTestJSON-1605048093-project] Image pref 0:0:0 {{(pid=124216) get_cpu_topology_constraints /opt/stack/nova/nova/virt/hardware.py:387}}
Apr 05 11:33:56.764815 dv-cinder-834448-3-smb devstack@n-api.service[124216]: DEBUG nova.virt.hardware [None req-79ec75ba-8417-47d2-a7d2-ea76465d4656 tempest-DeleteServersTestJSON-1605048093 tempest-DeleteServersTestJSON-1605048093-project] Chose sockets=0, cores=0, threads=0; limits were sockets=65536, cores=65536, threads=65536 {{(pid=124216) get_cpu_topology_constraints /opt/stack/nova/nova/virt/hardware.py:425}}
Apr 05 11:33:56.788375 dv-cinder-834448-3-smb devstack@n-api.service[124216]: DEBUG oslo_concurrency.lockutils [None req-79ec75ba-8417-47d2-a7d2-ea76465d4656 tempest-DeleteServersTestJSON-1605048093 tempest-DeleteServersTestJSON-1605048093-project] Lock "00000000-0000-0000-0000-000000000000" acquired by "nova.context.set_target_cell..get_or_set_cached_cell_and_set_connections" :: waited 0.000s {{(pid=124216) inner /usr/local/lib/python3.8/dist-packages/oslo_concurrency/lockutils.py:386}}
Apr 05 11:33:56.789011 dv-cinder-834448-3-smb devstack@n-api.service[124216]: DEBUG oslo_concurrency.lockutils [None req-79ec75ba-8417-47d2-a7d2-ea76465d4656 tempest-DeleteServersTestJSON-1605048093 tempest-DeleteServersTestJSON-1605048093-project] Lock "00000000-0000-0000-0000-000000000000" "released" by "nova.context.set_target_cell..get_or_set_cached_cell_and_set_connections" :: held 0.001s {{(pid=124216) inner /usr/local/lib/python3.8/dist-packages/oslo_concurrency/lockutils.py:400}}
Apr 05 11:33:56.790627 dv-cinder-834448-3-smb devstack@n-api.service[124216]: DEBUG oslo_concurrency.lockutils [None req-79ec75ba-8417-47d2-a7d2-ea76465d4656 tempest-DeleteServersTestJSON-1605048093 tempest-DeleteServersTestJSON-1605048093-project] Lock "3b0b75c3-7670-448e-9774-854627c4a034" acquired by "nova.context.set_target_cell..get_or_set_cached_cell_and_set_connections" :: waited 0.000s {{(pid=124216) inner /usr/local/lib/python3.8/dist-packages/oslo_concurrency/lockutils.py:386}}
Apr 05 11:33:56.791270 dv-cinder-834448-3-smb devstack@n-api.service[124216]: DEBUG oslo_concurrency.lockutils [None req-79ec75ba-8417-47d2-a7d2-ea76465d4656 tempest-DeleteServersTestJSON-1605048093 tempest-DeleteServersTestJSON-1605048093-project] Lock "3b0b75c3-7670-448e-9774-854627c4a034" "released" by "nova.context.set_target_cell..get_or_set_cached_cell_and_set_connections" :: held 0.001s {{(pid=124216) inner /usr/local/lib/python3.8/dist-packages/oslo_concurrency/lockutils.py:400}}
Apr 05 11:33:56.799769 dv-cinder-834448-3-smb devstack@n-api.service[124215]: INFO nova.api.openstack.requestlog [None req-6264e7e2-17d8-4d2f-9c8c-d6d1260284b3 tempest-VolumesSnapshotsTestJSON-575668255 tempest-VolumesSnapshotsTestJSON-575668255-project] 10.222.0.64 "GET /compute/v2.1/os-volumes/03e855a0-b040-4b8f-b801-69bb802d242a" status: 200 len: 344 microversion: 2.1 time: 0.103568
Apr 05 11:33:56.800345 dv-cinder-834448-3-smb devstack@n-api.service[124215]: [pid: 124215|app: 0|req: 3/4] 10.222.0.64 () {58 vars in 1244 bytes} [Tue Apr 5 11:33:56 2022] GET /compute/v2.1/os-volumes/03e855a0-b040-4b8f-b801-69bb802d242a => generated 344 bytes in 105 msecs (HTTP/1.1 200) 9 headers in 357 bytes (1 switches on core 0)
Apr 05 11:33:56.805629 dv-cinder-834448-3-smb devstack@n-api.service[124215]: DEBUG nova.api.openstack.wsgi [None req-b5f96421-0a1f-4840-852f-3177db09bb14 tempest-VolumesNegativeTest-371490686 tempest-VolumesNegativeTest-371490686-project] Action: 'create', calling method: .version_select at 0x7f25b1919430>, body: {"volume": {"size": "", "display_name": "tempest-VolumesNegativeTest-Volume-176113987", "metadata": {"Type": "work"}}} {{(pid=124215) _process_stack /opt/stack/nova/nova/api/openstack/wsgi.py:511}}
Apr 05 11:33:56.812098 dv-cinder-834448-3-smb devstack@n-api.service[124215]: DEBUG nova.api.openstack.wsgi [None req-b5f96421-0a1f-4840-852f-3177db09bb14 tempest-VolumesNegativeTest-371490686 tempest-VolumesNegativeTest-371490686-project] Returning 400 to user: Invalid input for field/attribute size. Value: . '' does not match '^[0-9]+$' {{(pid=124215) __call__ /opt/stack/nova/nova/api/openstack/wsgi.py:936}}
Apr 05 11:33:56.812098 dv-cinder-834448-3-smb devstack@n-api.service[124215]: INFO nova.api.openstack.requestlog [None req-b5f96421-0a1f-4840-852f-3177db09bb14 tempest-VolumesNegativeTest-371490686 tempest-VolumesNegativeTest-371490686-project] 10.222.0.64 "POST /compute/v2.1/os-volumes" status: 400 len: 121 microversion: 2.1 time: 0.007790
Apr 05 11:33:56.812098 dv-cinder-834448-3-smb devstack@n-api.service[124215]: [pid: 124215|app: 0|req: 4/5] 10.222.0.64 () {60 vars in 1155 bytes} [Tue Apr 5 11:33:56 2022] POST /compute/v2.1/os-volumes => generated 121 bytes in 11 msecs (HTTP/1.1 400) 9 headers in 381 bytes (1 switches on core 0)
Apr 05 11:33:56.823382 dv-cinder-834448-3-smb devstack@n-api.service[124215]: DEBUG nova.api.openstack.wsgi [None req-49472a79-e81a-4060-b4bf-78db70e23088 tempest-VolumesNegativeTest-371490686 tempest-VolumesNegativeTest-371490686-project] Calling method '.version_select at 0x7f25b192a790>' {{(pid=124215) _process_stack /opt/stack/nova/nova/api/openstack/wsgi.py:513}}
Apr 05 11:33:56.827286 dv-cinder-834448-3-smb devstack@n-api.service[124216]: DEBUG nova.quota [None req-79ec75ba-8417-47d2-a7d2-ea76465d4656 tempest-DeleteServersTestJSON-1605048093 tempest-DeleteServersTestJSON-1605048093-project] Getting quotas for project a0bad74095564718925c4ed12a901d4d. Resources: {'instances', 'cores', 'ram'} {{(pid=124216) _get_quotas /opt/stack/nova/nova/quota.py:393}}
Apr 05 11:33:56.836063 dv-cinder-834448-3-smb devstack@n-api.service[124216]: DEBUG nova.quota [None req-79ec75ba-8417-47d2-a7d2-ea76465d4656 tempest-DeleteServersTestJSON-1605048093 tempest-DeleteServersTestJSON-1605048093-project] Getting quotas for user 6f2cc688ac7249d3b188da0889aa7e38 and project a0bad74095564718925c4ed12a901d4d. Resources: {'instances', 'cores', 'ram'} {{(pid=124216) _get_quotas /opt/stack/nova/nova/quota.py:383}}
Apr 05 11:33:56.851955 dv-cinder-834448-3-smb devstack@n-api.service[124216]: DEBUG nova.compute.api [None req-79ec75ba-8417-47d2-a7d2-ea76465d4656 tempest-DeleteServersTestJSON-1605048093 tempest-DeleteServersTestJSON-1605048093-project] Going to run 1 instances... {{(pid=124216) _provision_instances /opt/stack/nova/nova/compute/api.py:1389}}
Apr 05 11:33:56.856180 dv-cinder-834448-3-smb devstack@n-api.service[124216]: DEBUG nova.compute.api [None req-79ec75ba-8417-47d2-a7d2-ea76465d4656 tempest-DeleteServersTestJSON-1605048093 tempest-DeleteServersTestJSON-1605048093-project] [instance: e89810f2-1549-42cd-b51c-c0cd9d43165f] block_device_mapping [BlockDeviceMapping(attachment_id=,boot_index=0,connection_info=None,created_at=,delete_on_termination=True,deleted=,deleted_at=,destination_type='local',device_name=None,device_type='disk',disk_bus=None,guest_format=None,id=,image_id='9677afd4-ed38-456b-a6d2-b25b08ef2a38',instance=,instance_uuid=,no_device=False,snapshot_id=None,source_type='image',tag=None,updated_at=,uuid=,volume_id=None,volume_size=None,volume_type=None)] {{(pid=124216) _bdm_validate_set_size_and_instance /opt/stack/nova/nova/compute/api.py:1807}}
Apr 05 11:33:56.872157 dv-cinder-834448-3-smb devstack@n-api.service[124215]: INFO nova.api.openstack.wsgi [None req-49472a79-e81a-4060-b4bf-78db70e23088 tempest-VolumesNegativeTest-371490686 tempest-VolumesNegativeTest-371490686-project] HTTP exception thrown: Volume tempest-invalid-2059160027 could not be found.
Apr 05 11:33:56.878585 dv-cinder-834448-3-smb devstack@n-api.service[124215]: DEBUG nova.api.openstack.wsgi [None req-49472a79-e81a-4060-b4bf-78db70e23088 tempest-VolumesNegativeTest-371490686 tempest-VolumesNegativeTest-371490686-project] Returning 404 to user: Volume tempest-invalid-2059160027 could not be found. {{(pid=124215) __call__ /opt/stack/nova/nova/api/openstack/wsgi.py:936}}
Apr 05 11:33:56.878585 dv-cinder-834448-3-smb devstack@n-api.service[124215]: INFO nova.api.openstack.requestlog [None req-49472a79-e81a-4060-b4bf-78db70e23088 tempest-VolumesNegativeTest-371490686 tempest-VolumesNegativeTest-371490686-project] 10.222.0.64 "DELETE /compute/v2.1/os-volumes/tempest-invalid-2059160027" status: 404 len: 99 microversion: 2.1 time: 0.054743
Apr 05 11:33:56.878585 dv-cinder-834448-3-smb devstack@n-api.service[124215]: [pid: 124215|app: 0|req: 5/6] 10.222.0.64 () {58 vars in 1217 bytes} [Tue Apr 5 11:33:56 2022] DELETE /compute/v2.1/os-volumes/tempest-invalid-2059160027 => generated 99 bytes in 56 msecs (HTTP/1.1 404) 9 headers in 378 bytes (2 switches on core 0)
Apr 05 11:33:56.883862 dv-cinder-834448-3-smb devstack@n-api.service[124215]: INFO nova.api.openstack.requestlog [None req-9a17758f-3716-4b2b-b401-e582b3a593ee tempest-VolumesNegativeTest-371490686 tempest-VolumesNegativeTest-371490686-project] 10.222.0.64 "DELETE /compute/v2.1/os-volumes/" status: 404 len: 112 microversion: - time: 0.003781
Apr 05 11:33:56.884391 dv-cinder-834448-3-smb devstack@n-api.service[124215]: [pid: 124215|app: 0|req: 6/7] 10.222.0.64 () {58 vars in 1139 bytes} [Tue Apr 5 11:33:56 2022] DELETE /compute/v2.1/os-volumes/ => generated 112 bytes in 5 msecs (HTTP/1.1 404) 5 headers in 228 bytes (2 switches on core 0)
Apr 05 11:33:56.897730 dv-cinder-834448-3-smb devstack@n-api.service[124215]: INFO nova.api.openstack.requestlog [None req-9b76cb67-4ae7-47a4-87af-1790025783b5 tempest-VolumesNegativeTest-371490686 tempest-VolumesNegativeTest-371490686-project] 10.222.0.64 "GET /compute/v2.1/os-volumes/" status: 404 len: 112 microversion: - time: 0.004870
Apr 05 11:33:56.903904 dv-cinder-834448-3-smb devstack@n-api.service[124215]: [pid: 124215|app: 0|req: 7/8] 10.222.0.64 () {58 vars in 1136 bytes} [Tue Apr 5 11:33:56 2022] GET /compute/v2.1/os-volumes/ => generated 112 bytes in 13 msecs (HTTP/1.1 404) 5 headers in 228 bytes (1 switches on core 0)
Apr 05 11:33:56.911250 dv-cinder-834448-3-smb devstack@n-api.service[124215]: DEBUG nova.api.openstack.wsgi [None req-71c3c480-23c0-4397-9135-f9cdb0acbb74 tempest-VolumesNegativeTest-371490686 tempest-VolumesNegativeTest-371490686-project] Calling method '.version_select at 0x7f25b1919820>' {{(pid=124215) _process_stack /opt/stack/nova/nova/api/openstack/wsgi.py:513}}
Apr 05 11:33:56.960223 dv-cinder-834448-3-smb devstack@n-api.service[124215]: INFO nova.api.openstack.wsgi [None req-71c3c480-23c0-4397-9135-f9cdb0acbb74 tempest-VolumesNegativeTest-371490686 tempest-VolumesNegativeTest-371490686-project] HTTP exception thrown: Volume dd4c39c0-0d73-4bf6-b048-6b5dc3d26eef could not be found.
Apr 05 11:33:56.961155 dv-cinder-834448-3-smb devstack@n-api.service[124215]: DEBUG nova.api.openstack.wsgi [None req-71c3c480-23c0-4397-9135-f9cdb0acbb74 tempest-VolumesNegativeTest-371490686 tempest-VolumesNegativeTest-371490686-project] Returning 404 to user: Volume dd4c39c0-0d73-4bf6-b048-6b5dc3d26eef could not be found. {{(pid=124215) __call__ /opt/stack/nova/nova/api/openstack/wsgi.py:936}}
Apr 05 11:33:56.973672 dv-cinder-834448-3-smb devstack@n-api.service[124215]: INFO nova.api.openstack.requestlog [None req-71c3c480-23c0-4397-9135-f9cdb0acbb74 tempest-VolumesNegativeTest-371490686 tempest-VolumesNegativeTest-371490686-project] 10.222.0.64 "DELETE /compute/v2.1/os-volumes/dd4c39c0-0d73-4bf6-b048-6b5dc3d26eef" status: 404 len: 109 microversion: 2.1 time: 0.060400
Apr 05 11:33:56.973672 dv-cinder-834448-3-smb devstack@n-api.service[124215]: [pid: 124215|app: 0|req: 8/9] 10.222.0.64 () {58 vars in 1247 bytes} [Tue Apr 5 11:33:56 2022] DELETE /compute/v2.1/os-volumes/dd4c39c0-0d73-4bf6-b048-6b5dc3d26eef => generated 109 bytes in 62 msecs (HTTP/1.1 404) 9 headers in 379 bytes (1 switches on core 0)
Apr 05 11:33:56.978871 dv-cinder-834448-3-smb devstack@n-api.service[124215]: DEBUG nova.api.openstack.wsgi [None req-53a329da-3432-4f14-9146-18dbafbc44c8 tempest-VolumesNegativeTest-371490686 tempest-VolumesNegativeTest-371490686-project] Calling method '.version_select at 0x7f25b1919280>' {{(pid=124215) _process_stack /opt/stack/nova/nova/api/openstack/wsgi.py:513}}
Apr 05 11:33:57.032106 dv-cinder-834448-3-smb devstack@n-api.service[124215]: INFO nova.api.openstack.wsgi [None req-53a329da-3432-4f14-9146-18dbafbc44c8 tempest-VolumesNegativeTest-371490686 tempest-VolumesNegativeTest-371490686-project] HTTP exception thrown: Volume 5fb8a785-2abf-4da5-9c57-ea3bef51fe30 could not be found.
Apr 05 11:33:57.032730 dv-cinder-834448-3-smb devstack@n-api.service[124215]: DEBUG nova.api.openstack.wsgi [None req-53a329da-3432-4f14-9146-18dbafbc44c8 tempest-VolumesNegativeTest-371490686 tempest-VolumesNegativeTest-371490686-project] Returning 404 to user: Volume 5fb8a785-2abf-4da5-9c57-ea3bef51fe30 could not be found. {{(pid=124215) __call__ /opt/stack/nova/nova/api/openstack/wsgi.py:936}}
Apr 05 11:33:57.033570 dv-cinder-834448-3-smb devstack@n-api.service[124215]: INFO nova.api.openstack.requestlog [None req-53a329da-3432-4f14-9146-18dbafbc44c8 tempest-VolumesNegativeTest-371490686 tempest-VolumesNegativeTest-371490686-project] 10.222.0.64 "GET /compute/v2.1/os-volumes/5fb8a785-2abf-4da5-9c57-ea3bef51fe30" status: 404 len: 109 microversion: 2.1 time: 0.058615
Apr 05 11:33:57.034074 dv-cinder-834448-3-smb devstack@n-api.service[124215]: [pid: 124215|app: 0|req: 9/10] 10.222.0.64 () {58 vars in 1244 bytes} [Tue Apr 5 11:33:56 2022] GET /compute/v2.1/os-volumes/5fb8a785-2abf-4da5-9c57-ea3bef51fe30 => generated 109 bytes in 60 msecs (HTTP/1.1 404) 9 headers in 379 bytes (2 switches on core 0)
Apr 05 11:33:57.067745 dv-cinder-834448-3-smb devstack@n-api.service[124216]: INFO nova.api.openstack.requestlog [None req-79ec75ba-8417-47d2-a7d2-ea76465d4656 tempest-DeleteServersTestJSON-1605048093 tempest-DeleteServersTestJSON-1605048093-project] 10.222.0.64 "POST /compute/v2.1/servers" status: 202 len: 380 microversion: 2.1 time: 1.873698
Apr 05 11:33:57.069069 dv-cinder-834448-3-smb devstack@n-api.service[124216]: [pid: 124216|app: 0|req: 2/11] 10.222.0.64 () {60 vars in 1146 bytes} [Tue Apr 5 11:33:55 2022] POST /compute/v2.1/servers => generated 380 bytes in 1876 msecs (HTTP/1.1 202) 10 headers in 451 bytes (1 switches on core 0)
Apr 05 11:33:57.079179 dv-cinder-834448-3-smb devstack@n-api.service[124215]: DEBUG nova.api.openstack.wsgi [None req-30e24128-529e-4560-88d8-80d9a4d48dcf tempest-DeleteServersTestJSON-1605048093 tempest-DeleteServersTestJSON-1605048093-project] Calling method '>' {{(pid=124215) _process_stack /opt/stack/nova/nova/api/openstack/wsgi.py:513}}
Apr 05 11:33:57.080237 dv-cinder-834448-3-smb devstack@n-api.service[124215]: DEBUG nova.compute.api [None req-30e24128-529e-4560-88d8-80d9a4d48dcf tempest-DeleteServersTestJSON-1605048093 tempest-DeleteServersTestJSON-1605048093-project] [instance: e89810f2-1549-42cd-b51c-c0cd9d43165f] Fetching instance by UUID {{(pid=124215) get /opt/stack/nova/nova/compute/api.py:2918}}
