Apr 05 11:34:47.323303 dv-cinder-834448-3-iscsi neutron-server[103946]: INFO neutron.wsgi [req-29522582-3406-4ef8-9ecc-bba2e1f4773d req-6082c811-0326-4331-98ca-09afe6f2d463 service neutron] 10.222.0.57 "GET /v2.0/ports?tenant_id=233d90e8ff5e4e72ad93b7b8123f9648&device_id=5f678de2-5855-469b-8c6f-c89816e9b30e HTTP/1.1" status: 200 len: 1130 time: 0.0508313
Apr 05 11:34:47.325254 dv-cinder-834448-3-iscsi neutron-server[103948]: DEBUG neutron.plugins.ml2.plugin [None req-ebff4c64-a140-4db5-8a47-9a9234f69154 None None] Current status of the port 2fb694b4-1fdd-4b95-9ce5-859afbba5e16 is: DOWN; New status is: BUILD {{(pid=103948) _update_individual_port_db_status /opt/stack/neutron/neutron/plugins/ml2/plugin.py:2256}}
Apr 05 11:34:47.325719 dv-cinder-834448-3-iscsi neutron-server[103948]: DEBUG neutron_lib.callbacks.manager [None req-ebff4c64-a140-4db5-8a47-9a9234f69154 None None] Publish callbacks ['neutron.plugins.ml2.plugin.SecurityGroupDbMixin._ensure_default_security_group_handler-4162223'] for port (2fb694b4-1fdd-4b95-9ce5-859afbba5e16), before_update {{(pid=103948) _notify_loop /usr/local/lib/python3.8/dist-packages/neutron_lib/callbacks/manager.py:176}}
Apr 05 11:34:47.341355 dv-cinder-834448-3-iscsi neutron-server[103948]: DEBUG neutron.notifiers.nova [None req-ebff4c64-a140-4db5-8a47-9a9234f69154 None None] Ignoring state change previous_port_status: DOWN current_port_status: BUILD port_id 2fb694b4-1fdd-4b95-9ce5-859afbba5e16 {{(pid=103948) record_port_status_changed /opt/stack/neutron/neutron/notifiers/nova.py:233}}
Apr 05 11:34:47.364216 dv-cinder-834448-3-iscsi neutron-server[103948]: DEBUG neutron.plugins.ml2.db [None req-ebff4c64-a140-4db5-8a47-9a9234f69154 None None] For port 2fb694b4-1fdd-4b95-9ce5-859afbba5e16, host hv-cinder-83444, got binding levels [PortBindingLevel(driver='hyperv',host='hv-cinder-83444',level=0,port_id=2fb694b4-1fdd-4b95-9ce5-859afbba5e16,segment=NetworkSegment(92c3f0c6-d0ef-4292-a6a7-5f4e3c468994),segment_id=92c3f0c6-d0ef-4292-a6a7-5f4e3c468994)] {{(pid=103948) get_binding_level_objs /opt/stack/neutron/neutron/plugins/ml2/db.py:74}}
Apr 05 11:34:47.448395 dv-cinder-834448-3-iscsi neutron-server[103946]: DEBUG neutron.pecan_wsgi.hooks.policy_enforcement [req-29522582-3406-4ef8-9ecc-bba2e1f4773d req-4e6a37b8-f972-4ac1-9252-aceb2ae54a06 service neutron] Attributes excluded by policy engine: ['standard_attr_id', 'vlan_transparent'] {{(pid=103946) _exclude_attributes_by_policy /opt/stack/neutron/neutron/pecan_wsgi/hooks/policy_enforcement.py:255}}
Apr 05 11:34:47.450193 dv-cinder-834448-3-iscsi neutron-server[103946]: INFO neutron.wsgi [req-29522582-3406-4ef8-9ecc-bba2e1f4773d req-4e6a37b8-f972-4ac1-9252-aceb2ae54a06 service neutron] 10.222.0.57 "GET /v2.0/networks?id=e75e15ad-ea96-4c51-a99a-e2b235a6dca2 HTTP/1.1" status: 200 len: 917 time: 0.1177161
Apr 05 11:34:47.474962 dv-cinder-834448-3-iscsi neutron-server[103947]: DEBUG neutron.pecan_wsgi.hooks.policy_enforcement [req-57ab9c5e-4c99-404e-82e7-15e8afaec858 req-c410ff18-41d4-4b86-b8a5-aa67d5791883 service neutron] Attributes excluded by policy engine: ['standard_attr_id'] {{(pid=103947) _exclude_attributes_by_policy /opt/stack/neutron/neutron/pecan_wsgi/hooks/policy_enforcement.py:255}}
Apr 05 11:34:47.478270 dv-cinder-834448-3-iscsi neutron-server[103947]: INFO neutron.wsgi [req-57ab9c5e-4c99-404e-82e7-15e8afaec858 req-c410ff18-41d4-4b86-b8a5-aa67d5791883 service neutron] 10.222.0.57 "GET /v2.0/ports?tenant_id=6f6424cbfe534f7bb64b4e6653d31a06&device_id=fa16bad4-76dd-4c1b-860c-26cc38b192ef HTTP/1.1" status: 200 len: 1130 time: 0.1959295
Apr 05 11:34:47.483731 dv-cinder-834448-3-iscsi neutron-server[103947]: DEBUG neutron.pecan_wsgi.hooks.policy_enforcement [req-6dcdc2a4-071b-405b-ae60-bd9d59549872 req-9affeaef-0157-46c7-a131-5f4b3a9e3371 service neutron] Attributes excluded by policy engine: ['standard_attr_id', 'vlan_transparent'] {{(pid=103947) _exclude_attributes_by_policy /opt/stack/neutron/neutron/pecan_wsgi/hooks/policy_enforcement.py:255}}
Apr 05 11:34:47.485448 dv-cinder-834448-3-iscsi neutron-server[103947]: INFO neutron.wsgi [req-6dcdc2a4-071b-405b-ae60-bd9d59549872 req-9affeaef-0157-46c7-a131-5f4b3a9e3371 service neutron] 10.222.0.57 "GET /v2.0/networks?tenant_id=d629246f6ced4cc8b75399b7a0723868&shared=False HTTP/1.1" status: 200 len: 915 time: 0.2224779
Apr 05 11:34:47.493082 dv-cinder-834448-3-iscsi neutron-server[103948]: DEBUG neutron_lib.callbacks.manager [None req-ebff4c64-a140-4db5-8a47-9a9234f69154 None None] Publish callbacks ['neutron.plugins.ml2.plugin.SecurityGroupServerNotifierRpcMixin._notify_sg_on_port_change-4162156', 'neutron.plugins.ml2.ovo_rpc._ObjectChangeHandler.handle_event-396943', 'neutron.api.rpc.agentnotifiers.dhcp_rpc_agent_api.DhcpAgentNotifyAPI._native_event_send_dhcp_notification-630922', 'neutron.db.l3_db.L3RpcNotifierMixin._notify_gateway_port_ip_changed-8790227088662', 'neutron.db.l3_dvrscheduler_db._notify_l3_agent_port_update-8790226512150', 'neutron.db.l3_hascheduler_db._notify_l3_agent_ha_port_update-8790226512168'] for port (2fb694b4-1fdd-4b95-9ce5-859afbba5e16), after_update {{(pid=103948) _notify_loop /usr/local/lib/python3.8/dist-packages/neutron_lib/callbacks/manager.py:176}}
Apr 05 11:34:47.549231 dv-cinder-834448-3-iscsi neutron-server[103948]: DEBUG neutron.api.rpc.handlers.resources_rpc [None req-ebff4c64-a140-4db5-8a47-9a9234f69154 None None] Pushing event updated for resources: {'Port': ['ID=2fb694b4-1fdd-4b95-9ce5-859afbba5e16,revision_number=4']} {{(pid=103948) push /opt/stack/neutron/neutron/api/rpc/handlers/resources_rpc.py:237}}
Apr 05 11:34:47.558137 dv-cinder-834448-3-iscsi neutron-server[103948]: DEBUG neutron.api.rpc.callbacks.version_manager [None req-ebff4c64-a140-4db5-8a47-9a9234f69154 None None] Version for resource type AddressGroup changed None to 1.2 on consumer Open vSwitch agent@dv-cinder-834448-3-iscsi {{(pid=103948) _set_version /opt/stack/neutron/neutron/api/rpc/callbacks/version_manager.py:113}}
Apr 05 11:34:47.558488 dv-cinder-834448-3-iscsi neutron-server[103948]: DEBUG neutron.api.rpc.callbacks.version_manager [None req-ebff4c64-a140-4db5-8a47-9a9234f69154 None None] Version for resource type Agent changed None to 1.1 on consumer Open vSwitch agent@dv-cinder-834448-3-iscsi {{(pid=103948) _set_version /opt/stack/neutron/neutron/api/rpc/callbacks/version_manager.py:113}}
Apr 05 11:34:47.558851 dv-cinder-834448-3-iscsi neutron-server[103948]: DEBUG neutron.api.rpc.callbacks.version_manager [None req-ebff4c64-a140-4db5-8a47-9a9234f69154 None None] Version for resource type ConntrackHelper changed None to 1.0 on consumer Open vSwitch agent@dv-cinder-834448-3-iscsi {{(pid=103948) _set_version /opt/stack/neutron/neutron/api/rpc/callbacks/version_manager.py:113}}
Apr 05 11:34:47.559208 dv-cinder-834448-3-iscsi neutron-server[103948]: DEBUG neutron.api.rpc.callbacks.version_manager [None req-ebff4c64-a140-4db5-8a47-9a9234f69154 None None] Version for resource type LocalIPAssociation changed None to 1.0 on consumer Open vSwitch agent@dv-cinder-834448-3-iscsi {{(pid=103948) _set_version /opt/stack/neutron/neutron/api/rpc/callbacks/version_manager.py:113}}
Apr 05 11:34:47.559575 dv-cinder-834448-3-iscsi neutron-server[103948]: DEBUG neutron.api.rpc.callbacks.version_manager [None req-ebff4c64-a140-4db5-8a47-9a9234f69154 None None] Version for resource type Log changed None to 1.0 on consumer Open vSwitch agent@dv-cinder-834448-3-iscsi {{(pid=103948) _set_version /opt/stack/neutron/neutron/api/rpc/callbacks/version_manager.py:113}}
Apr 05 11:34:47.560928 dv-cinder-834448-3-iscsi neutron-server[103948]: DEBUG neutron.api.rpc.callbacks.version_manager [None req-ebff4c64-a140-4db5-8a47-9a9234f69154 None None] Version for resource type NDPProxy changed None to 1.0 on consumer Open vSwitch agent@dv-cinder-834448-3-iscsi {{(pid=103948) _set_version /opt/stack/neutron/neutron/api/rpc/callbacks/version_manager.py:113}}
Apr 05 11:34:47.561271 dv-cinder-834448-3-iscsi neutron-server[103948]: DEBUG neutron.api.rpc.callbacks.version_manager [None req-ebff4c64-a140-4db5-8a47-9a9234f69154 None None] Version for resource type Network changed None to 1.1 on consumer Open vSwitch agent@dv-cinder-834448-3-iscsi {{(pid=103948) _set_version /opt/stack/neutron/neutron/api/rpc/callbacks/version_manager.py:113}}
Apr 05 11:34:47.561603 dv-cinder-834448-3-iscsi neutron-server[103948]: DEBUG neutron.api.rpc.callbacks.version_manager [None req-ebff4c64-a140-4db5-8a47-9a9234f69154 None None] Version for resource type Port changed None to 1.7 on consumer Open vSwitch agent@dv-cinder-834448-3-iscsi {{(pid=103948) _set_version /opt/stack/neutron/neutron/api/rpc/callbacks/version_manager.py:113}}
Apr 05 11:34:47.561966 dv-cinder-834448-3-iscsi neutron-server[103948]: DEBUG neutron.api.rpc.callbacks.version_manager [None req-ebff4c64-a140-4db5-8a47-9a9234f69154 None None] Version for resource type PortForwarding changed None to 1.3 on consumer Open vSwitch agent@dv-cinder-834448-3-iscsi {{(pid=103948) _set_version /opt/stack/neutron/neutron/api/rpc/callbacks/version_manager.py:113}}
Apr 05 11:34:47.562310 dv-cinder-834448-3-iscsi neutron-server[103948]: DEBUG neutron.api.rpc.callbacks.version_manager [None req-ebff4c64-a140-4db5-8a47-9a9234f69154 None None] Version for resource type QosPolicy changed None to 1.10 on consumer Open vSwitch agent@dv-cinder-834448-3-iscsi {{(pid=103948) _set_version /opt/stack/neutron/neutron/api/rpc/callbacks/version_manager.py:113}}
Apr 05 11:34:47.562639 dv-cinder-834448-3-iscsi neutron-server[103948]: DEBUG neutron.api.rpc.callbacks.version_manager [None req-ebff4c64-a140-4db5-8a47-9a9234f69154 None None] Version for resource type SecurityGroup changed None to 1.5 on consumer Open vSwitch agent@dv-cinder-834448-3-iscsi {{(pid=103948) _set_version /opt/stack/neutron/neutron/api/rpc/callbacks/version_manager.py:113}}
Apr 05 11:34:47.563233 dv-cinder-834448-3-iscsi neutron-server[103948]: DEBUG neutron.api.rpc.callbacks.version_manager [None req-ebff4c64-a140-4db5-8a47-9a9234f69154 None None] Version for resource type SecurityGroupRule changed None to 1.2 on consumer Open vSwitch agent@dv-cinder-834448-3-iscsi {{(pid=103948) _set_version /opt/stack/neutron/neutron/api/rpc/callbacks/version_manager.py:113}}
Apr 05 11:34:47.564027 dv-cinder-834448-3-iscsi neutron-server[103948]: DEBUG neutron.api.rpc.callbacks.version_manager [None req-ebff4c64-a140-4db5-8a47-9a9234f69154 None None] Version for resource type SubPort changed None to 1.0 on consumer Open vSwitch agent@dv-cinder-834448-3-iscsi {{(pid=103948) _set_version /opt/stack/neutron/neutron/api/rpc/callbacks/version_manager.py:113}}
Apr 05 11:34:47.564356 dv-cinder-834448-3-iscsi neutron-server[103948]: DEBUG neutron.api.rpc.callbacks.version_manager [None req-ebff4c64-a140-4db5-8a47-9a9234f69154 None None] Version for resource type Subnet changed None to 1.1 on consumer Open vSwitch agent@dv-cinder-834448-3-iscsi {{(pid=103948) _set_version /opt/stack/neutron/neutron/api/rpc/callbacks/version_manager.py:113}}
Apr 05 11:34:47.564681 dv-cinder-834448-3-iscsi neutron-server[103948]: DEBUG neutron.api.rpc.callbacks.version_manager [None req-ebff4c64-a140-4db5-8a47-9a9234f69154 None None] Version for resource type Trunk changed None to 1.1 on consumer Open vSwitch agent@dv-cinder-834448-3-iscsi {{(pid=103948) _set_version /opt/stack/neutron/neutron/api/rpc/callbacks/version_manager.py:113}}
Apr 05 11:34:47.580288 dv-cinder-834448-3-iscsi neutron-server[103946]: INFO neutron.wsgi [req-29522582-3406-4ef8-9ecc-bba2e1f4773d req-b27b9088-1e1b-42e7-91e5-ad5a7983b265 service neutron] 10.222.0.57 "GET /v2.0/floatingips?fixed_ip_address=172.20.0.14&port_id=abe1c734-1139-400d-ab81-735a015fd662 HTTP/1.1" status: 200 len: 1002 time: 0.1171560
Apr 05 11:34:47.633816 dv-cinder-834448-3-iscsi neutron-server[103946]: DEBUG neutron.pecan_wsgi.hooks.policy_enforcement [req-29522582-3406-4ef8-9ecc-bba2e1f4773d req-1fe50825-773e-4bfc-ae8e-e3afd1443df7 service neutron] Attributes excluded by policy engine: ['standard_attr_id', 'shared'] {{(pid=103946) _exclude_attributes_by_policy /opt/stack/neutron/neutron/pecan_wsgi/hooks/policy_enforcement.py:255}}
Apr 05 11:34:47.635314 dv-cinder-834448-3-iscsi neutron-server[103946]: INFO neutron.wsgi [req-29522582-3406-4ef8-9ecc-bba2e1f4773d req-1fe50825-773e-4bfc-ae8e-e3afd1443df7 service neutron] 10.222.0.57 "GET /v2.0/subnets?id=79697ad3-6090-4136-9658-d9efe2412d4b HTTP/1.1" status: 200 len: 855 time: 0.0481396
Apr 05 11:34:47.688722 dv-cinder-834448-3-iscsi neutron-server[103946]: DEBUG neutron.pecan_wsgi.hooks.policy_enforcement [req-29522582-3406-4ef8-9ecc-bba2e1f4773d req-aaa2c96a-f71f-4655-82cd-80021309d0e5 service neutron] Attributes excluded by policy engine: ['standard_attr_id'] {{(pid=103946) _exclude_attributes_by_policy /opt/stack/neutron/neutron/pecan_wsgi/hooks/policy_enforcement.py:255}}
Apr 05 11:34:47.690622 dv-cinder-834448-3-iscsi neutron-server[103946]: INFO neutron.wsgi [req-29522582-3406-4ef8-9ecc-bba2e1f4773d req-aaa2c96a-f71f-4655-82cd-80021309d0e5 service neutron] 10.222.0.57 "GET /v2.0/ports?network_id=e75e15ad-ea96-4c51-a99a-e2b235a6dca2&device_owner=network%3Adhcp HTTP/1.1" status: 200 len: 1212 time: 0.0484126
Apr 05 11:34:47.778740 dv-cinder-834448-3-iscsi neutron-server[103947]: DEBUG neutron.pecan_wsgi.hooks.policy_enforcement [req-57ab9c5e-4c99-404e-82e7-15e8afaec858 req-0b087358-732a-45f5-b69b-4b87480fe553 service neutron] Attributes excluded by policy engine: ['standard_attr_id', 'vlan_transparent'] {{(pid=103947) _exclude_attributes_by_policy /opt/stack/neutron/neutron/pecan_wsgi/hooks/policy_enforcement.py:255}}
Apr 05 11:34:47.780349 dv-cinder-834448-3-iscsi neutron-server[103947]: INFO neutron.wsgi [req-57ab9c5e-4c99-404e-82e7-15e8afaec858 req-0b087358-732a-45f5-b69b-4b87480fe553 service neutron] 10.222.0.57 "GET /v2.0/networks?id=f9525c86-10c8-497e-a632-56ef24ce13c6 HTTP/1.1" status: 200 len: 912 time: 0.2709439
Apr 05 11:34:47.814674 dv-cinder-834448-3-iscsi neutron-server[103947]: DEBUG neutron.pecan_wsgi.hooks.policy_enforcement [req-6dcdc2a4-071b-405b-ae60-bd9d59549872 req-90f6141c-92c8-4fc2-9733-3c1f814dd870 service neutron] Attributes excluded by policy engine: ['standard_attr_id', 'vlan_transparent'] {{(pid=103947) _exclude_attributes_by_policy /opt/stack/neutron/neutron/pecan_wsgi/hooks/policy_enforcement.py:255}}
Apr 05 11:34:47.816893 dv-cinder-834448-3-iscsi neutron-server[103947]: INFO neutron.wsgi [req-6dcdc2a4-071b-405b-ae60-bd9d59549872 req-90f6141c-92c8-4fc2-9733-3c1f814dd870 service neutron] 10.222.0.57 "GET /v2.0/networks?shared=True HTTP/1.1" status: 200 len: 870 time: 0.3238320
Apr 05 11:34:47.855349 dv-cinder-834448-3-iscsi neutron-server[103947]: DEBUG neutron.pecan_wsgi.hooks.policy_enforcement [req-0298b974-65e2-456c-840d-f9e12d825b69 req-19f8eafe-fc6b-42df-b263-b0ced46684b4 tempest-ServerRescueNegativeTestJSON-2033827868 tempest-ServerRescueNegativeTestJSON-2033827868-project] Attributes excluded by policy engine: ['standard_attr_id', 'binding:profile', 'binding:host_id', 'binding:vif_type', 'binding:vif_details'] {{(pid=103947) _exclude_attributes_by_policy /opt/stack/neutron/neutron/pecan_wsgi/hooks/policy_enforcement.py:255}}
Apr 05 11:34:47.856184 dv-cinder-834448-3-iscsi neutron-server[103947]: INFO neutron.wsgi [req-0298b974-65e2-456c-840d-f9e12d825b69 req-19f8eafe-fc6b-42df-b263-b0ced46684b4 tempest-ServerRescueNegativeTestJSON-2033827868 tempest-ServerRescueNegativeTestJSON-2033827868-project] 10.222.0.60 "GET /v2.0/ports?device_id=e2fd886b-f0e3-4596-bdec-cdfa852af6a3 HTTP/1.1" status: 200 len: 944 time: 0.2586405
Apr 05 11:34:47.860372 dv-cinder-834448-3-iscsi neutron-server[103947]: INFO neutron.wsgi [req-57ab9c5e-4c99-404e-82e7-15e8afaec858 req-6b4666f4-9c98-4591-9f29-e61a8c533725 service neutron] 10.222.0.57 "GET /v2.0/floatingips?fixed_ip_address=172.20.0.11&port_id=cef96bf1-0c42-42f7-a9fa-681679365ad3 HTTP/1.1" status: 200 len: 217 time: 0.0616043
Apr 05 11:34:47.875904 dv-cinder-834448-3-iscsi neutron-server[103946]: INFO neutron.wsgi [req-29522582-3406-4ef8-9ecc-bba2e1f4773d req-28126b3b-fcd5-442e-ac95-f16321cc3b73 service neutron] 10.222.0.57 "GET /v2.0/networks/e75e15ad-ea96-4c51-a99a-e2b235a6dca2?fields=segments HTTP/1.1" status: 200 len: 212 time: 0.1528573
Apr 05 11:34:47.889067 dv-cinder-834448-3-iscsi neutron-server[103947]: DEBUG neutron.pecan_wsgi.hooks.policy_enforcement [req-8a775b06-5692-4841-b7ab-90bad32fee7e req-70384aa7-9717-47c4-870e-04b5cb9028a2 service neutron] Attributes excluded by policy engine: ['standard_attr_id'] {{(pid=103947) _exclude_attributes_by_policy /opt/stack/neutron/neutron/pecan_wsgi/hooks/policy_enforcement.py:255}}
Apr 05 11:34:47.890572 dv-cinder-834448-3-iscsi neutron-server[103947]: INFO neutron.wsgi [req-8a775b06-5692-4841-b7ab-90bad32fee7e req-70384aa7-9717-47c4-870e-04b5cb9028a2 service neutron] 10.222.0.57 "GET /v2.0/ports?device_id=22f8790e-86d5-4392-8b87-74f29cb57aa1 HTTP/1.1" status: 200 len: 1130 time: 0.1388352
Apr 05 11:34:47.959615 dv-cinder-834448-3-iscsi neutron-server[103947]: INFO neutron.wsgi [req-0298b974-65e2-456c-840d-f9e12d825b69 req-5e63fbf8-d653-4c19-a341-432106a37b50 tempest-ServerRescueNegativeTestJSON-2033827868 tempest-ServerRescueNegativeTestJSON-2033827868-project] 10.222.0.60 "GET /v2.0/security-groups?id=c5c84343-cd8b-4570-97ac-8cf50824efb2&fields=id&fields=name HTTP/1.1" status: 200 len: 286 time: 0.0931959
Apr 05 11:34:47.965325 dv-cinder-834448-3-iscsi neutron-server[103948]: DEBUG neutron.plugins.ml2.db [None req-ebff4c64-a140-4db5-8a47-9a9234f69154 None None] get_ports_and_sgs() called for port_ids ['2fb694b4-1fdd-4b95-9ce5-859afbba5e16'] {{(pid=103948) get_ports_and_sgs /opt/stack/neutron/neutron/plugins/ml2/db.py:156}}
Apr 05 11:34:48.010382 dv-cinder-834448-3-iscsi neutron-server[103947]: DEBUG neutron.pecan_wsgi.hooks.policy_enforcement [req-57ab9c5e-4c99-404e-82e7-15e8afaec858 req-faa47a00-4838-4c65-a5ce-b9f510fe4e12 service neutron] Attributes excluded by policy engine: ['standard_attr_id', 'shared'] {{(pid=103947) _exclude_attributes_by_policy /opt/stack/neutron/neutron/pecan_wsgi/hooks/policy_enforcement.py:255}}
Apr 05 11:34:48.012233 dv-cinder-834448-3-iscsi neutron-server[103947]: INFO neutron.wsgi [req-57ab9c5e-4c99-404e-82e7-15e8afaec858 req-faa47a00-4838-4c65-a5ce-b9f510fe4e12 service neutron] 10.222.0.57 "GET /v2.0/subnets?id=8bb69f7a-e479-4032-94ea-1da7d0b9786f HTTP/1.1" status: 200 len: 851 time: 0.1015325
Apr 05 11:34:48.012468 dv-cinder-834448-3-iscsi neutron-server[103946]: INFO neutron.wsgi [req-29522582-3406-4ef8-9ecc-bba2e1f4773d req-f64483bd-47c9-4e6f-9644-63fc6f80d8b5 service neutron] 10.222.0.57 "GET /v2.0/networks/e75e15ad-ea96-4c51-a99a-e2b235a6dca2?fields=provider%3Aphysical_network&fields=provider%3Anetwork_type HTTP/1.1" status: 200 len: 281 time: 0.1029487
Apr 05 11:34:48.038110 dv-cinder-834448-3-iscsi neutron-server[103947]: DEBUG neutron.pecan_wsgi.hooks.policy_enforcement [req-6b6c6abb-11af-4abf-903c-86c5db7edadc req-c45f535d-c2fc-4181-bbe5-064da936611d service neutron] Attributes excluded by policy engine: ['standard_attr_id'] {{(pid=103947) _exclude_attributes_by_policy /opt/stack/neutron/neutron/pecan_wsgi/hooks/policy_enforcement.py:255}}
Apr 05 11:34:48.038895 dv-cinder-834448-3-iscsi neutron-server[103947]: INFO neutron.wsgi [req-6b6c6abb-11af-4abf-903c-86c5db7edadc req-c45f535d-c2fc-4181-bbe5-064da936611d service neutron] 10.222.0.57 "GET /v2.0/ports?tenant_id=d629246f6ced4cc8b75399b7a0723868&device_id=78373594-67e2-4cfc-8b01-6417123e373b HTTP/1.1" status: 200 len: 1127 time: 0.1154494
Apr 05 11:34:48.042466 dv-cinder-834448-3-iscsi neutron-server[103947]: INFO neutron.wsgi [req-8a775b06-5692-4841-b7ab-90bad32fee7e req-c2c36fd8-e1a2-4e72-8533-5757d78f3ec9 service neutron] 10.222.0.57 "GET /v2.0/security-groups?id=c5c84343-cd8b-4570-97ac-8cf50824efb2&fields=id&fields=name HTTP/1.1" status: 200 len: 286 time: 0.1198928
Apr 05 11:34:48.077560 dv-cinder-834448-3-iscsi neutron-server[103947]: INFO neutron.wsgi [req-57ab9c5e-4c99-404e-82e7-15e8afaec858 req-70a283cb-cdba-4862-b28b-b310d854ae12 service neutron] 10.222.0.57 "GET /v2.0/ports?network_id=f9525c86-10c8-497e-a632-56ef24ce13c6&device_owner=network%3Adhcp HTTP/1.1" status: 200 len: 210 time: 0.0273151
Apr 05 11:34:48.195164 dv-cinder-834448-3-iscsi neutron-server[103946]: DEBUG neutron.pecan_wsgi.hooks.policy_enforcement [req-bed19727-437e-4db1-83ac-e44e9335f7cb req-01911f3c-1a35-426d-bbd6-5726e18ab333 tempest-AttachVolumeNegativeTest-1940953974 tempest-AttachVolumeNegativeTest-1940953974-project] Attributes excluded by policy engine: ['standard_attr_id', 'binding:profile', 'binding:host_id', 'binding:vif_type', 'binding:vif_details'] {{(pid=103946) _exclude_attributes_by_policy /opt/stack/neutron/neutron/pecan_wsgi/hooks/policy_enforcement.py:255}}
Apr 05 11:34:48.196979 dv-cinder-834448-3-iscsi neutron-server[103946]: INFO neutron.wsgi [req-bed19727-437e-4db1-83ac-e44e9335f7cb req-01911f3c-1a35-426d-bbd6-5726e18ab333 tempest-AttachVolumeNegativeTest-1940953974 tempest-AttachVolumeNegativeTest-1940953974-project] 10.222.0.60 "GET /v2.0/ports?device_id=78373594-67e2-4cfc-8b01-6417123e373b HTTP/1.1" status: 200 len: 943 time: 0.0657520
Apr 05 11:34:48.248553 dv-cinder-834448-3-iscsi neutron-server[103946]: INFO neutron.wsgi [req-bed19727-437e-4db1-83ac-e44e9335f7cb req-58827726-372a-42da-99d8-5ac2b934b603 tempest-AttachVolumeNegativeTest-1940953974 tempest-AttachVolumeNegativeTest-1940953974-project] 10.222.0.60 "GET /v2.0/security-groups?id=3c451003-d71b-4be5-a35a-35bce60d10ff&fields=id&fields=name HTTP/1.1" status: 200 len: 313 time: 0.0450790
Apr 05 11:34:48.464344 dv-cinder-834448-3-iscsi neutron-server[103947]: INFO neutron.wsgi [req-6b6c6abb-11af-4abf-903c-86c5db7edadc req-9803655c-bd2f-407c-bb26-70d7d6e3bbf4 service neutron] 10.222.0.57 "GET /v2.0/floatingips?fixed_ip_address=172.20.0.6&port_id=9aac8d4b-83d8-4a48-87aa-17a88f5ed914 HTTP/1.1" status: 200 len: 217 time: 0.0432351
Apr 05 11:34:48.563501 dv-cinder-834448-3-iscsi neutron-server[103947]: DEBUG neutron.pecan_wsgi.hooks.policy_enforcement [req-6b6c6abb-11af-4abf-903c-86c5db7edadc req-000e412c-3088-477a-a424-acc2d1d8fb54 service neutron] Attributes excluded by policy engine: ['standard_attr_id', 'shared'] {{(pid=103947) _exclude_attributes_by_policy /opt/stack/neutron/neutron/pecan_wsgi/hooks/policy_enforcement.py:255}}
Apr 05 11:34:48.564929 dv-cinder-834448-3-iscsi neutron-server[103947]: INFO neutron.wsgi [req-6b6c6abb-11af-4abf-903c-86c5db7edadc req-000e412c-3088-477a-a424-acc2d1d8fb54 service neutron] 10.222.0.57 "GET /v2.0/subnets?id=5cd637a4-454f-44ef-8588-c6f33cdbe982 HTTP/1.1" status: 200 len: 853 time: 0.0890143
Apr 05 11:34:48.582613 dv-cinder-834448-3-iscsi neutron-server[103947]: INFO neutron.wsgi [req-57ab9c5e-4c99-404e-82e7-15e8afaec858 req-902b8749-a542-4e1e-bb47-7b555d4117f4 service neutron] 10.222.0.57 "GET /v2.0/networks/f9525c86-10c8-497e-a632-56ef24ce13c6?fields=segments HTTP/1.1" status: 200 len: 212 time: 0.1270766
Apr 05 11:34:49.035983 dv-cinder-834448-3-iscsi neutron-server[103948]: DEBUG neutron.plugins.ml2.rpc [None req-ebff4c64-a140-4db5-8a47-9a9234f69154 None None] Device 2fb694b4-1fdd-4b95-9ce5-859afbba5e16 up at agent hyperv_hv-cinder-83444 {{(pid=103948) update_device_up /opt/stack/neutron/neutron/plugins/ml2/rpc.py:296}}
Apr 05 11:34:49.093911 dv-cinder-834448-3-iscsi neutron-server[103947]: DEBUG neutron.pecan_wsgi.hooks.policy_enforcement [req-374cfeef-ea93-49d1-9583-bfb3fca586be req-6e989284-f723-4d13-8b05-cf4717dcf6ed tempest-ServerRescueNegativeTestJSON-2033827868 tempest-ServerRescueNegativeTestJSON-2033827868-project] Attributes excluded by policy engine: ['standard_attr_id', 'binding:profile', 'binding:host_id', 'binding:vif_type', 'binding:vif_details'] {{(pid=103947) _exclude_attributes_by_policy /opt/stack/neutron/neutron/pecan_wsgi/hooks/policy_enforcement.py:255}}
Apr 05 11:34:49.095295 dv-cinder-834448-3-iscsi neutron-server[103947]: INFO neutron.wsgi [req-374cfeef-ea93-49d1-9583-bfb3fca586be req-6e989284-f723-4d13-8b05-cf4717dcf6ed tempest-ServerRescueNegativeTestJSON-2033827868 tempest-ServerRescueNegativeTestJSON-2033827868-project] 10.222.0.60 "GET /v2.0/ports?device_id=e2fd886b-f0e3-4596-bdec-cdfa852af6a3 HTTP/1.1" status: 200 len: 944 time: 0.0559280
Apr 05 11:34:49.141765 dv-cinder-834448-3-iscsi neutron-server[103947]: INFO neutron.wsgi [req-374cfeef-ea93-49d1-9583-bfb3fca586be req-b8d85be6-0730-498f-83b2-989cdcdaafd4 tempest-ServerRescueNegativeTestJSON-2033827868 tempest-ServerRescueNegativeTestJSON-2033827868-project] 10.222.0.60 "GET /v2.0/security-groups?id=c5c84343-cd8b-4570-97ac-8cf50824efb2&fields=id&fields=name HTTP/1.1" status: 200 len: 286 time: 0.0402958
Apr 05 11:34:49.167059 dv-cinder-834448-3-iscsi neutron-server[103948]: DEBUG neutron.db.provisioning_blocks [None req-ebff4c64-a140-4db5-8a47-9a9234f69154 None None] Provisioning for port 2fb694b4-1fdd-4b95-9ce5-859afbba5e16 completed by entity L2. {{(pid=103948) provisioning_complete /opt/stack/neutron/neutron/db/provisioning_blocks.py:134}}
Apr 05 11:34:49.171371 dv-cinder-834448-3-iscsi neutron-server[103948]: DEBUG neutron.db.provisioning_blocks [None req-ebff4c64-a140-4db5-8a47-9a9234f69154 None None] Provisioning complete for port 2fb694b4-1fdd-4b95-9ce5-859afbba5e16 triggered by entity L2. {{(pid=103948) provisioning_complete /opt/stack/neutron/neutron/db/provisioning_blocks.py:140}}
Apr 05 11:34:49.171765 dv-cinder-834448-3-iscsi neutron-server[103948]: DEBUG neutron_lib.callbacks.manager [None req-ebff4c64-a140-4db5-8a47-9a9234f69154 None None] Publish callbacks ['neutron.plugins.ml2.plugin.Ml2Plugin._port_provisioned-3972078'] for port (2fb694b4-1fdd-4b95-9ce5-859afbba5e16), provisioning_complete {{(pid=103948) _notify_loop /usr/local/lib/python3.8/dist-packages/neutron_lib/callbacks/manager.py:176}}
Apr 05 11:34:49.274318 dv-cinder-834448-3-iscsi neutron-server[103948]: DEBUG neutron.plugins.ml2.plugin [None req-ebff4c64-a140-4db5-8a47-9a9234f69154 None None] Current status of the port 2fb694b4-1fdd-4b95-9ce5-859afbba5e16 is: BUILD; New status is: ACTIVE {{(pid=103948) _update_individual_port_db_status /opt/stack/neutron/neutron/plugins/ml2/plugin.py:2256}}
Apr 05 11:34:49.274786 dv-cinder-834448-3-iscsi neutron-server[103948]: DEBUG neutron_lib.callbacks.manager [None req-ebff4c64-a140-4db5-8a47-9a9234f69154 None None] Publish callbacks ['neutron.plugins.ml2.plugin.SecurityGroupDbMixin._ensure_default_security_group_handler-4162223'] for port (2fb694b4-1fdd-4b95-9ce5-859afbba5e16), before_update {{(pid=103948) _notify_loop /usr/local/lib/python3.8/dist-packages/neutron_lib/callbacks/manager.py:176}}
Apr 05 11:34:49.305177 dv-cinder-834448-3-iscsi neutron-server[103948]: DEBUG neutron.notifiers.nova [-] Sending events: [{'server_uuid': 'e2fd886b-f0e3-4596-bdec-cdfa852af6a3', 'name': 'network-vif-plugged', 'status': 'completed', 'tag': '2fb694b4-1fdd-4b95-9ce5-859afbba5e16'}] {{(pid=103948) send_events /opt/stack/neutron/neutron/notifiers/nova.py:271}}
Apr 05 11:34:49.307445 dv-cinder-834448-3-iscsi neutron-server[103948]: DEBUG novaclient.v2.client [-] REQ: curl -g -i --cacert "/opt/stack/data/ca-bundle.pem" -X POST http://10.222.0.60/compute/v2.1/os-server-external-events -H "Accept: application/json" -H "Content-Type: application/json" -H "User-Agent: python-novaclient" -H "X-Auth-Token: {SHA256}9796b850d79ffb45f6299857611673a63ca7eaf7d24dd3e801da0c1cec390b81" -H "X-OpenStack-Nova-API-Version: 2.1" -H "X-OpenStack-Request-ID: req-012ccdf0-59b2-4cd9-9234-70d529603c33" -d '{"events": [{"server_uuid": "e2fd886b-f0e3-4596-bdec-cdfa852af6a3", "name": "network-vif-plugged", "status": "completed", "tag": "2fb694b4-1fdd-4b95-9ce5-859afbba5e16"}]}' {{(pid=103948) _http_log_request /usr/local/lib/python3.8/dist-packages/keystoneauth1/session.py:519}}
Apr 05 11:34:49.324184 dv-cinder-834448-3-iscsi neutron-server[103947]: DEBUG neutron.pecan_wsgi.hooks.policy_enforcement [req-6b6c6abb-11af-4abf-903c-86c5db7edadc req-0393f1a3-9f9c-4c20-a9fc-0c52e736a122 service neutron] Attributes excluded by policy engine: ['standard_attr_id'] {{(pid=103947) _exclude_attributes_by_policy /opt/stack/neutron/neutron/pecan_wsgi/hooks/policy_enforcement.py:255}}
Apr 05 11:34:49.325668 dv-cinder-834448-3-iscsi neutron-server[103947]: INFO neutron.wsgi [req-6b6c6abb-11af-4abf-903c-86c5db7edadc req-0393f1a3-9f9c-4c20-a9fc-0c52e736a122 service neutron] 10.222.0.57 "GET /v2.0/ports?network_id=83da91da-2a37-43a9-b807-df1a6d29d057&device_owner=network%3Adhcp HTTP/1.1" status: 200 len: 1212 time: 0.1279883
Apr 05 11:34:49.330222 dv-cinder-834448-3-iscsi neutron-server[103948]: DEBUG neutron.plugins.ml2.db [None req-ebff4c64-a140-4db5-8a47-9a9234f69154 None None] For port 2fb694b4-1fdd-4b95-9ce5-859afbba5e16, host hv-cinder-83444, got binding levels [PortBindingLevel(driver='hyperv',host='hv-cinder-83444',level=0,port_id=2fb694b4-1fdd-4b95-9ce5-859afbba5e16,segment=NetworkSegment(92c3f0c6-d0ef-4292-a6a7-5f4e3c468994),segment_id=92c3f0c6-d0ef-4292-a6a7-5f4e3c468994)] {{(pid=103948) get_binding_level_objs /opt/stack/neutron/neutron/plugins/ml2/db.py:74}}
Apr 05 11:34:49.350935 dv-cinder-834448-3-iscsi neutron-server[103948]: DEBUG novaclient.v2.client [-] RESP: [200] Connection: close Content-Length: 183 Content-Type: application/json Date: Tue, 05 Apr 2022 11:34:49 GMT OpenStack-API-Version: compute 2.1 Server: Apache/2.4.41 (Ubuntu) Vary: OpenStack-API-Version,X-OpenStack-Nova-API-Version X-OpenStack-Nova-API-Version: 2.1 x-compute-request-id: req-60ca9d07-ec6d-484b-b216-e763b7e6b3de x-openstack-request-id: req-60ca9d07-ec6d-484b-b216-e763b7e6b3de {{(pid=103948) _http_log_response /usr/local/lib/python3.8/dist-packages/keystoneauth1/session.py:550}}
Apr 05 11:34:49.351253 dv-cinder-834448-3-iscsi neutron-server[103948]: DEBUG novaclient.v2.client [-] RESP BODY: {"events": [{"server_uuid": "e2fd886b-f0e3-4596-bdec-cdfa852af6a3", "name": "network-vif-plugged", "status": "completed", "tag": "2fb694b4-1fdd-4b95-9ce5-859afbba5e16", "code": 200}]} {{(pid=103948) _http_log_response /usr/local/lib/python3.8/dist-packages/keystoneauth1/session.py:582}}
Apr 05 11:34:49.352308 dv-cinder-834448-3-iscsi neutron-server[103948]: DEBUG novaclient.v2.client [-] POST call to compute for http://10.222.0.60/compute/v2.1/os-server-external-events used request id req-60ca9d07-ec6d-484b-b216-e763b7e6b3de {{(pid=103948) request /usr/local/lib/python3.8/dist-packages/keystoneauth1/session.py:954}}
Apr 05 11:34:49.352308 dv-cinder-834448-3-iscsi neutron-server[103948]: INFO neutron.notifiers.nova [-] Nova event matching ['req-60ca9d07-ec6d-484b-b216-e763b7e6b3de'] response: {'server_uuid': 'e2fd886b-f0e3-4596-bdec-cdfa852af6a3', 'name': 'network-vif-plugged', 'status': 'completed', 'tag': '2fb694b4-1fdd-4b95-9ce5-859afbba5e16', 'code': 200}
Apr 05 11:34:49.352479 dv-cinder-834448-3-iscsi neutron-server[103947]: INFO neutron.wsgi [req-57ab9c5e-4c99-404e-82e7-15e8afaec858 req-597cd069-4042-4347-adc7-86af1a09762e service neutron] 10.222.0.57 "GET /v2.0/networks/f9525c86-10c8-497e-a632-56ef24ce13c6?fields=provider%3Aphysical_network&fields=provider%3Anetwork_type HTTP/1.1" status: 200 len: 281 time: 0.1559875
Apr 05 11:34:49.385227 dv-cinder-834448-3-iscsi neutron-server[103946]: DEBUG neutron.pecan_wsgi.hooks.policy_enforcement [req-e5b1555f-297d-4988-9bf1-3683f28ec4e4 req-af0595b8-695e-4c59-9be1-67e4cc033f52 tempest-AttachVolumeNegativeTest-1940953974 tempest-AttachVolumeNegativeTest-1940953974-project] Attributes excluded by policy engine: ['standard_attr_id', 'binding:profile', 'binding:host_id', 'binding:vif_type', 'binding:vif_details'] {{(pid=103946) _exclude_attributes_by_policy /opt/stack/neutron/neutron/pecan_wsgi/hooks/policy_enforcement.py:255}}
Apr 05 11:34:49.386779 dv-cinder-834448-3-iscsi neutron-server[103946]: INFO neutron.wsgi [req-e5b1555f-297d-4988-9bf1-3683f28ec4e4 req-af0595b8-695e-4c59-9be1-67e4cc033f52 tempest-AttachVolumeNegativeTest-1940953974 tempest-AttachVolumeNegativeTest-1940953974-project] 10.222.0.60 "GET /v2.0/ports?device_id=78373594-67e2-4cfc-8b01-6417123e373b HTTP/1.1" status: 200 len: 943 time: 0.0573587
Apr 05 11:34:49.436534 dv-cinder-834448-3-iscsi neutron-server[103946]: INFO neutron.wsgi [req-e5b1555f-297d-4988-9bf1-3683f28ec4e4 req-6eb1400c-8247-467d-b777-b3bbfd65f576 tempest-AttachVolumeNegativeTest-1940953974 tempest-AttachVolumeNegativeTest-1940953974-project] 10.222.0.60 "GET /v2.0/security-groups?id=3c451003-d71b-4be5-a35a-35bce60d10ff&fields=id&fields=name HTTP/1.1" status: 200 len: 313 time: 0.0440404
Apr 05 11:34:49.441518 dv-cinder-834448-3-iscsi neutron-server[103948]: DEBUG neutron_lib.callbacks.manager [None req-ebff4c64-a140-4db5-8a47-9a9234f69154 None None] Publish callbacks ['neutron.plugins.ml2.plugin.SecurityGroupServerNotifierRpcMixin._notify_sg_on_port_change-4162156', 'neutron.plugins.ml2.ovo_rpc._ObjectChangeHandler.handle_event-396943', 'neutron.api.rpc.agentnotifiers.dhcp_rpc_agent_api.DhcpAgentNotifyAPI._native_event_send_dhcp_notification-630922', 'neutron.db.l3_db.L3RpcNotifierMixin._notify_gateway_port_ip_changed-8790227088662', 'neutron.db.l3_dvrscheduler_db._notify_l3_agent_port_update-8790226512150', 'neutron.db.l3_hascheduler_db._notify_l3_agent_ha_port_update-8790226512168'] for port (2fb694b4-1fdd-4b95-9ce5-859afbba5e16), after_update {{(pid=103948) _notify_loop /usr/local/lib/python3.8/dist-packages/neutron_lib/callbacks/manager.py:176}}
Apr 05 11:34:49.492870 dv-cinder-834448-3-iscsi neutron-server[103948]: DEBUG neutron.api.rpc.handlers.resources_rpc [None req-ebff4c64-a140-4db5-8a47-9a9234f69154 None None] Pushing event updated for resources: {'Port': ['ID=2fb694b4-1fdd-4b95-9ce5-859afbba5e16,revision_number=5']} {{(pid=103948) push /opt/stack/neutron/neutron/api/rpc/handlers/resources_rpc.py:237}}
Apr 05 11:34:50.259720 dv-cinder-834448-3-iscsi neutron-server[103947]: DEBUG neutron.pecan_wsgi.hooks.policy_enforcement [req-3a412118-98de-40d3-9820-c60e2906b575 req-c5b3d835-0b7f-4257-9dea-3c0adecab55d tempest-ServerRescueNegativeTestJSON-2033827868 tempest-ServerRescueNegativeTestJSON-2033827868-project] Attributes excluded by policy engine: ['standard_attr_id', 'binding:profile', 'binding:host_id', 'binding:vif_type', 'binding:vif_details'] {{(pid=103947) _exclude_attributes_by_policy /opt/stack/neutron/neutron/pecan_wsgi/hooks/policy_enforcement.py:255}}
Apr 05 11:34:50.261247 dv-cinder-834448-3-iscsi neutron-server[103947]: INFO neutron.wsgi [req-3a412118-98de-40d3-9820-c60e2906b575 req-c5b3d835-0b7f-4257-9dea-3c0adecab55d tempest-ServerRescueNegativeTestJSON-2033827868 tempest-ServerRescueNegativeTestJSON-2033827868-project] 10.222.0.60 "GET /v2.0/ports?device_id=e2fd886b-f0e3-4596-bdec-cdfa852af6a3 HTTP/1.1" status: 200 len: 945 time: 0.0515027
Apr 05 11:34:50.315962 dv-cinder-834448-3-iscsi neutron-server[103947]: INFO neutron.wsgi [req-3a412118-98de-40d3-9820-c60e2906b575 req-f77d8505-0fda-4ba3-9153-838b2650a45e tempest-ServerRescueNegativeTestJSON-2033827868 tempest-ServerRescueNegativeTestJSON-2033827868-project] 10.222.0.60 "GET /v2.0/security-groups?id=c5c84343-cd8b-4570-97ac-8cf50824efb2&fields=id&fields=name HTTP/1.1" status: 200 len: 286 time: 0.0487649
Apr 05 11:34:50.556631 dv-cinder-834448-3-iscsi neutron-server[103946]: DEBUG neutron.pecan_wsgi.hooks.policy_enforcement [req-f081c3eb-35d2-4d94-b8dc-9ae00b68e49c req-59826e4f-7df3-4215-99fa-408b9e49ab5b tempest-AttachVolumeNegativeTest-1940953974 tempest-AttachVolumeNegativeTest-1940953974-project] Attributes excluded by policy engine: ['standard_attr_id', 'binding:profile', 'binding:host_id', 'binding:vif_type', 'binding:vif_details'] {{(pid=103946) _exclude_attributes_by_policy /opt/stack/neutron/neutron/pecan_wsgi/hooks/policy_enforcement.py:255}}
Apr 05 11:34:50.558151 dv-cinder-834448-3-iscsi neutron-server[103946]: INFO neutron.wsgi [req-f081c3eb-35d2-4d94-b8dc-9ae00b68e49c req-59826e4f-7df3-4215-99fa-408b9e49ab5b tempest-AttachVolumeNegativeTest-1940953974 tempest-AttachVolumeNegativeTest-1940953974-project] 10.222.0.60 "GET /v2.0/ports?device_id=78373594-67e2-4cfc-8b01-6417123e373b HTTP/1.1" status: 200 len: 943 time: 0.0542064
Apr 05 11:34:50.604881 dv-cinder-834448-3-iscsi neutron-server[103946]: INFO neutron.wsgi [req-f081c3eb-35d2-4d94-b8dc-9ae00b68e49c req-65dfe3b4-4b1c-41a1-b873-dea33c87d3a6 tempest-AttachVolumeNegativeTest-1940953974 tempest-AttachVolumeNegativeTest-1940953974-project] 10.222.0.60 "GET /v2.0/security-groups?id=3c451003-d71b-4be5-a35a-35bce60d10ff&fields=id&fields=name HTTP/1.1" status: 200 len: 313 time: 0.0412235
Apr 05 11:34:50.715314 dv-cinder-834448-3-iscsi neutron-server[103948]: DEBUG neutron_lib.callbacks.manager [None req-a3c4b99a-6cb9-4026-9ba5-c01be0ad7aff None None] Publish callbacks ['neutron.services.segments.db._update_segment_host_mapping_for_agent-8790226993255', 'neutron.plugins.ml2.plugin.Ml2Plugin._retry_binding_revived_agents-3971976'] for agent (ff7ab54e-9e52-4d39-b0bd-5012179edcc8), after_update {{(pid=103948) _notify_loop /usr/local/lib/python3.8/dist-packages/neutron_lib/callbacks/manager.py:176}}
Apr 05 11:34:51.011386 dv-cinder-834448-3-iscsi neutron-server[103946]: DEBUG neutron.wsgi [-] (103946) accepted ('10.222.0.60', 58912) {{(pid=103946) server /usr/local/lib/python3.8/dist-packages/eventlet/wsgi.py:1004}}
Apr 05 11:34:51.114076 dv-cinder-834448-3-iscsi neutron-server[103946]: DEBUG neutron_lib.callbacks.manager [None req-2833d1c0-e6d3-4e60-8a6e-4fdee27eadb7 admin admin] Publish callbacks [] for security_group (None), before_create {{(pid=103946) _notify_loop /usr/local/lib/python3.8/dist-packages/neutron_lib/callbacks/manager.py:176}}
Apr 05 11:34:51.190265 dv-cinder-834448-3-iscsi neutron-server[103946]: DEBUG neutron_lib.callbacks.manager [None req-2833d1c0-e6d3-4e60-8a6e-4fdee27eadb7 admin admin] Publish callbacks [] for security_group (f82ddc09-fee5-4622-8417-d406b5120c51), precommit_create {{(pid=103946) _notify_loop /usr/local/lib/python3.8/dist-packages/neutron_lib/callbacks/manager.py:176}}
Apr 05 11:34:51.257911 dv-cinder-834448-3-iscsi neutron-server[103946]: DEBUG neutron_lib.callbacks.manager [None req-2833d1c0-e6d3-4e60-8a6e-4fdee27eadb7 admin admin] Publish callbacks ['neutron.plugins.ml2.ovo_rpc._ObjectChangeHandler.handle_event-586484'] for security_group (f82ddc09-fee5-4622-8417-d406b5120c51), after_create {{(pid=103946) _notify_loop /usr/local/lib/python3.8/dist-packages/neutron_lib/callbacks/manager.py:176}}
Apr 05 11:34:51.296173 dv-cinder-834448-3-iscsi neutron-server[103946]: DEBUG neutron.api.rpc.handlers.resources_rpc [None req-2833d1c0-e6d3-4e60-8a6e-4fdee27eadb7 admin admin] Pushing event updated for resources: {'SecurityGroup': ['ID=f82ddc09-fee5-4622-8417-d406b5120c51,revision_number=1']} {{(pid=103946) push /opt/stack/neutron/neutron/api/rpc/handlers/resources_rpc.py:237}}
Apr 05 11:34:51.302652 dv-cinder-834448-3-iscsi neutron-server[103946]: INFO neutron.wsgi [None req-2833d1c0-e6d3-4e60-8a6e-4fdee27eadb7 admin admin] 10.222.0.60 "GET /v2.0/security-groups?tenant_id=36c8eb60c5e84773a3c1cee76ce30377&name=default HTTP/1.1" status: 200 len: 2996 time: 0.2894015
Apr 05 11:34:51.304741 dv-cinder-834448-3-iscsi neutron-server[103946]: DEBUG neutron.wsgi [-] (103946) accepted ('10.222.0.60', 58918) {{(pid=103946) server /usr/local/lib/python3.8/dist-packages/eventlet/wsgi.py:1004}}
Apr 05 11:34:51.355679 dv-cinder-834448-3-iscsi neutron-server[103946]: DEBUG neutron_lib.callbacks.manager [None req-c14427d4-844e-4e01-b3da-45aed3101265 admin admin] Publish callbacks [] for security_group (f82ddc09-fee5-4622-8417-d406b5120c51), before_delete {{(pid=103946) _notify_loop /usr/local/lib/python3.8/dist-packages/neutron_lib/callbacks/manager.py:176}}
Apr 05 11:34:51.377230 dv-cinder-834448-3-iscsi neutron-server[103946]: DEBUG neutron_lib.callbacks.manager [None req-c14427d4-844e-4e01-b3da-45aed3101265 admin admin] Publish callbacks [] for security_group (f82ddc09-fee5-4622-8417-d406b5120c51), precommit_delete {{(pid=103946) _notify_loop /usr/local/lib/python3.8/dist-packages/neutron_lib/callbacks/manager.py:176}}
Apr 05 11:34:51.436422 dv-cinder-834448-3-iscsi neutron-server[103947]: DEBUG neutron.pecan_wsgi.hooks.policy_enforcement [req-63c6f35f-e65f-4fcd-900e-3b497bbecfd2 req-c5097def-e730-4b00-840c-968903dd414f tempest-ServerRescueNegativeTestJSON-2033827868 tempest-ServerRescueNegativeTestJSON-2033827868-project] Attributes excluded by policy engine: ['standard_attr_id', 'binding:profile', 'binding:host_id', 'binding:vif_type', 'binding:vif_details'] {{(pid=103947) _exclude_attributes_by_policy /opt/stack/neutron/neutron/pecan_wsgi/hooks/policy_enforcement.py:255}}
Apr 05 11:34:51.437900 dv-cinder-834448-3-iscsi neutron-server[103947]: INFO neutron.wsgi [req-63c6f35f-e65f-4fcd-900e-3b497bbecfd2 req-c5097def-e730-4b00-840c-968903dd414f tempest-ServerRescueNegativeTestJSON-2033827868 tempest-ServerRescueNegativeTestJSON-2033827868-project] 10.222.0.60 "GET /v2.0/ports?device_id=e2fd886b-f0e3-4596-bdec-cdfa852af6a3 HTTP/1.1" status: 200 len: 945 time: 0.0508220
Apr 05 11:34:51.490278 dv-cinder-834448-3-iscsi neutron-server[103947]: INFO neutron.wsgi [req-63c6f35f-e65f-4fcd-900e-3b497bbecfd2 req-fa38bb50-7026-4cea-b544-4f1c7ff7bf9c tempest-ServerRescueNegativeTestJSON-2033827868 tempest-ServerRescueNegativeTestJSON-2033827868-project] 10.222.0.60 "GET /v2.0/security-groups?id=c5c84343-cd8b-4570-97ac-8cf50824efb2&fields=id&fields=name HTTP/1.1" status: 200 len: 286 time: 0.0459986
Apr 05 11:34:51.566903 dv-cinder-834448-3-iscsi neutron-server[103946]: DEBUG neutron_lib.callbacks.manager [None req-c14427d4-844e-4e01-b3da-45aed3101265 admin admin] Publish callbacks ['neutron.plugins.ml2.ovo_rpc._ObjectChangeHandler.handle_event-586484'] for security_group (f82ddc09-fee5-4622-8417-d406b5120c51), after_delete {{(pid=103946) _notify_loop /usr/local/lib/python3.8/dist-packages/neutron_lib/callbacks/manager.py:176}}
Apr 05 11:34:51.571399 dv-cinder-834448-3-iscsi neutron-server[103946]: DEBUG neutron_lib.callbacks.manager [None req-c14427d4-844e-4e01-b3da-45aed3101265 admin admin] Publish callbacks [] for security_group (None), before_response {{(pid=103946) _notify_loop /usr/local/lib/python3.8/dist-packages/neutron_lib/callbacks/manager.py:176}}
Apr 05 11:34:51.572610 dv-cinder-834448-3-iscsi neutron-server[103946]: INFO neutron.wsgi [None req-c14427d4-844e-4e01-b3da-45aed3101265 admin admin] 10.222.0.60 "DELETE /v2.0/security-groups/f82ddc09-fee5-4622-8417-d406b5120c51 HTTP/1.1" status: 204 len: 168 time: 0.2669454
Apr 05 11:34:51.581804 dv-cinder-834448-3-iscsi neutron-server[103946]: DEBUG neutron.api.rpc.handlers.resources_rpc [None req-c14427d4-844e-4e01-b3da-45aed3101265 admin admin] Pushing event deleted for resources: {'SecurityGroup': ['ID=f82ddc09-fee5-4622-8417-d406b5120c51,revision_number=None']} {{(pid=103946) push /opt/stack/neutron/neutron/api/rpc/handlers/resources_rpc.py:237}}
Apr 05 11:34:51.722622 dv-cinder-834448-3-iscsi neutron-server[103946]: DEBUG neutron.pecan_wsgi.hooks.policy_enforcement [req-69fea55d-d0b1-4683-8e12-3bb679a9ab9c req-3c4c12fe-583d-4ae8-9a16-852c57c24b19 tempest-AttachVolumeNegativeTest-1940953974 tempest-AttachVolumeNegativeTest-1940953974-project] Attributes excluded by policy engine: ['standard_attr_id', 'binding:profile', 'binding:host_id', 'binding:vif_type', 'binding:vif_details'] {{(pid=103946) _exclude_attributes_by_policy /opt/stack/neutron/neutron/pecan_wsgi/hooks/policy_enforcement.py:255}}
Apr 05 11:34:51.724347 dv-cinder-834448-3-iscsi neutron-server[103946]: INFO neutron.wsgi [req-69fea55d-d0b1-4683-8e12-3bb679a9ab9c req-3c4c12fe-583d-4ae8-9a16-852c57c24b19 tempest-AttachVolumeNegativeTest-1940953974 tempest-AttachVolumeNegativeTest-1940953974-project] 10.222.0.60 "GET /v2.0/ports?device_id=78373594-67e2-4cfc-8b01-6417123e373b HTTP/1.1" status: 200 len: 943 time: 0.0505486
Apr 05 11:34:51.779791 dv-cinder-834448-3-iscsi neutron-server[103946]: INFO neutron.wsgi [req-69fea55d-d0b1-4683-8e12-3bb679a9ab9c req-e2121256-6c69-422f-a24d-a503b0a14f23 tempest-AttachVolumeNegativeTest-1940953974 tempest-AttachVolumeNegativeTest-1940953974-project] 10.222.0.60 "GET /v2.0/security-groups?id=3c451003-d71b-4be5-a35a-35bce60d10ff&fields=id&fields=name HTTP/1.1" status: 200 len: 313 time: 0.0501940
Apr 05 11:34:52.291682 dv-cinder-834448-3-iscsi neutron-server[103946]: DEBUG neutron.wsgi [-] (103946) accepted ('10.222.0.60', 58934) {{(pid=103946) server /usr/local/lib/python3.8/dist-packages/eventlet/wsgi.py:1004}}
Apr 05 11:34:52.305713 dv-cinder-834448-3-iscsi neutron-server[103946]: DEBUG neutron_lib.callbacks.manager [None req-11963098-f85b-4a0c-b0c7-993e54c8526f admin admin] Publish callbacks [] for security_group (None), before_create {{(pid=103946) _notify_loop /usr/local/lib/python3.8/dist-packages/neutron_lib/callbacks/manager.py:176}}
Apr 05 11:34:52.380837 dv-cinder-834448-3-iscsi neutron-server[103946]: DEBUG neutron_lib.callbacks.manager [None req-11963098-f85b-4a0c-b0c7-993e54c8526f admin admin] Publish callbacks [] for security_group (11175f98-990f-4291-9971-d8ea8245bfe8), precommit_create {{(pid=103946) _notify_loop /usr/local/lib/python3.8/dist-packages/neutron_lib/callbacks/manager.py:176}}
Apr 05 11:34:52.452728 dv-cinder-834448-3-iscsi neutron-server[103946]: DEBUG neutron_lib.callbacks.manager [None req-11963098-f85b-4a0c-b0c7-993e54c8526f admin admin] Publish callbacks ['neutron.plugins.ml2.ovo_rpc._ObjectChangeHandler.handle_event-586484'] for security_group (11175f98-990f-4291-9971-d8ea8245bfe8), after_create {{(pid=103946) _notify_loop /usr/local/lib/python3.8/dist-packages/neutron_lib/callbacks/manager.py:176}}
Apr 05 11:34:52.490709 dv-cinder-834448-3-iscsi neutron-server[103946]: DEBUG neutron.api.rpc.handlers.resources_rpc [None req-11963098-f85b-4a0c-b0c7-993e54c8526f admin admin] Pushing event updated for resources: {'SecurityGroup': ['ID=11175f98-990f-4291-9971-d8ea8245bfe8,revision_number=1']} {{(pid=103946) push /opt/stack/neutron/neutron/api/rpc/handlers/resources_rpc.py:237}}
Apr 05 11:34:52.494831 dv-cinder-834448-3-iscsi neutron-server[103946]: INFO neutron.wsgi [None req-11963098-f85b-4a0c-b0c7-993e54c8526f admin admin] 10.222.0.60 "GET /v2.0/security-groups?tenant_id=089094cbcc2d48d0bd9098b8e1ed00f2&name=default HTTP/1.1" status: 200 len: 2996 time: 0.2019529
Apr 05 11:34:52.497435 dv-cinder-834448-3-iscsi neutron-server[103946]: DEBUG neutron.wsgi [-] (103946) accepted ('10.222.0.60', 58940) {{(pid=103946) server /usr/local/lib/python3.8/dist-packages/eventlet/wsgi.py:1004}}
Apr 05 11:34:52.545546 dv-cinder-834448-3-iscsi neutron-server[103946]: DEBUG neutron_lib.callbacks.manager [None req-a0d690cf-6b48-4010-94a7-15b66a67cab9 admin admin] Publish callbacks [] for security_group (11175f98-990f-4291-9971-d8ea8245bfe8), before_delete {{(pid=103946) _notify_loop /usr/local/lib/python3.8/dist-packages/neutron_lib/callbacks/manager.py:176}}
Apr 05 11:34:52.567091 dv-cinder-834448-3-iscsi neutron-server[103946]: DEBUG neutron_lib.callbacks.manager [None req-a0d690cf-6b48-4010-94a7-15b66a67cab9 admin admin] Publish callbacks [] for security_group (11175f98-990f-4291-9971-d8ea8245bfe8), precommit_delete {{(pid=103946) _notify_loop /usr/local/lib/python3.8/dist-packages/neutron_lib/callbacks/manager.py:176}}
Apr 05 11:34:52.609880 dv-cinder-834448-3-iscsi neutron-server[103947]: DEBUG neutron.pecan_wsgi.hooks.policy_enforcement [req-26b75c0c-b4c9-4cfc-ba42-7e20ab0c7131 req-b39bca8c-5233-46aa-a9d1-59a8d550abce tempest-ServerRescueNegativeTestJSON-2033827868 tempest-ServerRescueNegativeTestJSON-2033827868-project] Attributes excluded by policy engine: ['standard_attr_id', 'binding:profile', 'binding:host_id', 'binding:vif_type', 'binding:vif_details'] {{(pid=103947) _exclude_attributes_by_policy /opt/stack/neutron/neutron/pecan_wsgi/hooks/policy_enforcement.py:255}}
Apr 05 11:34:52.611326 dv-cinder-834448-3-iscsi neutron-server[103947]: INFO neutron.wsgi [req-26b75c0c-b4c9-4cfc-ba42-7e20ab0c7131 req-b39bca8c-5233-46aa-a9d1-59a8d550abce tempest-ServerRescueNegativeTestJSON-2033827868 tempest-ServerRescueNegativeTestJSON-2033827868-project] 10.222.0.60 "GET /v2.0/ports?device_id=e2fd886b-f0e3-4596-bdec-cdfa852af6a3 HTTP/1.1" status: 200 len: 945 time: 0.0539346
Apr 05 11:34:52.657136 dv-cinder-834448-3-iscsi neutron-server[103947]: INFO neutron.wsgi [req-26b75c0c-b4c9-4cfc-ba42-7e20ab0c7131 req-e9be7483-b4f0-4652-ac96-f6674e3ed8a8 tempest-ServerRescueNegativeTestJSON-2033827868 tempest-ServerRescueNegativeTestJSON-2033827868-project] 10.222.0.60 "GET /v2.0/security-groups?id=c5c84343-cd8b-4570-97ac-8cf50824efb2&fields=id&fields=name HTTP/1.1" status: 200 len: 286 time: 0.0400002
Apr 05 11:34:52.681052 dv-cinder-834448-3-iscsi neutron-server[103946]: DEBUG neutron_lib.callbacks.manager [None req-a0d690cf-6b48-4010-94a7-15b66a67cab9 admin admin] Publish callbacks ['neutron.plugins.ml2.ovo_rpc._ObjectChangeHandler.handle_event-586484'] for security_group (11175f98-990f-4291-9971-d8ea8245bfe8), after_delete {{(pid=103946) _notify_loop /usr/local/lib/python3.8/dist-packages/neutron_lib/callbacks/manager.py:176}}
Apr 05 11:34:52.683652 dv-cinder-834448-3-iscsi neutron-server[103946]: DEBUG neutron_lib.callbacks.manager [None req-a0d690cf-6b48-4010-94a7-15b66a67cab9 admin admin] Publish callbacks [] for security_group (None), before_response {{(pid=103946) _notify_loop /usr/local/lib/python3.8/dist-packages/neutron_lib/callbacks/manager.py:176}}
Apr 05 11:34:52.704871 dv-cinder-834448-3-iscsi neutron-server[103946]: INFO neutron.wsgi [None req-a0d690cf-6b48-4010-94a7-15b66a67cab9 admin admin] 10.222.0.60 "DELETE /v2.0/security-groups/11175f98-990f-4291-9971-d8ea8245bfe8 HTTP/1.1" status: 204 len: 168 time: 0.1864333
