Mar 21 11:04:30.229263 dv-cinder-834448-1-smb devstack@n-api.service[102683]: DEBUG nova.api.openstack.wsgi_app [-] oslo_messaging_rabbit.heartbeat_timeout_threshold = 600 {{(pid=102683) log_opt_values /usr/local/lib/python3.8/dist-packages/oslo_config/cfg.py:2609}}
Mar 21 11:04:30.229407 dv-cinder-834448-1-smb devstack@n-api.service[102684]: DEBUG nova.api.openstack.wsgi_app [-] oslo_messaging_rabbit.rabbit_quorum_queue = False {{(pid=102684) log_opt_values /usr/local/lib/python3.8/dist-packages/oslo_config/cfg.py:2609}}
Mar 21 11:04:30.229597 dv-cinder-834448-1-smb devstack@n-api.service[102683]: DEBUG nova.api.openstack.wsgi_app [-] oslo_messaging_rabbit.kombu_compression = None {{(pid=102683) log_opt_values /usr/local/lib/python3.8/dist-packages/oslo_config/cfg.py:2609}}
Mar 21 11:04:30.229747 dv-cinder-834448-1-smb devstack@n-api.service[102684]: DEBUG nova.api.openstack.wsgi_app [-] oslo_messaging_rabbit.rabbit_retry_backoff = 2 {{(pid=102684) log_opt_values /usr/local/lib/python3.8/dist-packages/oslo_config/cfg.py:2609}}
Mar 21 11:04:30.229892 dv-cinder-834448-1-smb devstack@n-api.service[102683]: DEBUG nova.api.openstack.wsgi_app [-] oslo_messaging_rabbit.kombu_failover_strategy = round-robin {{(pid=102683) log_opt_values /usr/local/lib/python3.8/dist-packages/oslo_config/cfg.py:2609}}
Mar 21 11:04:30.230025 dv-cinder-834448-1-smb devstack@n-api.service[102684]: DEBUG nova.api.openstack.wsgi_app [-] oslo_messaging_rabbit.rabbit_retry_interval = 1 {{(pid=102684) log_opt_values /usr/local/lib/python3.8/dist-packages/oslo_config/cfg.py:2609}}
Mar 21 11:04:30.230169 dv-cinder-834448-1-smb devstack@n-api.service[102683]: DEBUG nova.api.openstack.wsgi_app [-] oslo_messaging_rabbit.kombu_missing_consumer_retry_timeout = 60 {{(pid=102683) log_opt_values /usr/local/lib/python3.8/dist-packages/oslo_config/cfg.py:2609}}
Mar 21 11:04:30.230304 dv-cinder-834448-1-smb devstack@n-api.service[102684]: DEBUG nova.api.openstack.wsgi_app [-] oslo_messaging_rabbit.rabbit_transient_queues_ttl = 1800 {{(pid=102684) log_opt_values /usr/local/lib/python3.8/dist-packages/oslo_config/cfg.py:2609}}
Mar 21 11:04:30.230439 dv-cinder-834448-1-smb devstack@n-api.service[102683]: DEBUG nova.api.openstack.wsgi_app [-] oslo_messaging_rabbit.kombu_reconnect_delay = 1.0 {{(pid=102683) log_opt_values /usr/local/lib/python3.8/dist-packages/oslo_config/cfg.py:2609}}
Mar 21 11:04:30.230625 dv-cinder-834448-1-smb devstack@n-api.service[102684]: DEBUG nova.api.openstack.wsgi_app [-] oslo_messaging_rabbit.rpc_conn_pool_size = 30 {{(pid=102684) log_opt_values /usr/local/lib/python3.8/dist-packages/oslo_config/cfg.py:2609}}
Mar 21 11:04:30.230771 dv-cinder-834448-1-smb devstack@n-api.service[102683]: DEBUG nova.api.openstack.wsgi_app [-] oslo_messaging_rabbit.rabbit_ha_queues = False {{(pid=102683) log_opt_values /usr/local/lib/python3.8/dist-packages/oslo_config/cfg.py:2609}}
Mar 21 11:04:30.230928 dv-cinder-834448-1-smb devstack@n-api.service[102684]: DEBUG nova.api.openstack.wsgi_app [-] oslo_messaging_rabbit.ssl = False {{(pid=102684) log_opt_values /usr/local/lib/python3.8/dist-packages/oslo_config/cfg.py:2609}}
Mar 21 11:04:30.231063 dv-cinder-834448-1-smb devstack@n-api.service[102683]: DEBUG nova.api.openstack.wsgi_app [-] oslo_messaging_rabbit.rabbit_interval_max = 30 {{(pid=102683) log_opt_values /usr/local/lib/python3.8/dist-packages/oslo_config/cfg.py:2609}}
Mar 21 11:04:30.231244 dv-cinder-834448-1-smb devstack@n-api.service[102684]: DEBUG nova.api.openstack.wsgi_app [-] oslo_messaging_rabbit.ssl_ca_file = {{(pid=102684) log_opt_values /usr/local/lib/python3.8/dist-packages/oslo_config/cfg.py:2609}}
Mar 21 11:04:30.231346 dv-cinder-834448-1-smb devstack@n-api.service[102683]: DEBUG nova.api.openstack.wsgi_app [-] oslo_messaging_rabbit.rabbit_login_method = AMQPLAIN {{(pid=102683) log_opt_values /usr/local/lib/python3.8/dist-packages/oslo_config/cfg.py:2609}}
Mar 21 11:04:30.231578 dv-cinder-834448-1-smb devstack@n-api.service[102683]: DEBUG nova.api.openstack.wsgi_app [-] oslo_messaging_rabbit.rabbit_qos_prefetch_count = 0 {{(pid=102683) log_opt_values /usr/local/lib/python3.8/dist-packages/oslo_config/cfg.py:2609}}
Mar 21 11:04:30.231691 dv-cinder-834448-1-smb devstack@n-api.service[102684]: DEBUG nova.api.openstack.wsgi_app [-] oslo_messaging_rabbit.ssl_cert_file = {{(pid=102684) log_opt_values /usr/local/lib/python3.8/dist-packages/oslo_config/cfg.py:2609}}
Mar 21 11:04:30.231917 dv-cinder-834448-1-smb devstack@n-api.service[102683]: DEBUG nova.api.openstack.wsgi_app [-] oslo_messaging_rabbit.rabbit_quorum_queue = False {{(pid=102683) log_opt_values /usr/local/lib/python3.8/dist-packages/oslo_config/cfg.py:2609}}
Mar 21 11:04:30.232021 dv-cinder-834448-1-smb devstack@n-api.service[102684]: DEBUG nova.api.openstack.wsgi_app [-] oslo_messaging_rabbit.ssl_key_file = {{(pid=102684) log_opt_values /usr/local/lib/python3.8/dist-packages/oslo_config/cfg.py:2609}}
Mar 21 11:04:30.232233 dv-cinder-834448-1-smb devstack@n-api.service[102683]: DEBUG nova.api.openstack.wsgi_app [-] oslo_messaging_rabbit.rabbit_retry_backoff = 2 {{(pid=102683) log_opt_values /usr/local/lib/python3.8/dist-packages/oslo_config/cfg.py:2609}}
Mar 21 11:04:30.232322 dv-cinder-834448-1-smb devstack@n-api.service[102684]: DEBUG nova.api.openstack.wsgi_app [-] oslo_messaging_rabbit.ssl_version = {{(pid=102684) log_opt_values /usr/local/lib/python3.8/dist-packages/oslo_config/cfg.py:2609}}
Mar 21 11:04:30.232545 dv-cinder-834448-1-smb devstack@n-api.service[102683]: DEBUG nova.api.openstack.wsgi_app [-] oslo_messaging_rabbit.rabbit_retry_interval = 1 {{(pid=102683) log_opt_values /usr/local/lib/python3.8/dist-packages/oslo_config/cfg.py:2609}}
Mar 21 11:04:30.232656 dv-cinder-834448-1-smb devstack@n-api.service[102684]: DEBUG nova.api.openstack.wsgi_app [-] oslo_messaging_notifications.driver = ['messagingv2'] {{(pid=102684) log_opt_values /usr/local/lib/python3.8/dist-packages/oslo_config/cfg.py:2609}}
Mar 21 11:04:30.232856 dv-cinder-834448-1-smb devstack@n-api.service[102683]: DEBUG nova.api.openstack.wsgi_app [-] oslo_messaging_rabbit.rabbit_transient_queues_ttl = 1800 {{(pid=102683) log_opt_values /usr/local/lib/python3.8/dist-packages/oslo_config/cfg.py:2609}}
Mar 21 11:04:30.232948 dv-cinder-834448-1-smb devstack@n-api.service[102684]: DEBUG nova.api.openstack.wsgi_app [-] oslo_messaging_notifications.retry = -1 {{(pid=102684) log_opt_values /usr/local/lib/python3.8/dist-packages/oslo_config/cfg.py:2609}}
Mar 21 11:04:30.233209 dv-cinder-834448-1-smb devstack@n-api.service[102683]: DEBUG nova.api.openstack.wsgi_app [-] oslo_messaging_rabbit.rpc_conn_pool_size = 30 {{(pid=102683) log_opt_values /usr/local/lib/python3.8/dist-packages/oslo_config/cfg.py:2609}}
Mar 21 11:04:30.233313 dv-cinder-834448-1-smb devstack@n-api.service[102684]: DEBUG nova.api.openstack.wsgi_app [-] oslo_messaging_notifications.topics = ['notifications'] {{(pid=102684) log_opt_values /usr/local/lib/python3.8/dist-packages/oslo_config/cfg.py:2609}}
Mar 21 11:04:30.233684 dv-cinder-834448-1-smb devstack@n-api.service[102684]: DEBUG nova.api.openstack.wsgi_app [-] oslo_messaging_notifications.transport_url = **** {{(pid=102684) log_opt_values /usr/local/lib/python3.8/dist-packages/oslo_config/cfg.py:2609}}
Mar 21 11:04:30.233832 dv-cinder-834448-1-smb devstack@n-api.service[102683]: DEBUG nova.api.openstack.wsgi_app [-] oslo_messaging_rabbit.ssl = False {{(pid=102683) log_opt_values /usr/local/lib/python3.8/dist-packages/oslo_config/cfg.py:2609}}
Mar 21 11:04:30.233994 dv-cinder-834448-1-smb devstack@n-api.service[102684]: DEBUG nova.api.openstack.wsgi_app [-] oslo_reports.file_event_handler = None {{(pid=102684) log_opt_values /usr/local/lib/python3.8/dist-packages/oslo_config/cfg.py:2609}}
Mar 21 11:04:30.234236 dv-cinder-834448-1-smb devstack@n-api.service[102683]: DEBUG nova.api.openstack.wsgi_app [-] oslo_messaging_rabbit.ssl_ca_file = {{(pid=102683) log_opt_values /usr/local/lib/python3.8/dist-packages/oslo_config/cfg.py:2609}}
Mar 21 11:04:30.234376 dv-cinder-834448-1-smb devstack@n-api.service[102684]: DEBUG nova.api.openstack.wsgi_app [-] oslo_reports.file_event_handler_interval = 1 {{(pid=102684) log_opt_values /usr/local/lib/python3.8/dist-packages/oslo_config/cfg.py:2609}}
Mar 21 11:04:30.234567 dv-cinder-834448-1-smb devstack@n-api.service[102683]: DEBUG nova.api.openstack.wsgi_app [-] oslo_messaging_rabbit.ssl_cert_file = {{(pid=102683) log_opt_values /usr/local/lib/python3.8/dist-packages/oslo_config/cfg.py:2609}}
Mar 21 11:04:30.234700 dv-cinder-834448-1-smb devstack@n-api.service[102684]: DEBUG nova.api.openstack.wsgi_app [-] oslo_reports.log_dir = None {{(pid=102684) log_opt_values /usr/local/lib/python3.8/dist-packages/oslo_config/cfg.py:2609}}
Mar 21 11:04:30.234823 dv-cinder-834448-1-smb devstack@n-api.service[102684]: DEBUG nova.api.openstack.wsgi_app [-] ******************************************************************************** {{(pid=102684) log_opt_values /usr/local/lib/python3.8/dist-packages/oslo_config/cfg.py:2613}}
Mar 21 11:04:30.234976 dv-cinder-834448-1-smb devstack@n-api.service[102683]: DEBUG nova.api.openstack.wsgi_app [-] oslo_messaging_rabbit.ssl_key_file = {{(pid=102683) log_opt_values /usr/local/lib/python3.8/dist-packages/oslo_config/cfg.py:2609}}
Mar 21 11:04:30.235217 dv-cinder-834448-1-smb devstack@n-api.service[102683]: DEBUG nova.api.openstack.wsgi_app [-] oslo_messaging_rabbit.ssl_version = {{(pid=102683) log_opt_values /usr/local/lib/python3.8/dist-packages/oslo_config/cfg.py:2609}}
Mar 21 11:04:30.235564 dv-cinder-834448-1-smb devstack@n-api.service[102683]: DEBUG nova.api.openstack.wsgi_app [-] oslo_messaging_notifications.driver = ['messagingv2'] {{(pid=102683) log_opt_values /usr/local/lib/python3.8/dist-packages/oslo_config/cfg.py:2609}}
Mar 21 11:04:30.235907 dv-cinder-834448-1-smb devstack@n-api.service[102683]: DEBUG nova.api.openstack.wsgi_app [-] oslo_messaging_notifications.retry = -1 {{(pid=102683) log_opt_values /usr/local/lib/python3.8/dist-packages/oslo_config/cfg.py:2609}}
Mar 21 11:04:30.236255 dv-cinder-834448-1-smb devstack@n-api.service[102683]: DEBUG nova.api.openstack.wsgi_app [-] oslo_messaging_notifications.topics = ['notifications'] {{(pid=102683) log_opt_values /usr/local/lib/python3.8/dist-packages/oslo_config/cfg.py:2609}}
Mar 21 11:04:30.236589 dv-cinder-834448-1-smb devstack@n-api.service[102683]: DEBUG nova.api.openstack.wsgi_app [-] oslo_messaging_notifications.transport_url = **** {{(pid=102683) log_opt_values /usr/local/lib/python3.8/dist-packages/oslo_config/cfg.py:2609}}
Mar 21 11:04:30.236905 dv-cinder-834448-1-smb devstack@n-api.service[102683]: DEBUG nova.api.openstack.wsgi_app [-] oslo_reports.file_event_handler = None {{(pid=102683) log_opt_values /usr/local/lib/python3.8/dist-packages/oslo_config/cfg.py:2609}}
Mar 21 11:04:30.237217 dv-cinder-834448-1-smb devstack@n-api.service[102683]: DEBUG nova.api.openstack.wsgi_app [-] oslo_reports.file_event_handler_interval = 1 {{(pid=102683) log_opt_values /usr/local/lib/python3.8/dist-packages/oslo_config/cfg.py:2609}}
Mar 21 11:04:30.237524 dv-cinder-834448-1-smb devstack@n-api.service[102683]: DEBUG nova.api.openstack.wsgi_app [-] oslo_reports.log_dir = None {{(pid=102683) log_opt_values /usr/local/lib/python3.8/dist-packages/oslo_config/cfg.py:2609}}
Mar 21 11:04:30.237767 dv-cinder-834448-1-smb devstack@n-api.service[102683]: DEBUG nova.api.openstack.wsgi_app [-] ******************************************************************************** {{(pid=102683) log_opt_values /usr/local/lib/python3.8/dist-packages/oslo_config/cfg.py:2613}}
Mar 21 11:04:30.260425 dv-cinder-834448-1-smb devstack@n-api.service[102684]: DEBUG oslo_db.sqlalchemy.engines [None req-8348b9e1-a703-4b6f-babd-1a9db0f471cd None None] MySQL server mode set to STRICT_TRANS_TABLES,STRICT_ALL_TABLES,NO_ZERO_IN_DATE,NO_ZERO_DATE,ERROR_FOR_DIVISION_BY_ZERO,TRADITIONAL,NO_ENGINE_SUBSTITUTION {{(pid=102684) _check_effective_sql_mode /usr/local/lib/python3.8/dist-packages/oslo_db/sqlalchemy/engines.py:314}}
Mar 21 11:04:30.262668 dv-cinder-834448-1-smb devstack@n-api.service[102683]: DEBUG oslo_db.sqlalchemy.engines [None req-ace70efe-1ba8-4fe8-b466-7abe5611027a None None] MySQL server mode set to STRICT_TRANS_TABLES,STRICT_ALL_TABLES,NO_ZERO_IN_DATE,NO_ZERO_DATE,ERROR_FOR_DIVISION_BY_ZERO,TRADITIONAL,NO_ENGINE_SUBSTITUTION {{(pid=102683) _check_effective_sql_mode /usr/local/lib/python3.8/dist-packages/oslo_db/sqlalchemy/engines.py:314}}
Mar 21 11:04:30.324903 dv-cinder-834448-1-smb devstack@n-api.service[102684]: DEBUG nova.context [None req-8348b9e1-a703-4b6f-babd-1a9db0f471cd None None] Found 2 cells: 00000000-0000-0000-0000-000000000000(cell0),c1f339a6-b822-462a-9f98-8f250641d75c(cell1) {{(pid=102684) load_cells /opt/stack/nova/nova/context.py:464}}
Mar 21 11:04:30.327135 dv-cinder-834448-1-smb devstack@n-api.service[102683]: DEBUG nova.context [None req-ace70efe-1ba8-4fe8-b466-7abe5611027a None None] Found 2 cells: 00000000-0000-0000-0000-000000000000(cell0),c1f339a6-b822-462a-9f98-8f250641d75c(cell1) {{(pid=102683) load_cells /opt/stack/nova/nova/context.py:464}}
Mar 21 11:04:30.329440 dv-cinder-834448-1-smb devstack@n-api.service[102684]: DEBUG oslo_concurrency.lockutils [None req-8348b9e1-a703-4b6f-babd-1a9db0f471cd None None] Lock "00000000-0000-0000-0000-000000000000" acquired by "nova.context.set_target_cell..get_or_set_cached_cell_and_set_connections" :: waited 0.000s {{(pid=102684) inner /usr/local/lib/python3.8/dist-packages/oslo_concurrency/lockutils.py:386}}
Mar 21 11:04:30.331022 dv-cinder-834448-1-smb devstack@n-api.service[102684]: DEBUG oslo_concurrency.lockutils [None req-8348b9e1-a703-4b6f-babd-1a9db0f471cd None None] Lock "00000000-0000-0000-0000-000000000000" "released" by "nova.context.set_target_cell..get_or_set_cached_cell_and_set_connections" :: held 0.002s {{(pid=102684) inner /usr/local/lib/python3.8/dist-packages/oslo_concurrency/lockutils.py:400}}
Mar 21 11:04:30.331344 dv-cinder-834448-1-smb devstack@n-api.service[102683]: DEBUG oslo_concurrency.lockutils [None req-ace70efe-1ba8-4fe8-b466-7abe5611027a None None] Lock "00000000-0000-0000-0000-000000000000" acquired by "nova.context.set_target_cell..get_or_set_cached_cell_and_set_connections" :: waited 0.000s {{(pid=102683) inner /usr/local/lib/python3.8/dist-packages/oslo_concurrency/lockutils.py:386}}
Mar 21 11:04:30.331877 dv-cinder-834448-1-smb devstack@n-api.service[102684]: DEBUG oslo_concurrency.lockutils [None req-8348b9e1-a703-4b6f-babd-1a9db0f471cd None None] Lock "c1f339a6-b822-462a-9f98-8f250641d75c" acquired by "nova.context.set_target_cell..get_or_set_cached_cell_and_set_connections" :: waited 0.000s {{(pid=102684) inner /usr/local/lib/python3.8/dist-packages/oslo_concurrency/lockutils.py:386}}
Mar 21 11:04:30.332972 dv-cinder-834448-1-smb devstack@n-api.service[102683]: DEBUG oslo_concurrency.lockutils [None req-ace70efe-1ba8-4fe8-b466-7abe5611027a None None] Lock "00000000-0000-0000-0000-000000000000" "released" by "nova.context.set_target_cell..get_or_set_cached_cell_and_set_connections" :: held 0.002s {{(pid=102683) inner /usr/local/lib/python3.8/dist-packages/oslo_concurrency/lockutils.py:400}}
Mar 21 11:04:30.333796 dv-cinder-834448-1-smb devstack@n-api.service[102683]: DEBUG oslo_concurrency.lockutils [None req-ace70efe-1ba8-4fe8-b466-7abe5611027a None None] Lock "c1f339a6-b822-462a-9f98-8f250641d75c" acquired by "nova.context.set_target_cell..get_or_set_cached_cell_and_set_connections" :: waited 0.000s {{(pid=102683) inner /usr/local/lib/python3.8/dist-packages/oslo_concurrency/lockutils.py:386}}
Mar 21 11:04:30.333932 dv-cinder-834448-1-smb devstack@n-api.service[102684]: DEBUG oslo_concurrency.lockutils [None req-8348b9e1-a703-4b6f-babd-1a9db0f471cd None None] Lock "c1f339a6-b822-462a-9f98-8f250641d75c" "released" by "nova.context.set_target_cell..get_or_set_cached_cell_and_set_connections" :: held 0.002s {{(pid=102684) inner /usr/local/lib/python3.8/dist-packages/oslo_concurrency/lockutils.py:400}}
Mar 21 11:04:30.335776 dv-cinder-834448-1-smb devstack@n-api.service[102683]: DEBUG oslo_concurrency.lockutils [None req-ace70efe-1ba8-4fe8-b466-7abe5611027a None None] Lock "c1f339a6-b822-462a-9f98-8f250641d75c" "released" by "nova.context.set_target_cell..get_or_set_cached_cell_and_set_connections" :: held 0.002s {{(pid=102683) inner /usr/local/lib/python3.8/dist-packages/oslo_concurrency/lockutils.py:400}}
Mar 21 11:04:30.345496 dv-cinder-834448-1-smb devstack@n-api.service[102684]: DEBUG oslo_db.sqlalchemy.engines [None req-8348b9e1-a703-4b6f-babd-1a9db0f471cd None None] MySQL server mode set to STRICT_TRANS_TABLES,STRICT_ALL_TABLES,NO_ZERO_IN_DATE,NO_ZERO_DATE,ERROR_FOR_DIVISION_BY_ZERO,TRADITIONAL,NO_ENGINE_SUBSTITUTION {{(pid=102684) _check_effective_sql_mode /usr/local/lib/python3.8/dist-packages/oslo_db/sqlalchemy/engines.py:314}}
Mar 21 11:04:30.348288 dv-cinder-834448-1-smb devstack@n-api.service[102684]: DEBUG oslo_db.sqlalchemy.engines [None req-8348b9e1-a703-4b6f-babd-1a9db0f471cd None None] MySQL server mode set to STRICT_TRANS_TABLES,STRICT_ALL_TABLES,NO_ZERO_IN_DATE,NO_ZERO_DATE,ERROR_FOR_DIVISION_BY_ZERO,TRADITIONAL,NO_ENGINE_SUBSTITUTION {{(pid=102684) _check_effective_sql_mode /usr/local/lib/python3.8/dist-packages/oslo_db/sqlalchemy/engines.py:314}}
Mar 21 11:04:30.351552 dv-cinder-834448-1-smb devstack@n-api.service[102683]: DEBUG oslo_db.sqlalchemy.engines [None req-ace70efe-1ba8-4fe8-b466-7abe5611027a None None] MySQL server mode set to STRICT_TRANS_TABLES,STRICT_ALL_TABLES,NO_ZERO_IN_DATE,NO_ZERO_DATE,ERROR_FOR_DIVISION_BY_ZERO,TRADITIONAL,NO_ENGINE_SUBSTITUTION {{(pid=102683) _check_effective_sql_mode /usr/local/lib/python3.8/dist-packages/oslo_db/sqlalchemy/engines.py:314}}
Mar 21 11:04:30.354027 dv-cinder-834448-1-smb devstack@n-api.service[102683]: DEBUG oslo_db.sqlalchemy.engines [None req-ace70efe-1ba8-4fe8-b466-7abe5611027a None None] MySQL server mode set to STRICT_TRANS_TABLES,STRICT_ALL_TABLES,NO_ZERO_IN_DATE,NO_ZERO_DATE,ERROR_FOR_DIVISION_BY_ZERO,TRADITIONAL,NO_ENGINE_SUBSTITUTION {{(pid=102683) _check_effective_sql_mode /usr/local/lib/python3.8/dist-packages/oslo_db/sqlalchemy/engines.py:314}}
Mar 21 11:04:30.509303 dv-cinder-834448-1-smb devstack@n-api.service[102684]: DEBUG oslo_db.sqlalchemy.engines [None req-8348b9e1-a703-4b6f-babd-1a9db0f471cd None None] MySQL server mode set to STRICT_TRANS_TABLES,STRICT_ALL_TABLES,NO_ZERO_IN_DATE,NO_ZERO_DATE,ERROR_FOR_DIVISION_BY_ZERO,TRADITIONAL,NO_ENGINE_SUBSTITUTION {{(pid=102684) _check_effective_sql_mode /usr/local/lib/python3.8/dist-packages/oslo_db/sqlalchemy/engines.py:314}}
Mar 21 11:04:30.515141 dv-cinder-834448-1-smb devstack@n-api.service[102683]: DEBUG oslo_db.sqlalchemy.engines [None req-ace70efe-1ba8-4fe8-b466-7abe5611027a None None] MySQL server mode set to STRICT_TRANS_TABLES,STRICT_ALL_TABLES,NO_ZERO_IN_DATE,NO_ZERO_DATE,ERROR_FOR_DIVISION_BY_ZERO,TRADITIONAL,NO_ENGINE_SUBSTITUTION {{(pid=102683) _check_effective_sql_mode /usr/local/lib/python3.8/dist-packages/oslo_db/sqlalchemy/engines.py:314}}
Mar 21 11:04:30.969415 dv-cinder-834448-1-smb devstack@n-api.service[102684]: WARNING keystonemiddleware.auth_token [None req-8348b9e1-a703-4b6f-babd-1a9db0f471cd None None] AuthToken middleware is set with keystone_authtoken.service_token_roles_required set to False. This is backwards compatible but deprecated behaviour. Please set this to True.
Mar 21 11:04:30.971615 dv-cinder-834448-1-smb devstack@n-api.service[102683]: WARNING keystonemiddleware.auth_token [None req-ace70efe-1ba8-4fe8-b466-7abe5611027a None None] AuthToken middleware is set with keystone_authtoken.service_token_roles_required set to False. This is backwards compatible but deprecated behaviour. Please set this to True.
Mar 21 11:04:30.976157 dv-cinder-834448-1-smb devstack@n-api.service[102684]: WARNING keystonemiddleware.auth_token [None req-8348b9e1-a703-4b6f-babd-1a9db0f471cd None None] Configuring www_authenticate_uri to point to the public identity endpoint is required; clients may not be able to authenticate against an admin endpoint
Mar 21 11:04:30.978345 dv-cinder-834448-1-smb devstack@n-api.service[102683]: WARNING keystonemiddleware.auth_token [None req-ace70efe-1ba8-4fe8-b466-7abe5611027a None None] Configuring www_authenticate_uri to point to the public identity endpoint is required; clients may not be able to authenticate against an admin endpoint
Mar 21 11:04:31.195262 dv-cinder-834448-1-smb devstack@n-api.service[102684]: WARNING keystonemiddleware.auth_token [None req-8348b9e1-a703-4b6f-babd-1a9db0f471cd None None] AuthToken middleware is set with keystone_authtoken.service_token_roles_required set to False. This is backwards compatible but deprecated behaviour. Please set this to True.
Mar 21 11:04:31.200412 dv-cinder-834448-1-smb devstack@n-api.service[102684]: WARNING keystonemiddleware.auth_token [None req-8348b9e1-a703-4b6f-babd-1a9db0f471cd None None] Configuring www_authenticate_uri to point to the public identity endpoint is required; clients may not be able to authenticate against an admin endpoint
Mar 21 11:04:31.203161 dv-cinder-834448-1-smb devstack@n-api.service[102683]: WARNING keystonemiddleware.auth_token [None req-ace70efe-1ba8-4fe8-b466-7abe5611027a None None] AuthToken middleware is set with keystone_authtoken.service_token_roles_required set to False. This is backwards compatible but deprecated behaviour. Please set this to True.
Mar 21 11:04:31.205881 dv-cinder-834448-1-smb devstack@n-api.service[102684]: WSGI app 0 (mountpoint='') ready in 6 seconds on interpreter 0x564750a339c0 pid: 102684 (default app)
Mar 21 11:04:31.208081 dv-cinder-834448-1-smb devstack@n-api.service[102684]: DEBUG nova.api.openstack.wsgi [None req-8348b9e1-a703-4b6f-babd-1a9db0f471cd None None] Calling method '>' {{(pid=102684) _process_stack /opt/stack/nova/nova/api/openstack/wsgi.py:513}}
Mar 21 11:04:31.208561 dv-cinder-834448-1-smb devstack@n-api.service[102683]: WARNING keystonemiddleware.auth_token [None req-ace70efe-1ba8-4fe8-b466-7abe5611027a None None] Configuring www_authenticate_uri to point to the public identity endpoint is required; clients may not be able to authenticate against an admin endpoint
Mar 21 11:04:31.210049 dv-cinder-834448-1-smb devstack@n-api.service[102684]: INFO nova.api.openstack.requestlog [None req-8348b9e1-a703-4b6f-babd-1a9db0f471cd None None] 10.222.0.24 "GET /compute/v2.1/" status: 200 len: 388 microversion: 2.1 time: 0.001826
Mar 21 11:04:31.210049 dv-cinder-834448-1-smb devstack@n-api.service[102684]: [pid: 102684|app: 0|req: 1/1] 10.222.0.24 () {50 vars in 788 bytes} [Mon Mar 21 11:04:31 2022] GET /compute/v2.1/ => generated 388 bytes in 3 msecs (HTTP/1.1 200) 9 headers in 357 bytes (1 switches on core 0)
Mar 21 11:04:31.213967 dv-cinder-834448-1-smb devstack@n-api.service[102683]: WSGI app 0 (mountpoint='') ready in 6 seconds on interpreter 0x564750a339c0 pid: 102683 (default app)
Mar 21 11:06:02.199030 dv-cinder-834448-1-smb devstack@n-api.service[102684]: DEBUG nova.api.openstack.wsgi [None req-8348b9e1-a703-4b6f-babd-1a9db0f471cd None None] Calling method '>' {{(pid=102684) _process_stack /opt/stack/nova/nova/api/openstack/wsgi.py:513}}
Mar 21 11:06:02.200174 dv-cinder-834448-1-smb devstack@n-api.service[102684]: INFO nova.api.openstack.requestlog [None req-8348b9e1-a703-4b6f-babd-1a9db0f471cd None None] 10.222.0.24 "GET /compute/v2.1" status: 200 len: 388 microversion: 2.1 time: 0.001516
Mar 21 11:06:02.200846 dv-cinder-834448-1-smb devstack@n-api.service[102684]: [pid: 102684|app: 0|req: 2/2] 10.222.0.24 () {54 vars in 930 bytes} [Mon Mar 21 11:06:02 2022] GET /compute/v2.1 => generated 388 bytes in 2 msecs (HTTP/1.1 200) 9 headers in 357 bytes (1 switches on core 0)
Mar 21 11:06:02.649204 dv-cinder-834448-1-smb devstack@n-api.service[102683]: DEBUG nova.api.openstack.wsgi [None req-ee818a13-d592-44b9-89fa-978988375aff admin admin] Calling method '>' {{(pid=102683) _process_stack /opt/stack/nova/nova/api/openstack/wsgi.py:513}}
Mar 21 11:06:02.679821 dv-cinder-834448-1-smb devstack@n-api.service[102683]: INFO nova.api.openstack.requestlog [None req-ee818a13-d592-44b9-89fa-978988375aff admin admin] 10.222.0.24 "GET /compute/v2.1/flavors/detail?is_public=True" status: 200 len: 15 microversion: 2.61 time: 0.470201
Mar 21 11:06:02.691681 dv-cinder-834448-1-smb devstack@n-api.service[102683]: [pid: 102683|app: 0|req: 1/3] 10.222.0.24 () {60 vars in 1291 bytes} [Mon Mar 21 11:06:02 2022] GET /compute/v2.1/flavors/detail?is_public=True => generated 15 bytes in 474 msecs (HTTP/1.1 200) 9 headers in 358 bytes (2 switches on core 0)
Mar 21 11:06:05.124316 dv-cinder-834448-1-smb devstack@n-api.service[102684]: DEBUG nova.api.openstack.wsgi [None req-8348b9e1-a703-4b6f-babd-1a9db0f471cd None None] Calling method '>' {{(pid=102684) _process_stack /opt/stack/nova/nova/api/openstack/wsgi.py:513}}
Mar 21 11:06:05.126111 dv-cinder-834448-1-smb devstack@n-api.service[102684]: INFO nova.api.openstack.requestlog [None req-8348b9e1-a703-4b6f-babd-1a9db0f471cd None None] 10.222.0.24 "GET /compute/v2.1" status: 200 len: 388 microversion: 2.1 time: 0.002164
Mar 21 11:06:05.132158 dv-cinder-834448-1-smb devstack@n-api.service[102684]: [pid: 102684|app: 0|req: 3/4] 10.222.0.24 () {54 vars in 930 bytes} [Mon Mar 21 11:06:05 2022] GET /compute/v2.1 => generated 388 bytes in 8 msecs (HTTP/1.1 200) 9 headers in 357 bytes (1 switches on core 0)
Mar 21 11:06:05.194832 dv-cinder-834448-1-smb devstack@n-api.service[102683]: DEBUG nova.api.openstack.wsgi [None req-9918b59b-5e5e-48b9-aa6a-0e0f18d3aea7 admin admin] Action: 'create', calling method: >, body: {"flavor": {"OS-FLV-EXT-DATA:ephemeral": 0, "swap": 0, "name": "cirros256", "rxtx_factor": 1.0, "vcpus": 1, "os-flavor-access:is_public": true, "id": "c1", "disk": 1, "ram": 256}} {{(pid=102683) _process_stack /opt/stack/nova/nova/api/openstack/wsgi.py:511}}
Mar 21 11:06:05.214653 dv-cinder-834448-1-smb devstack@n-api.service[102683]: /usr/local/lib/python3.8/dist-packages/oslo_policy/policy.py:1119: UserWarning: Policy "os_compute_api:os-flavor-manage:create": "rule:context_is_admin" failed scope check. The token used to make the request was project scoped but the policy requires ['system'] scope. This behavior may change in the future where using the intended scope is required
Mar 21 11:06:05.214653 dv-cinder-834448-1-smb devstack@n-api.service[102683]: warnings.warn(msg)
Mar 21 11:06:05.247969 dv-cinder-834448-1-smb devstack@n-api.service[102683]: INFO nova.api.openstack.requestlog [None req-9918b59b-5e5e-48b9-aa6a-0e0f18d3aea7 admin admin] 10.222.0.24 "POST /compute/v2.1/flavors" status: 200 len: 407 microversion: 2.61 time: 0.114061
Mar 21 11:06:05.256633 dv-cinder-834448-1-smb devstack@n-api.service[102683]: [pid: 102683|app: 0|req: 2/5] 10.222.0.24 () {64 vars in 1282 bytes} [Mon Mar 21 11:06:05 2022] POST /compute/v2.1/flavors => generated 407 bytes in 123 msecs (HTTP/1.1 200) 9 headers in 359 bytes (2 switches on core 0)
Mar 21 11:06:05.463781 dv-cinder-834448-1-smb devstack@n-api.service[102684]: DEBUG nova.api.openstack.wsgi [None req-5de40cc9-463d-4c6c-9485-c1828b3daf87 admin admin] Action: 'create', calling method: >, body: {"extra_specs": {"hw_rng:allowed": "True"}} {{(pid=102684) _process_stack /opt/stack/nova/nova/api/openstack/wsgi.py:511}}
Mar 21 11:06:05.466339 dv-cinder-834448-1-smb devstack@n-api.service[102684]: /usr/local/lib/python3.8/dist-packages/oslo_policy/policy.py:1119: UserWarning: Policy "os_compute_api:os-flavor-extra-specs:create": "rule:context_is_admin" failed scope check. The token used to make the request was project scoped but the policy requires ['system'] scope. This behavior may change in the future where using the intended scope is required
Mar 21 11:06:05.466339 dv-cinder-834448-1-smb devstack@n-api.service[102684]: warnings.warn(msg)
Mar 21 11:06:05.518379 dv-cinder-834448-1-smb devstack@n-api.service[102684]: INFO nova.api.openstack.requestlog [None req-5de40cc9-463d-4c6c-9485-c1828b3daf87 admin admin] 10.222.0.24 "POST /compute/v2.1/flavors/c1/os-extra_specs" status: 200 len: 43 microversion: 2.61 time: 0.260695
Mar 21 11:06:05.519837 dv-cinder-834448-1-smb devstack@n-api.service[102684]: [pid: 102684|app: 0|req: 4/6] 10.222.0.24 () {64 vars in 1335 bytes} [Mon Mar 21 11:06:05 2022] POST /compute/v2.1/flavors/c1/os-extra_specs => generated 43 bytes in 263 msecs (HTTP/1.1 200) 9 headers in 358 bytes (2 switches on core 0)
Mar 21 11:06:07.968259 dv-cinder-834448-1-smb devstack@n-api.service[102683]: DEBUG nova.api.openstack.wsgi [None req-9918b59b-5e5e-48b9-aa6a-0e0f18d3aea7 admin admin] Calling method '>' {{(pid=102683) _process_stack /opt/stack/nova/nova/api/openstack/wsgi.py:513}}
Mar 21 11:06:07.969295 dv-cinder-834448-1-smb devstack@n-api.service[102683]: INFO nova.api.openstack.requestlog [None req-9918b59b-5e5e-48b9-aa6a-0e0f18d3aea7 admin admin] 10.222.0.24 "GET /compute/v2.1" status: 200 len: 388 microversion: 2.1 time: 0.001617
Mar 21 11:06:07.969719 dv-cinder-834448-1-smb devstack@n-api.service[102683]: [pid: 102683|app: 0|req: 3/7] 10.222.0.24 () {54 vars in 930 bytes} [Mon Mar 21 11:06:07 2022] GET /compute/v2.1 => generated 388 bytes in 3 msecs (HTTP/1.1 200) 9 headers in 357 bytes (1 switches on core 0)
Mar 21 11:06:08.097040 dv-cinder-834448-1-smb devstack@n-api.service[102684]: DEBUG nova.api.openstack.wsgi [None req-f27c7012-3454-4c33-ac40-51c01b6b908f admin admin] Action: 'create', calling method: >, body: {"flavor": {"os-flavor-access:is_public": true, "swap": 0, "id": "d1", "vcpus": 1, "OS-FLV-EXT-DATA:ephemeral": 0, "ram": 512, "name": "ds512M", "rxtx_factor": 1.0, "disk": 5}} {{(pid=102684) _process_stack /opt/stack/nova/nova/api/openstack/wsgi.py:511}}
Mar 21 11:06:08.118985 dv-cinder-834448-1-smb devstack@n-api.service[102684]: /usr/local/lib/python3.8/dist-packages/oslo_policy/policy.py:1119: UserWarning: Policy "os_compute_api:os-flavor-manage:create": "rule:context_is_admin" failed scope check. The token used to make the request was project scoped but the policy requires ['system'] scope. This behavior may change in the future where using the intended scope is required
Mar 21 11:06:08.118985 dv-cinder-834448-1-smb devstack@n-api.service[102684]: warnings.warn(msg)
Mar 21 11:06:08.139265 dv-cinder-834448-1-smb devstack@n-api.service[102684]: INFO nova.api.openstack.requestlog [None req-f27c7012-3454-4c33-ac40-51c01b6b908f admin admin] 10.222.0.24 "POST /compute/v2.1/flavors" status: 200 len: 404 microversion: 2.61 time: 0.161705
Mar 21 11:06:08.145545 dv-cinder-834448-1-smb devstack@n-api.service[102684]: [pid: 102684|app: 0|req: 5/8] 10.222.0.24 () {64 vars in 1282 bytes} [Mon Mar 21 11:06:07 2022] POST /compute/v2.1/flavors => generated 404 bytes in 164 msecs (HTTP/1.1 200) 9 headers in 359 bytes (2 switches on core 0)
Mar 21 11:06:08.155775 dv-cinder-834448-1-smb devstack@n-api.service[102683]: DEBUG nova.api.openstack.wsgi [None req-7b3a7d45-2080-4c93-972f-a60715a190a4 admin admin] Action: 'create', calling method: >, body: {"extra_specs": {"hw_rng:allowed": "True"}} {{(pid=102683) _process_stack /opt/stack/nova/nova/api/openstack/wsgi.py:511}}
Mar 21 11:06:08.157284 dv-cinder-834448-1-smb devstack@n-api.service[102683]: /usr/local/lib/python3.8/dist-packages/oslo_policy/policy.py:1119: UserWarning: Policy "os_compute_api:os-flavor-extra-specs:create": "rule:context_is_admin" failed scope check. The token used to make the request was project scoped but the policy requires ['system'] scope. This behavior may change in the future where using the intended scope is required
Mar 21 11:06:08.157284 dv-cinder-834448-1-smb devstack@n-api.service[102683]: warnings.warn(msg)
Mar 21 11:06:08.192437 dv-cinder-834448-1-smb devstack@n-api.service[102683]: INFO nova.api.openstack.requestlog [None req-7b3a7d45-2080-4c93-972f-a60715a190a4 admin admin] 10.222.0.24 "POST /compute/v2.1/flavors/d1/os-extra_specs" status: 200 len: 43 microversion: 2.61 time: 0.041004
Mar 21 11:06:08.193277 dv-cinder-834448-1-smb devstack@n-api.service[102683]: [pid: 102683|app: 0|req: 4/9] 10.222.0.24 () {64 vars in 1335 bytes} [Mon Mar 21 11:06:08 2022] POST /compute/v2.1/flavors/d1/os-extra_specs => generated 43 bytes in 42 msecs (HTTP/1.1 200) 9 headers in 358 bytes (1 switches on core 0)
Mar 21 11:06:10.644750 dv-cinder-834448-1-smb devstack@n-api.service[102684]: DEBUG nova.api.openstack.wsgi [None req-f27c7012-3454-4c33-ac40-51c01b6b908f admin admin] Calling method '>' {{(pid=102684) _process_stack /opt/stack/nova/nova/api/openstack/wsgi.py:513}}
Mar 21 11:06:10.645787 dv-cinder-834448-1-smb devstack@n-api.service[102684]: INFO nova.api.openstack.requestlog [None req-f27c7012-3454-4c33-ac40-51c01b6b908f admin admin] 10.222.0.24 "GET /compute/v2.1" status: 200 len: 388 microversion: 2.1 time: 0.001516
Mar 21 11:06:10.646504 dv-cinder-834448-1-smb devstack@n-api.service[102684]: [pid: 102684|app: 0|req: 6/10] 10.222.0.24 () {54 vars in 930 bytes} [Mon Mar 21 11:06:10 2022] GET /compute/v2.1 => generated 388 bytes in 3 msecs (HTTP/1.1 200) 9 headers in 357 bytes (1 switches on core 0)
Mar 21 11:06:10.714500 dv-cinder-834448-1-smb devstack@n-api.service[102683]: DEBUG nova.api.openstack.wsgi [None req-47791357-f011-43bc-abb5-4976327e9991 admin admin] Action: 'create', calling method: >, body: {"flavor": {"OS-FLV-EXT-DATA:ephemeral": 0, "os-flavor-access:is_public": true, "rxtx_factor": 1.0, "disk": 10, "ram": 1024, "swap": 0, "name": "ds1G", "vcpus": 1, "id": "d2"}} {{(pid=102683) _process_stack /opt/stack/nova/nova/api/openstack/wsgi.py:511}}
Mar 21 11:06:10.738799 dv-cinder-834448-1-smb devstack@n-api.service[102683]: INFO nova.api.openstack.requestlog [None req-47791357-f011-43bc-abb5-4976327e9991 admin admin] 10.222.0.24 "POST /compute/v2.1/flavors" status: 200 len: 404 microversion: 2.61 time: 0.085777
Mar 21 11:06:10.743712 dv-cinder-834448-1-smb devstack@n-api.service[102683]: [pid: 102683|app: 0|req: 5/11] 10.222.0.24 () {64 vars in 1282 bytes} [Mon Mar 21 11:06:10 2022] POST /compute/v2.1/flavors => generated 404 bytes in 87 msecs (HTTP/1.1 200) 9 headers in 359 bytes (1 switches on core 0)
Mar 21 11:06:10.752057 dv-cinder-834448-1-smb devstack@n-api.service[102684]: DEBUG nova.api.openstack.wsgi [None req-d825c45a-32a4-4f0a-8a34-a9cf75719cbb admin admin] Action: 'create', calling method: >, body: {"extra_specs": {"hw_rng:allowed": "True"}} {{(pid=102684) _process_stack /opt/stack/nova/nova/api/openstack/wsgi.py:511}}
Mar 21 11:06:10.779113 dv-cinder-834448-1-smb devstack@n-api.service[102684]: INFO nova.api.openstack.requestlog [None req-d825c45a-32a4-4f0a-8a34-a9cf75719cbb admin admin] 10.222.0.24 "POST /compute/v2.1/flavors/d2/os-extra_specs" status: 200 len: 43 microversion: 2.61 time: 0.031075
Mar 21 11:06:10.780605 dv-cinder-834448-1-smb devstack@n-api.service[102684]: [pid: 102684|app: 0|req: 7/12] 10.222.0.24 () {64 vars in 1335 bytes} [Mon Mar 21 11:06:10 2022] POST /compute/v2.1/flavors/d2/os-extra_specs => generated 43 bytes in 33 msecs (HTTP/1.1 200) 9 headers in 358 bytes (1 switches on core 0)
Mar 21 11:06:13.406759 dv-cinder-834448-1-smb devstack@n-api.service[102683]: DEBUG nova.api.openstack.wsgi [None req-47791357-f011-43bc-abb5-4976327e9991 admin admin] Calling method '>' {{(pid=102683) _process_stack /opt/stack/nova/nova/api/openstack/wsgi.py:513}}
Mar 21 11:06:13.408519 dv-cinder-834448-1-smb devstack@n-api.service[102683]: INFO nova.api.openstack.requestlog [None req-47791357-f011-43bc-abb5-4976327e9991 admin admin] 10.222.0.24 "GET /compute/v2.1" status: 200 len: 388 microversion: 2.1 time: 0.001921
Mar 21 11:06:13.409801 dv-cinder-834448-1-smb devstack@n-api.service[102683]: [pid: 102683|app: 0|req: 6/13] 10.222.0.24 () {54 vars in 930 bytes} [Mon Mar 21 11:06:13 2022] GET /compute/v2.1 => generated 388 bytes in 5 msecs (HTTP/1.1 200) 9 headers in 357 bytes (1 switches on core 0)
Mar 21 11:06:13.496355 dv-cinder-834448-1-smb devstack@n-api.service[102684]: DEBUG nova.api.openstack.wsgi [None req-3df9366f-91d8-4702-b0f6-eadba8b7deca admin admin] Action: 'create', calling method: >, body: {"flavor": {"swap": 0, "id": "d3", "name": "ds2G", "rxtx_factor": 1.0, "vcpus": 2, "ram": 2048, "OS-FLV-EXT-DATA:ephemeral": 0, "os-flavor-access:is_public": true, "disk": 10}} {{(pid=102684) _process_stack /opt/stack/nova/nova/api/openstack/wsgi.py:511}}
Mar 21 11:06:13.522828 dv-cinder-834448-1-smb devstack@n-api.service[102684]: INFO nova.api.openstack.requestlog [None req-3df9366f-91d8-4702-b0f6-eadba8b7deca admin admin] 10.222.0.24 "POST /compute/v2.1/flavors" status: 200 len: 404 microversion: 2.61 time: 0.105919
Mar 21 11:06:13.523260 dv-cinder-834448-1-smb devstack@n-api.service[102684]: [pid: 102684|app: 0|req: 8/14] 10.222.0.24 () {64 vars in 1282 bytes} [Mon Mar 21 11:06:13 2022] POST /compute/v2.1/flavors => generated 404 bytes in 107 msecs (HTTP/1.1 200) 9 headers in 359 bytes (1 switches on core 0)
Mar 21 11:06:13.535373 dv-cinder-834448-1-smb devstack@n-api.service[102683]: DEBUG nova.api.openstack.wsgi [None req-5cc0a9d7-fefb-46f0-b074-3f652d284f4a admin admin] Action: 'create', calling method: >, body: {"extra_specs": {"hw_rng:allowed": "True"}} {{(pid=102683) _process_stack /opt/stack/nova/nova/api/openstack/wsgi.py:511}}
Mar 21 11:06:13.559525 dv-cinder-834448-1-smb devstack@n-api.service[102683]: INFO nova.api.openstack.requestlog [None req-5cc0a9d7-fefb-46f0-b074-3f652d284f4a admin admin] 10.222.0.24 "POST /compute/v2.1/flavors/d3/os-extra_specs" status: 200 len: 43 microversion: 2.61 time: 0.027878
Mar 21 11:06:13.560337 dv-cinder-834448-1-smb devstack@n-api.service[102683]: [pid: 102683|app: 0|req: 7/15] 10.222.0.24 () {64 vars in 1335 bytes} [Mon Mar 21 11:06:13 2022] POST /compute/v2.1/flavors/d3/os-extra_specs => generated 43 bytes in 29 msecs (HTTP/1.1 200) 9 headers in 358 bytes (2 switches on core 0)
Mar 21 11:06:16.030765 dv-cinder-834448-1-smb devstack@n-api.service[102684]: DEBUG nova.api.openstack.wsgi [None req-3df9366f-91d8-4702-b0f6-eadba8b7deca admin admin] Calling method '>' {{(pid=102684) _process_stack /opt/stack/nova/nova/api/openstack/wsgi.py:513}}
Mar 21 11:06:16.032010 dv-cinder-834448-1-smb devstack@n-api.service[102684]: INFO nova.api.openstack.requestlog [None req-3df9366f-91d8-4702-b0f6-eadba8b7deca admin admin] 10.222.0.24 "GET /compute/v2.1" status: 200 len: 388 microversion: 2.1 time: 0.002540
Mar 21 11:06:16.032629 dv-cinder-834448-1-smb devstack@n-api.service[102684]: [pid: 102684|app: 0|req: 9/16] 10.222.0.24 () {54 vars in 930 bytes} [Mon Mar 21 11:06:16 2022] GET /compute/v2.1 => generated 388 bytes in 4 msecs (HTTP/1.1 200) 9 headers in 357 bytes (1 switches on core 0)
Mar 21 11:06:16.113665 dv-cinder-834448-1-smb devstack@n-api.service[102683]: DEBUG nova.api.openstack.wsgi [None req-b0f2dc40-aa68-47ba-9eb7-7aaa7741292a admin admin] Action: 'create', calling method: >, body: {"flavor": {"OS-FLV-EXT-DATA:ephemeral": 0, "ram": 4096, "name": "ds4G", "swap": 0, "vcpus": 4, "os-flavor-access:is_public": true, "id": "d4", "rxtx_factor": 1.0, "disk": 20}} {{(pid=102683) _process_stack /opt/stack/nova/nova/api/openstack/wsgi.py:511}}
Mar 21 11:06:16.149614 dv-cinder-834448-1-smb devstack@n-api.service[102683]: INFO nova.api.openstack.requestlog [None req-b0f2dc40-aa68-47ba-9eb7-7aaa7741292a admin admin] 10.222.0.24 "POST /compute/v2.1/flavors" status: 200 len: 404 microversion: 2.61 time: 0.105634
Mar 21 11:06:16.150843 dv-cinder-834448-1-smb devstack@n-api.service[102683]: [pid: 102683|app: 0|req: 8/17] 10.222.0.24 () {64 vars in 1282 bytes} [Mon Mar 21 11:06:16 2022] POST /compute/v2.1/flavors => generated 404 bytes in 108 msecs (HTTP/1.1 200) 9 headers in 359 bytes (1 switches on core 0)
Mar 21 11:06:16.163329 dv-cinder-834448-1-smb devstack@n-api.service[102684]: DEBUG nova.api.openstack.wsgi [None req-5b6fa4f7-d58d-45e5-a575-d1fd3815eb92 admin admin] Action: 'create', calling method: >, body: {"extra_specs": {"hw_rng:allowed": "True"}} {{(pid=102684) _process_stack /opt/stack/nova/nova/api/openstack/wsgi.py:511}}
Mar 21 11:06:16.197331 dv-cinder-834448-1-smb devstack@n-api.service[102684]: INFO nova.api.openstack.requestlog [None req-5b6fa4f7-d58d-45e5-a575-d1fd3815eb92 admin admin] 10.222.0.24 "POST /compute/v2.1/flavors/d4/os-extra_specs" status: 200 len: 43 microversion: 2.61 time: 0.038027
Mar 21 11:06:16.197836 dv-cinder-834448-1-smb devstack@n-api.service[102684]: [pid: 102684|app: 0|req: 10/18] 10.222.0.24 () {64 vars in 1335 bytes} [Mon Mar 21 11:06:16 2022] POST /compute/v2.1/flavors/d4/os-extra_specs => generated 43 bytes in 39 msecs (HTTP/1.1 200) 9 headers in 358 bytes (2 switches on core 0)
Mar 21 11:06:18.756132 dv-cinder-834448-1-smb devstack@n-api.service[102683]: DEBUG nova.api.openstack.wsgi [None req-b0f2dc40-aa68-47ba-9eb7-7aaa7741292a admin admin] Calling method '>' {{(pid=102683) _process_stack /opt/stack/nova/nova/api/openstack/wsgi.py:513}}
Mar 21 11:06:18.758065 dv-cinder-834448-1-smb devstack@n-api.service[102683]: INFO nova.api.openstack.requestlog [None req-b0f2dc40-aa68-47ba-9eb7-7aaa7741292a admin admin] 10.222.0.24 "GET /compute/v2.1" status: 200 len: 388 microversion: 2.1 time: 0.002522
Mar 21 11:06:18.764184 dv-cinder-834448-1-smb devstack@n-api.service[102683]: [pid: 102683|app: 0|req: 9/19] 10.222.0.24 () {54 vars in 930 bytes} [Mon Mar 21 11:06:18 2022] GET /compute/v2.1 => generated 388 bytes in 9 msecs (HTTP/1.1 200) 9 headers in 357 bytes (1 switches on core 0)
Mar 21 11:06:18.830606 dv-cinder-834448-1-smb devstack@n-api.service[102684]: DEBUG nova.api.openstack.wsgi [None req-736240bb-4bd9-418f-b25f-3221d05e7bdc admin admin] Calling method '>' {{(pid=102684) _process_stack /opt/stack/nova/nova/api/openstack/wsgi.py:513}}
Mar 21 11:06:18.859068 dv-cinder-834448-1-smb devstack@n-api.service[102684]: INFO nova.api.openstack.requestlog [None req-736240bb-4bd9-418f-b25f-3221d05e7bdc admin admin] 10.222.0.24 "GET /compute/v2.1/flavors/detail?is_public=True" status: 200 len: 2106 microversion: 2.61 time: 0.092012
Mar 21 11:06:18.872154 dv-cinder-834448-1-smb devstack@n-api.service[102684]: [pid: 102684|app: 0|req: 11/20] 10.222.0.24 () {60 vars in 1291 bytes} [Mon Mar 21 11:06:18 2022] GET /compute/v2.1/flavors/detail?is_public=True => generated 2106 bytes in 106 msecs (HTTP/1.1 200) 9 headers in 360 bytes (2 switches on core 0)
Mar 21 11:06:21.389967 dv-cinder-834448-1-smb devstack@n-api.service[102683]: DEBUG nova.api.openstack.wsgi [None req-b0f2dc40-aa68-47ba-9eb7-7aaa7741292a admin admin] Calling method '>' {{(pid=102683) _process_stack /opt/stack/nova/nova/api/openstack/wsgi.py:513}}
Mar 21 11:06:21.391036 dv-cinder-834448-1-smb devstack@n-api.service[102683]: INFO nova.api.openstack.requestlog [None req-b0f2dc40-aa68-47ba-9eb7-7aaa7741292a admin admin] 10.222.0.24 "GET /compute/v2.1" status: 200 len: 388 microversion: 2.1 time: 0.001572
Mar 21 11:06:21.391484 dv-cinder-834448-1-smb devstack@n-api.service[102683]: [pid: 102683|app: 0|req: 10/21] 10.222.0.24 () {54 vars in 930 bytes} [Mon Mar 21 11:06:21 2022] GET /compute/v2.1 => generated 388 bytes in 3 msecs (HTTP/1.1 200) 9 headers in 357 bytes (2 switches on core 0)
Mar 21 11:06:21.457524 dv-cinder-834448-1-smb devstack@n-api.service[102684]: DEBUG nova.api.openstack.wsgi [None req-444adad2-8ac1-4822-ad88-b902ee69563e admin admin] Action: 'create', calling method: >, body: {"flavor": {"rxtx_factor": 1.0, "disk": 1, "name": "m1.tiny", "os-flavor-access:is_public": true, "OS-FLV-EXT-DATA:ephemeral": 0, "swap": 0, "id": "1", "vcpus": 1, "ram": 512}} {{(pid=102684) _process_stack /opt/stack/nova/nova/api/openstack/wsgi.py:511}}
Mar 21 11:06:21.477424 dv-cinder-834448-1-smb devstack@n-api.service[102684]: INFO nova.api.openstack.requestlog [None req-444adad2-8ac1-4822-ad88-b902ee69563e admin admin] 10.222.0.24 "POST /compute/v2.1/flavors" status: 200 len: 402 microversion: 2.61 time: 0.079084
Mar 21 11:06:21.478038 dv-cinder-834448-1-smb devstack@n-api.service[102684]: [pid: 102684|app: 0|req: 12/22] 10.222.0.24 () {64 vars in 1282 bytes} [Mon Mar 21 11:06:21 2022] POST /compute/v2.1/flavors => generated 402 bytes in 80 msecs (HTTP/1.1 200) 9 headers in 359 bytes (1 switches on core 0)
Mar 21 11:06:21.492209 dv-cinder-834448-1-smb devstack@n-api.service[102683]: DEBUG nova.api.openstack.wsgi [None req-7663fa0f-66e9-46f9-8afd-b18845505d5c admin admin] Action: 'create', calling method: >, body: {"extra_specs": {"hw_rng:allowed": "True"}} {{(pid=102683) _process_stack /opt/stack/nova/nova/api/openstack/wsgi.py:511}}
Mar 21 11:06:21.523453 dv-cinder-834448-1-smb devstack@n-api.service[102683]: INFO nova.api.openstack.requestlog [None req-7663fa0f-66e9-46f9-8afd-b18845505d5c admin admin] 10.222.0.24 "POST /compute/v2.1/flavors/1/os-extra_specs" status: 200 len: 43 microversion: 2.61 time: 0.036335
Mar 21 11:06:21.524088 dv-cinder-834448-1-smb devstack@n-api.service[102683]: [pid: 102683|app: 0|req: 11/23] 10.222.0.24 () {64 vars in 1332 bytes} [Mon Mar 21 11:06:21 2022] POST /compute/v2.1/flavors/1/os-extra_specs => generated 43 bytes in 38 msecs (HTTP/1.1 200) 9 headers in 358 bytes (1 switches on core 0)
Mar 21 11:06:23.954843 dv-cinder-834448-1-smb devstack@n-api.service[102684]: DEBUG nova.api.openstack.wsgi [None req-444adad2-8ac1-4822-ad88-b902ee69563e admin admin] Calling method '>' {{(pid=102684) _process_stack /opt/stack/nova/nova/api/openstack/wsgi.py:513}}
Mar 21 11:06:23.955883 dv-cinder-834448-1-smb devstack@n-api.service[102684]: INFO nova.api.openstack.requestlog [None req-444adad2-8ac1-4822-ad88-b902ee69563e admin admin] 10.222.0.24 "GET /compute/v2.1" status: 200 len: 388 microversion: 2.1 time: 0.001539
Mar 21 11:06:23.956350 dv-cinder-834448-1-smb devstack@n-api.service[102684]: [pid: 102684|app: 0|req: 13/24] 10.222.0.24 () {54 vars in 930 bytes} [Mon Mar 21 11:06:23 2022] GET /compute/v2.1 => generated 388 bytes in 2 msecs (HTTP/1.1 200) 9 headers in 357 bytes (1 switches on core 0)
Mar 21 11:06:24.044611 dv-cinder-834448-1-smb devstack@n-api.service[102683]: DEBUG nova.api.openstack.wsgi [None req-1aa819f6-5822-4efc-94c7-571e2543d59e admin admin] Action: 'create', calling method: >, body: {"flavor": {"name": "m1.small", "ram": 2048, "swap": 0, "vcpus": 1, "rxtx_factor": 1.0, "id": "2", "os-flavor-access:is_public": true, "OS-FLV-EXT-DATA:ephemeral": 0, "disk": 20}} {{(pid=102683) _process_stack /opt/stack/nova/nova/api/openstack/wsgi.py:511}}
Mar 21 11:06:24.064947 dv-cinder-834448-1-smb devstack@n-api.service[102683]: INFO nova.api.openstack.requestlog [None req-1aa819f6-5822-4efc-94c7-571e2543d59e admin admin] 10.222.0.24 "POST /compute/v2.1/flavors" status: 200 len: 405 microversion: 2.61 time: 0.101743
Mar 21 11:06:24.065848 dv-cinder-834448-1-smb devstack@n-api.service[102683]: [pid: 102683|app: 0|req: 12/25] 10.222.0.24 () {64 vars in 1282 bytes} [Mon Mar 21 11:06:23 2022] POST /compute/v2.1/flavors => generated 405 bytes in 103 msecs (HTTP/1.1 200) 9 headers in 359 bytes (1 switches on core 0)
Mar 21 11:06:24.084336 dv-cinder-834448-1-smb devstack@n-api.service[102684]: DEBUG nova.api.openstack.wsgi [None req-d52515e0-e96f-4e8b-a06c-c542fcd821df admin admin] Action: 'create', calling method: >, body: {"extra_specs": {"hw_rng:allowed": "True"}} {{(pid=102684) _process_stack /opt/stack/nova/nova/api/openstack/wsgi.py:511}}
Mar 21 11:06:24.119002 dv-cinder-834448-1-smb devstack@n-api.service[102684]: INFO nova.api.openstack.requestlog [None req-d52515e0-e96f-4e8b-a06c-c542fcd821df admin admin] 10.222.0.24 "POST /compute/v2.1/flavors/2/os-extra_specs" status: 200 len: 43 microversion: 2.61 time: 0.040691
Mar 21 11:06:24.119866 dv-cinder-834448-1-smb devstack@n-api.service[102684]: [pid: 102684|app: 0|req: 14/26] 10.222.0.24 () {64 vars in 1332 bytes} [Mon Mar 21 11:06:24 2022] POST /compute/v2.1/flavors/2/os-extra_specs => generated 43 bytes in 43 msecs (HTTP/1.1 200) 9 headers in 358 bytes (1 switches on core 0)
Mar 21 11:06:26.554865 dv-cinder-834448-1-smb devstack@n-api.service[102683]: DEBUG nova.api.openstack.wsgi [None req-1aa819f6-5822-4efc-94c7-571e2543d59e admin admin] Calling method '>' {{(pid=102683) _process_stack /opt/stack/nova/nova/api/openstack/wsgi.py:513}}
Mar 21 11:06:26.555951 dv-cinder-834448-1-smb devstack@n-api.service[102683]: INFO nova.api.openstack.requestlog [None req-1aa819f6-5822-4efc-94c7-571e2543d59e admin admin] 10.222.0.24 "GET /compute/v2.1" status: 200 len: 388 microversion: 2.1 time: 0.001616
Mar 21 11:06:26.556400 dv-cinder-834448-1-smb devstack@n-api.service[102683]: [pid: 102683|app: 0|req: 13/27] 10.222.0.24 () {54 vars in 930 bytes} [Mon Mar 21 11:06:26 2022] GET /compute/v2.1 => generated 388 bytes in 3 msecs (HTTP/1.1 200) 9 headers in 357 bytes (1 switches on core 0)
Mar 21 11:06:26.622461 dv-cinder-834448-1-smb devstack@n-api.service[102684]: DEBUG nova.api.openstack.wsgi [None req-32ed65bb-1b6d-4a17-a775-7586460f7c74 admin admin] Action: 'create', calling method: >, body: {"flavor": {"swap": 0, "vcpus": 2, "ram": 4096, "name": "m1.medium", "os-flavor-access:is_public": true, "disk": 40, "OS-FLV-EXT-DATA:ephemeral": 0, "id": "3", "rxtx_factor": 1.0}} {{(pid=102684) _process_stack /opt/stack/nova/nova/api/openstack/wsgi.py:511}}
Mar 21 11:06:26.643742 dv-cinder-834448-1-smb devstack@n-api.service[102684]: INFO nova.api.openstack.requestlog [None req-32ed65bb-1b6d-4a17-a775-7586460f7c74 admin admin] 10.222.0.24 "POST /compute/v2.1/flavors" status: 200 len: 406 microversion: 2.61 time: 0.078917
Mar 21 11:06:26.644372 dv-cinder-834448-1-smb devstack@n-api.service[102684]: [pid: 102684|app: 0|req: 15/28] 10.222.0.24 () {64 vars in 1282 bytes} [Mon Mar 21 11:06:26 2022] POST /compute/v2.1/flavors => generated 406 bytes in 81 msecs (HTTP/1.1 200) 9 headers in 359 bytes (1 switches on core 0)
