Mar 15 16:59:45.201137 dv-cinder-833842-1-iscsi devstack@c-api.service[109944]: DEBUG cinder.api.openstack.wsgi [None req-e7f513f2-6f90-4c7a-ac3a-bc9b27ae43d4 tempest-GroupSnapshotsTest-1898027076 tempest-GroupSnapshotsTest-1898027076-project] Empty body provided in request {{(pid=109944) get_body /opt/stack/cinder/cinder/api/openstack/wsgi.py:715}}
Mar 15 16:59:45.201632 dv-cinder-833842-1-iscsi devstack@c-api.service[109944]: DEBUG cinder.api.openstack.wsgi [None req-e7f513f2-6f90-4c7a-ac3a-bc9b27ae43d4 tempest-GroupSnapshotsTest-1898027076 tempest-GroupSnapshotsTest-1898027076-project] Calling method 'version_select' {{(pid=109944) _process_stack /opt/stack/cinder/cinder/api/openstack/wsgi.py:868}}
Mar 15 16:59:45.201985 dv-cinder-833842-1-iscsi devstack@c-api.service[109944]: DEBUG cinder.api.v3.group_snapshots [None req-e7f513f2-6f90-4c7a-ac3a-bc9b27ae43d4 tempest-GroupSnapshotsTest-1898027076 tempest-GroupSnapshotsTest-1898027076-project] show called for member 7c0f5219-33fa-4023-a6dc-1e05ae0c903c {{(pid=109944) show /opt/stack/cinder/cinder/api/v3/group_snapshots.py:58}}
Mar 15 16:59:45.212021 dv-cinder-833842-1-iscsi devstack@c-api.service[109944]: INFO cinder.api.openstack.wsgi [None req-e7f513f2-6f90-4c7a-ac3a-bc9b27ae43d4 tempest-GroupSnapshotsTest-1898027076 tempest-GroupSnapshotsTest-1898027076-project] http://10.222.0.59/volume/v3/29563385f0be494ebdb255dbe841a07c/group_snapshots/7c0f5219-33fa-4023-a6dc-1e05ae0c903c returned with HTTP 404
Mar 15 16:59:45.214562 dv-cinder-833842-1-iscsi devstack@c-api.service[109944]: [pid: 109944|app: 0|req: 89/175] 10.222.0.59 () {60 vars in 1389 bytes} [Tue Mar 15 16:59:45 2022] GET /volume/v3/29563385f0be494ebdb255dbe841a07c/group_snapshots/7c0f5219-33fa-4023-a6dc-1e05ae0c903c => generated 116 bytes in 32 msecs (HTTP/1.1 404) 7 headers in 293 bytes (1 switches on core 0)
Mar 15 16:59:45.219513 dv-cinder-833842-1-iscsi devstack@c-api.service[109945]: DEBUG cinder.api.middleware.request_id [None req-b950013b-a74e-4574-89b4-36511a6f0c98 None None] RequestId filter calling following filter/app {{(pid=109945) _context_setter /opt/stack/cinder/cinder/api/middleware/request_id.py:62}}
Mar 15 16:59:45.225457 dv-cinder-833842-1-iscsi devstack@c-api.service[109945]: INFO cinder.api.openstack.wsgi [None req-b950013b-a74e-4574-89b4-36511a6f0c98 tempest-GroupSnapshotsTest-1898027076 tempest-GroupSnapshotsTest-1898027076-project] GET http://10.222.0.59/volume/v3/29563385f0be494ebdb255dbe841a07c/volumes/detail
Mar 15 16:59:45.226162 dv-cinder-833842-1-iscsi devstack@c-api.service[109945]: DEBUG cinder.api.openstack.wsgi [None req-b950013b-a74e-4574-89b4-36511a6f0c98 tempest-GroupSnapshotsTest-1898027076 tempest-GroupSnapshotsTest-1898027076-project] Empty body provided in request {{(pid=109945) get_body /opt/stack/cinder/cinder/api/openstack/wsgi.py:715}}
Mar 15 16:59:45.226769 dv-cinder-833842-1-iscsi devstack@c-api.service[109945]: DEBUG cinder.api.openstack.wsgi [None req-b950013b-a74e-4574-89b4-36511a6f0c98 tempest-GroupSnapshotsTest-1898027076 tempest-GroupSnapshotsTest-1898027076-project] Calling method 'detail' {{(pid=109945) _process_stack /opt/stack/cinder/cinder/api/openstack/wsgi.py:868}}
Mar 15 16:59:45.227582 dv-cinder-833842-1-iscsi devstack@c-api.service[109945]: DEBUG cinder.api.api_utils [None req-b950013b-a74e-4574-89b4-36511a6f0c98 tempest-GroupSnapshotsTest-1898027076 tempest-GroupSnapshotsTest-1898027076-project] Removing options '' from query. {{(pid=109945) remove_invalid_filter_options /opt/stack/cinder/cinder/api/api_utils.py:73}}
Mar 15 16:59:45.229797 dv-cinder-833842-1-iscsi devstack@c-api.service[109945]: /usr/local/lib/python3.8/dist-packages/oslo_context/context.py:100: DeprecationWarning: Policy enforcement is depending on the value of is_admin. This key is deprecated. Please update your policy file to use the standard policy values.
Mar 15 16:59:45.229797 dv-cinder-833842-1-iscsi devstack@c-api.service[109945]: warnings.warn('Policy enforcement is depending on the value of '
Mar 15 16:59:45.231325 dv-cinder-833842-1-iscsi devstack@c-api.service[109945]: DEBUG cinder.volume.api [None req-b950013b-a74e-4574-89b4-36511a6f0c98 tempest-GroupSnapshotsTest-1898027076 tempest-GroupSnapshotsTest-1898027076-project] Searching by: MultiDict([('no_migration_targets', True)]). {{(pid=109945) get_all /opt/stack/cinder/cinder/volume/api.py:662}}
Mar 15 16:59:45.317628 dv-cinder-833842-1-iscsi devstack@c-api.service[109944]: DEBUG cinder.api.middleware.request_id [None req-b6e9570f-83ed-489a-b5cc-3d9d40c0a219 None None] RequestId filter calling following filter/app {{(pid=109944) _context_setter /opt/stack/cinder/cinder/api/middleware/request_id.py:62}}
Mar 15 16:59:45.324452 dv-cinder-833842-1-iscsi devstack@c-api.service[109944]: INFO cinder.api.openstack.wsgi [None req-b6e9570f-83ed-489a-b5cc-3d9d40c0a219 tempest-VolumesTestJSON-602117987 tempest-VolumesTestJSON-602117987-project] GET http://10.222.0.59/volume/v3/1842f7cc46404cd6a18ef12350bf70c2/volumes/46067787-9771-4626-bcab-09741156fdc7
Mar 15 16:59:45.325087 dv-cinder-833842-1-iscsi devstack@c-api.service[109944]: DEBUG cinder.api.openstack.wsgi [None req-b6e9570f-83ed-489a-b5cc-3d9d40c0a219 tempest-VolumesTestJSON-602117987 tempest-VolumesTestJSON-602117987-project] Empty body provided in request {{(pid=109944) get_body /opt/stack/cinder/cinder/api/openstack/wsgi.py:715}}
Mar 15 16:59:45.326145 dv-cinder-833842-1-iscsi devstack@c-api.service[109944]: DEBUG cinder.api.openstack.wsgi [None req-b6e9570f-83ed-489a-b5cc-3d9d40c0a219 tempest-VolumesTestJSON-602117987 tempest-VolumesTestJSON-602117987-project] Calling method 'show' {{(pid=109944) _process_stack /opt/stack/cinder/cinder/api/openstack/wsgi.py:868}}
Mar 15 16:59:45.375540 dv-cinder-833842-1-iscsi devstack@c-api.service[109944]: /usr/local/lib/python3.8/dist-packages/oslo_context/context.py:100: DeprecationWarning: Policy enforcement is depending on the value of is_admin. This key is deprecated. Please update your policy file to use the standard policy values.
Mar 15 16:59:45.375540 dv-cinder-833842-1-iscsi devstack@c-api.service[109944]: warnings.warn('Policy enforcement is depending on the value of '
Mar 15 16:59:45.388122 dv-cinder-833842-1-iscsi devstack@c-api.service[109945]: INFO cinder.volume.api [None req-b950013b-a74e-4574-89b4-36511a6f0c98 tempest-GroupSnapshotsTest-1898027076 tempest-GroupSnapshotsTest-1898027076-project] Get all volumes completed successfully.
Mar 15 16:59:45.389870 dv-cinder-833842-1-iscsi devstack@c-api.service[109945]: WARNING stevedore.named [None req-b950013b-a74e-4574-89b4-36511a6f0c98 tempest-GroupSnapshotsTest-1898027076 tempest-GroupSnapshotsTest-1898027076-project] Could not load cinder.keymgr.conf_key_mgr.ConfKeyManager
Mar 15 16:59:45.390264 dv-cinder-833842-1-iscsi devstack@c-api.service[109945]: WARNING castellan.key_manager [None req-b950013b-a74e-4574-89b4-36511a6f0c98 tempest-GroupSnapshotsTest-1898027076 tempest-GroupSnapshotsTest-1898027076-project] Deprecation Warning : cinder.keymgr.conf_key_mgr.ConfKeyManager is not a stevedore based driver, trying to load it as a class: stevedore.exception.NoMatches: No 'castellan.drivers' driver found, looking for 'cinder.keymgr.conf_key_mgr.ConfKeyManager'
Mar 15 16:59:45.396545 dv-cinder-833842-1-iscsi devstack@c-api.service[109944]: INFO cinder.volume.api [None req-b6e9570f-83ed-489a-b5cc-3d9d40c0a219 tempest-VolumesTestJSON-602117987 tempest-VolumesTestJSON-602117987-project] Volume info retrieved successfully.
Mar 15 16:59:45.418608 dv-cinder-833842-1-iscsi devstack@c-api.service[109944]: INFO cinder.api.openstack.wsgi [None req-b6e9570f-83ed-489a-b5cc-3d9d40c0a219 tempest-VolumesTestJSON-602117987 tempest-VolumesTestJSON-602117987-project] http://10.222.0.59/volume/v3/1842f7cc46404cd6a18ef12350bf70c2/volumes/46067787-9771-4626-bcab-09741156fdc7 returned with HTTP 200
Mar 15 16:59:45.421166 dv-cinder-833842-1-iscsi devstack@c-api.service[109945]: DEBUG oslo_db.sqlalchemy.engines [None req-b950013b-a74e-4574-89b4-36511a6f0c98 tempest-GroupSnapshotsTest-1898027076 tempest-GroupSnapshotsTest-1898027076-project] MySQL server mode set to STRICT_TRANS_TABLES,STRICT_ALL_TABLES,NO_ZERO_IN_DATE,NO_ZERO_DATE,ERROR_FOR_DIVISION_BY_ZERO,TRADITIONAL,NO_ENGINE_SUBSTITUTION {{(pid=109945) _check_effective_sql_mode /usr/local/lib/python3.8/dist-packages/oslo_db/sqlalchemy/engines.py:314}}
Mar 15 16:59:45.429739 dv-cinder-833842-1-iscsi devstack@c-api.service[109945]: /usr/local/lib/python3.8/dist-packages/oslo_context/context.py:100: DeprecationWarning: Policy enforcement is depending on the value of is_admin. This key is deprecated. Please update your policy file to use the standard policy values.
Mar 15 16:59:45.429739 dv-cinder-833842-1-iscsi devstack@c-api.service[109945]: warnings.warn('Policy enforcement is depending on the value of '
Mar 15 16:59:45.436621 dv-cinder-833842-1-iscsi devstack@c-api.service[109944]: [pid: 109944|app: 0|req: 90/176] 10.222.0.59 () {58 vars in 1324 bytes} [Tue Mar 15 16:59:45 2022] GET /volume/v3/1842f7cc46404cd6a18ef12350bf70c2/volumes/46067787-9771-4626-bcab-09741156fdc7 => generated 921 bytes in 120 msecs (HTTP/1.1 200) 7 headers in 285 bytes (2 switches on core 0)
Mar 15 16:59:45.453603 dv-cinder-833842-1-iscsi devstack@c-api.service[109945]: INFO cinder.api.openstack.wsgi [None req-b950013b-a74e-4574-89b4-36511a6f0c98 tempest-GroupSnapshotsTest-1898027076 tempest-GroupSnapshotsTest-1898027076-project] http://10.222.0.59/volume/v3/29563385f0be494ebdb255dbe841a07c/volumes/detail returned with HTTP 200
Mar 15 16:59:45.455334 dv-cinder-833842-1-iscsi devstack@c-api.service[109945]: [pid: 109945|app: 0|req: 87/177] 10.222.0.59 () {60 vars in 1275 bytes} [Tue Mar 15 16:59:45 2022] GET /volume/v3/29563385f0be494ebdb255dbe841a07c/volumes/detail => generated 1004 bytes in 237 msecs (HTTP/1.1 200) 7 headers in 287 bytes (2 switches on core 0)
Mar 15 16:59:45.467486 dv-cinder-833842-1-iscsi devstack@c-api.service[109944]: DEBUG cinder.api.middleware.request_id [None req-ba8058cb-31d5-4d76-a948-5ec1b71c5890 None None] RequestId filter calling following filter/app {{(pid=109944) _context_setter /opt/stack/cinder/cinder/api/middleware/request_id.py:62}}
Mar 15 16:59:45.472501 dv-cinder-833842-1-iscsi devstack@c-api.service[109945]: DEBUG cinder.api.middleware.request_id [req-4fe4a5f2-dbb3-4c4a-91b6-667599e14197 req-41434ea1-310d-48f4-8d4f-9f10f04b3cce None None] RequestId filter calling following filter/app {{(pid=109945) _context_setter /opt/stack/cinder/cinder/api/middleware/request_id.py:62}}
Mar 15 16:59:45.474290 dv-cinder-833842-1-iscsi devstack@c-api.service[109944]: INFO cinder.api.openstack.wsgi [None req-ba8058cb-31d5-4d76-a948-5ec1b71c5890 tempest-GroupSnapshotsTest-1898027076 tempest-GroupSnapshotsTest-1898027076-project] POST http://10.222.0.59/volume/v3/29563385f0be494ebdb255dbe841a07c/groups/62a8b04a-486e-4ef4-bcd6-1e26eafde2ae/action
Mar 15 16:59:45.477272 dv-cinder-833842-1-iscsi devstack@c-api.service[109944]: DEBUG cinder.api.openstack.wsgi [None req-ba8058cb-31d5-4d76-a948-5ec1b71c5890 tempest-GroupSnapshotsTest-1898027076 tempest-GroupSnapshotsTest-1898027076-project] Action body: b'{"delete": {"delete-volumes": true}}' {{(pid=109944) get_method /opt/stack/cinder/cinder/api/openstack/wsgi.py:983}}
Mar 15 16:59:45.477831 dv-cinder-833842-1-iscsi devstack@c-api.service[109944]: DEBUG cinder.api.openstack.wsgi [None req-ba8058cb-31d5-4d76-a948-5ec1b71c5890 tempest-GroupSnapshotsTest-1898027076 tempest-GroupSnapshotsTest-1898027076-project] Action: 'action', calling method: delete_group, body: {"delete": {"delete-volumes": true}} {{(pid=109944) _process_stack /opt/stack/cinder/cinder/api/openstack/wsgi.py:866}}
Mar 15 16:59:45.479528 dv-cinder-833842-1-iscsi devstack@c-api.service[109944]: DEBUG cinder.api.v3.groups [None req-ba8058cb-31d5-4d76-a948-5ec1b71c5890 tempest-GroupSnapshotsTest-1898027076 tempest-GroupSnapshotsTest-1898027076-project] delete called for group 62a8b04a-486e-4ef4-bcd6-1e26eafde2ae {{(pid=109944) _delete /opt/stack/cinder/cinder/api/v3/groups.py:117}}
Mar 15 16:59:45.481490 dv-cinder-833842-1-iscsi devstack@c-api.service[109944]: INFO cinder.api.v3.groups [None req-ba8058cb-31d5-4d76-a948-5ec1b71c5890 tempest-GroupSnapshotsTest-1898027076 tempest-GroupSnapshotsTest-1898027076-project] Delete group with id: 62a8b04a-486e-4ef4-bcd6-1e26eafde2ae
Mar 15 16:59:45.484577 dv-cinder-833842-1-iscsi devstack@c-api.service[109945]: INFO cinder.api.openstack.wsgi [req-4fe4a5f2-dbb3-4c4a-91b6-667599e14197 req-41434ea1-310d-48f4-8d4f-9f10f04b3cce tempest-VolumesTestJSON-602117987 tempest-VolumesTestJSON-602117987-project] GET http://10.222.0.59/volume/v3/1842f7cc46404cd6a18ef12350bf70c2/volumes/46067787-9771-4626-bcab-09741156fdc7
Mar 15 16:59:45.486226 dv-cinder-833842-1-iscsi devstack@c-api.service[109945]: DEBUG cinder.api.openstack.wsgi [req-4fe4a5f2-dbb3-4c4a-91b6-667599e14197 req-41434ea1-310d-48f4-8d4f-9f10f04b3cce tempest-VolumesTestJSON-602117987 tempest-VolumesTestJSON-602117987-project] Empty body provided in request {{(pid=109945) get_body /opt/stack/cinder/cinder/api/openstack/wsgi.py:715}}
Mar 15 16:59:45.487267 dv-cinder-833842-1-iscsi devstack@c-api.service[109945]: DEBUG cinder.api.openstack.wsgi [req-4fe4a5f2-dbb3-4c4a-91b6-667599e14197 req-41434ea1-310d-48f4-8d4f-9f10f04b3cce tempest-VolumesTestJSON-602117987 tempest-VolumesTestJSON-602117987-project] Calling method 'show' {{(pid=109945) _process_stack /opt/stack/cinder/cinder/api/openstack/wsgi.py:868}}
Mar 15 16:59:45.492908 dv-cinder-833842-1-iscsi devstack@c-api.service[109944]: /usr/local/lib/python3.8/dist-packages/oslo_context/context.py:100: DeprecationWarning: Policy enforcement is depending on the value of is_admin. This key is deprecated. Please update your policy file to use the standard policy values.
Mar 15 16:59:45.492908 dv-cinder-833842-1-iscsi devstack@c-api.service[109944]: warnings.warn('Policy enforcement is depending on the value of '
Mar 15 16:59:45.519025 dv-cinder-833842-1-iscsi devstack@c-api.service[109945]: /usr/local/lib/python3.8/dist-packages/oslo_context/context.py:100: DeprecationWarning: Policy enforcement is depending on the value of is_admin. This key is deprecated. Please update your policy file to use the standard policy values.
Mar 15 16:59:45.519025 dv-cinder-833842-1-iscsi devstack@c-api.service[109945]: warnings.warn('Policy enforcement is depending on the value of '
Mar 15 16:59:45.539900 dv-cinder-833842-1-iscsi devstack@c-api.service[109945]: INFO cinder.volume.api [req-4fe4a5f2-dbb3-4c4a-91b6-667599e14197 req-41434ea1-310d-48f4-8d4f-9f10f04b3cce tempest-VolumesTestJSON-602117987 tempest-VolumesTestJSON-602117987-project] Volume info retrieved successfully.
Mar 15 16:59:45.561606 dv-cinder-833842-1-iscsi devstack@c-api.service[109945]: INFO cinder.api.openstack.wsgi [req-4fe4a5f2-dbb3-4c4a-91b6-667599e14197 req-41434ea1-310d-48f4-8d4f-9f10f04b3cce tempest-VolumesTestJSON-602117987 tempest-VolumesTestJSON-602117987-project] http://10.222.0.59/volume/v3/1842f7cc46404cd6a18ef12350bf70c2/volumes/46067787-9771-4626-bcab-09741156fdc7 returned with HTTP 200
Mar 15 16:59:45.564911 dv-cinder-833842-1-iscsi devstack@c-api.service[109945]: [pid: 109945|app: 0|req: 88/178] 10.222.0.59 () {60 vars in 1578 bytes} [Tue Mar 15 16:59:45 2022] GET /volume/v3/1842f7cc46404cd6a18ef12350bf70c2/volumes/46067787-9771-4626-bcab-09741156fdc7 => generated 921 bytes in 93 msecs (HTTP/1.1 200) 7 headers in 285 bytes (1 switches on core 0)
Mar 15 16:59:45.579735 dv-cinder-833842-1-iscsi devstack@c-api.service[109945]: DEBUG cinder.api.middleware.request_id [None req-2da54985-5373-48a5-b2b3-e2fe5e9fde17 None None] RequestId filter calling following filter/app {{(pid=109945) _context_setter /opt/stack/cinder/cinder/api/middleware/request_id.py:62}}
Mar 15 16:59:45.583706 dv-cinder-833842-1-iscsi devstack@c-api.service[109945]: INFO cinder.api.openstack.wsgi [None req-2da54985-5373-48a5-b2b3-e2fe5e9fde17 tempest-VolumesTestJSON-602117987 tempest-VolumesTestJSON-602117987-project] POST http://10.222.0.59/volume/v3/1842f7cc46404cd6a18ef12350bf70c2/volumes
Mar 15 16:59:45.584406 dv-cinder-833842-1-iscsi devstack@c-api.service[109945]: DEBUG cinder.api.openstack.wsgi [None req-2da54985-5373-48a5-b2b3-e2fe5e9fde17 tempest-VolumesTestJSON-602117987 tempest-VolumesTestJSON-602117987-project] Action: 'create', calling method: create, body: {"volume": {"metadata": {"Type": "work"}, "size": 1, "display_name": "tempest-VolumesTestJSON-volume-2134039333"}} {{(pid=109945) _process_stack /opt/stack/cinder/cinder/api/openstack/wsgi.py:866}}
Mar 15 16:59:45.585740 dv-cinder-833842-1-iscsi devstack@c-api.service[109945]: DEBUG cinder.api.v3.volumes [None req-2da54985-5373-48a5-b2b3-e2fe5e9fde17 tempest-VolumesTestJSON-602117987 tempest-VolumesTestJSON-602117987-project] Create volume request body: {'volume': {'metadata': {'Type': 'work'}, 'size': 1, 'display_name': 'tempest-VolumesTestJSON-volume-2134039333'}} {{(pid=109945) create /opt/stack/cinder/cinder/api/v3/volumes.py:298}}
Mar 15 16:59:45.587120 dv-cinder-833842-1-iscsi devstack@c-api.service[109945]: INFO cinder.api.v3.volumes [None req-2da54985-5373-48a5-b2b3-e2fe5e9fde17 tempest-VolumesTestJSON-602117987 tempest-VolumesTestJSON-602117987-project] Create volume of 1 GB
Mar 15 16:59:45.594457 dv-cinder-833842-1-iscsi devstack@c-api.service[109945]: INFO cinder.volume.api [None req-2da54985-5373-48a5-b2b3-e2fe5e9fde17 tempest-VolumesTestJSON-602117987 tempest-VolumesTestJSON-602117987-project] Availability Zones retrieved successfully.
Mar 15 16:59:45.611285 dv-cinder-833842-1-iscsi devstack@c-api.service[109945]: DEBUG cinder.volume.api [None req-2da54985-5373-48a5-b2b3-e2fe5e9fde17 tempest-VolumesTestJSON-602117987 tempest-VolumesTestJSON-602117987-project] Flow 'volume_create_api' (aa0a7b07-b637-4266-8ff8-594b5019b4c3) transitioned into state 'RUNNING' from state 'PENDING' {{(pid=109945) _flow_receiver /usr/local/lib/python3.8/dist-packages/taskflow/listeners/logging.py:141}}
Mar 15 16:59:45.613770 dv-cinder-833842-1-iscsi devstack@c-api.service[109945]: DEBUG cinder.volume.api [None req-2da54985-5373-48a5-b2b3-e2fe5e9fde17 tempest-VolumesTestJSON-602117987 tempest-VolumesTestJSON-602117987-project] Task 'cinder.volume.flows.api.create_volume.ExtractVolumeRequestTask;volume:create' (e37a0d89-6cfb-41a0-a9de-632bfc8665c3) transitioned into state 'RUNNING' from state 'PENDING' {{(pid=109945) _task_receiver /usr/local/lib/python3.8/dist-packages/taskflow/listeners/logging.py:190}}
Mar 15 16:59:45.616386 dv-cinder-833842-1-iscsi devstack@c-api.service[109945]: DEBUG cinder.volume.flows.api.create_volume [None req-2da54985-5373-48a5-b2b3-e2fe5e9fde17 tempest-VolumesTestJSON-602117987 tempest-VolumesTestJSON-602117987-project] Validating volume size '1' using validate_int {{(pid=109945) _extract_size /opt/stack/cinder/cinder/volume/flows/api/create_volume.py:225}}
Mar 15 16:59:45.656414 dv-cinder-833842-1-iscsi devstack@c-api.service[109944]: INFO cinder.api.openstack.wsgi [None req-ba8058cb-31d5-4d76-a948-5ec1b71c5890 tempest-GroupSnapshotsTest-1898027076 tempest-GroupSnapshotsTest-1898027076-project] http://10.222.0.59/volume/v3/29563385f0be494ebdb255dbe841a07c/groups/62a8b04a-486e-4ef4-bcd6-1e26eafde2ae/action returned with HTTP 202
Mar 15 16:59:45.658452 dv-cinder-833842-1-iscsi devstack@c-api.service[109944]: [pid: 109944|app: 0|req: 91/179] 10.222.0.59 () {62 vars in 1404 bytes} [Tue Mar 15 16:59:45 2022] POST /volume/v3/29563385f0be494ebdb255dbe841a07c/groups/62a8b04a-486e-4ef4-bcd6-1e26eafde2ae/action => generated 0 bytes in 192 msecs (HTTP/1.1 202) 6 headers in 234 bytes (1 switches on core 0)
Mar 15 16:59:45.666085 dv-cinder-833842-1-iscsi devstack@c-api.service[109944]: DEBUG cinder.api.middleware.request_id [None req-e5676614-536b-4a7c-956d-a0e55b42570c None None] RequestId filter calling following filter/app {{(pid=109944) _context_setter /opt/stack/cinder/cinder/api/middleware/request_id.py:62}}
Mar 15 16:59:45.682953 dv-cinder-833842-1-iscsi devstack@c-api.service[109944]: INFO cinder.api.openstack.wsgi [None req-e5676614-536b-4a7c-956d-a0e55b42570c tempest-GroupSnapshotsTest-1898027076 tempest-GroupSnapshotsTest-1898027076-project] GET http://10.222.0.59/volume/v3/29563385f0be494ebdb255dbe841a07c/volumes/9a2d8c96-b02d-4aa3-9796-b57b74ff2d66
Mar 15 16:59:45.689299 dv-cinder-833842-1-iscsi devstack@c-api.service[109944]: DEBUG cinder.api.openstack.wsgi [None req-e5676614-536b-4a7c-956d-a0e55b42570c tempest-GroupSnapshotsTest-1898027076 tempest-GroupSnapshotsTest-1898027076-project] Empty body provided in request {{(pid=109944) get_body /opt/stack/cinder/cinder/api/openstack/wsgi.py:715}}
Mar 15 16:59:45.690020 dv-cinder-833842-1-iscsi devstack@c-api.service[109944]: DEBUG cinder.api.openstack.wsgi [None req-e5676614-536b-4a7c-956d-a0e55b42570c tempest-GroupSnapshotsTest-1898027076 tempest-GroupSnapshotsTest-1898027076-project] Calling method 'show' {{(pid=109944) _process_stack /opt/stack/cinder/cinder/api/openstack/wsgi.py:868}}
Mar 15 16:59:45.719179 dv-cinder-833842-1-iscsi devstack@c-api.service[109944]: /usr/local/lib/python3.8/dist-packages/oslo_context/context.py:100: DeprecationWarning: Policy enforcement is depending on the value of is_admin. This key is deprecated. Please update your policy file to use the standard policy values.
Mar 15 16:59:45.719179 dv-cinder-833842-1-iscsi devstack@c-api.service[109944]: warnings.warn('Policy enforcement is depending on the value of '
Mar 15 16:59:45.728210 dv-cinder-833842-1-iscsi devstack@c-api.service[109945]: DEBUG cinder.volume.api [None req-2da54985-5373-48a5-b2b3-e2fe5e9fde17 tempest-VolumesTestJSON-602117987 tempest-VolumesTestJSON-602117987-project] Task 'cinder.volume.flows.api.create_volume.ExtractVolumeRequestTask;volume:create' (e37a0d89-6cfb-41a0-a9de-632bfc8665c3) transitioned into state 'SUCCESS' from state 'RUNNING' with result '{'size': 1, 'snapshot_id': None, 'source_volid': None, 'volume_type': VolumeType(created_at=2022-03-15T16:49:26Z,deleted=False,deleted_at=None,description='Default Volume Type',extra_specs={},id=19520254-4af1-44a8-86ef-2b24fcc66855,is_public=True,name='__DEFAULT__',projects=[],qos_specs=,qos_specs_id=None,updated_at=2022-03-15T16:49:26Z), 'volume_type_id': '19520254-4af1-44a8-86ef-2b24fcc66855', 'encryption_key_id': None, 'qos_specs': None, 'consistencygroup_id': None, 'cgsnapshot_id': None, 'group_id': None, 'replication_status': 'disabled', 'refresh_az': False, 'backup_id': None, 'multiattach': False, 'availability_zones': ['nova']}' {{(pid=109945) _task_receiver /usr/local/lib/python3.8/dist-packages/taskflow/listeners/logging.py:178}}
Mar 15 16:59:45.728993 dv-cinder-833842-1-iscsi devstack@c-api.service[109944]: INFO cinder.volume.api [None req-e5676614-536b-4a7c-956d-a0e55b42570c tempest-GroupSnapshotsTest-1898027076 tempest-GroupSnapshotsTest-1898027076-project] Volume info retrieved successfully.
Mar 15 16:59:45.731816 dv-cinder-833842-1-iscsi devstack@c-api.service[109945]: DEBUG cinder.volume.api [None req-2da54985-5373-48a5-b2b3-e2fe5e9fde17 tempest-VolumesTestJSON-602117987 tempest-VolumesTestJSON-602117987-project] Task 'cinder.volume.flows.api.create_volume.QuotaReserveTask;volume:create' (ea4abe76-bfce-4e0d-bec9-00fc97dffe80) transitioned into state 'RUNNING' from state 'PENDING' {{(pid=109945) _task_receiver /usr/local/lib/python3.8/dist-packages/taskflow/listeners/logging.py:190}}
Mar 15 16:59:45.731959 dv-cinder-833842-1-iscsi devstack@c-api.service[109944]: WARNING stevedore.named [None req-e5676614-536b-4a7c-956d-a0e55b42570c tempest-GroupSnapshotsTest-1898027076 tempest-GroupSnapshotsTest-1898027076-project] Could not load cinder.keymgr.conf_key_mgr.ConfKeyManager
Mar 15 16:59:45.735340 dv-cinder-833842-1-iscsi devstack@c-api.service[109944]: WARNING castellan.key_manager [None req-e5676614-536b-4a7c-956d-a0e55b42570c tempest-GroupSnapshotsTest-1898027076 tempest-GroupSnapshotsTest-1898027076-project] Deprecation Warning : cinder.keymgr.conf_key_mgr.ConfKeyManager is not a stevedore based driver, trying to load it as a class: stevedore.exception.NoMatches: No 'castellan.drivers' driver found, looking for 'cinder.keymgr.conf_key_mgr.ConfKeyManager'
Mar 15 16:59:45.748834 dv-cinder-833842-1-iscsi devstack@c-api.service[109944]: DEBUG oslo_db.sqlalchemy.engines [None req-e5676614-536b-4a7c-956d-a0e55b42570c tempest-GroupSnapshotsTest-1898027076 tempest-GroupSnapshotsTest-1898027076-project] MySQL server mode set to STRICT_TRANS_TABLES,STRICT_ALL_TABLES,NO_ZERO_IN_DATE,NO_ZERO_DATE,ERROR_FOR_DIVISION_BY_ZERO,TRADITIONAL,NO_ENGINE_SUBSTITUTION {{(pid=109944) _check_effective_sql_mode /usr/local/lib/python3.8/dist-packages/oslo_db/sqlalchemy/engines.py:314}}
Mar 15 16:59:45.764402 dv-cinder-833842-1-iscsi devstack@c-api.service[109944]: /usr/local/lib/python3.8/dist-packages/oslo_context/context.py:100: DeprecationWarning: Policy enforcement is depending on the value of is_admin. This key is deprecated. Please update your policy file to use the standard policy values.
Mar 15 16:59:45.764402 dv-cinder-833842-1-iscsi devstack@c-api.service[109944]: warnings.warn('Policy enforcement is depending on the value of '
Mar 15 16:59:45.782873 dv-cinder-833842-1-iscsi devstack@c-api.service[109944]: INFO cinder.api.openstack.wsgi [None req-e5676614-536b-4a7c-956d-a0e55b42570c tempest-GroupSnapshotsTest-1898027076 tempest-GroupSnapshotsTest-1898027076-project] http://10.222.0.59/volume/v3/29563385f0be494ebdb255dbe841a07c/volumes/9a2d8c96-b02d-4aa3-9796-b57b74ff2d66 returned with HTTP 200
Mar 15 16:59:45.784111 dv-cinder-833842-1-iscsi devstack@c-api.service[109944]: [pid: 109944|app: 0|req: 92/180] 10.222.0.59 () {60 vars in 1365 bytes} [Tue Mar 15 16:59:45 2022] GET /volume/v3/29563385f0be494ebdb255dbe841a07c/volumes/9a2d8c96-b02d-4aa3-9796-b57b74ff2d66 => generated 1000 bytes in 120 msecs (HTTP/1.1 200) 7 headers in 287 bytes (1 switches on core 0)
Mar 15 16:59:45.822498 dv-cinder-833842-1-iscsi devstack@c-api.service[109945]: DEBUG cinder.quota [None req-2da54985-5373-48a5-b2b3-e2fe5e9fde17 tempest-VolumesTestJSON-602117987 tempest-VolumesTestJSON-602117987-project] Created reservations ['cfd1788a-cce5-4189-9fd3-8b42734f520e', '645a3825-64d7-4c5b-84c1-8e1bb346cb7d', '8b246466-c6a7-4ee3-869c-71ee633fdf90', '26e8327e-3152-4c1b-932e-8ed8e74cf030'] {{(pid=109945) reserve /opt/stack/cinder/cinder/quota.py:755}}
Mar 15 16:59:45.826758 dv-cinder-833842-1-iscsi devstack@c-api.service[109945]: DEBUG cinder.volume.api [None req-2da54985-5373-48a5-b2b3-e2fe5e9fde17 tempest-VolumesTestJSON-602117987 tempest-VolumesTestJSON-602117987-project] Task 'cinder.volume.flows.api.create_volume.QuotaReserveTask;volume:create' (ea4abe76-bfce-4e0d-bec9-00fc97dffe80) transitioned into state 'SUCCESS' from state 'RUNNING' with result '{'reservations': ['cfd1788a-cce5-4189-9fd3-8b42734f520e', '645a3825-64d7-4c5b-84c1-8e1bb346cb7d', '8b246466-c6a7-4ee3-869c-71ee633fdf90', '26e8327e-3152-4c1b-932e-8ed8e74cf030']}' {{(pid=109945) _task_receiver /usr/local/lib/python3.8/dist-packages/taskflow/listeners/logging.py:178}}
Mar 15 16:59:45.832802 dv-cinder-833842-1-iscsi devstack@c-api.service[109945]: DEBUG cinder.volume.api [None req-2da54985-5373-48a5-b2b3-e2fe5e9fde17 tempest-VolumesTestJSON-602117987 tempest-VolumesTestJSON-602117987-project] Task 'cinder.volume.flows.api.create_volume.EntryCreateTask;volume:create' (7036be6b-5226-484a-88b8-f038f79643a9) transitioned into state 'RUNNING' from state 'PENDING' {{(pid=109945) _task_receiver /usr/local/lib/python3.8/dist-packages/taskflow/listeners/logging.py:190}}
Mar 15 16:59:45.872316 dv-cinder-833842-1-iscsi devstack@c-api.service[109945]: DEBUG cinder.volume.api [None req-2da54985-5373-48a5-b2b3-e2fe5e9fde17 tempest-VolumesTestJSON-602117987 tempest-VolumesTestJSON-602117987-project] Task 'cinder.volume.flows.api.create_volume.EntryCreateTask;volume:create' (7036be6b-5226-484a-88b8-f038f79643a9) transitioned into state 'SUCCESS' from state 'RUNNING' with result '{'volume_id': '7381ebe6-5ebb-4318-a214-338581c242df', 'volume_properties': VolumeProperties(attach_status='detached',availability_zone='nova',cgsnapshot_id=None,consistencygroup_id=None,display_description=None,display_name='tempest-VolumesTestJSON-volume-2134039333',encryption_key_id=None,group_id=None,group_type_id=,metadata={Type='work'},multiattach=False,project_id='1842f7cc46404cd6a18ef12350bf70c2',qos_specs=None,replication_status=,reservations=['cfd1788a-cce5-4189-9fd3-8b42734f520e','645a3825-64d7-4c5b-84c1-8e1bb346cb7d','8b246466-c6a7-4ee3-869c-71ee633fdf90','26e8327e-3152-4c1b-932e-8ed8e74cf030'],size=1,snapshot_id=None,source_replicaid=,source_volid=None,status='creating',user_id='155f2404945e46a6bd37342493eaf62a',volume_type_id=19520254-4af1-44a8-86ef-2b24fcc66855), 'volume': Volume(_name_id=None,admin_metadata=,attach_status='detached',availability_zone='nova',bootable=False,cluster=,cluster_name=None,consistencygroup=,consistencygroup_id=None,created_at=2022-03-15T16:59:45Z,deleted=False,deleted_at=None,display_description=None,display_name='tempest-VolumesTestJSON-volume-2134039333',ec2_id=None,encryption_key_id=None,glance_metadata=,group=,group_id=None,host=None,id=7381ebe6-5ebb-4318-a214-338581c242df,launched_at=None,metadata={Type='work'},migration_status=None,multiattach=False,previous_status=None,project_id='1842f7cc46404cd6a18ef12350bf70c2',provider_auth=None,provider_geometry=None,provider_id=None,provider_location=None,replication_driver_data=None,replication_extended_status=None,replication_status=None,scheduled_at=None,service_uuid=None,shared_targets=True,size=1,snapshot_id=None,snapshots=,source_volid=None,status='creating',terminated_at=None,updated_at=None,use_quota=True,user_id='155f2404945e46a6bd37342493eaf62a',volume_attachment=VolumeAttachmentList,volume_type=VolumeType(19520254-4af1-44a8-86ef-2b24fcc66855),volume_type_id=19520254-4af1-44a8-86ef-2b24fcc66855)}' {{(pid=109945) _task_receiver /usr/local/lib/python3.8/dist-packages/taskflow/listeners/logging.py:178}}
Mar 15 16:59:45.874793 dv-cinder-833842-1-iscsi devstack@c-api.service[109945]: DEBUG cinder.volume.api [None req-2da54985-5373-48a5-b2b3-e2fe5e9fde17 tempest-VolumesTestJSON-602117987 tempest-VolumesTestJSON-602117987-project] Task 'cinder.volume.flows.api.create_volume.QuotaCommitTask;volume:create' (395238bf-c882-49ba-91fc-87d25a995586) transitioned into state 'RUNNING' from state 'PENDING' {{(pid=109945) _task_receiver /usr/local/lib/python3.8/dist-packages/taskflow/listeners/logging.py:190}}
Mar 15 16:59:45.938494 dv-cinder-833842-1-iscsi devstack@c-api.service[109945]: DEBUG cinder.volume.api [None req-2da54985-5373-48a5-b2b3-e2fe5e9fde17 tempest-VolumesTestJSON-602117987 tempest-VolumesTestJSON-602117987-project] Task 'cinder.volume.flows.api.create_volume.QuotaCommitTask;volume:create' (395238bf-c882-49ba-91fc-87d25a995586) transitioned into state 'SUCCESS' from state 'RUNNING' with result '{'volume_properties': VolumeProperties(attach_status='detached',availability_zone='nova',cgsnapshot_id=None,consistencygroup_id=None,display_description=None,display_name='tempest-VolumesTestJSON-volume-2134039333',encryption_key_id=None,group_id=None,group_type_id=,metadata={Type='work'},multiattach=False,project_id='1842f7cc46404cd6a18ef12350bf70c2',qos_specs=None,replication_status=,reservations=['cfd1788a-cce5-4189-9fd3-8b42734f520e','645a3825-64d7-4c5b-84c1-8e1bb346cb7d','8b246466-c6a7-4ee3-869c-71ee633fdf90','26e8327e-3152-4c1b-932e-8ed8e74cf030'],size=1,snapshot_id=None,source_replicaid=,source_volid=None,status='creating',user_id='155f2404945e46a6bd37342493eaf62a',volume_type_id=19520254-4af1-44a8-86ef-2b24fcc66855)}' {{(pid=109945) _task_receiver /usr/local/lib/python3.8/dist-packages/taskflow/listeners/logging.py:178}}
Mar 15 16:59:45.943818 dv-cinder-833842-1-iscsi devstack@c-api.service[109945]: DEBUG cinder.volume.api [None req-2da54985-5373-48a5-b2b3-e2fe5e9fde17 tempest-VolumesTestJSON-602117987 tempest-VolumesTestJSON-602117987-project] Task 'cinder.volume.flows.api.create_volume.VolumeCastTask;volume:create' (ef9e8bc6-8938-4ca9-b126-e99e10737ac7) transitioned into state 'RUNNING' from state 'PENDING' {{(pid=109945) _task_receiver /usr/local/lib/python3.8/dist-packages/taskflow/listeners/logging.py:190}}
Mar 15 16:59:46.005901 dv-cinder-833842-1-iscsi devstack@c-api.service[109945]: DEBUG cinder.volume.api [None req-2da54985-5373-48a5-b2b3-e2fe5e9fde17 tempest-VolumesTestJSON-602117987 tempest-VolumesTestJSON-602117987-project] Task 'cinder.volume.flows.api.create_volume.VolumeCastTask;volume:create' (ef9e8bc6-8938-4ca9-b126-e99e10737ac7) transitioned into state 'SUCCESS' from state 'RUNNING' with result 'None' {{(pid=109945) _task_receiver /usr/local/lib/python3.8/dist-packages/taskflow/listeners/logging.py:178}}
Mar 15 16:59:46.019091 dv-cinder-833842-1-iscsi devstack@c-api.service[109945]: DEBUG cinder.volume.api [None req-2da54985-5373-48a5-b2b3-e2fe5e9fde17 tempest-VolumesTestJSON-602117987 tempest-VolumesTestJSON-602117987-project] Flow 'volume_create_api' (aa0a7b07-b637-4266-8ff8-594b5019b4c3) transitioned into state 'SUCCESS' from state 'RUNNING' {{(pid=109945) _flow_receiver /usr/local/lib/python3.8/dist-packages/taskflow/listeners/logging.py:141}}
Mar 15 16:59:46.024938 dv-cinder-833842-1-iscsi devstack@c-api.service[109945]: INFO cinder.volume.api [None req-2da54985-5373-48a5-b2b3-e2fe5e9fde17 tempest-VolumesTestJSON-602117987 tempest-VolumesTestJSON-602117987-project] Create volume request issued successfully.
Mar 15 16:59:46.029443 dv-cinder-833842-1-iscsi devstack@c-api.service[109945]: INFO cinder.api.openstack.wsgi [None req-2da54985-5373-48a5-b2b3-e2fe5e9fde17 tempest-VolumesTestJSON-602117987 tempest-VolumesTestJSON-602117987-project] http://10.222.0.59/volume/v3/1842f7cc46404cd6a18ef12350bf70c2/volumes returned with HTTP 202
Mar 15 16:59:46.044004 dv-cinder-833842-1-iscsi devstack@c-api.service[109945]: [pid: 109945|app: 0|req: 89/181] 10.222.0.59 () {60 vars in 1235 bytes} [Tue Mar 15 16:59:45 2022] POST /volume/v3/1842f7cc46404cd6a18ef12350bf70c2/volumes => generated 829 bytes in 459 msecs (HTTP/1.1 202) 7 headers in 291 bytes (1 switches on core 0)
Mar 15 16:59:46.046639 dv-cinder-833842-1-iscsi devstack@c-api.service[109944]: DEBUG cinder.api.middleware.request_id [None req-e55980b3-1cf8-40de-b325-0fcbce327a44 None None] RequestId filter calling following filter/app {{(pid=109944) _context_setter /opt/stack/cinder/cinder/api/middleware/request_id.py:62}}
Mar 15 16:59:46.051484 dv-cinder-833842-1-iscsi devstack@c-api.service[109944]: INFO cinder.api.openstack.wsgi [None req-e55980b3-1cf8-40de-b325-0fcbce327a44 tempest-VolumesTestJSON-602117987 tempest-VolumesTestJSON-602117987-project] GET http://10.222.0.59/volume/v3/1842f7cc46404cd6a18ef12350bf70c2/volumes/7381ebe6-5ebb-4318-a214-338581c242df
Mar 15 16:59:46.051934 dv-cinder-833842-1-iscsi devstack@c-api.service[109944]: DEBUG cinder.api.openstack.wsgi [None req-e55980b3-1cf8-40de-b325-0fcbce327a44 tempest-VolumesTestJSON-602117987 tempest-VolumesTestJSON-602117987-project] Empty body provided in request {{(pid=109944) get_body /opt/stack/cinder/cinder/api/openstack/wsgi.py:715}}
Mar 15 16:59:46.052499 dv-cinder-833842-1-iscsi devstack@c-api.service[109944]: DEBUG cinder.api.openstack.wsgi [None req-e55980b3-1cf8-40de-b325-0fcbce327a44 tempest-VolumesTestJSON-602117987 tempest-VolumesTestJSON-602117987-project] Calling method 'show' {{(pid=109944) _process_stack /opt/stack/cinder/cinder/api/openstack/wsgi.py:868}}
Mar 15 16:59:46.109426 dv-cinder-833842-1-iscsi devstack@c-api.service[109944]: /usr/local/lib/python3.8/dist-packages/oslo_context/context.py:100: DeprecationWarning: Policy enforcement is depending on the value of is_admin. This key is deprecated. Please update your policy file to use the standard policy values.
Mar 15 16:59:46.109426 dv-cinder-833842-1-iscsi devstack@c-api.service[109944]: warnings.warn('Policy enforcement is depending on the value of '
Mar 15 16:59:46.129118 dv-cinder-833842-1-iscsi devstack@c-api.service[109944]: INFO cinder.volume.api [None req-e55980b3-1cf8-40de-b325-0fcbce327a44 tempest-VolumesTestJSON-602117987 tempest-VolumesTestJSON-602117987-project] Volume info retrieved successfully.
Mar 15 16:59:46.154356 dv-cinder-833842-1-iscsi devstack@c-api.service[109944]: INFO cinder.api.openstack.wsgi [None req-e55980b3-1cf8-40de-b325-0fcbce327a44 tempest-VolumesTestJSON-602117987 tempest-VolumesTestJSON-602117987-project] http://10.222.0.59/volume/v3/1842f7cc46404cd6a18ef12350bf70c2/volumes/7381ebe6-5ebb-4318-a214-338581c242df returned with HTTP 200
Mar 15 16:59:46.163695 dv-cinder-833842-1-iscsi devstack@c-api.service[109944]: [pid: 109944|app: 0|req: 93/182] 10.222.0.59 () {58 vars in 1324 bytes} [Tue Mar 15 16:59:46 2022] GET /volume/v3/1842f7cc46404cd6a18ef12350bf70c2/volumes/7381ebe6-5ebb-4318-a214-338581c242df => generated 897 bytes in 111 msecs (HTTP/1.1 200) 7 headers in 285 bytes (1 switches on core 0)
Mar 15 16:59:46.797018 dv-cinder-833842-1-iscsi devstack@c-api.service[109945]: DEBUG cinder.api.middleware.request_id [None req-9f0d1ef0-2076-425e-a04b-6c8b2a24ea73 None None] RequestId filter calling following filter/app {{(pid=109945) _context_setter /opt/stack/cinder/cinder/api/middleware/request_id.py:62}}
Mar 15 16:59:46.801163 dv-cinder-833842-1-iscsi devstack@c-api.service[109945]: INFO cinder.api.openstack.wsgi [None req-9f0d1ef0-2076-425e-a04b-6c8b2a24ea73 tempest-GroupSnapshotsTest-1898027076 tempest-GroupSnapshotsTest-1898027076-project] GET http://10.222.0.59/volume/v3/29563385f0be494ebdb255dbe841a07c/volumes/9a2d8c96-b02d-4aa3-9796-b57b74ff2d66
Mar 15 16:59:46.801815 dv-cinder-833842-1-iscsi devstack@c-api.service[109945]: DEBUG cinder.api.openstack.wsgi [None req-9f0d1ef0-2076-425e-a04b-6c8b2a24ea73 tempest-GroupSnapshotsTest-1898027076 tempest-GroupSnapshotsTest-1898027076-project] Empty body provided in request {{(pid=109945) get_body /opt/stack/cinder/cinder/api/openstack/wsgi.py:715}}
Mar 15 16:59:46.802373 dv-cinder-833842-1-iscsi devstack@c-api.service[109945]: DEBUG cinder.api.openstack.wsgi [None req-9f0d1ef0-2076-425e-a04b-6c8b2a24ea73 tempest-GroupSnapshotsTest-1898027076 tempest-GroupSnapshotsTest-1898027076-project] Calling method 'show' {{(pid=109945) _process_stack /opt/stack/cinder/cinder/api/openstack/wsgi.py:868}}
Mar 15 16:59:46.817256 dv-cinder-833842-1-iscsi devstack@c-api.service[109945]: INFO cinder.api.openstack.wsgi [None req-9f0d1ef0-2076-425e-a04b-6c8b2a24ea73 tempest-GroupSnapshotsTest-1898027076 tempest-GroupSnapshotsTest-1898027076-project] http://10.222.0.59/volume/v3/29563385f0be494ebdb255dbe841a07c/volumes/9a2d8c96-b02d-4aa3-9796-b57b74ff2d66 returned with HTTP 404
Mar 15 16:59:46.821902 dv-cinder-833842-1-iscsi devstack@c-api.service[109945]: [pid: 109945|app: 0|req: 90/183] 10.222.0.59 () {60 vars in 1365 bytes} [Tue Mar 15 16:59:46 2022] GET /volume/v3/29563385f0be494ebdb255dbe841a07c/volumes/9a2d8c96-b02d-4aa3-9796-b57b74ff2d66 => generated 109 bytes in 26 msecs (HTTP/1.1 404) 7 headers in 293 bytes (1 switches on core 0)
Mar 15 16:59:46.823414 dv-cinder-833842-1-iscsi devstack@c-api.service[109944]: DEBUG cinder.api.middleware.request_id [None req-74f6020e-5274-4645-ac80-02cf9e5b8b58 None None] RequestId filter calling following filter/app {{(pid=109944) _context_setter /opt/stack/cinder/cinder/api/middleware/request_id.py:62}}
Mar 15 16:59:46.827459 dv-cinder-833842-1-iscsi devstack@c-api.service[109944]: INFO cinder.api.openstack.wsgi [None req-74f6020e-5274-4645-ac80-02cf9e5b8b58 tempest-GroupSnapshotsTest-1898027076 tempest-GroupSnapshotsTest-1898027076-project] GET http://10.222.0.59/volume/v3/29563385f0be494ebdb255dbe841a07c/groups/62a8b04a-486e-4ef4-bcd6-1e26eafde2ae
Mar 15 16:59:46.827938 dv-cinder-833842-1-iscsi devstack@c-api.service[109944]: DEBUG cinder.api.openstack.wsgi [None req-74f6020e-5274-4645-ac80-02cf9e5b8b58 tempest-GroupSnapshotsTest-1898027076 tempest-GroupSnapshotsTest-1898027076-project] Empty body provided in request {{(pid=109944) get_body /opt/stack/cinder/cinder/api/openstack/wsgi.py:715}}
Mar 15 16:59:46.828383 dv-cinder-833842-1-iscsi devstack@c-api.service[109944]: DEBUG cinder.api.openstack.wsgi [None req-74f6020e-5274-4645-ac80-02cf9e5b8b58 tempest-GroupSnapshotsTest-1898027076 tempest-GroupSnapshotsTest-1898027076-project] Calling method 'version_select' {{(pid=109944) _process_stack /opt/stack/cinder/cinder/api/openstack/wsgi.py:868}}
Mar 15 16:59:46.828716 dv-cinder-833842-1-iscsi devstack@c-api.service[109944]: DEBUG cinder.api.v3.groups [None req-74f6020e-5274-4645-ac80-02cf9e5b8b58 tempest-GroupSnapshotsTest-1898027076 tempest-GroupSnapshotsTest-1898027076-project] show called for member 62a8b04a-486e-4ef4-bcd6-1e26eafde2ae {{(pid=109944) show /opt/stack/cinder/cinder/api/v3/groups.py:58}}
Mar 15 16:59:46.841644 dv-cinder-833842-1-iscsi devstack@c-api.service[109944]: INFO cinder.api.openstack.wsgi [None req-74f6020e-5274-4645-ac80-02cf9e5b8b58 tempest-GroupSnapshotsTest-1898027076 tempest-GroupSnapshotsTest-1898027076-project] http://10.222.0.59/volume/v3/29563385f0be494ebdb255dbe841a07c/groups/62a8b04a-486e-4ef4-bcd6-1e26eafde2ae returned with HTTP 404
Mar 15 16:59:46.846278 dv-cinder-833842-1-iscsi devstack@c-api.service[109944]: [pid: 109944|app: 0|req: 94/184] 10.222.0.59 () {60 vars in 1362 bytes} [Tue Mar 15 16:59:46 2022] GET /volume/v3/29563385f0be494ebdb255dbe841a07c/groups/62a8b04a-486e-4ef4-bcd6-1e26eafde2ae => generated 108 bytes in 20 msecs (HTTP/1.1 404) 7 headers in 293 bytes (2 switches on core 0)
Mar 15 16:59:46.847705 dv-cinder-833842-1-iscsi devstack@c-api.service[109945]: DEBUG cinder.api.middleware.request_id [None req-cb64f27a-e908-4492-8ed2-a4a4bcd5b817 None None] RequestId filter calling following filter/app {{(pid=109945) _context_setter /opt/stack/cinder/cinder/api/middleware/request_id.py:62}}
Mar 15 16:59:46.872217 dv-cinder-833842-1-iscsi devstack@c-api.service[109945]: INFO cinder.api.openstack.wsgi [None req-cb64f27a-e908-4492-8ed2-a4a4bcd5b817 tempest-GroupSnapshotsTest-427624347 tempest-GroupSnapshotsTest-427624347-project-admin] DELETE http://10.222.0.59/volume/v3/bf3dabe806e64ee99be75dd9e1a52990/group_types/2a2734a5-ab7a-4a67-b9e6-21653491bcc7
Mar 15 16:59:46.872945 dv-cinder-833842-1-iscsi devstack@c-api.service[109945]: DEBUG cinder.api.openstack.wsgi [None req-cb64f27a-e908-4492-8ed2-a4a4bcd5b817 tempest-GroupSnapshotsTest-427624347 tempest-GroupSnapshotsTest-427624347-project-admin] Empty body provided in request {{(pid=109945) get_body /opt/stack/cinder/cinder/api/openstack/wsgi.py:715}}
Mar 15 16:59:46.873455 dv-cinder-833842-1-iscsi devstack@c-api.service[109945]: DEBUG cinder.api.openstack.wsgi [None req-cb64f27a-e908-4492-8ed2-a4a4bcd5b817 tempest-GroupSnapshotsTest-427624347 tempest-GroupSnapshotsTest-427624347-project-admin] Calling method 'version_select' {{(pid=109945) _process_stack /opt/stack/cinder/cinder/api/openstack/wsgi.py:868}}
Mar 15 16:59:46.874307 dv-cinder-833842-1-iscsi devstack@c-api.service[109945]: /usr/local/lib/python3.8/dist-packages/oslo_context/context.py:100: DeprecationWarning: Policy enforcement is depending on the value of is_admin. This key is deprecated. Please update your policy file to use the standard policy values.
Mar 15 16:59:46.874307 dv-cinder-833842-1-iscsi devstack@c-api.service[109945]: warnings.warn('Policy enforcement is depending on the value of '
Mar 15 16:59:46.906883 dv-cinder-833842-1-iscsi devstack@c-api.service[109945]: INFO cinder.api.openstack.wsgi [None req-cb64f27a-e908-4492-8ed2-a4a4bcd5b817 tempest-GroupSnapshotsTest-427624347 tempest-GroupSnapshotsTest-427624347-project-admin] http://10.222.0.59/volume/v3/bf3dabe806e64ee99be75dd9e1a52990/group_types/2a2734a5-ab7a-4a67-b9e6-21653491bcc7 returned with HTTP 202
Mar 15 16:59:46.910114 dv-cinder-833842-1-iscsi devstack@c-api.service[109945]: [pid: 109945|app: 0|req: 91/185] 10.222.0.59 () {60 vars in 1380 bytes} [Tue Mar 15 16:59:46 2022] DELETE /volume/v3/bf3dabe806e64ee99be75dd9e1a52990/group_types/2a2734a5-ab7a-4a67-b9e6-21653491bcc7 => generated 0 bytes in 63 msecs (HTTP/1.1 202) 6 headers in 234 bytes (1 switches on core 0)
Mar 15 16:59:46.916949 dv-cinder-833842-1-iscsi devstack@c-api.service[109944]: DEBUG cinder.api.middleware.request_id [None req-fe635daa-51af-4f48-9044-e7de35d6be1d None None] RequestId filter calling following filter/app {{(pid=109944) _context_setter /opt/stack/cinder/cinder/api/middleware/request_id.py:62}}
Mar 15 16:59:46.920586 dv-cinder-833842-1-iscsi devstack@c-api.service[109944]: INFO cinder.api.openstack.wsgi [None req-fe635daa-51af-4f48-9044-e7de35d6be1d tempest-GroupSnapshotsTest-427624347 tempest-GroupSnapshotsTest-427624347-project-admin] POST http://10.222.0.59/volume/v3/bf3dabe806e64ee99be75dd9e1a52990/types
Mar 15 16:59:46.921538 dv-cinder-833842-1-iscsi devstack@c-api.service[109944]: DEBUG cinder.api.openstack.wsgi [None req-fe635daa-51af-4f48-9044-e7de35d6be1d tempest-GroupSnapshotsTest-427624347 tempest-GroupSnapshotsTest-427624347-project-admin] Action: 'create', calling method: _create, body: {"volume_type": {"name": "tempest-GroupSnapshotsTest-volume-type-1124238963"}} {{(pid=109944) _process_stack /opt/stack/cinder/cinder/api/openstack/wsgi.py:866}}
Mar 15 16:59:46.948318 dv-cinder-833842-1-iscsi devstack@c-api.service[109944]: INFO cinder.api.openstack.wsgi [None req-fe635daa-51af-4f48-9044-e7de35d6be1d tempest-GroupSnapshotsTest-427624347 tempest-GroupSnapshotsTest-427624347-project-admin] http://10.222.0.59/volume/v3/bf3dabe806e64ee99be75dd9e1a52990/types returned with HTTP 200
Mar 15 16:59:46.949347 dv-cinder-833842-1-iscsi devstack@c-api.service[109944]: [pid: 109944|app: 0|req: 95/186] 10.222.0.59 () {60 vars in 1228 bytes} [Tue Mar 15 16:59:46 2022] POST /volume/v3/bf3dabe806e64ee99be75dd9e1a52990/types => generated 224 bytes in 34 msecs (HTTP/1.1 200) 7 headers in 285 bytes (2 switches on core 0)
Mar 15 16:59:46.956464 dv-cinder-833842-1-iscsi devstack@c-api.service[109945]: DEBUG cinder.api.middleware.request_id [None req-36a92856-5cdd-48e5-b6b8-3399909b2285 None None] RequestId filter calling following filter/app {{(pid=109945) _context_setter /opt/stack/cinder/cinder/api/middleware/request_id.py:62}}
Mar 15 16:59:46.960670 dv-cinder-833842-1-iscsi devstack@c-api.service[109945]: INFO cinder.api.openstack.wsgi [None req-36a92856-5cdd-48e5-b6b8-3399909b2285 tempest-GroupSnapshotsTest-427624347 tempest-GroupSnapshotsTest-427624347-project-admin] POST http://10.222.0.59/volume/v3/bf3dabe806e64ee99be75dd9e1a52990/group_types
Mar 15 16:59:46.961707 dv-cinder-833842-1-iscsi devstack@c-api.service[109945]: DEBUG cinder.api.openstack.wsgi [None req-36a92856-5cdd-48e5-b6b8-3399909b2285 tempest-GroupSnapshotsTest-427624347 tempest-GroupSnapshotsTest-427624347-project-admin] Action: 'create', calling method: version_select, body: {"group_type": {"name": "tempest-GroupSnapshotsTest-group-type-776113379"}} {{(pid=109945) _process_stack /opt/stack/cinder/cinder/api/openstack/wsgi.py:866}}
Mar 15 16:59:46.989346 dv-cinder-833842-1-iscsi devstack@c-api.service[109945]: INFO cinder.api.openstack.wsgi [None req-36a92856-5cdd-48e5-b6b8-3399909b2285 tempest-GroupSnapshotsTest-427624347 tempest-GroupSnapshotsTest-427624347-project-admin] http://10.222.0.59/volume/v3/bf3dabe806e64ee99be75dd9e1a52990/group_types returned with HTTP 202
Mar 15 16:59:46.996155 dv-cinder-833842-1-iscsi devstack@c-api.service[109945]: [pid: 109945|app: 0|req: 92/187] 10.222.0.59 () {62 vars in 1287 bytes} [Tue Mar 15 16:59:46 2022] POST /volume/v3/bf3dabe806e64ee99be75dd9e1a52990/group_types => generated 180 bytes in 41 msecs (HTTP/1.1 202) 7 headers in 292 bytes (1 switches on core 0)
Mar 15 16:59:46.997073 dv-cinder-833842-1-iscsi devstack@c-api.service[109944]: DEBUG cinder.api.middleware.request_id [None req-7327499e-e93b-4d8a-a4b1-316c3969450f None None] RequestId filter calling following filter/app {{(pid=109944) _context_setter /opt/stack/cinder/cinder/api/middleware/request_id.py:62}}
Mar 15 16:59:47.002667 dv-cinder-833842-1-iscsi devstack@c-api.service[109944]: INFO cinder.api.openstack.wsgi [None req-7327499e-e93b-4d8a-a4b1-316c3969450f tempest-GroupSnapshotsTest-1898027076 tempest-GroupSnapshotsTest-1898027076-project] POST http://10.222.0.59/volume/v3/29563385f0be494ebdb255dbe841a07c/groups
Mar 15 16:59:47.003681 dv-cinder-833842-1-iscsi devstack@c-api.service[109944]: DEBUG cinder.api.openstack.wsgi [None req-7327499e-e93b-4d8a-a4b1-316c3969450f tempest-GroupSnapshotsTest-1898027076 tempest-GroupSnapshotsTest-1898027076-project] Action: 'create', calling method: version_select, body: {"group": {"group_type": "a8168237-e8a9-433e-8dc8-a27e11303f23", "volume_types": ["5c2057de-34df-41b6-8f78-fc39b1a39c7e"], "name": "tempest-GroupSnapshotsTest-Group-1679832482"}} {{(pid=109944) _process_stack /opt/stack/cinder/cinder/api/openstack/wsgi.py:866}}
Mar 15 16:59:47.005118 dv-cinder-833842-1-iscsi devstack@c-api.service[109944]: DEBUG cinder.api.v3.groups [None req-7327499e-e93b-4d8a-a4b1-316c3969450f tempest-GroupSnapshotsTest-1898027076 tempest-GroupSnapshotsTest-1898027076-project] Creating new group {'group': {'group_type': 'a8168237-e8a9-433e-8dc8-a27e11303f23', 'volume_types': ['5c2057de-34df-41b6-8f78-fc39b1a39c7e'], 'name': 'tempest-GroupSnapshotsTest-Group-1679832482'}} {{(pid=109944) create /opt/stack/cinder/cinder/api/v3/groups.py:190}}
Mar 15 16:59:47.015218 dv-cinder-833842-1-iscsi devstack@c-api.service[109944]: INFO cinder.api.v3.groups [None req-7327499e-e93b-4d8a-a4b1-316c3969450f tempest-GroupSnapshotsTest-1898027076 tempest-GroupSnapshotsTest-1898027076-project] Creating group tempest-GroupSnapshotsTest-Group-1679832482.
