Mar 14 10:16:09.483231 dv-cinder-833543-1-smb neutron-server[103195]: INFO neutron.wsgi [None req-68df170e-6850-4b1f-912d-72ab5a28821e admin admin] 10.222.0.26 "GET /v2.0/security-groups?tenant_id=d15b0f0c9fc84be5b706f83c44f146bb&name=default HTTP/1.1" status: 200 len: 2996 time: 0.6377466
Mar 14 10:16:09.490659 dv-cinder-833543-1-smb neutron-server[103194]: DEBUG neutron.wsgi [-] (103194) accepted ('10.222.0.26', 46288) {{(pid=103194) server /usr/local/lib/python3.8/dist-packages/eventlet/wsgi.py:1004}}
Mar 14 10:16:09.532914 dv-cinder-833543-1-smb neutron-server[103195]: INFO neutron.wsgi [req-1b46855a-c364-463d-b217-dba1c9725ac4 req-f9e3d66a-699a-43ff-855d-6afc6ae6c46b tempest-AttachVolumeNegativeTest-12572155 tempest-AttachVolumeNegativeTest-12572155-project] 10.222.0.26 "GET /v2.0/security-groups?name=tempest-securitygroup--1256690786&fields=id&tenant_id=92067543dfc840e7a0f2b0e8c92af7b9 HTTP/1.1" status: 200 len: 267 time: 0.3336363
Mar 14 10:16:09.563922 dv-cinder-833543-1-smb neutron-server[103194]: DEBUG neutron.plugins.ml2.drivers.mech_agent [req-6429da50-8e2a-4f6a-8554-f8380aae5a73 req-c0b9f892-4c46-4da2-9734-cc0df06e27e2 service neutron] Port 030f06c1-b7ad-4e4c-bf10-e1607e0aae59 on network 1d7299a5-cc2f-423a-9129-58dab0c303aa not bound, no agent of type Open vSwitch agent registered on host hv-cinder-83354 {{(pid=103194) bind_port /opt/stack/neutron/neutron/plugins/ml2/drivers/mech_agent.py:103}}
Mar 14 10:16:09.564305 dv-cinder-833543-1-smb neutron-server[103194]: DEBUG neutron.plugins.ml2.drivers.mech_agent [req-6429da50-8e2a-4f6a-8554-f8380aae5a73 req-c0b9f892-4c46-4da2-9734-cc0df06e27e2 service neutron] Attempting to bind port 030f06c1-b7ad-4e4c-bf10-e1607e0aae59 on network 1d7299a5-cc2f-423a-9129-58dab0c303aa {{(pid=103194) bind_port /opt/stack/neutron/neutron/plugins/ml2/drivers/mech_agent.py:91}}
Mar 14 10:16:09.580663 dv-cinder-833543-1-smb neutron-server[103194]: DEBUG neutron.plugins.ml2.drivers.mech_agent [req-6429da50-8e2a-4f6a-8554-f8380aae5a73 req-c0b9f892-4c46-4da2-9734-cc0df06e27e2 service neutron] Checking agent: {'id': '48649264-2a81-441a-b300-f3184fbe460e', 'agent_type': 'HyperV agent', 'binary': 'neutron-hyperv-agent', 'topic': 'N/A', 'host': 'hv-cinder-83354', 'admin_state_up': True, 'created_at': datetime.datetime(2022, 3, 14, 10, 13, 35), 'started_at': datetime.datetime(2022, 3, 14, 10, 13, 35), 'heartbeat_timestamp': datetime.datetime(2022, 3, 14, 10, 16, 5), 'description': None, 'resources_synced': None, 'availability_zone': None, 'alive': True, 'configurations': {'vswitch_mappings': {'physnet1$': 'br-data'}}, 'resource_versions': {}} {{(pid=103194) bind_port /opt/stack/neutron/neutron/plugins/ml2/drivers/mech_agent.py:110}}
Mar 14 10:16:09.581074 dv-cinder-833543-1-smb neutron-server[103194]: DEBUG neutron.plugins.ml2.drivers.mech_agent [req-6429da50-8e2a-4f6a-8554-f8380aae5a73 req-c0b9f892-4c46-4da2-9734-cc0df06e27e2 service neutron] Checking segment: {'id': '12be4a36-cb24-4548-a4c4-cd82f74896aa', 'network_type': 'vlan', 'physical_network': 'physnet1', 'segmentation_id': 134, 'network_id': '1d7299a5-cc2f-423a-9129-58dab0c303aa'} for mappings: {'physnet1$': 'br-data'} with network types: ['local', 'flat', 'vlan'] {{(pid=103194) check_segment_for_agent /opt/stack/neutron/neutron/plugins/ml2/drivers/mech_agent.py:373}}
Mar 14 10:16:09.581399 dv-cinder-833543-1-smb neutron-server[103194]: DEBUG neutron.plugins.ml2.drivers.mech_agent [req-6429da50-8e2a-4f6a-8554-f8380aae5a73 req-c0b9f892-4c46-4da2-9734-cc0df06e27e2 service neutron] Bound using segment: {'id': '12be4a36-cb24-4548-a4c4-cd82f74896aa', 'network_type': 'vlan', 'physical_network': 'physnet1', 'segmentation_id': 134, 'network_id': '1d7299a5-cc2f-423a-9129-58dab0c303aa'} {{(pid=103194) bind_port /opt/stack/neutron/neutron/plugins/ml2/drivers/mech_agent.py:120}}
Mar 14 10:16:09.581844 dv-cinder-833543-1-smb neutron-server[103194]: DEBUG neutron.plugins.ml2.managers [req-6429da50-8e2a-4f6a-8554-f8380aae5a73 req-c0b9f892-4c46-4da2-9734-cc0df06e27e2 service neutron] Bound port: 030f06c1-b7ad-4e4c-bf10-e1607e0aae59, host: hv-cinder-83354, vif_type: hyperv, vif_details: {"connectivity": "legacy", "port_filter": false}, binding_levels: [{'bound_driver': 'hyperv', 'bound_segment': {'id': '12be4a36-cb24-4548-a4c4-cd82f74896aa', 'network_type': 'vlan', 'physical_network': 'physnet1', 'segmentation_id': 134, 'network_id': '1d7299a5-cc2f-423a-9129-58dab0c303aa'}}] {{(pid=103194) _bind_port_level /opt/stack/neutron/neutron/plugins/ml2/managers.py:932}}
Mar 14 10:16:09.582207 dv-cinder-833543-1-smb neutron-server[103194]: DEBUG neutron_lib.callbacks.manager [req-6429da50-8e2a-4f6a-8554-f8380aae5a73 req-c0b9f892-4c46-4da2-9734-cc0df06e27e2 service neutron] Publish callbacks ['neutron.plugins.ml2.plugin.SecurityGroupDbMixin._ensure_default_security_group_handler-1683261'] for port (030f06c1-b7ad-4e4c-bf10-e1607e0aae59), before_update {{(pid=103194) _notify_loop /usr/local/lib/python3.8/dist-packages/neutron_lib/callbacks/manager.py:176}}
Mar 14 10:16:09.587498 dv-cinder-833543-1-smb neutron-server[103195]: DEBUG neutron.plugins.ml2.db [req-205b03b9-6c2d-4ef9-82e3-469147a67712 req-a960e72f-137d-44dc-af83-18e2ce35926e service neutron] For port e91dfbb4-0d24-4728-8cb1-6864b389e5f9, host hv-cinder-83354, cleared binding levels {{(pid=103195) clear_binding_levels /opt/stack/neutron/neutron/plugins/ml2/db.py:87}}
Mar 14 10:16:09.587785 dv-cinder-833543-1-smb neutron-server[103196]: DEBUG neutron.plugins.ml2.plugin [None req-38a129e6-33dd-4930-b25c-8e6f2fd5c132 None None] Current status of the port 45c23c95-1116-493f-b9df-a5f38de67e7b is: ACTIVE; New status is: ACTIVE {{(pid=103196) _update_individual_port_db_status /opt/stack/neutron/neutron/plugins/ml2/plugin.py:2232}}
Mar 14 10:16:09.640072 dv-cinder-833543-1-smb neutron-server[103194]: DEBUG neutron_lib.callbacks.manager [None req-9abbe700-62e7-4ae7-9b22-4f0b6a966b6e admin admin] Publish callbacks [] for security_group (58c6cce9-8eb5-4bcd-a5e4-b57dba46e83d), before_delete {{(pid=103194) _notify_loop /usr/local/lib/python3.8/dist-packages/neutron_lib/callbacks/manager.py:176}}
Mar 14 10:16:09.643657 dv-cinder-833543-1-smb neutron-server[103195]: DEBUG neutron.plugins.ml2.db [req-205b03b9-6c2d-4ef9-82e3-469147a67712 req-a960e72f-137d-44dc-af83-18e2ce35926e service neutron] For port e91dfbb4-0d24-4728-8cb1-6864b389e5f9, host hv-cinder-83354, set binding levels [PortBindingLevel(driver='hyperv',host='hv-cinder-83354',level=0,port_id=e91dfbb4-0d24-4728-8cb1-6864b389e5f9,segment=NetworkSegment(12be4a36-cb24-4548-a4c4-cd82f74896aa),segment_id=12be4a36-cb24-4548-a4c4-cd82f74896aa)] {{(pid=103195) set_binding_levels /opt/stack/neutron/neutron/plugins/ml2/db.py:59}}
Mar 14 10:16:09.683743 dv-cinder-833543-1-smb neutron-server[103194]: DEBUG neutron_lib.callbacks.manager [None req-9abbe700-62e7-4ae7-9b22-4f0b6a966b6e admin admin] Publish callbacks [] for security_group (58c6cce9-8eb5-4bcd-a5e4-b57dba46e83d), precommit_delete {{(pid=103194) _notify_loop /usr/local/lib/python3.8/dist-packages/neutron_lib/callbacks/manager.py:176}}
Mar 14 10:16:09.693772 dv-cinder-833543-1-smb neutron-server[103194]: DEBUG neutron.plugins.ml2.db [req-6429da50-8e2a-4f6a-8554-f8380aae5a73 req-c0b9f892-4c46-4da2-9734-cc0df06e27e2 service neutron] For port 030f06c1-b7ad-4e4c-bf10-e1607e0aae59, host hv-cinder-83354, cleared binding levels {{(pid=103194) clear_binding_levels /opt/stack/neutron/neutron/plugins/ml2/db.py:87}}
Mar 14 10:16:09.714495 dv-cinder-833543-1-smb neutron-server[103194]: DEBUG neutron.plugins.ml2.db [req-6429da50-8e2a-4f6a-8554-f8380aae5a73 req-c0b9f892-4c46-4da2-9734-cc0df06e27e2 service neutron] For port 030f06c1-b7ad-4e4c-bf10-e1607e0aae59, host hv-cinder-83354, set binding levels [PortBindingLevel(driver='hyperv',host='hv-cinder-83354',level=0,port_id=030f06c1-b7ad-4e4c-bf10-e1607e0aae59,segment=NetworkSegment(12be4a36-cb24-4548-a4c4-cd82f74896aa),segment_id=12be4a36-cb24-4548-a4c4-cd82f74896aa)] {{(pid=103194) set_binding_levels /opt/stack/neutron/neutron/plugins/ml2/db.py:59}}
Mar 14 10:16:09.715027 dv-cinder-833543-1-smb neutron-server[103195]: DEBUG neutron_lib.callbacks.manager [req-205b03b9-6c2d-4ef9-82e3-469147a67712 req-a960e72f-137d-44dc-af83-18e2ce35926e service neutron] Publish callbacks ['neutron.plugins.ml2.plugin.SecurityGroupServerNotifierRpcMixin._notify_sg_on_port_change-1682829', 'neutron.plugins.ml2.ovo_rpc._ObjectChangeHandler.handle_event-37642', 'neutron.api.rpc.agentnotifiers.dhcp_rpc_agent_api.DhcpAgentNotifyAPI._native_event_send_dhcp_notification-550110', 'neutron.db.l3_db.L3RpcNotifierMixin._notify_gateway_port_ip_changed-8757948844382', 'neutron.db.l3_dvrscheduler_db._notify_l3_agent_port_update-8757948322928', 'neutron.db.l3_hascheduler_db._notify_l3_agent_ha_port_update-8757948322946'] for port (e91dfbb4-0d24-4728-8cb1-6864b389e5f9), after_update {{(pid=103195) _notify_loop /usr/local/lib/python3.8/dist-packages/neutron_lib/callbacks/manager.py:176}}
Mar 14 10:16:09.724717 dv-cinder-833543-1-smb neutron-server[103195]: DEBUG neutron_lib.callbacks.manager [None req-90d25413-5acb-43a5-8578-cabb6e10e4de tempest-AttachVolumeShelveTestJSON-1026517152 tempest-AttachVolumeShelveTestJSON-1026517152-project] Publish callbacks [] for port (9d1ac030-52bb-4760-a787-9007dfa66234), precommit_create {{(pid=103195) _notify_loop /usr/local/lib/python3.8/dist-packages/neutron_lib/callbacks/manager.py:176}}
Mar 14 10:16:09.731370 dv-cinder-833543-1-smb neutron-server[103194]: DEBUG neutron_lib.callbacks.manager [req-6429da50-8e2a-4f6a-8554-f8380aae5a73 req-c0b9f892-4c46-4da2-9734-cc0df06e27e2 service neutron] Publish callbacks ['neutron.plugins.ml2.plugin.SecurityGroupServerNotifierRpcMixin._notify_sg_on_port_change-1682829', 'neutron.plugins.ml2.ovo_rpc._ObjectChangeHandler.handle_event-37642', 'neutron.api.rpc.agentnotifiers.dhcp_rpc_agent_api.DhcpAgentNotifyAPI._native_event_send_dhcp_notification-550110', 'neutron.db.l3_db.L3RpcNotifierMixin._notify_gateway_port_ip_changed-8757948844382', 'neutron.db.l3_dvrscheduler_db._notify_l3_agent_port_update-8757948322928', 'neutron.db.l3_hascheduler_db._notify_l3_agent_ha_port_update-8757948322946'] for port (030f06c1-b7ad-4e4c-bf10-e1607e0aae59), after_update {{(pid=103194) _notify_loop /usr/local/lib/python3.8/dist-packages/neutron_lib/callbacks/manager.py:176}}
Mar 14 10:16:09.790585 dv-cinder-833543-1-smb neutron-server[103195]: DEBUG neutron.api.rpc.handlers.resources_rpc [None req-a960e72f-137d-44dc-af83-18e2ce35926e service neutron] Pushing event updated for resources: {'Port': ['ID=e91dfbb4-0d24-4728-8cb1-6864b389e5f9,revision_number=3']} {{(pid=103195) push /opt/stack/neutron/neutron/api/rpc/handlers/resources_rpc.py:237}}
Mar 14 10:16:09.817786 dv-cinder-833543-1-smb neutron-server[103194]: DEBUG neutron.pecan_wsgi.hooks.policy_enforcement [req-6429da50-8e2a-4f6a-8554-f8380aae5a73 req-c0b9f892-4c46-4da2-9734-cc0df06e27e2 service neutron] Attributes excluded by policy engine: ['standard_attr_id'] {{(pid=103194) _exclude_attributes_by_policy /opt/stack/neutron/neutron/pecan_wsgi/hooks/policy_enforcement.py:255}}
Mar 14 10:16:09.818522 dv-cinder-833543-1-smb neutron-server[103194]: DEBUG neutron_lib.callbacks.manager [req-6429da50-8e2a-4f6a-8554-f8380aae5a73 req-c0b9f892-4c46-4da2-9734-cc0df06e27e2 service neutron] Publish callbacks ['neutron.notifiers.nova.Notifier._send_nova_notification-254743', 'neutron.api.rpc.agentnotifiers.dhcp_rpc_agent_api.DhcpAgentNotifyAPI._send_dhcp_notification-550124'] for port (None), before_response {{(pid=103194) _notify_loop /usr/local/lib/python3.8/dist-packages/neutron_lib/callbacks/manager.py:176}}
Mar 14 10:16:09.820057 dv-cinder-833543-1-smb neutron-server[103194]: INFO neutron.wsgi [req-6429da50-8e2a-4f6a-8554-f8380aae5a73 req-c0b9f892-4c46-4da2-9734-cc0df06e27e2 service neutron] 10.222.0.20 "PUT /v2.0/ports/030f06c1-b7ad-4e4c-bf10-e1607e0aae59 HTTP/1.1" status: 200 len: 1094 time: 1.1994240
Mar 14 10:16:09.825688 dv-cinder-833543-1-smb neutron-server[103194]: DEBUG neutron.notifiers.nova [-] Sending events: [{'name': 'network-changed', 'server_uuid': 'efe4645a-fed2-4840-9a06-59ae69abcd78', 'tag': '030f06c1-b7ad-4e4c-bf10-e1607e0aae59'}] {{(pid=103194) send_events /opt/stack/neutron/neutron/notifiers/nova.py:271}}
Mar 14 10:16:09.826457 dv-cinder-833543-1-smb neutron-server[103194]: DEBUG novaclient.v2.client [-] REQ: curl -g -i --cacert "/opt/stack/data/ca-bundle.pem" -X POST http://10.222.0.26/compute/v2.1/os-server-external-events -H "Accept: application/json" -H "Content-Type: application/json" -H "User-Agent: python-novaclient" -H "X-Auth-Token: {SHA256}15d766eecb8cfee21b46e51b3d00539c9ebfac3742767db4b401d2a9e1c86789" -H "X-OpenStack-Nova-API-Version: 2.1" -H "X-OpenStack-Request-ID: req-bbf9db7a-4ef7-45a8-a329-982e5481e9e2" -d '{"events": [{"name": "network-changed", "server_uuid": "efe4645a-fed2-4840-9a06-59ae69abcd78", "tag": "030f06c1-b7ad-4e4c-bf10-e1607e0aae59"}]}' {{(pid=103194) _http_log_request /usr/local/lib/python3.8/dist-packages/keystoneauth1/session.py:519}}
Mar 14 10:16:09.834393 dv-cinder-833543-1-smb neutron-server[103195]: DEBUG neutron.pecan_wsgi.hooks.policy_enforcement [req-205b03b9-6c2d-4ef9-82e3-469147a67712 req-a960e72f-137d-44dc-af83-18e2ce35926e service neutron] Attributes excluded by policy engine: ['standard_attr_id'] {{(pid=103195) _exclude_attributes_by_policy /opt/stack/neutron/neutron/pecan_wsgi/hooks/policy_enforcement.py:255}}
Mar 14 10:16:09.837027 dv-cinder-833543-1-smb neutron-server[103195]: DEBUG neutron_lib.callbacks.manager [req-205b03b9-6c2d-4ef9-82e3-469147a67712 req-a960e72f-137d-44dc-af83-18e2ce35926e service neutron] Publish callbacks ['neutron.notifiers.nova.Notifier._send_nova_notification-254743', 'neutron.api.rpc.agentnotifiers.dhcp_rpc_agent_api.DhcpAgentNotifyAPI._send_dhcp_notification-550124'] for port (None), before_response {{(pid=103195) _notify_loop /usr/local/lib/python3.8/dist-packages/neutron_lib/callbacks/manager.py:176}}
Mar 14 10:16:09.838933 dv-cinder-833543-1-smb neutron-server[103195]: INFO neutron.wsgi [req-205b03b9-6c2d-4ef9-82e3-469147a67712 req-a960e72f-137d-44dc-af83-18e2ce35926e service neutron] 10.222.0.20 "PUT /v2.0/ports/e91dfbb4-0d24-4728-8cb1-6864b389e5f9 HTTP/1.1" status: 200 len: 1094 time: 4.7496891
Mar 14 10:16:09.845541 dv-cinder-833543-1-smb neutron-server[103195]: DEBUG neutron.notifiers.nova [-] Sending events: [{'name': 'network-changed', 'server_uuid': 'd2de7574-5fb4-48b2-a923-558acf76242d', 'tag': 'e91dfbb4-0d24-4728-8cb1-6864b389e5f9'}] {{(pid=103195) send_events /opt/stack/neutron/neutron/notifiers/nova.py:271}}
Mar 14 10:16:09.893108 dv-cinder-833543-1-smb neutron-server[103194]: DEBUG neutron_lib.callbacks.manager [None req-9abbe700-62e7-4ae7-9b22-4f0b6a966b6e admin admin] Publish callbacks ['neutron.plugins.ml2.ovo_rpc._ObjectChangeHandler.handle_event-687975'] for security_group (58c6cce9-8eb5-4bcd-a5e4-b57dba46e83d), after_delete {{(pid=103194) _notify_loop /usr/local/lib/python3.8/dist-packages/neutron_lib/callbacks/manager.py:176}}
Mar 14 10:16:09.895671 dv-cinder-833543-1-smb neutron-server[103194]: DEBUG neutron_lib.callbacks.manager [None req-9abbe700-62e7-4ae7-9b22-4f0b6a966b6e admin admin] Publish callbacks [] for security_group (None), before_response {{(pid=103194) _notify_loop /usr/local/lib/python3.8/dist-packages/neutron_lib/callbacks/manager.py:176}}
Mar 14 10:16:09.896826 dv-cinder-833543-1-smb neutron-server[103194]: INFO neutron.wsgi [None req-9abbe700-62e7-4ae7-9b22-4f0b6a966b6e admin admin] 10.222.0.26 "DELETE /v2.0/security-groups/58c6cce9-8eb5-4bcd-a5e4-b57dba46e83d HTTP/1.1" status: 204 len: 168 time: 0.4030619
Mar 14 10:16:09.931662 dv-cinder-833543-1-smb neutron-server[103194]: DEBUG neutron.api.rpc.handlers.resources_rpc [None req-c0b9f892-4c46-4da2-9734-cc0df06e27e2 service neutron] Pushing event updated for resources: {'Port': ['ID=030f06c1-b7ad-4e4c-bf10-e1607e0aae59,revision_number=3']} {{(pid=103194) push /opt/stack/neutron/neutron/api/rpc/handlers/resources_rpc.py:237}}
Mar 14 10:16:09.988361 dv-cinder-833543-1-smb neutron-server[103194]: DEBUG neutron.api.rpc.handlers.resources_rpc [None req-9abbe700-62e7-4ae7-9b22-4f0b6a966b6e admin admin] Pushing event deleted for resources: {'SecurityGroup': ['ID=58c6cce9-8eb5-4bcd-a5e4-b57dba46e83d,revision_number=None']} {{(pid=103194) push /opt/stack/neutron/neutron/api/rpc/handlers/resources_rpc.py:237}}
Mar 14 10:16:10.053502 dv-cinder-833543-1-smb neutron-server[103194]: DEBUG neutron.pecan_wsgi.hooks.policy_enforcement [req-205b03b9-6c2d-4ef9-82e3-469147a67712 req-eb6ba376-7da6-4840-88f1-3f659b51970e service neutron] Attributes excluded by policy engine: ['standard_attr_id'] {{(pid=103194) _exclude_attributes_by_policy /opt/stack/neutron/neutron/pecan_wsgi/hooks/policy_enforcement.py:255}}
Mar 14 10:16:10.055363 dv-cinder-833543-1-smb neutron-server[103194]: INFO neutron.wsgi [req-205b03b9-6c2d-4ef9-82e3-469147a67712 req-eb6ba376-7da6-4840-88f1-3f659b51970e service neutron] 10.222.0.20 "GET /v2.0/ports?tenant_id=1ae9e04ec78042b3b0437f8d1954f88d&device_id=d2de7574-5fb4-48b2-a923-558acf76242d HTTP/1.1" status: 200 len: 1128 time: 0.1299019
Mar 14 10:16:10.073585 dv-cinder-833543-1-smb neutron-server[103194]: DEBUG novaclient.v2.client [-] RESP: [200] Connection: close Content-Length: 179 Content-Type: application/json Date: Mon, 14 Mar 2022 10:16:09 GMT OpenStack-API-Version: compute 2.1 Server: Apache/2.4.41 (Ubuntu) Vary: OpenStack-API-Version,X-OpenStack-Nova-API-Version X-OpenStack-Nova-API-Version: 2.1 x-compute-request-id: req-4b15c742-b5d6-47f2-b059-8240014ec65f x-openstack-request-id: req-4b15c742-b5d6-47f2-b059-8240014ec65f {{(pid=103194) _http_log_response /usr/local/lib/python3.8/dist-packages/keystoneauth1/session.py:550}}
Mar 14 10:16:10.073585 dv-cinder-833543-1-smb neutron-server[103194]: DEBUG novaclient.v2.client [-] RESP BODY: {"events": [{"name": "network-changed", "server_uuid": "efe4645a-fed2-4840-9a06-59ae69abcd78", "tag": "030f06c1-b7ad-4e4c-bf10-e1607e0aae59", "status": "completed", "code": 200}]} {{(pid=103194) _http_log_response /usr/local/lib/python3.8/dist-packages/keystoneauth1/session.py:582}}
Mar 14 10:16:10.073585 dv-cinder-833543-1-smb neutron-server[103194]: DEBUG novaclient.v2.client [-] POST call to compute for http://10.222.0.26/compute/v2.1/os-server-external-events used request id req-4b15c742-b5d6-47f2-b059-8240014ec65f {{(pid=103194) request /usr/local/lib/python3.8/dist-packages/keystoneauth1/session.py:954}}
Mar 14 10:16:10.073585 dv-cinder-833543-1-smb neutron-server[103194]: INFO neutron.notifiers.nova [-] Nova event response: {'name': 'network-changed', 'server_uuid': 'efe4645a-fed2-4840-9a06-59ae69abcd78', 'tag': '030f06c1-b7ad-4e4c-bf10-e1607e0aae59', 'status': 'completed', 'code': 200}
Mar 14 10:16:10.148008 dv-cinder-833543-1-smb neutron-server[103195]: DEBUG neutron.pecan_wsgi.hooks.policy_enforcement [req-1b46855a-c364-463d-b217-dba1c9725ac4 req-5246add6-98c8-419a-b04f-9953e1769b51 tempest-AttachVolumeNegativeTest-12572155 tempest-AttachVolumeNegativeTest-12572155-project] Attributes excluded by policy engine: ['standard_attr_id', 'vlan_transparent', 'provider:network_type', 'provider:physical_network', 'provider:segmentation_id'] {{(pid=103195) _exclude_attributes_by_policy /opt/stack/neutron/neutron/pecan_wsgi/hooks/policy_enforcement.py:255}}
Mar 14 10:16:10.154898 dv-cinder-833543-1-smb neutron-server[103195]: INFO neutron.wsgi [req-1b46855a-c364-463d-b217-dba1c9725ac4 req-5246add6-98c8-419a-b04f-9953e1769b51 tempest-AttachVolumeNegativeTest-12572155 tempest-AttachVolumeNegativeTest-12572155-project] 10.222.0.26 "GET /v2.0/networks?id=7a5c27d8-5896-40f6-b0d2-c09c86d413ec HTTP/1.1" status: 200 len: 814 time: 0.6100159
Mar 14 10:16:10.184204 dv-cinder-833543-1-smb neutron-server[103194]: INFO neutron.wsgi [req-205b03b9-6c2d-4ef9-82e3-469147a67712 req-f48284d4-039f-4b32-aeda-562b3b10d816 service neutron] 10.222.0.20 "GET /v2.0/floatingips?fixed_ip_address=172.20.0.10&port_id=e91dfbb4-0d24-4728-8cb1-6864b389e5f9 HTTP/1.1" status: 200 len: 217 time: 0.0971346
Mar 14 10:16:10.206212 dv-cinder-833543-1-smb neutron-server[103195]: INFO neutron.wsgi [req-1b46855a-c364-463d-b217-dba1c9725ac4 req-fe4d5010-c019-4e33-85b2-dce449da6740 tempest-AttachVolumeNegativeTest-12572155 tempest-AttachVolumeNegativeTest-12572155-project] 10.222.0.26 "GET /v2.0/quotas/92067543dfc840e7a0f2b0e8c92af7b9 HTTP/1.1" status: 200 len: 375 time: 0.0446854
Mar 14 10:16:10.207875 dv-cinder-833543-1-smb neutron-server[103195]: DEBUG neutron_lib.callbacks.manager [None req-90d25413-5acb-43a5-8578-cabb6e10e4de tempest-AttachVolumeShelveTestJSON-1026517152 tempest-AttachVolumeShelveTestJSON-1026517152-project] Publish callbacks ['neutron.plugins.ml2.plugin.SecurityGroupServerNotifierRpcMixin._notify_sg_on_port_change-1682829', 'neutron.plugins.ml2.ovo_rpc._ObjectChangeHandler.handle_event-37642', 'neutron.api.rpc.agentnotifiers.dhcp_rpc_agent_api.DhcpAgentNotifyAPI._native_event_send_dhcp_notification-550110', 'neutron.db.l3_dvrscheduler_db._notify_l3_agent_new_port-8757948322910'] for port (9d1ac030-52bb-4760-a787-9007dfa66234), after_create {{(pid=103195) _notify_loop /usr/local/lib/python3.8/dist-packages/neutron_lib/callbacks/manager.py:176}}
Mar 14 10:16:10.251160 dv-cinder-833543-1-smb neutron-server[103194]: DEBUG neutron.pecan_wsgi.hooks.policy_enforcement [req-205b03b9-6c2d-4ef9-82e3-469147a67712 req-04a455df-67dc-444b-ae0d-ee923d4671ba service neutron] Attributes excluded by policy engine: ['standard_attr_id', 'shared'] {{(pid=103194) _exclude_attributes_by_policy /opt/stack/neutron/neutron/pecan_wsgi/hooks/policy_enforcement.py:255}}
Mar 14 10:16:10.253307 dv-cinder-833543-1-smb neutron-server[103194]: INFO neutron.wsgi [req-205b03b9-6c2d-4ef9-82e3-469147a67712 req-04a455df-67dc-444b-ae0d-ee923d4671ba service neutron] 10.222.0.20 "GET /v2.0/subnets?id=e0fc2370-3d5c-422b-8aef-adf7f395380b HTTP/1.1" status: 200 len: 858 time: 0.0629866
Mar 14 10:16:10.304264 dv-cinder-833543-1-smb neutron-server[103194]: INFO neutron.wsgi [req-205b03b9-6c2d-4ef9-82e3-469147a67712 req-cdc3f2e8-4368-42fc-b8bf-0dd23baf8d88 service neutron] 10.222.0.20 "GET /v2.0/ports?network_id=1d7299a5-cc2f-423a-9129-58dab0c303aa&device_owner=network%3Adhcp HTTP/1.1" status: 200 len: 210 time: 0.0431364
Mar 14 10:16:10.380196 dv-cinder-833543-1-smb neutron-server[103195]: DEBUG neutron.scheduler.dhcp_agent_scheduler [None req-90d25413-5acb-43a5-8578-cabb6e10e4de tempest-AttachVolumeShelveTestJSON-1026517152 tempest-AttachVolumeShelveTestJSON-1026517152-project] Network fa63e045-f215-4a66-8a96-6c039a752340 is already hosted by enough agents. {{(pid=103195) _get_dhcp_agents_hosting_network /opt/stack/neutron/neutron/scheduler/dhcp_agent_scheduler.py:275}}
Mar 14 10:16:10.389351 dv-cinder-833543-1-smb neutron-server[103195]: DEBUG neutron.scheduler.base_scheduler [None req-90d25413-5acb-43a5-8578-cabb6e10e4de tempest-AttachVolumeShelveTestJSON-1026517152 tempest-AttachVolumeShelveTestJSON-1026517152-project] Resources bound (agent type, host, resource id): {{(pid=103195) schedule /opt/stack/neutron/neutron/scheduler/base_scheduler.py:57}}
Mar 14 10:16:10.392826 dv-cinder-833543-1-smb neutron-server[103195]: DEBUG neutron.db.l3_dvrscheduler_db [None req-90d25413-5acb-43a5-8578-cabb6e10e4de tempest-AttachVolumeShelveTestJSON-1026517152 tempest-AttachVolumeShelveTestJSON-1026517152-project] Received port after_create {{(pid=103195) _notify_l3_agent_new_port /opt/stack/neutron/neutron/db/l3_dvrscheduler_db.py:536}}
Mar 14 10:16:10.412426 dv-cinder-833543-1-smb neutron-server[103195]: DEBUG neutron.api.rpc.handlers.resources_rpc [None req-90d25413-5acb-43a5-8578-cabb6e10e4de tempest-AttachVolumeShelveTestJSON-1026517152 tempest-AttachVolumeShelveTestJSON-1026517152-project] Pushing event updated for resources: {'Port': ['ID=9d1ac030-52bb-4760-a787-9007dfa66234,revision_number=1']} {{(pid=103195) push /opt/stack/neutron/neutron/api/rpc/handlers/resources_rpc.py:237}}
Mar 14 10:16:10.475578 dv-cinder-833543-1-smb neutron-server[103194]: INFO neutron.wsgi [req-205b03b9-6c2d-4ef9-82e3-469147a67712 req-b83c1431-05a3-45cf-af5d-e39a561094ca service neutron] 10.222.0.20 "GET /v2.0/networks/1d7299a5-cc2f-423a-9129-58dab0c303aa?fields=segments HTTP/1.1" status: 200 len: 212 time: 0.1641860
Mar 14 10:16:10.493159 dv-cinder-833543-1-smb neutron-server[103195]: DEBUG neutron.pecan_wsgi.hooks.policy_enforcement [req-6429da50-8e2a-4f6a-8554-f8380aae5a73 req-b611939d-8c6a-41f4-b455-b59215c2ea5c service neutron] Attributes excluded by policy engine: ['standard_attr_id'] {{(pid=103195) _exclude_attributes_by_policy /opt/stack/neutron/neutron/pecan_wsgi/hooks/policy_enforcement.py:255}}
Mar 14 10:16:10.494899 dv-cinder-833543-1-smb neutron-server[103195]: INFO neutron.wsgi [req-6429da50-8e2a-4f6a-8554-f8380aae5a73 req-b611939d-8c6a-41f4-b455-b59215c2ea5c service neutron] 10.222.0.20 "GET /v2.0/ports?tenant_id=1ae9e04ec78042b3b0437f8d1954f88d&device_id=efe4645a-fed2-4840-9a06-59ae69abcd78 HTTP/1.1" status: 200 len: 1128 time: 0.4201918
Mar 14 10:16:10.569141 dv-cinder-833543-1-smb neutron-server[103195]: DEBUG neutron.pecan_wsgi.hooks.policy_enforcement [req-30b7f796-54f3-4d97-b87a-e8038f2c811e req-8a0ce96c-e9ff-488a-9527-40f136a282cf tempest-ServerRescueNegativeTestJSON-1074814967 tempest-ServerRescueNegativeTestJSON-1074814967-project] Attributes excluded by policy engine: ['standard_attr_id', 'binding:profile', 'binding:host_id', 'binding:vif_type', 'binding:vif_details'] {{(pid=103195) _exclude_attributes_by_policy /opt/stack/neutron/neutron/pecan_wsgi/hooks/policy_enforcement.py:255}}
Mar 14 10:16:10.570728 dv-cinder-833543-1-smb neutron-server[103195]: INFO neutron.wsgi [req-30b7f796-54f3-4d97-b87a-e8038f2c811e req-8a0ce96c-e9ff-488a-9527-40f136a282cf tempest-ServerRescueNegativeTestJSON-1074814967 tempest-ServerRescueNegativeTestJSON-1074814967-project] 10.222.0.26 "GET /v2.0/ports?device_id=efe4645a-fed2-4840-9a06-59ae69abcd78 HTTP/1.1" status: 200 len: 944 time: 0.3386538
Mar 14 10:16:10.670230 dv-cinder-833543-1-smb neutron-server[103195]: INFO neutron.wsgi [req-1b46855a-c364-463d-b217-dba1c9725ac4 req-1f668277-f47a-47b9-bd36-3b7f9775826e tempest-AttachVolumeNegativeTest-12572155 tempest-AttachVolumeNegativeTest-12572155-project] 10.222.0.26 "GET /v2.0/ports?tenant_id=92067543dfc840e7a0f2b0e8c92af7b9&fields=id HTTP/1.1" status: 200 len: 302 time: 0.4247441
Mar 14 10:16:10.686572 dv-cinder-833543-1-smb neutron-server[103195]: INFO neutron.wsgi [req-6429da50-8e2a-4f6a-8554-f8380aae5a73 req-23ad0d61-214c-4bf4-99a2-585eded66423 service neutron] 10.222.0.20 "GET /v2.0/floatingips?fixed_ip_address=172.20.0.11&port_id=030f06c1-b7ad-4e4c-bf10-e1607e0aae59 HTTP/1.1" status: 200 len: 217 time: 0.1563482
Mar 14 10:16:10.687006 dv-cinder-833543-1-smb neutron-server[103194]: INFO neutron.wsgi [req-205b03b9-6c2d-4ef9-82e3-469147a67712 req-90d19e9a-15fb-4583-ba17-21801fc0f303 service neutron] 10.222.0.20 "GET /v2.0/networks/1d7299a5-cc2f-423a-9129-58dab0c303aa?fields=provider%3Aphysical_network&fields=provider%3Anetwork_type HTTP/1.1" status: 200 len: 281 time: 0.2034824
Mar 14 10:16:10.735931 dv-cinder-833543-1-smb neutron-server[103195]: DEBUG neutron_lib.callbacks.manager [None req-90d25413-5acb-43a5-8578-cabb6e10e4de tempest-AttachVolumeShelveTestJSON-1026517152 tempest-AttachVolumeShelveTestJSON-1026517152-project] Publish callbacks [] for floatingip (56f89b30-c3f5-4df8-99da-8bfcea5f38db), precommit_create {{(pid=103195) _notify_loop /usr/local/lib/python3.8/dist-packages/neutron_lib/callbacks/manager.py:176}}
Mar 14 10:16:10.760952 dv-cinder-833543-1-smb neutron-server[103195]: DEBUG novaclient.v2.client [-] REQ: curl -g -i --cacert "/opt/stack/data/ca-bundle.pem" -X POST http://10.222.0.26/compute/v2.1/os-server-external-events -H "Accept: application/json" -H "Content-Type: application/json" -H "User-Agent: python-novaclient" -H "X-Auth-Token: {SHA256}d8d979c313195ebfa1b0ce5a2db23060eaa6c3c4fe5567effdb0d7bbac6ffe38" -H "X-OpenStack-Nova-API-Version: 2.1" -H "X-OpenStack-Request-ID: req-98b5d437-6eaf-4622-b0b2-46b02879b3cc" -d '{"events": [{"name": "network-changed", "server_uuid": "d2de7574-5fb4-48b2-a923-558acf76242d", "tag": "e91dfbb4-0d24-4728-8cb1-6864b389e5f9"}]}' {{(pid=103195) _http_log_request /usr/local/lib/python3.8/dist-packages/keystoneauth1/session.py:519}}
Mar 14 10:16:10.938525 dv-cinder-833543-1-smb neutron-server[103195]: DEBUG neutron.pecan_wsgi.hooks.policy_enforcement [req-6429da50-8e2a-4f6a-8554-f8380aae5a73 req-07774c3c-b1b2-4b01-baa3-d8ddd59e4755 service neutron] Attributes excluded by policy engine: ['standard_attr_id', 'shared'] {{(pid=103195) _exclude_attributes_by_policy /opt/stack/neutron/neutron/pecan_wsgi/hooks/policy_enforcement.py:255}}
Mar 14 10:16:10.940468 dv-cinder-833543-1-smb neutron-server[103195]: INFO neutron.wsgi [req-6429da50-8e2a-4f6a-8554-f8380aae5a73 req-07774c3c-b1b2-4b01-baa3-d8ddd59e4755 service neutron] 10.222.0.20 "GET /v2.0/subnets?id=e0fc2370-3d5c-422b-8aef-adf7f395380b HTTP/1.1" status: 200 len: 858 time: 0.2271347
Mar 14 10:16:10.941654 dv-cinder-833543-1-smb neutron-server[103195]: DEBUG neutron_lib.callbacks.manager [None req-90d25413-5acb-43a5-8578-cabb6e10e4de tempest-AttachVolumeShelveTestJSON-1026517152 tempest-AttachVolumeShelveTestJSON-1026517152-project] Publish callbacks ['neutron.plugins.ml2.plugin.SecurityGroupDbMixin._ensure_default_security_group_handler-1683261'] for port (9d1ac030-52bb-4760-a787-9007dfa66234), before_update {{(pid=103195) _notify_loop /usr/local/lib/python3.8/dist-packages/neutron_lib/callbacks/manager.py:176}}
Mar 14 10:16:10.986669 dv-cinder-833543-1-smb neutron-server[103195]: INFO neutron.wsgi [req-30b7f796-54f3-4d97-b87a-e8038f2c811e req-1c4fa9a6-f078-47dd-b21d-29c3652ce321 tempest-ServerRescueNegativeTestJSON-1074814967 tempest-ServerRescueNegativeTestJSON-1074814967-project] 10.222.0.26 "GET /v2.0/security-groups?id=8eb60f4a-53a8-4df2-8e78-52493d53fe69&fields=id&fields=name HTTP/1.1" status: 200 len: 286 time: 0.3739591
Mar 14 10:16:11.279645 dv-cinder-833543-1-smb neutron-server[103195]: INFO neutron.wsgi [req-6429da50-8e2a-4f6a-8554-f8380aae5a73 req-fa66c33a-6abc-4ebb-a83b-fe6180f6d427 service neutron] 10.222.0.20 "GET /v2.0/ports?network_id=1d7299a5-cc2f-423a-9129-58dab0c303aa&device_owner=network%3Adhcp HTTP/1.1" status: 200 len: 210 time: 0.2986574
Mar 14 10:16:11.372372 dv-cinder-833543-1-smb neutron-server[103195]: INFO neutron.wsgi [req-1b46855a-c364-463d-b217-dba1c9725ac4 req-a882d9d5-3e61-405e-b838-dccda16c38b2 service neutron] 10.222.0.26 "GET /v2.0/networks/7a5c27d8-5896-40f6-b0d2-c09c86d413ec?fields=segments HTTP/1.1" status: 200 len: 212 time: 0.6751113
Mar 14 10:16:11.543061 dv-cinder-833543-1-smb neutron-server[103195]: INFO neutron.wsgi [req-6429da50-8e2a-4f6a-8554-f8380aae5a73 req-db673b80-4ff4-4143-9d56-a5a2e32f3a1e service neutron] 10.222.0.20 "GET /v2.0/networks/1d7299a5-cc2f-423a-9129-58dab0c303aa?fields=segments HTTP/1.1" status: 200 len: 212 time: 0.2472010
Mar 14 10:16:11.552960 dv-cinder-833543-1-smb neutron-server[103195]: DEBUG neutron.pecan_wsgi.hooks.policy_enforcement [req-1d4a4eda-0e28-46e7-91a4-822730801597 req-a869ea98-ca0c-446d-a25d-193b3e7aede9 tempest-DeleteServersTestJSON-1157156209 tempest-DeleteServersTestJSON-1157156209-project] Attributes excluded by policy engine: ['standard_attr_id', 'binding:profile', 'binding:host_id', 'binding:vif_type', 'binding:vif_details'] {{(pid=103195) _exclude_attributes_by_policy /opt/stack/neutron/neutron/pecan_wsgi/hooks/policy_enforcement.py:255}}
Mar 14 10:16:11.554399 dv-cinder-833543-1-smb neutron-server[103195]: INFO neutron.wsgi [req-1d4a4eda-0e28-46e7-91a4-822730801597 req-a869ea98-ca0c-446d-a25d-193b3e7aede9 tempest-DeleteServersTestJSON-1157156209 tempest-DeleteServersTestJSON-1157156209-project] 10.222.0.26 "GET /v2.0/ports?device_id=4d43330f-d87c-4a18-b552-de42694b71bb HTTP/1.1" status: 200 len: 943 time: 0.3171241
Mar 14 10:16:11.612868 dv-cinder-833543-1-smb neutron-server[103195]: DEBUG neutron_lib.callbacks.manager [None req-90d25413-5acb-43a5-8578-cabb6e10e4de tempest-AttachVolumeShelveTestJSON-1026517152 tempest-AttachVolumeShelveTestJSON-1026517152-project] Publish callbacks [] for port (9d1ac030-52bb-4760-a787-9007dfa66234), precommit_update {{(pid=103195) _notify_loop /usr/local/lib/python3.8/dist-packages/neutron_lib/callbacks/manager.py:176}}
Mar 14 10:16:11.626675 dv-cinder-833543-1-smb neutron-server[103195]: DEBUG neutron_lib.callbacks.manager [None req-90d25413-5acb-43a5-8578-cabb6e10e4de tempest-AttachVolumeShelveTestJSON-1026517152 tempest-AttachVolumeShelveTestJSON-1026517152-project] Publish callbacks ['neutron.plugins.ml2.plugin.SecurityGroupServerNotifierRpcMixin._notify_sg_on_port_change-1682829', 'neutron.plugins.ml2.ovo_rpc._ObjectChangeHandler.handle_event-37642', 'neutron.api.rpc.agentnotifiers.dhcp_rpc_agent_api.DhcpAgentNotifyAPI._native_event_send_dhcp_notification-550110', 'neutron.db.l3_db.L3RpcNotifierMixin._notify_gateway_port_ip_changed-8757948844382', 'neutron.db.l3_dvrscheduler_db._notify_l3_agent_port_update-8757948322928', 'neutron.db.l3_hascheduler_db._notify_l3_agent_ha_port_update-8757948322946'] for port (9d1ac030-52bb-4760-a787-9007dfa66234), after_update {{(pid=103195) _notify_loop /usr/local/lib/python3.8/dist-packages/neutron_lib/callbacks/manager.py:176}}
Mar 14 10:16:11.634705 dv-cinder-833543-1-smb neutron-server[103195]: INFO neutron.wsgi [req-1b46855a-c364-463d-b217-dba1c9725ac4 req-28a8ded7-4016-4c67-abbb-691dec99539e service neutron] 10.222.0.26 "GET /v2.0/networks/7a5c27d8-5896-40f6-b0d2-c09c86d413ec?fields=provider%3Aphysical_network&fields=provider%3Anetwork_type HTTP/1.1" status: 200 len: 281 time: 0.2516973
Mar 14 10:16:11.711844 dv-cinder-833543-1-smb neutron-server[103195]: DEBUG neutron_lib.callbacks.manager [None req-90d25413-5acb-43a5-8578-cabb6e10e4de tempest-AttachVolumeShelveTestJSON-1026517152 tempest-AttachVolumeShelveTestJSON-1026517152-project] Publish callbacks ['neutron.services.l3_router.l3_router_plugin.DVRResourceOperationHandler._create_dvr_floating_gw_port-558077'] for floatingip (56f89b30-c3f5-4df8-99da-8bfcea5f38db), after_create {{(pid=103195) _notify_loop /usr/local/lib/python3.8/dist-packages/neutron_lib/callbacks/manager.py:176}}
Mar 14 10:16:11.752213 dv-cinder-833543-1-smb neutron-server[103195]: DEBUG neutron.api.rpc.handlers.resources_rpc [None req-90d25413-5acb-43a5-8578-cabb6e10e4de tempest-AttachVolumeShelveTestJSON-1026517152 tempest-AttachVolumeShelveTestJSON-1026517152-project] Pushing event updated for resources: {'Port': ['ID=9d1ac030-52bb-4760-a787-9007dfa66234,revision_number=2']} {{(pid=103195) push /opt/stack/neutron/neutron/api/rpc/handlers/resources_rpc.py:237}}
Mar 14 10:16:11.763646 dv-cinder-833543-1-smb neutron-server[103195]: INFO neutron.wsgi [req-1d4a4eda-0e28-46e7-91a4-822730801597 req-8f639ad2-884a-4bbc-8997-b02482ce749a tempest-DeleteServersTestJSON-1157156209 tempest-DeleteServersTestJSON-1157156209-project] 10.222.0.26 "GET /v2.0/security-groups?id=8fd74f8c-9cab-43f3-a71e-578a70f9f980&fields=id&fields=name HTTP/1.1" status: 200 len: 286 time: 0.1960411
Mar 14 10:16:11.768390 dv-cinder-833543-1-smb neutron-server[103195]: DEBUG neutron_lib.callbacks.manager [None req-90d25413-5acb-43a5-8578-cabb6e10e4de tempest-AttachVolumeShelveTestJSON-1026517152 tempest-AttachVolumeShelveTestJSON-1026517152-project] Publish callbacks ['neutron.notifiers.nova.Notifier._send_nova_notification-254743'] for floatingip (None), before_response {{(pid=103195) _notify_loop /usr/local/lib/python3.8/dist-packages/neutron_lib/callbacks/manager.py:176}}
Mar 14 10:16:11.777477 dv-cinder-833543-1-smb neutron-server[103195]: INFO neutron.wsgi [None req-90d25413-5acb-43a5-8578-cabb6e10e4de tempest-AttachVolumeShelveTestJSON-1026517152 tempest-AttachVolumeShelveTestJSON-1026517152-project] 10.222.0.26 "POST /v2.0/floatingips HTTP/1.1" status: 201 len: 693 time: 4.3513298
Mar 14 10:16:11.777477 dv-cinder-833543-1-smb neutron-server[103195]: INFO neutron.wsgi [req-6429da50-8e2a-4f6a-8554-f8380aae5a73 req-f5d1a896-de95-4dab-aa4a-25b12e033929 service neutron] 10.222.0.20 "GET /v2.0/networks/1d7299a5-cc2f-423a-9129-58dab0c303aa?fields=provider%3Aphysical_network&fields=provider%3Anetwork_type HTTP/1.1" status: 200 len: 281 time: 0.2221124
Mar 14 10:16:11.936167 dv-cinder-833543-1-smb neutron-server[103195]: INFO neutron.wsgi [req-22f89b26-20f0-4c37-8323-1e004927da8c req-b7215ad1-214a-4d17-a8a9-51d2db621158 tempest-AttachVolumeNegativeTest-12572155 tempest-AttachVolumeNegativeTest-12572155-project] 10.222.0.26 "GET /v2.0/ports?device_id=d873fe9a-712c-4a1d-bd24-d579bb34ee34 HTTP/1.1" status: 200 len: 210 time: 0.0486281
Mar 14 10:16:11.995532 dv-cinder-833543-1-smb neutron-server[103195]: DEBUG neutron.pecan_wsgi.hooks.policy_enforcement [req-bbf9db7a-4ef7-45a8-a329-982e5481e9e2 req-4a6f7d9e-36e7-46d6-a9d5-748e9e35b684 service neutron] Attributes excluded by policy engine: ['standard_attr_id'] {{(pid=103195) _exclude_attributes_by_policy /opt/stack/neutron/neutron/pecan_wsgi/hooks/policy_enforcement.py:255}}
Mar 14 10:16:11.998225 dv-cinder-833543-1-smb neutron-server[103195]: INFO neutron.wsgi [req-bbf9db7a-4ef7-45a8-a329-982e5481e9e2 req-4a6f7d9e-36e7-46d6-a9d5-748e9e35b684 service neutron] 10.222.0.20 "GET /v2.0/ports?tenant_id=1ae9e04ec78042b3b0437f8d1954f88d&device_id=efe4645a-fed2-4840-9a06-59ae69abcd78 HTTP/1.1" status: 200 len: 1128 time: 0.0647168
Mar 14 10:16:12.260601 dv-cinder-833543-1-smb neutron-server[103195]: DEBUG novaclient.v2.client [-] RESP: [200] Connection: close Content-Length: 179 Content-Type: application/json Date: Mon, 14 Mar 2022 10:16:10 GMT OpenStack-API-Version: compute 2.1 Server: Apache/2.4.41 (Ubuntu) Vary: OpenStack-API-Version,X-OpenStack-Nova-API-Version X-OpenStack-Nova-API-Version: 2.1 x-compute-request-id: req-e30822c0-9840-41a0-9330-5e4df121112b x-openstack-request-id: req-e30822c0-9840-41a0-9330-5e4df121112b {{(pid=103195) _http_log_response /usr/local/lib/python3.8/dist-packages/keystoneauth1/session.py:550}}
Mar 14 10:16:12.260905 dv-cinder-833543-1-smb neutron-server[103195]: DEBUG novaclient.v2.client [-] RESP BODY: {"events": [{"name": "network-changed", "server_uuid": "d2de7574-5fb4-48b2-a923-558acf76242d", "tag": "e91dfbb4-0d24-4728-8cb1-6864b389e5f9", "status": "completed", "code": 200}]} {{(pid=103195) _http_log_response /usr/local/lib/python3.8/dist-packages/keystoneauth1/session.py:582}}
Mar 14 10:16:12.261321 dv-cinder-833543-1-smb neutron-server[103195]: DEBUG novaclient.v2.client [-] POST call to compute for http://10.222.0.26/compute/v2.1/os-server-external-events used request id req-e30822c0-9840-41a0-9330-5e4df121112b {{(pid=103195) request /usr/local/lib/python3.8/dist-packages/keystoneauth1/session.py:954}}
Mar 14 10:16:12.261801 dv-cinder-833543-1-smb neutron-server[103195]: INFO neutron.notifiers.nova [-] Nova event response: {'name': 'network-changed', 'server_uuid': 'd2de7574-5fb4-48b2-a923-558acf76242d', 'tag': 'e91dfbb4-0d24-4728-8cb1-6864b389e5f9', 'status': 'completed', 'code': 200}
Mar 14 10:16:12.284980 dv-cinder-833543-1-smb neutron-server[103195]: INFO neutron.wsgi [req-b7647087-89d3-4585-9beb-fb65015e05c0 req-f1082a86-921a-42a9-b565-d793022cecfa tempest-AttachVolumeShelveTestJSON-1026517152 tempest-AttachVolumeShelveTestJSON-1026517152-project] 10.222.0.26 "GET /v2.0/security-groups?name=tempest-securitygroup--120925453&fields=id&tenant_id=ffc1d2faed694510a5d5c19779e58a6d HTTP/1.1" status: 200 len: 267 time: 0.1680610
Mar 14 10:16:12.301409 dv-cinder-833543-1-smb neutron-server[103195]: DEBUG neutron.pecan_wsgi.hooks.policy_enforcement [req-bbf9db7a-4ef7-45a8-a329-982e5481e9e2 req-2d8412af-850a-4441-9304-033685102cd5 service neutron] Attributes excluded by policy engine: ['standard_attr_id', 'vlan_transparent'] {{(pid=103195) _exclude_attributes_by_policy /opt/stack/neutron/neutron/pecan_wsgi/hooks/policy_enforcement.py:255}}
Mar 14 10:16:12.303149 dv-cinder-833543-1-smb neutron-server[103195]: INFO neutron.wsgi [req-bbf9db7a-4ef7-45a8-a329-982e5481e9e2 req-2d8412af-850a-4441-9304-033685102cd5 service neutron] 10.222.0.20 "GET /v2.0/networks?id=1d7299a5-cc2f-423a-9129-58dab0c303aa HTTP/1.1" status: 200 len: 919 time: 0.2991784
Mar 14 10:16:12.381319 dv-cinder-833543-1-smb neutron-server[103195]: INFO neutron.wsgi [req-bbf9db7a-4ef7-45a8-a329-982e5481e9e2 req-8fc2406f-c56c-4d28-b59b-4ec8ca48cb09 service neutron] 10.222.0.20 "GET /v2.0/floatingips?fixed_ip_address=172.20.0.11&port_id=030f06c1-b7ad-4e4c-bf10-e1607e0aae59 HTTP/1.1" status: 200 len: 217 time: 0.0668454
Mar 14 10:16:12.399134 dv-cinder-833543-1-smb neutron-server[103194]: DEBUG neutron.pecan_wsgi.hooks.policy_enforcement [req-98b5d437-6eaf-4622-b0b2-46b02879b3cc req-75a8f690-e0aa-4716-bc11-084970237a09 service neutron] Attributes excluded by policy engine: ['standard_attr_id'] {{(pid=103194) _exclude_attributes_by_policy /opt/stack/neutron/neutron/pecan_wsgi/hooks/policy_enforcement.py:255}}
Mar 14 10:16:12.400870 dv-cinder-833543-1-smb neutron-server[103194]: INFO neutron.wsgi [req-98b5d437-6eaf-4622-b0b2-46b02879b3cc req-75a8f690-e0aa-4716-bc11-084970237a09 service neutron] 10.222.0.20 "GET /v2.0/ports?tenant_id=1ae9e04ec78042b3b0437f8d1954f88d&device_id=d2de7574-5fb4-48b2-a923-558acf76242d HTTP/1.1" status: 200 len: 1128 time: 0.0747120
Mar 14 10:16:12.530259 dv-cinder-833543-1-smb neutron-server[103195]: DEBUG neutron.pecan_wsgi.hooks.policy_enforcement [req-bbf9db7a-4ef7-45a8-a329-982e5481e9e2 req-6747bc29-96cf-4a5a-b2b1-7473f2e9493b service neutron] Attributes excluded by policy engine: ['standard_attr_id', 'shared'] {{(pid=103195) _exclude_attributes_by_policy /opt/stack/neutron/neutron/pecan_wsgi/hooks/policy_enforcement.py:255}}
Mar 14 10:16:12.530259 dv-cinder-833543-1-smb neutron-server[103195]: INFO neutron.wsgi [req-bbf9db7a-4ef7-45a8-a329-982e5481e9e2 req-6747bc29-96cf-4a5a-b2b1-7473f2e9493b service neutron] 10.222.0.20 "GET /v2.0/subnets?id=e0fc2370-3d5c-422b-8aef-adf7f395380b HTTP/1.1" status: 200 len: 858 time: 0.1302884
Mar 14 10:16:12.560086 dv-cinder-833543-1-smb neutron-server[103194]: DEBUG neutron.pecan_wsgi.hooks.policy_enforcement [req-98b5d437-6eaf-4622-b0b2-46b02879b3cc req-41cad82a-896c-4747-9563-677214746a11 service neutron] Attributes excluded by policy engine: ['standard_attr_id', 'vlan_transparent'] {{(pid=103194) _exclude_attributes_by_policy /opt/stack/neutron/neutron/pecan_wsgi/hooks/policy_enforcement.py:255}}
Mar 14 10:16:12.562119 dv-cinder-833543-1-smb neutron-server[103194]: INFO neutron.wsgi [req-98b5d437-6eaf-4622-b0b2-46b02879b3cc req-41cad82a-896c-4747-9563-677214746a11 service neutron] 10.222.0.20 "GET /v2.0/networks?id=1d7299a5-cc2f-423a-9129-58dab0c303aa HTTP/1.1" status: 200 len: 919 time: 0.1540835
Mar 14 10:16:12.572423 dv-cinder-833543-1-smb neutron-server[103195]: DEBUG neutron.pecan_wsgi.hooks.policy_enforcement [req-040b9988-be2b-4acf-80d5-5572eb2423ed req-5ac47c98-74ba-42eb-841d-9bafcb5b12ff tempest-ServerRescueNegativeTestJSON-1074814967 tempest-ServerRescueNegativeTestJSON-1074814967-project] Attributes excluded by policy engine: ['standard_attr_id', 'binding:profile', 'binding:host_id', 'binding:vif_type', 'binding:vif_details'] {{(pid=103195) _exclude_attributes_by_policy /opt/stack/neutron/neutron/pecan_wsgi/hooks/policy_enforcement.py:255}}
Mar 14 10:16:12.573941 dv-cinder-833543-1-smb neutron-server[103195]: INFO neutron.wsgi [req-040b9988-be2b-4acf-80d5-5572eb2423ed req-5ac47c98-74ba-42eb-841d-9bafcb5b12ff tempest-ServerRescueNegativeTestJSON-1074814967 tempest-ServerRescueNegativeTestJSON-1074814967-project] 10.222.0.26 "GET /v2.0/ports?device_id=efe4645a-fed2-4840-9a06-59ae69abcd78 HTTP/1.1" status: 200 len: 944 time: 0.2478456
Mar 14 10:16:12.613546 dv-cinder-833543-1-smb neutron-server[103195]: DEBUG neutron.pecan_wsgi.hooks.policy_enforcement [req-b7647087-89d3-4585-9beb-fb65015e05c0 req-25bec13a-da80-4cc6-9634-54037b465dc1 tempest-AttachVolumeShelveTestJSON-1026517152 tempest-AttachVolumeShelveTestJSON-1026517152-project] Attributes excluded by policy engine: ['standard_attr_id', 'vlan_transparent', 'provider:network_type', 'provider:physical_network', 'provider:segmentation_id'] {{(pid=103195) _exclude_attributes_by_policy /opt/stack/neutron/neutron/pecan_wsgi/hooks/policy_enforcement.py:255}}
Mar 14 10:16:12.618583 dv-cinder-833543-1-smb neutron-server[103194]: INFO neutron.wsgi [req-98b5d437-6eaf-4622-b0b2-46b02879b3cc req-60920706-9f03-4b1b-a45f-90663cef603b service neutron] 10.222.0.20 "GET /v2.0/floatingips?fixed_ip_address=172.20.0.10&port_id=e91dfbb4-0d24-4728-8cb1-6864b389e5f9 HTTP/1.1" status: 200 len: 217 time: 0.0497859
Mar 14 10:16:12.621574 dv-cinder-833543-1-smb neutron-server[103195]: INFO neutron.wsgi [req-b7647087-89d3-4585-9beb-fb65015e05c0 req-25bec13a-da80-4cc6-9634-54037b465dc1 tempest-AttachVolumeShelveTestJSON-1026517152 tempest-AttachVolumeShelveTestJSON-1026517152-project] 10.222.0.26 "GET /v2.0/networks?id=fab6bcd6-ba83-41cc-89a9-a841af6cc1ef HTTP/1.1" status: 200 len: 816 time: 0.3353822
Mar 14 10:16:12.630100 dv-cinder-833543-1-smb neutron-server[103195]: INFO neutron.wsgi [req-bbf9db7a-4ef7-45a8-a329-982e5481e9e2 req-64c4f9f8-e84f-4eff-8a2b-072a577f6764 service neutron] 10.222.0.20 "GET /v2.0/ports?network_id=1d7299a5-cc2f-423a-9129-58dab0c303aa&device_owner=network%3Adhcp HTTP/1.1" status: 200 len: 210 time: 0.0934579
Mar 14 10:16:12.685205 dv-cinder-833543-1-smb neutron-server[103195]: INFO neutron.wsgi [req-b7647087-89d3-4585-9beb-fb65015e05c0 req-a9e2202d-aca1-49ef-b653-c15a5167b7c9 tempest-AttachVolumeShelveTestJSON-1026517152 tempest-AttachVolumeShelveTestJSON-1026517152-project] 10.222.0.26 "GET /v2.0/quotas/ffc1d2faed694510a5d5c19779e58a6d HTTP/1.1" status: 200 len: 375 time: 0.0626314
Mar 14 10:16:12.717067 dv-cinder-833543-1-smb neutron-server[103194]: DEBUG neutron.pecan_wsgi.hooks.policy_enforcement [req-98b5d437-6eaf-4622-b0b2-46b02879b3cc req-02162c5e-7bac-4c61-9244-c37495a0b315 service neutron] Attributes excluded by policy engine: ['standard_attr_id', 'shared'] {{(pid=103194) _exclude_attributes_by_policy /opt/stack/neutron/neutron/pecan_wsgi/hooks/policy_enforcement.py:255}}
Mar 14 10:16:12.719892 dv-cinder-833543-1-smb neutron-server[103194]: INFO neutron.wsgi [req-98b5d437-6eaf-4622-b0b2-46b02879b3cc req-02162c5e-7bac-4c61-9244-c37495a0b315 service neutron] 10.222.0.20 "GET /v2.0/subnets?id=e0fc2370-3d5c-422b-8aef-adf7f395380b HTTP/1.1" status: 200 len: 858 time: 0.0950444
Mar 14 10:16:12.760354 dv-cinder-833543-1-smb neutron-server[103194]: INFO neutron.wsgi [req-98b5d437-6eaf-4622-b0b2-46b02879b3cc req-a7f2993e-cae3-41ee-b43e-f16ce12eeda2 service neutron] 10.222.0.20 "GET /v2.0/ports?network_id=1d7299a5-cc2f-423a-9129-58dab0c303aa&device_owner=network%3Adhcp HTTP/1.1" status: 200 len: 210 time: 0.0327935
Mar 14 10:16:12.778706 dv-cinder-833543-1-smb neutron-server[103195]: INFO neutron.wsgi [req-040b9988-be2b-4acf-80d5-5572eb2423ed req-d931fcca-8e05-493c-981b-15f8f76554d4 tempest-ServerRescueNegativeTestJSON-1074814967 tempest-ServerRescueNegativeTestJSON-1074814967-project] 10.222.0.26 "GET /v2.0/security-groups?id=8eb60f4a-53a8-4df2-8e78-52493d53fe69&fields=id&fields=name HTTP/1.1" status: 200 len: 286 time: 0.1814814
Mar 14 10:16:12.829927 dv-cinder-833543-1-smb neutron-server[103195]: INFO neutron.wsgi [req-b7647087-89d3-4585-9beb-fb65015e05c0 req-b431e20a-659d-445e-845f-e144121d7164 tempest-AttachVolumeShelveTestJSON-1026517152 tempest-AttachVolumeShelveTestJSON-1026517152-project] 10.222.0.26 "GET /v2.0/ports?tenant_id=ffc1d2faed694510a5d5c19779e58a6d&fields=id HTTP/1.1" status: 200 len: 302 time: 0.1439662
Mar 14 10:16:12.831926 dv-cinder-833543-1-smb neutron-server[103195]: INFO neutron.wsgi [req-bbf9db7a-4ef7-45a8-a329-982e5481e9e2 req-d660b95f-337d-4c51-ab61-5694759a889c service neutron] 10.222.0.20 "GET /v2.0/networks/1d7299a5-cc2f-423a-9129-58dab0c303aa?fields=segments HTTP/1.1" status: 200 len: 212 time: 0.1749074
Mar 14 10:16:12.903045 dv-cinder-833543-1-smb neutron-server[103194]: INFO neutron.wsgi [req-98b5d437-6eaf-4622-b0b2-46b02879b3cc req-54d6d870-0916-424d-85cf-1f19994014ac service neutron] 10.222.0.20 "GET /v2.0/networks/1d7299a5-cc2f-423a-9129-58dab0c303aa?fields=segments HTTP/1.1" status: 200 len: 212 time: 0.1335781
Mar 14 10:16:13.088123 dv-cinder-833543-1-smb neutron-server[103195]: DEBUG neutron.pecan_wsgi.hooks.policy_enforcement [req-79fd75a0-2b62-4b9b-8c7e-fbada234aa03 req-02d57de1-8043-482f-ac58-86a105b63c62 tempest-DeleteServersTestJSON-1157156209 tempest-DeleteServersTestJSON-1157156209-project] Attributes excluded by policy engine: ['standard_attr_id', 'binding:profile', 'binding:host_id', 'binding:vif_type', 'binding:vif_details'] {{(pid=103195) _exclude_attributes_by_policy /opt/stack/neutron/neutron/pecan_wsgi/hooks/policy_enforcement.py:255}}
Mar 14 10:16:13.095673 dv-cinder-833543-1-smb neutron-server[103195]: INFO neutron.wsgi [req-79fd75a0-2b62-4b9b-8c7e-fbada234aa03 req-02d57de1-8043-482f-ac58-86a105b63c62 tempest-DeleteServersTestJSON-1157156209 tempest-DeleteServersTestJSON-1157156209-project] 10.222.0.26 "GET /v2.0/ports?device_id=4d43330f-d87c-4a18-b552-de42694b71bb HTTP/1.1" status: 200 len: 943 time: 0.1788030
Mar 14 10:16:13.104992 dv-cinder-833543-1-smb neutron-server[103194]: INFO neutron.wsgi [req-98b5d437-6eaf-4622-b0b2-46b02879b3cc req-360cdd55-24d0-4db7-aefb-a26dcd7070cd service neutron] 10.222.0.20 "GET /v2.0/networks/1d7299a5-cc2f-423a-9129-58dab0c303aa?fields=provider%3Aphysical_network&fields=provider%3Anetwork_type HTTP/1.1" status: 200 len: 281 time: 0.1916580
