Mar 11 18:02:49.787696 dv-cinder-833443-1-smb neutron-server[103147]: DEBUG neutron_lib.callbacks.manager [None req-f25e78b6-c9f5-434b-a000-94bcc91b8758 None None] Publish callbacks ['neutron.plugins.ml2.plugin.SecurityGroupServerNotifierRpcMixin._notify_sg_on_port_change-1045190', 'neutron.plugins.ml2.ovo_rpc._ObjectChangeHandler.handle_event-138233', 'neutron.api.rpc.agentnotifiers.dhcp_rpc_agent_api.DhcpAgentNotifyAPI._native_event_send_dhcp_notification-4177028', 'neutron.db.l3_db.L3RpcNotifierMixin._notify_gateway_port_ip_changed-8779414561383', 'neutron.db.l3_dvrscheduler_db._notify_l3_agent_port_update-8779414059888', 'neutron.db.l3_hascheduler_db._notify_l3_agent_ha_port_update-8779414059906'] for port (5ad0cd77-a1cc-4344-bdbe-940437d556a3), after_update {{(pid=103147) _notify_loop /usr/local/lib/python3.8/dist-packages/neutron_lib/callbacks/manager.py:176}}
Mar 11 18:02:49.799742 dv-cinder-833443-1-smb neutron-server[103147]: DEBUG neutron.plugins.ml2.db [None req-4ecf0207-6324-49b2-a4bf-28c07125a411 None None] For port 52b8db89-9df3-4f79-961e-faa4808188b8, host dv-cinder-833443-1-smb, got binding levels [PortBindingLevel(driver='openvswitch',host='dv-cinder-833443-1-smb',level=0,port_id=52b8db89-9df3-4f79-961e-faa4808188b8,segment=NetworkSegment(68668596-980c-4e03-962b-9b05747d1cdc),segment_id=68668596-980c-4e03-962b-9b05747d1cdc)] {{(pid=103147) get_binding_level_objs /opt/stack/neutron/neutron/plugins/ml2/db.py:74}}
Mar 11 18:02:49.814026 dv-cinder-833443-1-smb neutron-server[103145]: DEBUG neutron.wsgi [-] (103145) accepted ('10.222.0.18', 35146) {{(pid=103145) server /usr/local/lib/python3.8/dist-packages/eventlet/wsgi.py:1004}}
Mar 11 18:02:49.828720 dv-cinder-833443-1-smb neutron-server[103145]: DEBUG neutron.api.v2.base [None req-5fdcfc84-875d-4030-ac61-e0ff2e2ee48e tempest-AttachVolumeShelveTestJSON-1708222795 tempest-AttachVolumeShelveTestJSON-1708222795-project] Request body: {'security_group': {'name': 'tempest-securitygroup--33120284', 'description': 'tempest-description--2142439570'}} {{(pid=103145) prepare_request_body /opt/stack/neutron/neutron/api/v2/base.py:729}}
Mar 11 18:02:49.919655 dv-cinder-833443-1-smb neutron-server[103146]: DEBUG neutron.api.rpc.handlers.resources_rpc [None req-de759fce-1a10-409c-97f0-502593ece443 service neutron] Pushing event updated for resources: {'Port': ['ID=1153dc30-1a13-4062-81b1-8b6da881f397,revision_number=3']} {{(pid=103146) push /opt/stack/neutron/neutron/api/rpc/handlers/resources_rpc.py:237}}
Mar 11 18:02:49.958577 dv-cinder-833443-1-smb neutron-server[103146]: DEBUG neutron.pecan_wsgi.hooks.policy_enforcement [req-c3ecea3d-aaf3-475f-923d-1815f84b07c4 req-0fbb6dbe-42ff-4a1e-91b5-5b5c348d3d0d service neutron] Attributes excluded by policy engine: ['standard_attr_id'] {{(pid=103146) _exclude_attributes_by_policy /opt/stack/neutron/neutron/pecan_wsgi/hooks/policy_enforcement.py:255}}
Mar 11 18:02:49.959187 dv-cinder-833443-1-smb neutron-server[103147]: DEBUG neutron.api.rpc.handlers.resources_rpc [None req-9416e3e3-875a-4403-98fb-4baffa4739f5 None None] Pushing event updated for resources: {'Port': ['ID=5ad0cd77-a1cc-4344-bdbe-940437d556a3,revision_number=4']} {{(pid=103147) push /opt/stack/neutron/neutron/api/rpc/handlers/resources_rpc.py:237}}
Mar 11 18:02:49.969605 dv-cinder-833443-1-smb neutron-server[103146]: INFO neutron.wsgi [req-c3ecea3d-aaf3-475f-923d-1815f84b07c4 req-0fbb6dbe-42ff-4a1e-91b5-5b5c348d3d0d service neutron] 10.222.0.45 "GET /v2.0/ports?tenant_id=64aa7134b7bb4b64a8f1ddd1cb23af47&device_id=e16bbef3-f394-4f8b-b808-4c018cbe0e61 HTTP/1.1" status: 200 len: 1128 time: 0.2618959
Mar 11 18:02:49.982798 dv-cinder-833443-1-smb neutron-server[103147]: DEBUG neutron_lib.callbacks.manager [None req-4ecf0207-6324-49b2-a4bf-28c07125a411 None None] Publish callbacks ['neutron.plugins.ml2.plugin.SecurityGroupServerNotifierRpcMixin._notify_sg_on_port_change-1045190', 'neutron.plugins.ml2.ovo_rpc._ObjectChangeHandler.handle_event-138233', 'neutron.api.rpc.agentnotifiers.dhcp_rpc_agent_api.DhcpAgentNotifyAPI._native_event_send_dhcp_notification-4177028', 'neutron.db.l3_db.L3RpcNotifierMixin._notify_gateway_port_ip_changed-8779414561383', 'neutron.db.l3_dvrscheduler_db._notify_l3_agent_port_update-8779414059888', 'neutron.db.l3_hascheduler_db._notify_l3_agent_ha_port_update-8779414059906'] for port (52b8db89-9df3-4f79-961e-faa4808188b8), after_update {{(pid=103147) _notify_loop /usr/local/lib/python3.8/dist-packages/neutron_lib/callbacks/manager.py:176}}
Mar 11 18:02:50.119147 dv-cinder-833443-1-smb neutron-server[103147]: DEBUG neutron.db.l3_dvrscheduler_db [None req-f25e78b6-c9f5-434b-a000-94bcc91b8758 None None] Routers {'b40087a2-7eb1-42ac-ab5c-387872ca03ca'} bound to L3 agent in host dv-cinder-833443-1-smb {{(pid=103147) _get_router_ids_for_agent /opt/stack/neutron/neutron/db/l3_dvrscheduler_db.py:421}}
Mar 11 18:02:50.126425 dv-cinder-833443-1-smb neutron-server[103147]: DEBUG neutron.db.l3_hamode_db [None req-f25e78b6-c9f5-434b-a000-94bcc91b8758 None None] neutron.services.l3_router.l3_router_plugin.L3RouterPlugin method get_ha_sync_data_for_host called with arguments (, 'dv-cinder-833443-1-smb', Agent(admin_state_up=True,agent_type='L3 agent',availability_zone='nova',binary='neutron-l3-agent',configurations={"agent_mode": "legacy", "ex_gw_ports": 1, "extensions": [], "floating_ips": 0, "handle_internal_only_routers": true, "interface_driver": "openvswitch", "interfaces": 1, "log_agent_heartbeats": false, "routers": 1},created_at=2022-03-11T17:54:03Z,description=,heartbeat_timestamp=2022-03-11T18:02:33Z,host='dv-cinder-833443-1-smb',id=f0967b34-c8d8-4665-93ef-86ba4199cb3e,load=0,resource_versions=,resources_synced=,started_at=2022-03-11T17:54:03Z,topic='l3_agent')) {'router_ids': ['b40087a2-7eb1-42ac-ab5c-387872ca03ca'], 'active': True} {{(pid=103147) wrapper /usr/local/lib/python3.8/dist-packages/oslo_log/helpers.py:65}}
Mar 11 18:02:50.197197 dv-cinder-833443-1-smb neutron-server[103145]: DEBUG neutron_lib.callbacks.manager [None req-244dac61-b5ae-4486-adfd-e3a419bbba1c tempest-AttachVolumeTestJSON-603247457 tempest-AttachVolumeTestJSON-603247457-project] Publish callbacks [] for security_group (069fa152-8a78-4341-af33-1bdd7fa13714), precommit_create {{(pid=103145) _notify_loop /usr/local/lib/python3.8/dist-packages/neutron_lib/callbacks/manager.py:176}}
Mar 11 18:02:50.216452 dv-cinder-833443-1-smb neutron-server[103146]: INFO neutron.wsgi [req-c3ecea3d-aaf3-475f-923d-1815f84b07c4 req-6cf5f892-d1c4-4f97-bb40-3e464d32ef18 service neutron] 10.222.0.45 "GET /v2.0/floatingips?fixed_ip_address=172.20.0.13&port_id=1153dc30-1a13-4062-81b1-8b6da881f397 HTTP/1.1" status: 200 len: 217 time: 0.2297373
Mar 11 18:02:50.281737 dv-cinder-833443-1-smb neutron-server[103145]: DEBUG neutron_lib.callbacks.manager [None req-e0fdda76-94ac-40ca-983e-9ff34b69d200 admin admin] Publish callbacks [] for security_group (None), before_create {{(pid=103145) _notify_loop /usr/local/lib/python3.8/dist-packages/neutron_lib/callbacks/manager.py:176}}
Mar 11 18:02:50.292073 dv-cinder-833443-1-smb neutron-server[103148]: DEBUG neutron.db.l3_hamode_db [None req-849610fb-6362-4cd3-9bd4-9706b7be76c9 None None] neutron.services.l3_router.l3_router_plugin.L3RouterPlugin method _process_sync_ha_data called with arguments (, [{'id': '0d998a36-27de-4173-97ee-a3499296e5a8', 'name': 'tempest-AttachVolumeShelveTestJSON-954322459-router', 'tenant_id': 'e8f610de951c4746bef2e8da449493d8', 'admin_state_up': True, 'status': 'ACTIVE', 'external_gateway_info': {'network_id': '0d17165a-254a-4f5a-be68-3fdca3b7be73', 'external_fixed_ips': [{'subnet_id': '6f51618e-3259-439d-8bbf-be9d60b08f18', 'ip_address': '172.28.0.169'}], 'enable_snat': True}, 'gw_port_id': 'b0b7d639-867b-49cb-ab4e-234d3677a91e', 'description': '', 'availability_zones': ['nova'], 'distributed': False, 'ha': False, 'ha_vr_id': 0, 'availability_zone_hints': [], 'routes': [], 'flavor_id': None, 'tags': [], 'created_at': '2022-03-11T18:02:32Z', 'updated_at': '2022-03-11T18:02:42Z', 'revision_number': 4, 'project_id': 'e8f610de951c4746bef2e8da449493d8', 'gw_port': {'id': 'b0b7d639-867b-49cb-ab4e-234d3677a91e', 'name': '', 'network_id': '0d17165a-254a-4f5a-be68-3fdca3b7be73', 'tenant_id': '', 'mac_address': 'fa:16:3e:cb:20:9d', 'admin_state_up': True, 'status': 'ACTIVE', 'device_id': '0d998a36-27de-4173-97ee-a3499296e5a8', 'device_owner': 'network:router_gateway', 'standard_attr_id': 56, 'fixed_ips': [{'subnet_id': '6f51618e-3259-439d-8bbf-be9d60b08f18', 'ip_address': '172.28.0.169', 'prefixlen': 24}], 'allowed_address_pairs': [], 'extra_dhcp_opts': [], 'security_groups': [], 'description': '', 'binding:vnic_type': 'normal', 'binding:profile': {}, 'binding:host_id': 'dv-cinder-833443-1-smb', 'binding:vif_type': 'ovs', 'binding:vif_details': {'connectivity': 'l2', 'port_filter': True, 'ovs_hybrid_plug': False, 'datapath_type': 'system', 'bridge_name': 'br-int', 'bound_drivers': {'0': 'openvswitch'}}, 'port_security_enabled': False, 'tags': [], 'created_at': '2022-03-11T18:02:33Z', 'updated_at': '2022-03-11T18:02:42Z', 'revision_number': 4, 'project_id': '', 'subnets': [{'id': '6f51618e-3259-439d-8bbf-be9d60b08f18', 'cidr': '172.28.0.0/24', 'gateway_ip': '172.28.0.1', 'dns_nameservers': [], 'ipv6_ra_mode': None, 'subnetpool_id': None}], 'extra_subnets': [], 'address_scopes': {4: None, 6: None}, 'mtu': 1500}, 'enable_snat': True, 'gw_port_host': 'dv-cinder-833443-1-smb', '_interfaces': [{'id': '52b8db89-9df3-4f79-961e-faa4808188b8', 'name': '', 'network_id': 'be3600b2-e04f-4774-b624-f5a807379e87', 'tenant_id': 'e8f610de951c4746bef2e8da449493d8', 'mac_address': 'fa:16:3e:41:76:7c', 'admin_state_up': True, 'status': 'DOWN', 'device_id': '0d998a36-27de-4173-97ee-a3499296e5a8', 'device_owner': 'network:router_interface', 'standard_attr_id': 71, 'fixed_ips': [{'subnet_id': 'b85e2102-5e4c-4009-8e6a-a2fd238bee13', 'ip_address': '172.20.0.1', 'prefixlen': 28}], 'allowed_address_pairs': [], 'extra_dhcp_opts': [], 'security_groups': [], 'description': '', 'binding:vnic_type': 'normal', 'binding:profile': {}, 'binding:host_id': 'dv-cinder-833443-1-smb', 'binding:vif_type': 'ovs', 'binding:vif_details': {'connectivity': 'l2', 'port_filter': True, 'ovs_hybrid_plug': False, 'datapath_type': 'system', 'bridge_name': 'br-int', 'bound_drivers': {'0': 'openvswitch'}}, 'port_security_enabled': False, 'tags': [], 'created_at': '2022-03-11T18:02:39Z', 'updated_at': '2022-03-11T18:02:48Z', 'revision_number': 4, 'project_id': 'e8f610de951c4746bef2e8da449493d8', 'subnets': [{'id': 'b85e2102-5e4c-4009-8e6a-a2fd238bee13', 'cidr': '172.20.0.0/28', 'gateway_ip': '172.20.0.1', 'dns_nameservers': [], 'ipv6_ra_mode': None, 'subnetpool_id': None}], 'extra_subnets': [], 'address_scopes': {4: None, 6: None}, 'mtu': 1500}]}], 'dv-cinder-833443-1-smb', False) {} {{(pid=103148) wrapper /usr/local/lib/python3.8/dist-packages/oslo_log/helpers.py:65}}
Mar 11 18:02:50.375364 dv-cinder-833443-1-smb neutron-server[103146]: DEBUG neutron.wsgi [-] (103146) accepted ('10.222.0.18', 35162) {{(pid=103146) server /usr/local/lib/python3.8/dist-packages/eventlet/wsgi.py:1004}}
Mar 11 18:02:50.414162 dv-cinder-833443-1-smb neutron-server[103147]: DEBUG neutron.api.rpc.handlers.resources_rpc [None req-4ecf0207-6324-49b2-a4bf-28c07125a411 None None] Pushing event updated for resources: {'Port': ['ID=52b8db89-9df3-4f79-961e-faa4808188b8,revision_number=5']} {{(pid=103147) push /opt/stack/neutron/neutron/api/rpc/handlers/resources_rpc.py:237}}
Mar 11 18:02:50.429094 dv-cinder-833443-1-smb neutron-server[103146]: DEBUG neutron.pecan_wsgi.hooks.policy_enforcement [req-c3ecea3d-aaf3-475f-923d-1815f84b07c4 req-2891acf2-6cee-4a45-94b0-fe77554c2ccb service neutron] Attributes excluded by policy engine: ['standard_attr_id', 'shared'] {{(pid=103146) _exclude_attributes_by_policy /opt/stack/neutron/neutron/pecan_wsgi/hooks/policy_enforcement.py:255}}
Mar 11 18:02:50.430890 dv-cinder-833443-1-smb neutron-server[103146]: INFO neutron.wsgi [req-c3ecea3d-aaf3-475f-923d-1815f84b07c4 req-2891acf2-6cee-4a45-94b0-fe77554c2ccb service neutron] 10.222.0.45 "GET /v2.0/subnets?id=5411b73c-c762-452c-86ce-2b23c6053b28 HTTP/1.1" status: 200 len: 851 time: 0.2061949
Mar 11 18:02:50.443611 dv-cinder-833443-1-smb neutron-server[103148]: DEBUG neutron.api.rpc.handlers.l3_rpc [None req-849610fb-6362-4cd3-9bd4-9706b7be76c9 None None] The sync data for ids ['0d998a36-27de-4173-97ee-a3499296e5a8'] in dv-cinder-833443-1-smb is: [{'id': '0d998a36-27de-4173-97ee-a3499296e5a8', 'name': 'tempest-AttachVolumeShelveTestJSON-954322459-router', 'tenant_id': 'e8f610de951c4746bef2e8da449493d8', 'admin_state_up': True, 'status': 'ACTIVE', 'external_gateway_info': {'network_id': '0d17165a-254a-4f5a-be68-3fdca3b7be73', 'external_fixed_ips': [{'subnet_id': '6f51618e-3259-439d-8bbf-be9d60b08f18', 'ip_address': '172.28.0.169'}], 'enable_snat': True}, 'gw_port_id': 'b0b7d639-867b-49cb-ab4e-234d3677a91e', 'description': '', 'availability_zones': ['nova'], 'distributed': False, 'ha': False, 'ha_vr_id': 0, 'availability_zone_hints': [], 'routes': [], 'flavor_id': None, 'tags': [], 'created_at': '2022-03-11T18:02:32Z', 'updated_at': '2022-03-11T18:02:42Z', 'revision_number': 4, 'project_id': 'e8f610de951c4746bef2e8da449493d8', 'gw_port': {'id': 'b0b7d639-867b-49cb-ab4e-234d3677a91e', 'name': '', 'network_id': '0d17165a-254a-4f5a-be68-3fdca3b7be73', 'tenant_id': '', 'mac_address': 'fa:16:3e:cb:20:9d', 'admin_state_up': True, 'status': 'ACTIVE', 'device_id': '0d998a36-27de-4173-97ee-a3499296e5a8', 'device_owner': 'network:router_gateway', 'standard_attr_id': 56, 'fixed_ips': [{'subnet_id': '6f51618e-3259-439d-8bbf-be9d60b08f18', 'ip_address': '172.28.0.169', 'prefixlen': 24}], 'allowed_address_pairs': [], 'extra_dhcp_opts': [], 'security_groups': [], 'description': '', 'binding:vnic_type': 'normal', 'binding:profile': {}, 'binding:host_id': 'dv-cinder-833443-1-smb', 'binding:vif_type': 'ovs', 'binding:vif_details': {'connectivity': 'l2', 'port_filter': True, 'ovs_hybrid_plug': False, 'datapath_type': 'system', 'bridge_name': 'br-int', 'bound_drivers': {'0': 'openvswitch'}}, 'port_security_enabled': False, 'tags': [], 'created_at': '2022-03-11T18:02:33Z', 'updated_at': '2022-03-11T18:02:42Z', 'revision_number': 4, 'project_id': '', 'subnets': [{'id': '6f51618e-3259-439d-8bbf-be9d60b08f18', 'cidr': '172.28.0.0/24', 'gateway_ip': '172.28.0.1', 'dns_nameservers': [], 'ipv6_ra_mode': None, 'subnetpool_id': None}], 'extra_subnets': [], 'address_scopes': {4: None, 6: None}, 'mtu': 1500}, 'enable_snat': True, 'gw_port_host': 'dv-cinder-833443-1-smb', '_interfaces': [{'id': '52b8db89-9df3-4f79-961e-faa4808188b8', 'name': '', 'network_id': 'be3600b2-e04f-4774-b624-f5a807379e87', 'tenant_id': 'e8f610de951c4746bef2e8da449493d8', 'mac_address': 'fa:16:3e:41:76:7c', 'admin_state_up': True, 'status': 'DOWN', 'device_id': '0d998a36-27de-4173-97ee-a3499296e5a8', 'device_owner': 'network:router_interface', 'standard_attr_id': 71, 'fixed_ips': [{'subnet_id': 'b85e2102-5e4c-4009-8e6a-a2fd238bee13', 'ip_address': '172.20.0.1', 'prefixlen': 28}], 'allowed_address_pairs': [], 'extra_dhcp_opts': [], 'security_groups': [], 'description': '', 'binding:vnic_type': 'normal', 'binding:profile': {}, 'binding:host_id': 'dv-cinder-833443-1-smb', 'binding:vif_type': 'ovs', 'binding:vif_details': {'connectivity': 'l2', 'port_filter': True, 'ovs_hybrid_plug': False, 'datapath_type': 'system', 'bridge_name': 'br-int', 'bound_drivers': {'0': 'openvswitch'}}, 'port_security_enabled': False, 'tags': [], 'created_at': '2022-03-11T18:02:39Z', 'updated_at': '2022-03-11T18:02:48Z', 'revision_number': 4, 'project_id': 'e8f610de951c4746bef2e8da449493d8', 'subnets': [{'id': 'b85e2102-5e4c-4009-8e6a-a2fd238bee13', 'cidr': '172.20.0.0/28', 'gateway_ip': '172.20.0.1', 'dns_nameservers': [], 'ipv6_ra_mode': None, 'subnetpool_id': None}], 'extra_subnets': [], 'address_scopes': {4: None, 6: None}, 'mtu': 1500}]}] {{(pid=103148) sync_routers /opt/stack/neutron/neutron/api/rpc/handlers/l3_rpc.py:137}}
Mar 11 18:02:50.446546 dv-cinder-833443-1-smb neutron-server[103147]: DEBUG neutron.db.provisioning_blocks [None req-cd805ed7-b48f-4238-8801-4eb722eafc98 None None] Provisioning complete for port 52b8db89-9df3-4f79-961e-faa4808188b8 triggered by entity DHCP. {{(pid=103147) provisioning_complete /opt/stack/neutron/neutron/db/provisioning_blocks.py:140}}
Mar 11 18:02:50.459130 dv-cinder-833443-1-smb neutron-server[103147]: DEBUG neutron_lib.callbacks.manager [None req-cd805ed7-b48f-4238-8801-4eb722eafc98 None None] Publish callbacks ['neutron.plugins.ml2.plugin.Ml2Plugin._port_provisioned-907556'] for port (52b8db89-9df3-4f79-961e-faa4808188b8), provisioning_complete {{(pid=103147) _notify_loop /usr/local/lib/python3.8/dist-packages/neutron_lib/callbacks/manager.py:176}}
Mar 11 18:02:50.515763 dv-cinder-833443-1-smb neutron-server[103145]: DEBUG neutron_lib.callbacks.manager [None req-e0fdda76-94ac-40ca-983e-9ff34b69d200 admin admin] Publish callbacks [] for security_group (d5d801f3-0a97-491d-b2e9-a0a5313e4e87), precommit_create {{(pid=103145) _notify_loop /usr/local/lib/python3.8/dist-packages/neutron_lib/callbacks/manager.py:176}}
Mar 11 18:02:50.522907 dv-cinder-833443-1-smb neutron-server[103145]: DEBUG neutron_lib.callbacks.manager [None req-5fdcfc84-875d-4030-ac61-e0ff2e2ee48e tempest-AttachVolumeShelveTestJSON-1708222795 tempest-AttachVolumeShelveTestJSON-1708222795-project] Publish callbacks [] for security_group (None), before_create {{(pid=103145) _notify_loop /usr/local/lib/python3.8/dist-packages/neutron_lib/callbacks/manager.py:176}}
Mar 11 18:02:50.541957 dv-cinder-833443-1-smb neutron-server[103146]: INFO neutron.wsgi [req-c3ecea3d-aaf3-475f-923d-1815f84b07c4 req-70142ba2-4283-4e2c-b6a2-d8e224f29190 service neutron] 10.222.0.45 "GET /v2.0/ports?network_id=c7ae02d4-00e8-4bb5-947b-4961d89ae0e0&device_owner=network%3Adhcp HTTP/1.1" status: 200 len: 210 time: 0.0937045
Mar 11 18:02:50.643912 dv-cinder-833443-1-smb neutron-server[103145]: DEBUG neutron_lib.callbacks.manager [None req-5fdcfc84-875d-4030-ac61-e0ff2e2ee48e tempest-AttachVolumeShelveTestJSON-1708222795 tempest-AttachVolumeShelveTestJSON-1708222795-project] Publish callbacks [] for security_group (aa5d7cb7-e1a1-4f15-8777-728033c060d5), precommit_create {{(pid=103145) _notify_loop /usr/local/lib/python3.8/dist-packages/neutron_lib/callbacks/manager.py:176}}
Mar 11 18:02:50.645368 dv-cinder-833443-1-smb neutron-server[103145]: DEBUG neutron_lib.callbacks.manager [None req-e0fdda76-94ac-40ca-983e-9ff34b69d200 admin admin] Publish callbacks ['neutron.plugins.ml2.ovo_rpc._ObjectChangeHandler.handle_event-3703903'] for security_group (d5d801f3-0a97-491d-b2e9-a0a5313e4e87), after_create {{(pid=103145) _notify_loop /usr/local/lib/python3.8/dist-packages/neutron_lib/callbacks/manager.py:176}}
Mar 11 18:02:50.675370 dv-cinder-833443-1-smb neutron-server[103145]: DEBUG neutron_lib.callbacks.manager [None req-244dac61-b5ae-4486-adfd-e3a419bbba1c tempest-AttachVolumeTestJSON-603247457 tempest-AttachVolumeTestJSON-603247457-project] Publish callbacks ['neutron.plugins.ml2.ovo_rpc._ObjectChangeHandler.handle_event-3703903'] for security_group (069fa152-8a78-4341-af33-1bdd7fa13714), after_create {{(pid=103145) _notify_loop /usr/local/lib/python3.8/dist-packages/neutron_lib/callbacks/manager.py:176}}
Mar 11 18:02:50.702741 dv-cinder-833443-1-smb neutron-server[103145]: INFO neutron.wsgi [None req-e0fdda76-94ac-40ca-983e-9ff34b69d200 admin admin] 10.222.0.18 "GET /v2.0/security-groups?tenant_id=af0beb8f21124e6bac528a2ee70aecd0&name=default HTTP/1.1" status: 200 len: 2992 time: 2.5715849
Mar 11 18:02:50.703919 dv-cinder-833443-1-smb neutron-server[103145]: DEBUG neutron_lib.callbacks.manager [None req-98082c92-502d-4fab-8e03-a834ee095928 admin admin] Publish callbacks [] for security_group (None), before_create {{(pid=103145) _notify_loop /usr/local/lib/python3.8/dist-packages/neutron_lib/callbacks/manager.py:176}}
Mar 11 18:02:50.729539 dv-cinder-833443-1-smb neutron-server[103146]: DEBUG neutron.wsgi [-] (103146) accepted ('10.222.0.18', 35172) {{(pid=103146) server /usr/local/lib/python3.8/dist-packages/eventlet/wsgi.py:1004}}
Mar 11 18:02:50.882916 dv-cinder-833443-1-smb neutron-server[103147]: DEBUG neutron.db.l3_dvr_db [None req-f25e78b6-c9f5-434b-a000-94bcc91b8758 None None] Set router b40087a2-7eb1-42ac-ab5c-387872ca03ca gateway port host: dv-cinder-833443-1-smb {{(pid=103147) _build_routers_list /opt/stack/neutron/neutron/db/l3_dvr_db.py:906}}
Mar 11 18:02:50.886634 dv-cinder-833443-1-smb neutron-server[103145]: DEBUG neutron_lib.callbacks.manager [None req-98082c92-502d-4fab-8e03-a834ee095928 admin admin] Publish callbacks [] for security_group (5569c374-3645-44f2-bc4d-33c1bca6796c), precommit_create {{(pid=103145) _notify_loop /usr/local/lib/python3.8/dist-packages/neutron_lib/callbacks/manager.py:176}}
Mar 11 18:02:50.891710 dv-cinder-833443-1-smb neutron-server[103145]: DEBUG neutron.api.rpc.handlers.resources_rpc [None req-e0fdda76-94ac-40ca-983e-9ff34b69d200 admin admin] Pushing event updated for resources: {'SecurityGroup': ['ID=d5d801f3-0a97-491d-b2e9-a0a5313e4e87,revision_number=1']} {{(pid=103145) push /opt/stack/neutron/neutron/api/rpc/handlers/resources_rpc.py:237}}
Mar 11 18:02:50.899654 dv-cinder-833443-1-smb neutron-server[103145]: DEBUG neutron_lib.callbacks.manager [None req-5fdcfc84-875d-4030-ac61-e0ff2e2ee48e tempest-AttachVolumeShelveTestJSON-1708222795 tempest-AttachVolumeShelveTestJSON-1708222795-project] Publish callbacks ['neutron.plugins.ml2.ovo_rpc._ObjectChangeHandler.handle_event-3703903'] for security_group (aa5d7cb7-e1a1-4f15-8777-728033c060d5), after_create {{(pid=103145) _notify_loop /usr/local/lib/python3.8/dist-packages/neutron_lib/callbacks/manager.py:176}}
Mar 11 18:02:50.975028 dv-cinder-833443-1-smb neutron-server[103145]: DEBUG neutron.pecan_wsgi.hooks.policy_enforcement [req-dcde4031-c1dc-4ac9-bb6a-da1ee5d36cb6 req-4563fbcb-7bfa-4bd0-ba5a-e501d438ac88 tempest-DeleteServersTestJSON-222884808 tempest-DeleteServersTestJSON-222884808-project] Attributes excluded by policy engine: ['standard_attr_id', 'binding:profile', 'binding:host_id', 'binding:vif_type', 'binding:vif_details'] {{(pid=103145) _exclude_attributes_by_policy /opt/stack/neutron/neutron/pecan_wsgi/hooks/policy_enforcement.py:255}}
Mar 11 18:02:50.986400 dv-cinder-833443-1-smb neutron-server[103145]: INFO neutron.wsgi [req-dcde4031-c1dc-4ac9-bb6a-da1ee5d36cb6 req-4563fbcb-7bfa-4bd0-ba5a-e501d438ac88 tempest-DeleteServersTestJSON-222884808 tempest-DeleteServersTestJSON-222884808-project] 10.222.0.18 "GET /v2.0/ports?device_id=e16bbef3-f394-4f8b-b808-4c018cbe0e61 HTTP/1.1" status: 200 len: 944 time: 1.1235189
Mar 11 18:02:50.997848 dv-cinder-833443-1-smb neutron-server[103145]: DEBUG neutron_lib.callbacks.manager [None req-98082c92-502d-4fab-8e03-a834ee095928 admin admin] Publish callbacks ['neutron.plugins.ml2.ovo_rpc._ObjectChangeHandler.handle_event-3703903'] for security_group (5569c374-3645-44f2-bc4d-33c1bca6796c), after_create {{(pid=103145) _notify_loop /usr/local/lib/python3.8/dist-packages/neutron_lib/callbacks/manager.py:176}}
Mar 11 18:02:51.074729 dv-cinder-833443-1-smb neutron-server[103145]: INFO neutron.wsgi [None req-98082c92-502d-4fab-8e03-a834ee095928 admin admin] 10.222.0.18 "GET /v2.0/security-groups?tenant_id=a9eeb71ab0354eebb30cad1d1b25fa70&name=default HTTP/1.1" status: 200 len: 2992 time: 1.3831229
Mar 11 18:02:51.131582 dv-cinder-833443-1-smb neutron-server[103145]: DEBUG neutron_lib.callbacks.manager [None req-5fdcfc84-875d-4030-ac61-e0ff2e2ee48e tempest-AttachVolumeShelveTestJSON-1708222795 tempest-AttachVolumeShelveTestJSON-1708222795-project] Publish callbacks [] for security_group (None), before_response {{(pid=103145) _notify_loop /usr/local/lib/python3.8/dist-packages/neutron_lib/callbacks/manager.py:176}}
Mar 11 18:02:51.135396 dv-cinder-833443-1-smb neutron-server[103145]: INFO neutron.wsgi [None req-5fdcfc84-875d-4030-ac61-e0ff2e2ee48e tempest-AttachVolumeShelveTestJSON-1708222795 tempest-AttachVolumeShelveTestJSON-1708222795-project] 10.222.0.18 "POST /v2.0/security-groups HTTP/1.1" status: 201 len: 1793 time: 1.3202569
Mar 11 18:02:51.144035 dv-cinder-833443-1-smb neutron-server[103145]: DEBUG neutron.wsgi [-] (103145) accepted ('10.222.0.18', 35174) {{(pid=103145) server /usr/local/lib/python3.8/dist-packages/eventlet/wsgi.py:1004}}
Mar 11 18:02:51.144710 dv-cinder-833443-1-smb neutron-server[103145]: DEBUG neutron.wsgi [-] (103145) accepted ('10.222.0.18', 35176) {{(pid=103145) server /usr/local/lib/python3.8/dist-packages/eventlet/wsgi.py:1004}}
Mar 11 18:02:51.171529 dv-cinder-833443-1-smb neutron-server[103147]: DEBUG neutron.plugins.ml2.rpc [None req-ae46ce11-f6ed-42a9-a38f-775335b54191 None None] Device 52b8db89-9df3-4f79-961e-faa4808188b8 up at agent ovs-agent-dv-cinder-833443-1-smb {{(pid=103147) update_device_up /opt/stack/neutron/neutron/plugins/ml2/rpc.py:296}}
Mar 11 18:02:51.182283 dv-cinder-833443-1-smb neutron-server[103145]: DEBUG neutron.api.rpc.handlers.resources_rpc [None req-244dac61-b5ae-4486-adfd-e3a419bbba1c tempest-AttachVolumeTestJSON-603247457 tempest-AttachVolumeTestJSON-603247457-project] Pushing event updated for resources: {'SecurityGroup': ['ID=069fa152-8a78-4341-af33-1bdd7fa13714,revision_number=1']} {{(pid=103145) push /opt/stack/neutron/neutron/api/rpc/handlers/resources_rpc.py:237}}
Mar 11 18:02:51.228336 dv-cinder-833443-1-smb neutron-server[103145]: DEBUG neutron.api.v2.base [None req-1b3fad59-8827-4297-b1c7-e5c419ed569a tempest-AttachVolumeShelveTestJSON-1708222795 tempest-AttachVolumeShelveTestJSON-1708222795-project] Request body: {'security_group_rule': {'security_group_id': 'aa5d7cb7-e1a1-4f15-8777-728033c060d5', 'protocol': 'tcp', 'ethertype': 'IPv4', 'port_range_min': 22, 'port_range_max': 22, 'direction': 'ingress'}} {{(pid=103145) prepare_request_body /opt/stack/neutron/neutron/api/v2/base.py:729}}
Mar 11 18:02:51.279229 dv-cinder-833443-1-smb neutron-server[103145]: DEBUG neutron_lib.callbacks.manager [None req-244dac61-b5ae-4486-adfd-e3a419bbba1c tempest-AttachVolumeTestJSON-603247457 tempest-AttachVolumeTestJSON-603247457-project] Publish callbacks [] for security_group (None), before_response {{(pid=103145) _notify_loop /usr/local/lib/python3.8/dist-packages/neutron_lib/callbacks/manager.py:176}}
Mar 11 18:02:51.283779 dv-cinder-833443-1-smb neutron-server[103145]: INFO neutron.wsgi [None req-244dac61-b5ae-4486-adfd-e3a419bbba1c tempest-AttachVolumeTestJSON-603247457 tempest-AttachVolumeTestJSON-603247457-project] 10.222.0.18 "POST /v2.0/security-groups HTTP/1.1" status: 201 len: 1793 time: 1.6716328
Mar 11 18:02:51.356367 dv-cinder-833443-1-smb neutron-server[103145]: DEBUG neutron.wsgi [-] (103145) accepted ('10.222.0.18', 35180) {{(pid=103145) server /usr/local/lib/python3.8/dist-packages/eventlet/wsgi.py:1004}}
Mar 11 18:02:51.369306 dv-cinder-833443-1-smb neutron-server[103147]: DEBUG neutron.plugins.ml2.plugin [None req-cd805ed7-b48f-4238-8801-4eb722eafc98 None None] Current status of the port 52b8db89-9df3-4f79-961e-faa4808188b8 is: ACTIVE; New status is: ACTIVE {{(pid=103147) _update_individual_port_db_status /opt/stack/neutron/neutron/plugins/ml2/plugin.py:2232}}
Mar 11 18:02:51.395890 dv-cinder-833443-1-smb neutron-server[103145]: DEBUG neutron.api.v2.base [None req-48fd2f19-6343-4691-8344-5515395dda7d tempest-AttachVolumeTestJSON-603247457 tempest-AttachVolumeTestJSON-603247457-project] Request body: {'security_group_rule': {'security_group_id': '069fa152-8a78-4341-af33-1bdd7fa13714', 'protocol': 'tcp', 'ethertype': 'IPv4', 'port_range_min': 22, 'port_range_max': 22, 'direction': 'ingress'}} {{(pid=103145) prepare_request_body /opt/stack/neutron/neutron/api/v2/base.py:729}}
Mar 11 18:02:51.415937 dv-cinder-833443-1-smb neutron-server[103146]: INFO neutron.wsgi [req-c3ecea3d-aaf3-475f-923d-1815f84b07c4 req-c27525b3-6e9a-4baf-844b-0d862e23ddc5 service neutron] 10.222.0.45 "GET /v2.0/networks/c7ae02d4-00e8-4bb5-947b-4961d89ae0e0?fields=segments HTTP/1.1" status: 200 len: 212 time: 0.8378129
Mar 11 18:02:51.418665 dv-cinder-833443-1-smb neutron-server[103146]: DEBUG novaclient.v2.client [-] REQ: curl -g -i --cacert "/opt/stack/data/ca-bundle.pem" -X POST http://10.222.0.18/compute/v2.1/os-server-external-events -H "Accept: application/json" -H "Content-Type: application/json" -H "User-Agent: python-novaclient" -H "X-Auth-Token: {SHA256}5d1a8c0d47ca97680a86a66285a42b1980e5d261a21ac3e07f0d23efeb6709c1" -H "X-OpenStack-Nova-API-Version: 2.1" -H "X-OpenStack-Request-ID: req-62d4c8da-b904-400a-ac31-81c824e64afc" -d '{"events": [{"name": "network-changed", "server_uuid": "e16bbef3-f394-4f8b-b808-4c018cbe0e61", "tag": "1153dc30-1a13-4062-81b1-8b6da881f397"}]}' {{(pid=103146) _http_log_request /usr/local/lib/python3.8/dist-packages/keystoneauth1/session.py:519}}
Mar 11 18:02:51.492652 dv-cinder-833443-1-smb neutron-server[103145]: DEBUG neutron.api.rpc.handlers.resources_rpc [None req-5fdcfc84-875d-4030-ac61-e0ff2e2ee48e tempest-AttachVolumeShelveTestJSON-1708222795 tempest-AttachVolumeShelveTestJSON-1708222795-project] Pushing event updated for resources: {'SecurityGroup': ['ID=aa5d7cb7-e1a1-4f15-8777-728033c060d5,revision_number=1']} {{(pid=103145) push /opt/stack/neutron/neutron/api/rpc/handlers/resources_rpc.py:237}}
Mar 11 18:02:51.608668 dv-cinder-833443-1-smb neutron-server[103145]: DEBUG neutron.api.rpc.handlers.resources_rpc [None req-98082c92-502d-4fab-8e03-a834ee095928 admin admin] Pushing event updated for resources: {'SecurityGroup': ['ID=5569c374-3645-44f2-bc4d-33c1bca6796c,revision_number=1']} {{(pid=103145) push /opt/stack/neutron/neutron/api/rpc/handlers/resources_rpc.py:237}}
Mar 11 18:02:51.609852 dv-cinder-833443-1-smb neutron-server[103147]: DEBUG neutron.db.provisioning_blocks [None req-cd805ed7-b48f-4238-8801-4eb722eafc98 None None] Provisioning complete for port 5ad0cd77-a1cc-4344-bdbe-940437d556a3 triggered by entity DHCP. {{(pid=103147) provisioning_complete /opt/stack/neutron/neutron/db/provisioning_blocks.py:140}}
Mar 11 18:02:51.613769 dv-cinder-833443-1-smb neutron-server[103147]: DEBUG neutron_lib.callbacks.manager [None req-cd805ed7-b48f-4238-8801-4eb722eafc98 None None] Publish callbacks ['neutron.plugins.ml2.plugin.Ml2Plugin._port_provisioned-907556'] for port (5ad0cd77-a1cc-4344-bdbe-940437d556a3), provisioning_complete {{(pid=103147) _notify_loop /usr/local/lib/python3.8/dist-packages/neutron_lib/callbacks/manager.py:176}}
Mar 11 18:02:51.666634 dv-cinder-833443-1-smb neutron-server[103146]: INFO neutron.wsgi [req-c3ecea3d-aaf3-475f-923d-1815f84b07c4 req-e84c72ed-4a1e-45c9-8b11-f825234d9f44 service neutron] 10.222.0.45 "GET /v2.0/networks/c7ae02d4-00e8-4bb5-947b-4961d89ae0e0?fields=provider%3Aphysical_network&fields=provider%3Anetwork_type HTTP/1.1" status: 200 len: 281 time: 0.2357750
Mar 11 18:02:51.726292 dv-cinder-833443-1-smb neutron-server[103146]: DEBUG neutron_lib.callbacks.manager [None req-cb77cc61-60da-4c5e-b6b3-2a5474b4feab admin admin] Publish callbacks [] for security_group (None), before_create {{(pid=103146) _notify_loop /usr/local/lib/python3.8/dist-packages/neutron_lib/callbacks/manager.py:176}}
Mar 11 18:02:51.750153 dv-cinder-833443-1-smb neutron-server[103145]: INFO neutron.wsgi [req-dcde4031-c1dc-4ac9-bb6a-da1ee5d36cb6 req-5d4df1ae-fc30-422a-9b56-e05b28172430 tempest-DeleteServersTestJSON-222884808 tempest-DeleteServersTestJSON-222884808-project] 10.222.0.18 "GET /v2.0/security-groups?id=3f21482e-f14b-4899-b5e8-0443e2499359&fields=id&fields=name HTTP/1.1" status: 200 len: 286 time: 0.7628121
Mar 11 18:02:51.751340 dv-cinder-833443-1-smb neutron-server[103145]: DEBUG neutron_lib.callbacks.manager [None req-1b3fad59-8827-4297-b1c7-e5c419ed569a tempest-AttachVolumeShelveTestJSON-1708222795 tempest-AttachVolumeShelveTestJSON-1708222795-project] Publish callbacks [] for security_group_rule (3264224e-bb2b-4b90-8e78-0c46149e38da), before_create {{(pid=103145) _notify_loop /usr/local/lib/python3.8/dist-packages/neutron_lib/callbacks/manager.py:176}}
Mar 11 18:02:51.810349 dv-cinder-833443-1-smb neutron-server[103146]: DEBUG neutron_lib.callbacks.manager [None req-d4e95253-7edd-4dc1-9d79-224202275920 admin admin] Publish callbacks [] for security_group (d5d801f3-0a97-491d-b2e9-a0a5313e4e87), before_delete {{(pid=103146) _notify_loop /usr/local/lib/python3.8/dist-packages/neutron_lib/callbacks/manager.py:176}}
Mar 11 18:02:51.834458 dv-cinder-833443-1-smb neutron-server[103145]: DEBUG neutron_lib.callbacks.manager [None req-48fd2f19-6343-4691-8344-5515395dda7d tempest-AttachVolumeTestJSON-603247457 tempest-AttachVolumeTestJSON-603247457-project] Publish callbacks [] for security_group_rule (fa7e2114-35d8-4cdd-9ecb-f491ecf9aba3), before_create {{(pid=103145) _notify_loop /usr/local/lib/python3.8/dist-packages/neutron_lib/callbacks/manager.py:176}}
Mar 11 18:02:51.928275 dv-cinder-833443-1-smb neutron-server[103145]: DEBUG neutron_lib.callbacks.manager [None req-1b3fad59-8827-4297-b1c7-e5c419ed569a tempest-AttachVolumeShelveTestJSON-1708222795 tempest-AttachVolumeShelveTestJSON-1708222795-project] Publish callbacks [] for security_group_rule (3264224e-bb2b-4b90-8e78-0c46149e38da), precommit_create {{(pid=103145) _notify_loop /usr/local/lib/python3.8/dist-packages/neutron_lib/callbacks/manager.py:176}}
Mar 11 18:02:51.952520 dv-cinder-833443-1-smb neutron-server[103146]: DEBUG neutron_lib.callbacks.manager [None req-d4e95253-7edd-4dc1-9d79-224202275920 admin admin] Publish callbacks [] for security_group (d5d801f3-0a97-491d-b2e9-a0a5313e4e87), precommit_delete {{(pid=103146) _notify_loop /usr/local/lib/python3.8/dist-packages/neutron_lib/callbacks/manager.py:176}}
Mar 11 18:02:51.988457 dv-cinder-833443-1-smb neutron-server[103145]: DEBUG neutron_lib.callbacks.manager [None req-c8592b6b-a112-4319-b3a7-33226cd6975d admin admin] Publish callbacks [] for security_group (5569c374-3645-44f2-bc4d-33c1bca6796c), before_delete {{(pid=103145) _notify_loop /usr/local/lib/python3.8/dist-packages/neutron_lib/callbacks/manager.py:176}}
Mar 11 18:02:52.019976 dv-cinder-833443-1-smb neutron-server[103146]: DEBUG novaclient.v2.client [-] RESP: [200] Connection: close Content-Length: 179 Content-Type: application/json Date: Fri, 11 Mar 2022 18:02:51 GMT OpenStack-API-Version: compute 2.1 Server: Apache/2.4.41 (Ubuntu) Vary: OpenStack-API-Version,X-OpenStack-Nova-API-Version X-OpenStack-Nova-API-Version: 2.1 x-compute-request-id: req-81a0fee5-6b24-4dc4-a5eb-5d9351b572fb x-openstack-request-id: req-81a0fee5-6b24-4dc4-a5eb-5d9351b572fb {{(pid=103146) _http_log_response /usr/local/lib/python3.8/dist-packages/keystoneauth1/session.py:550}}
Mar 11 18:02:52.020332 dv-cinder-833443-1-smb neutron-server[103146]: DEBUG novaclient.v2.client [-] RESP BODY: {"events": [{"name": "network-changed", "server_uuid": "e16bbef3-f394-4f8b-b808-4c018cbe0e61", "tag": "1153dc30-1a13-4062-81b1-8b6da881f397", "status": "completed", "code": 200}]} {{(pid=103146) _http_log_response /usr/local/lib/python3.8/dist-packages/keystoneauth1/session.py:582}}
Mar 11 18:02:52.020659 dv-cinder-833443-1-smb neutron-server[103146]: DEBUG novaclient.v2.client [-] POST call to compute for http://10.222.0.18/compute/v2.1/os-server-external-events used request id req-81a0fee5-6b24-4dc4-a5eb-5d9351b572fb {{(pid=103146) request /usr/local/lib/python3.8/dist-packages/keystoneauth1/session.py:954}}
Mar 11 18:02:52.021132 dv-cinder-833443-1-smb neutron-server[103146]: INFO neutron.notifiers.nova [-] Nova event response: {'name': 'network-changed', 'server_uuid': 'e16bbef3-f394-4f8b-b808-4c018cbe0e61', 'tag': '1153dc30-1a13-4062-81b1-8b6da881f397', 'status': 'completed', 'code': 200}
Mar 11 18:02:52.050144 dv-cinder-833443-1-smb neutron-server[103145]: DEBUG neutron_lib.callbacks.manager [None req-c8592b6b-a112-4319-b3a7-33226cd6975d admin admin] Publish callbacks [] for security_group (5569c374-3645-44f2-bc4d-33c1bca6796c), precommit_delete {{(pid=103145) _notify_loop /usr/local/lib/python3.8/dist-packages/neutron_lib/callbacks/manager.py:176}}
Mar 11 18:02:52.089193 dv-cinder-833443-1-smb neutron-server[103145]: DEBUG neutron_lib.callbacks.manager [None req-1b3fad59-8827-4297-b1c7-e5c419ed569a tempest-AttachVolumeShelveTestJSON-1708222795 tempest-AttachVolumeShelveTestJSON-1708222795-project] Publish callbacks ['neutron.plugins.ml2.ovo_rpc._ObjectChangeHandler.handle_event-3703934'] for security_group_rule (3264224e-bb2b-4b90-8e78-0c46149e38da), after_create {{(pid=103145) _notify_loop /usr/local/lib/python3.8/dist-packages/neutron_lib/callbacks/manager.py:176}}
Mar 11 18:02:52.134797 dv-cinder-833443-1-smb neutron-server[103145]: DEBUG neutron_lib.callbacks.manager [None req-c8592b6b-a112-4319-b3a7-33226cd6975d admin admin] Publish callbacks ['neutron.plugins.ml2.ovo_rpc._ObjectChangeHandler.handle_event-3703903'] for security_group (5569c374-3645-44f2-bc4d-33c1bca6796c), after_delete {{(pid=103145) _notify_loop /usr/local/lib/python3.8/dist-packages/neutron_lib/callbacks/manager.py:176}}
Mar 11 18:02:52.135049 dv-cinder-833443-1-smb neutron-server[103147]: DEBUG neutron.db.provisioning_blocks [None req-ae46ce11-f6ed-42a9-a38f-775335b54191 None None] Provisioning complete for port 52b8db89-9df3-4f79-961e-faa4808188b8 triggered by entity L2. {{(pid=103147) provisioning_complete /opt/stack/neutron/neutron/db/provisioning_blocks.py:140}}
Mar 11 18:02:52.135477 dv-cinder-833443-1-smb neutron-server[103147]: DEBUG neutron_lib.callbacks.manager [None req-ae46ce11-f6ed-42a9-a38f-775335b54191 None None] Publish callbacks ['neutron.plugins.ml2.plugin.Ml2Plugin._port_provisioned-907556'] for port (52b8db89-9df3-4f79-961e-faa4808188b8), provisioning_complete {{(pid=103147) _notify_loop /usr/local/lib/python3.8/dist-packages/neutron_lib/callbacks/manager.py:176}}
Mar 11 18:02:52.137166 dv-cinder-833443-1-smb neutron-server[103145]: DEBUG neutron_lib.callbacks.manager [None req-c8592b6b-a112-4319-b3a7-33226cd6975d admin admin] Publish callbacks [] for security_group (None), before_response {{(pid=103145) _notify_loop /usr/local/lib/python3.8/dist-packages/neutron_lib/callbacks/manager.py:176}}
Mar 11 18:02:52.166288 dv-cinder-833443-1-smb neutron-server[103145]: INFO neutron.wsgi [None req-c8592b6b-a112-4319-b3a7-33226cd6975d admin admin] 10.222.0.18 "DELETE /v2.0/security-groups/5569c374-3645-44f2-bc4d-33c1bca6796c HTTP/1.1" status: 204 len: 168 time: 0.9943435
Mar 11 18:02:52.183493 dv-cinder-833443-1-smb neutron-server[103145]: DEBUG neutron.api.rpc.handlers.resources_rpc [None req-1b3fad59-8827-4297-b1c7-e5c419ed569a tempest-AttachVolumeShelveTestJSON-1708222795 tempest-AttachVolumeShelveTestJSON-1708222795-project] Pushing event updated for resources: {'SecurityGroupRule': ['ID=3264224e-bb2b-4b90-8e78-0c46149e38da,revision_number=0']} {{(pid=103145) push /opt/stack/neutron/neutron/api/rpc/handlers/resources_rpc.py:237}}
Mar 11 18:02:52.202305 dv-cinder-833443-1-smb neutron-server[103145]: DEBUG neutron_lib.callbacks.manager [None req-1b3fad59-8827-4297-b1c7-e5c419ed569a tempest-AttachVolumeShelveTestJSON-1708222795 tempest-AttachVolumeShelveTestJSON-1708222795-project] Publish callbacks [] for security_group_rule (None), before_response {{(pid=103145) _notify_loop /usr/local/lib/python3.8/dist-packages/neutron_lib/callbacks/manager.py:176}}
Mar 11 18:02:52.206903 dv-cinder-833443-1-smb neutron-server[103145]: INFO neutron.wsgi [None req-1b3fad59-8827-4297-b1c7-e5c419ed569a tempest-AttachVolumeShelveTestJSON-1708222795 tempest-AttachVolumeShelveTestJSON-1708222795-project] 10.222.0.18 "POST /v2.0/security-group-rules HTTP/1.1" status: 201 len: 764 time: 1.0240467
Mar 11 18:02:52.207842 dv-cinder-833443-1-smb neutron-server[103145]: DEBUG neutron.api.rpc.handlers.resources_rpc [None req-c8592b6b-a112-4319-b3a7-33226cd6975d admin admin] Pushing event deleted for resources: {'SecurityGroup': ['ID=5569c374-3645-44f2-bc4d-33c1bca6796c,revision_number=None']} {{(pid=103145) push /opt/stack/neutron/neutron/api/rpc/handlers/resources_rpc.py:237}}
Mar 11 18:02:52.209746 dv-cinder-833443-1-smb neutron-server[103145]: DEBUG neutron.wsgi [-] (103145) accepted ('10.222.0.18', 35208) {{(pid=103145) server /usr/local/lib/python3.8/dist-packages/eventlet/wsgi.py:1004}}
Mar 11 18:02:52.214441 dv-cinder-833443-1-smb neutron-server[103145]: DEBUG neutron.api.v2.base [None req-a769dde7-bb3a-4ced-8e8f-c2b6580a334a tempest-AttachVolumeShelveTestJSON-1708222795 tempest-AttachVolumeShelveTestJSON-1708222795-project] Request body: {'security_group_rule': {'security_group_id': 'aa5d7cb7-e1a1-4f15-8777-728033c060d5', 'protocol': 'icmp', 'ethertype': 'IPv4', 'direction': 'ingress'}} {{(pid=103145) prepare_request_body /opt/stack/neutron/neutron/api/v2/base.py:729}}
Mar 11 18:02:52.280752 dv-cinder-833443-1-smb neutron-server[103145]: DEBUG neutron_lib.callbacks.manager [None req-48fd2f19-6343-4691-8344-5515395dda7d tempest-AttachVolumeTestJSON-603247457 tempest-AttachVolumeTestJSON-603247457-project] Publish callbacks [] for security_group_rule (fa7e2114-35d8-4cdd-9ecb-f491ecf9aba3), precommit_create {{(pid=103145) _notify_loop /usr/local/lib/python3.8/dist-packages/neutron_lib/callbacks/manager.py:176}}
Mar 11 18:02:52.292980 dv-cinder-833443-1-smb neutron-server[103145]: DEBUG neutron_lib.callbacks.manager [None req-48fd2f19-6343-4691-8344-5515395dda7d tempest-AttachVolumeTestJSON-603247457 tempest-AttachVolumeTestJSON-603247457-project] Publish callbacks ['neutron.plugins.ml2.ovo_rpc._ObjectChangeHandler.handle_event-3703934'] for security_group_rule (fa7e2114-35d8-4cdd-9ecb-f491ecf9aba3), after_create {{(pid=103145) _notify_loop /usr/local/lib/python3.8/dist-packages/neutron_lib/callbacks/manager.py:176}}
Mar 11 18:02:52.311947 dv-cinder-833443-1-smb neutron-server[103145]: DEBUG neutron_lib.callbacks.manager [None req-a769dde7-bb3a-4ced-8e8f-c2b6580a334a tempest-AttachVolumeShelveTestJSON-1708222795 tempest-AttachVolumeShelveTestJSON-1708222795-project] Publish callbacks [] for security_group_rule (74c1879d-43c5-4d97-a3c0-f511dd2a2742), before_create {{(pid=103145) _notify_loop /usr/local/lib/python3.8/dist-packages/neutron_lib/callbacks/manager.py:176}}
Mar 11 18:02:52.371378 dv-cinder-833443-1-smb neutron-server[103146]: DEBUG neutron_lib.callbacks.manager [None req-d4e95253-7edd-4dc1-9d79-224202275920 admin admin] Publish callbacks ['neutron.plugins.ml2.ovo_rpc._ObjectChangeHandler.handle_event-3703903'] for security_group (d5d801f3-0a97-491d-b2e9-a0a5313e4e87), after_delete {{(pid=103146) _notify_loop /usr/local/lib/python3.8/dist-packages/neutron_lib/callbacks/manager.py:176}}
Mar 11 18:02:52.375515 dv-cinder-833443-1-smb neutron-server[103145]: DEBUG neutron.api.rpc.handlers.resources_rpc [None req-48fd2f19-6343-4691-8344-5515395dda7d tempest-AttachVolumeTestJSON-603247457 tempest-AttachVolumeTestJSON-603247457-project] Pushing event updated for resources: {'SecurityGroupRule': ['ID=fa7e2114-35d8-4cdd-9ecb-f491ecf9aba3,revision_number=0']} {{(pid=103145) push /opt/stack/neutron/neutron/api/rpc/handlers/resources_rpc.py:237}}
Mar 11 18:02:52.376637 dv-cinder-833443-1-smb neutron-server[103146]: DEBUG neutron_lib.callbacks.manager [None req-d4e95253-7edd-4dc1-9d79-224202275920 admin admin] Publish callbacks [] for security_group (None), before_response {{(pid=103146) _notify_loop /usr/local/lib/python3.8/dist-packages/neutron_lib/callbacks/manager.py:176}}
Mar 11 18:02:52.389678 dv-cinder-833443-1-smb neutron-server[103146]: INFO neutron.wsgi [None req-d4e95253-7edd-4dc1-9d79-224202275920 admin admin] 10.222.0.18 "DELETE /v2.0/security-groups/d5d801f3-0a97-491d-b2e9-a0a5313e4e87 HTTP/1.1" status: 204 len: 168 time: 1.6577239
Mar 11 18:02:52.393441 dv-cinder-833443-1-smb neutron-server[103146]: DEBUG neutron_lib.callbacks.manager [None req-cb77cc61-60da-4c5e-b6b3-2a5474b4feab admin admin] Publish callbacks [] for security_group (9cbd9d8b-7a9f-44b0-bd97-2b8b4fd9ec46), precommit_create {{(pid=103146) _notify_loop /usr/local/lib/python3.8/dist-packages/neutron_lib/callbacks/manager.py:176}}
Mar 11 18:02:52.416897 dv-cinder-833443-1-smb neutron-server[103146]: DEBUG neutron.api.rpc.handlers.resources_rpc [None req-d4e95253-7edd-4dc1-9d79-224202275920 admin admin] Pushing event deleted for resources: {'SecurityGroup': ['ID=d5d801f3-0a97-491d-b2e9-a0a5313e4e87,revision_number=None']} {{(pid=103146) push /opt/stack/neutron/neutron/api/rpc/handlers/resources_rpc.py:237}}
Mar 11 18:02:52.421001 dv-cinder-833443-1-smb neutron-server[103145]: DEBUG neutron_lib.callbacks.manager [None req-48fd2f19-6343-4691-8344-5515395dda7d tempest-AttachVolumeTestJSON-603247457 tempest-AttachVolumeTestJSON-603247457-project] Publish callbacks [] for security_group_rule (None), before_response {{(pid=103145) _notify_loop /usr/local/lib/python3.8/dist-packages/neutron_lib/callbacks/manager.py:176}}
Mar 11 18:02:52.422227 dv-cinder-833443-1-smb neutron-server[103145]: INFO neutron.wsgi [None req-48fd2f19-6343-4691-8344-5515395dda7d tempest-AttachVolumeTestJSON-603247457 tempest-AttachVolumeTestJSON-603247457-project] 10.222.0.18 "POST /v2.0/security-group-rules HTTP/1.1" status: 201 len: 764 time: 1.0625615
Mar 11 18:02:52.425413 dv-cinder-833443-1-smb neutron-server[103145]: DEBUG neutron.wsgi [-] (103145) accepted ('10.222.0.18', 35220) {{(pid=103145) server /usr/local/lib/python3.8/dist-packages/eventlet/wsgi.py:1004}}
Mar 11 18:02:52.449915 dv-cinder-833443-1-smb neutron-server[103145]: DEBUG neutron.api.v2.base [None req-ad7b98af-1889-48d6-8edb-4ac84ab74204 tempest-AttachVolumeTestJSON-603247457 tempest-AttachVolumeTestJSON-603247457-project] Request body: {'security_group_rule': {'security_group_id': '069fa152-8a78-4341-af33-1bdd7fa13714', 'protocol': 'icmp', 'ethertype': 'IPv4', 'direction': 'ingress'}} {{(pid=103145) prepare_request_body /opt/stack/neutron/neutron/api/v2/base.py:729}}
Mar 11 18:02:52.474005 dv-cinder-833443-1-smb neutron-server[103146]: DEBUG neutron.pecan_wsgi.hooks.policy_enforcement [req-62d4c8da-b904-400a-ac31-81c824e64afc req-2fa420b2-58ef-4f32-8255-867b89a4e2ee service neutron] Attributes excluded by policy engine: ['standard_attr_id'] {{(pid=103146) _exclude_attributes_by_policy /opt/stack/neutron/neutron/pecan_wsgi/hooks/policy_enforcement.py:255}}
Mar 11 18:02:52.481076 dv-cinder-833443-1-smb neutron-server[103146]: INFO neutron.wsgi [req-62d4c8da-b904-400a-ac31-81c824e64afc req-2fa420b2-58ef-4f32-8255-867b89a4e2ee service neutron] 10.222.0.45 "GET /v2.0/ports?tenant_id=64aa7134b7bb4b64a8f1ddd1cb23af47&device_id=e16bbef3-f394-4f8b-b808-4c018cbe0e61 HTTP/1.1" status: 200 len: 1128 time: 0.3962879
Mar 11 18:02:52.481770 dv-cinder-833443-1-smb neutron-server[103146]: DEBUG neutron_lib.callbacks.manager [None req-cb77cc61-60da-4c5e-b6b3-2a5474b4feab admin admin] Publish callbacks ['neutron.plugins.ml2.ovo_rpc._ObjectChangeHandler.handle_event-3703903'] for security_group (9cbd9d8b-7a9f-44b0-bd97-2b8b4fd9ec46), after_create {{(pid=103146) _notify_loop /usr/local/lib/python3.8/dist-packages/neutron_lib/callbacks/manager.py:176}}
Mar 11 18:02:52.520805 dv-cinder-833443-1-smb neutron-server[103145]: DEBUG neutron_lib.callbacks.manager [None req-ad7b98af-1889-48d6-8edb-4ac84ab74204 tempest-AttachVolumeTestJSON-603247457 tempest-AttachVolumeTestJSON-603247457-project] Publish callbacks [] for security_group_rule (e0e445dd-7fb5-48f2-8a03-b4bcbdddec4e), before_create {{(pid=103145) _notify_loop /usr/local/lib/python3.8/dist-packages/neutron_lib/callbacks/manager.py:176}}
Mar 11 18:02:52.582173 dv-cinder-833443-1-smb neutron-server[103146]: DEBUG neutron.api.rpc.handlers.resources_rpc [None req-cb77cc61-60da-4c5e-b6b3-2a5474b4feab admin admin] Pushing event updated for resources: {'SecurityGroup': ['ID=9cbd9d8b-7a9f-44b0-bd97-2b8b4fd9ec46,revision_number=1']} {{(pid=103146) push /opt/stack/neutron/neutron/api/rpc/handlers/resources_rpc.py:237}}
Mar 11 18:02:52.713942 dv-cinder-833443-1-smb neutron-server[103145]: DEBUG neutron_lib.callbacks.manager [None req-a769dde7-bb3a-4ced-8e8f-c2b6580a334a tempest-AttachVolumeShelveTestJSON-1708222795 tempest-AttachVolumeShelveTestJSON-1708222795-project] Publish callbacks [] for security_group_rule (74c1879d-43c5-4d97-a3c0-f511dd2a2742), precommit_create {{(pid=103145) _notify_loop /usr/local/lib/python3.8/dist-packages/neutron_lib/callbacks/manager.py:176}}
Mar 11 18:02:52.747374 dv-cinder-833443-1-smb neutron-server[103145]: DEBUG neutron_lib.callbacks.manager [None req-a769dde7-bb3a-4ced-8e8f-c2b6580a334a tempest-AttachVolumeShelveTestJSON-1708222795 tempest-AttachVolumeShelveTestJSON-1708222795-project] Publish callbacks ['neutron.plugins.ml2.ovo_rpc._ObjectChangeHandler.handle_event-3703934'] for security_group_rule (74c1879d-43c5-4d97-a3c0-f511dd2a2742), after_create {{(pid=103145) _notify_loop /usr/local/lib/python3.8/dist-packages/neutron_lib/callbacks/manager.py:176}}
Mar 11 18:02:52.783695 dv-cinder-833443-1-smb neutron-server[103147]: DEBUG neutron.plugins.ml2.plugin [None req-cd805ed7-b48f-4238-8801-4eb722eafc98 None None] Current status of the port 5ad0cd77-a1cc-4344-bdbe-940437d556a3 is: DOWN; New status is: ACTIVE {{(pid=103147) _update_individual_port_db_status /opt/stack/neutron/neutron/plugins/ml2/plugin.py:2232}}
Mar 11 18:02:52.785756 dv-cinder-833443-1-smb neutron-server[103147]: DEBUG neutron_lib.callbacks.manager [None req-cd805ed7-b48f-4238-8801-4eb722eafc98 None None] Publish callbacks ['neutron.plugins.ml2.plugin.SecurityGroupDbMixin._ensure_default_security_group_handler-1045098'] for port (5ad0cd77-a1cc-4344-bdbe-940437d556a3), before_update {{(pid=103147) _notify_loop /usr/local/lib/python3.8/dist-packages/neutron_lib/callbacks/manager.py:176}}
Mar 11 18:02:52.880875 dv-cinder-833443-1-smb neutron-server[103146]: INFO neutron.wsgi [None req-cb77cc61-60da-4c5e-b6b3-2a5474b4feab admin admin] 10.222.0.18 "GET /v2.0/security-groups?tenant_id=d3ca5392dad34f6c871b0b3f36fdec55&name=default HTTP/1.1" status: 200 len: 2996 time: 2.4993093
