Mar 11 18:08:55.491193 dv-cinder-833443-1-iscsi neutron-server[103444]: DEBUG neutron.api.v2.base [None req-08def04a-c1c3-495c-92c7-7a2c42f42780 admin admin] Request body: {'network': {'name': 'tempest-AttachVolumeNegativeTest-985973456-network', 'tenant_id': 'a2f99072a11d4441bf3166f891829fa1'}} {{(pid=103444) prepare_request_body /opt/stack/neutron/neutron/api/v2/base.py:729}}
Mar 11 18:08:55.537260 dv-cinder-833443-1-iscsi neutron-server[103444]: DEBUG neutron.pecan_wsgi.hooks.quota_enforcement [None req-08def04a-c1c3-495c-92c7-7a2c42f42780 admin admin] Made reservation on behalf of a2f99072a11d4441bf3166f891829fa1 for: {'network': 1} {{(pid=103444) before /opt/stack/neutron/neutron/pecan_wsgi/hooks/quota_enforcement.py:53}}
Mar 11 18:08:55.539628 dv-cinder-833443-1-iscsi neutron-server[103444]: DEBUG neutron_lib.callbacks.manager [None req-08def04a-c1c3-495c-92c7-7a2c42f42780 admin admin] Publish callbacks ['neutron.plugins.ml2.plugin.SecurityGroupDbMixin._ensure_default_security_group_handler-616639'] for network (None), before_create {{(pid=103444) _notify_loop /usr/local/lib/python3.8/dist-packages/neutron_lib/callbacks/manager.py:176}}
Mar 11 18:08:55.550135 dv-cinder-833443-1-iscsi neutron-server[103444]: DEBUG neutron_lib.callbacks.manager [None req-08def04a-c1c3-495c-92c7-7a2c42f42780 admin admin] Publish callbacks [] for security_group (None), before_create {{(pid=103444) _notify_loop /usr/local/lib/python3.8/dist-packages/neutron_lib/callbacks/manager.py:176}}
Mar 11 18:08:55.604984 dv-cinder-833443-1-iscsi neutron-server[103444]: DEBUG neutron_lib.callbacks.manager [None req-54293fe6-4146-4a98-a87f-0267c8f59d91 admin admin] Publish callbacks [] for security_group (52aa24c7-fa85-4a4f-a872-c0007479f12a), precommit_create {{(pid=103444) _notify_loop /usr/local/lib/python3.8/dist-packages/neutron_lib/callbacks/manager.py:176}}
Mar 11 18:08:55.617313 dv-cinder-833443-1-iscsi neutron-server[103444]: DEBUG neutron_lib.callbacks.manager [None req-54293fe6-4146-4a98-a87f-0267c8f59d91 admin admin] Publish callbacks ['neutron.plugins.ml2.ovo_rpc._ObjectChangeHandler.handle_event-375107'] for security_group (52aa24c7-fa85-4a4f-a872-c0007479f12a), after_create {{(pid=103444) _notify_loop /usr/local/lib/python3.8/dist-packages/neutron_lib/callbacks/manager.py:176}}
Mar 11 18:08:55.638763 dv-cinder-833443-1-iscsi neutron-server[103443]: DEBUG neutron_lib.callbacks.manager [None req-124cc49e-6cb9-4e8a-82b4-bf2f4eecf49b admin admin] Publish callbacks ['neutron.services.l3_router.l3_router_plugin.L3_HA_NAT_db_mixin._after_router_create-1609441', 'neutron.services.l3_router.l3_router_plugin.DVRResourceOperationHandler._create_snat_interfaces_after_change-1620323'] for router (9ca64d01-8b01-4234-8631-a23759467eec), after_create {{(pid=103443) _notify_loop /usr/local/lib/python3.8/dist-packages/neutron_lib/callbacks/manager.py:176}}
Mar 11 18:08:55.659072 dv-cinder-833443-1-iscsi neutron-server[103444]: DEBUG neutron.api.rpc.handlers.resources_rpc [None req-54293fe6-4146-4a98-a87f-0267c8f59d91 admin admin] Pushing event updated for resources: {'SecurityGroup': ['ID=52aa24c7-fa85-4a4f-a872-c0007479f12a,revision_number=1']} {{(pid=103444) push /opt/stack/neutron/neutron/api/rpc/handlers/resources_rpc.py:237}}
Mar 11 18:08:55.666253 dv-cinder-833443-1-iscsi neutron-server[103444]: DEBUG neutron.plugins.ml2.drivers.helpers [None req-54293fe6-4146-4a98-a87f-0267c8f59d91 admin admin] vlan segment allocate from pool success with {'physical_network': 'physnet1', 'vlan_id': 1264} {{(pid=103444) allocate_partially_specified_segment /opt/stack/neutron/neutron/plugins/ml2/drivers/helpers.py:153}}
Mar 11 18:08:55.685930 dv-cinder-833443-1-iscsi neutron-server[103444]: DEBUG neutron_lib.callbacks.manager [None req-54293fe6-4146-4a98-a87f-0267c8f59d91 admin admin] Publish callbacks ['neutron.plugins.ml2.plugin.Ml2Plugin._handle_segment_change-606076'] for segment (1a078f33-f52f-4b5d-a4e8-9f8d073db3cb), precommit_create {{(pid=103444) _notify_loop /usr/local/lib/python3.8/dist-packages/neutron_lib/callbacks/manager.py:176}}
Mar 11 18:08:55.686397 dv-cinder-833443-1-iscsi neutron-server[103444]: INFO neutron.db.segments_db [None req-54293fe6-4146-4a98-a87f-0267c8f59d91 admin admin] Added segment 1a078f33-f52f-4b5d-a4e8-9f8d073db3cb of type vlan for network 6e8f1f47-5317-4705-8f1b-f8a28063d58f
Mar 11 18:08:55.746907 dv-cinder-833443-1-iscsi neutron-server[103444]: DEBUG neutron_lib.callbacks.manager [None req-54293fe6-4146-4a98-a87f-0267c8f59d91 admin admin] Publish callbacks ['neutron.services.auto_allocate.db._ensure_external_network_default_value_callback-8782105688019'] for network (6e8f1f47-5317-4705-8f1b-f8a28063d58f), precommit_create {{(pid=103444) _notify_loop /usr/local/lib/python3.8/dist-packages/neutron_lib/callbacks/manager.py:176}}
Mar 11 18:08:55.755235 dv-cinder-833443-1-iscsi neutron-server[103444]: DEBUG neutron_lib.callbacks.manager [None req-08def04a-c1c3-495c-92c7-7a2c42f42780 admin admin] Publish callbacks [] for security_group (ca537a69-6f14-43a1-b88f-4fbfea274b2d), precommit_create {{(pid=103444) _notify_loop /usr/local/lib/python3.8/dist-packages/neutron_lib/callbacks/manager.py:176}}
Mar 11 18:08:55.765262 dv-cinder-833443-1-iscsi neutron-server[103444]: DEBUG neutron_lib.callbacks.manager [None req-08def04a-c1c3-495c-92c7-7a2c42f42780 admin admin] Publish callbacks ['neutron.plugins.ml2.ovo_rpc._ObjectChangeHandler.handle_event-375107'] for security_group (ca537a69-6f14-43a1-b88f-4fbfea274b2d), after_create {{(pid=103444) _notify_loop /usr/local/lib/python3.8/dist-packages/neutron_lib/callbacks/manager.py:176}}
Mar 11 18:08:55.777422 dv-cinder-833443-1-iscsi neutron-server[103444]: DEBUG neutron.plugins.ml2.drivers.helpers [None req-08def04a-c1c3-495c-92c7-7a2c42f42780 admin admin] vlan segment allocate from pool success with {'physical_network': 'physnet1', 'vlan_id': 1263} {{(pid=103444) allocate_partially_specified_segment /opt/stack/neutron/neutron/plugins/ml2/drivers/helpers.py:153}}
Mar 11 18:08:55.787466 dv-cinder-833443-1-iscsi neutron-server[103444]: DEBUG neutron_lib.callbacks.manager [None req-08def04a-c1c3-495c-92c7-7a2c42f42780 admin admin] Publish callbacks ['neutron.plugins.ml2.plugin.Ml2Plugin._handle_segment_change-606076'] for segment (eaf86837-3caf-4451-848c-c14015b527bc), precommit_create {{(pid=103444) _notify_loop /usr/local/lib/python3.8/dist-packages/neutron_lib/callbacks/manager.py:176}}
Mar 11 18:08:55.787909 dv-cinder-833443-1-iscsi neutron-server[103444]: INFO neutron.db.segments_db [None req-08def04a-c1c3-495c-92c7-7a2c42f42780 admin admin] Added segment eaf86837-3caf-4451-848c-c14015b527bc of type vlan for network bf26bd76-39a5-45e5-bfc5-5fcdc59b2837
Mar 11 18:08:55.840105 dv-cinder-833443-1-iscsi neutron-server[103443]: DEBUG neutron.scheduler.l3_agent_scheduler [None req-124cc49e-6cb9-4e8a-82b4-bf2f4eecf49b admin admin] Router 9ca64d01-8b01-4234-8631-a23759467eec is scheduled to L3 agent e951d530-b0f4-42b5-99d8-65f272a4e7ff with binding_index 1 {{(pid=103443) bind_router /opt/stack/neutron/neutron/scheduler/l3_agent_scheduler.py:209}}
Mar 11 18:08:55.846349 dv-cinder-833443-1-iscsi neutron-server[103444]: DEBUG neutron_lib.callbacks.manager [None req-54293fe6-4146-4a98-a87f-0267c8f59d91 admin admin] Publish callbacks ['neutron.plugins.ml2.ovo_rpc._ObjectChangeHandler.handle_event-371359', 'neutron.api.rpc.agentnotifiers.dhcp_rpc_agent_api.DhcpAgentNotifyAPI._native_event_send_dhcp_notification-1682568'] for network (6e8f1f47-5317-4705-8f1b-f8a28063d58f), after_create {{(pid=103444) _notify_loop /usr/local/lib/python3.8/dist-packages/neutron_lib/callbacks/manager.py:176}}
Mar 11 18:08:55.847656 dv-cinder-833443-1-iscsi neutron-server[103444]: DEBUG neutron.pecan_wsgi.hooks.policy_enforcement [None req-54293fe6-4146-4a98-a87f-0267c8f59d91 admin admin] Attributes excluded by policy engine: ['standard_attr_id', 'vlan_transparent'] {{(pid=103444) _exclude_attributes_by_policy /opt/stack/neutron/neutron/pecan_wsgi/hooks/policy_enforcement.py:255}}
Mar 11 18:08:55.848612 dv-cinder-833443-1-iscsi neutron-server[103444]: DEBUG neutron_lib.callbacks.manager [None req-54293fe6-4146-4a98-a87f-0267c8f59d91 admin admin] Publish callbacks ['neutron.api.rpc.agentnotifiers.dhcp_rpc_agent_api.DhcpAgentNotifyAPI._send_dhcp_notification-1682582'] for network (None), before_response {{(pid=103444) _notify_loop /usr/local/lib/python3.8/dist-packages/neutron_lib/callbacks/manager.py:176}}
Mar 11 18:08:55.873693 dv-cinder-833443-1-iscsi neutron-server[103444]: DEBUG neutron_lib.callbacks.manager [None req-08def04a-c1c3-495c-92c7-7a2c42f42780 admin admin] Publish callbacks ['neutron.services.auto_allocate.db._ensure_external_network_default_value_callback-8782105688019'] for network (bf26bd76-39a5-45e5-bfc5-5fcdc59b2837), precommit_create {{(pid=103444) _notify_loop /usr/local/lib/python3.8/dist-packages/neutron_lib/callbacks/manager.py:176}}
Mar 11 18:08:55.892397 dv-cinder-833443-1-iscsi neutron-server[103444]: DEBUG neutron.api.rpc.handlers.resources_rpc [None req-08def04a-c1c3-495c-92c7-7a2c42f42780 admin admin] Pushing event updated for resources: {'SecurityGroup': ['ID=ca537a69-6f14-43a1-b88f-4fbfea274b2d,revision_number=1']} {{(pid=103444) push /opt/stack/neutron/neutron/api/rpc/handlers/resources_rpc.py:237}}
Mar 11 18:08:55.945168 dv-cinder-833443-1-iscsi neutron-server[103444]: DEBUG neutron.api.rpc.handlers.resources_rpc [None req-54293fe6-4146-4a98-a87f-0267c8f59d91 admin admin] Pushing event updated for resources: {'Network': ['ID=6e8f1f47-5317-4705-8f1b-f8a28063d58f,revision_number=1']} {{(pid=103444) push /opt/stack/neutron/neutron/api/rpc/handlers/resources_rpc.py:237}}
Mar 11 18:08:55.960206 dv-cinder-833443-1-iscsi neutron-server[103444]: INFO neutron.wsgi [None req-54293fe6-4146-4a98-a87f-0267c8f59d91 admin admin] 10.222.0.105 "POST /v2.0/networks HTTP/1.1" status: 201 len: 886 time: 1.0081391
Mar 11 18:08:55.961279 dv-cinder-833443-1-iscsi neutron-server[103443]: DEBUG neutron.wsgi [-] (103443) accepted ('10.222.0.105', 60906) {{(pid=103443) server /usr/local/lib/python3.8/dist-packages/eventlet/wsgi.py:1004}}
Mar 11 18:08:55.973165 dv-cinder-833443-1-iscsi neutron-server[103443]: DEBUG neutron.api.v2.base [None req-a2dbe38a-10af-4d18-bf4e-5279c20a20cf admin admin] Request body: {'subnet': {'network_id': '6e8f1f47-5317-4705-8f1b-f8a28063d58f', 'cidr': '172.20.0.0/28', 'name': 'tempest-DeleteServersTestJSON-1861329570-subnet', 'tenant_id': '9ba3f835ac6f4fca8982c9462f888aa1', 'enable_dhcp': False, 'ip_version': 4}} {{(pid=103443) prepare_request_body /opt/stack/neutron/neutron/api/v2/base.py:729}}
Mar 11 18:08:56.000773 dv-cinder-833443-1-iscsi neutron-server[103444]: DEBUG neutron_lib.callbacks.manager [None req-08def04a-c1c3-495c-92c7-7a2c42f42780 admin admin] Publish callbacks ['neutron.plugins.ml2.ovo_rpc._ObjectChangeHandler.handle_event-371359', 'neutron.api.rpc.agentnotifiers.dhcp_rpc_agent_api.DhcpAgentNotifyAPI._native_event_send_dhcp_notification-1682568'] for network (bf26bd76-39a5-45e5-bfc5-5fcdc59b2837), after_create {{(pid=103444) _notify_loop /usr/local/lib/python3.8/dist-packages/neutron_lib/callbacks/manager.py:176}}
Mar 11 18:08:56.001778 dv-cinder-833443-1-iscsi neutron-server[103444]: DEBUG neutron.pecan_wsgi.hooks.policy_enforcement [None req-08def04a-c1c3-495c-92c7-7a2c42f42780 admin admin] Attributes excluded by policy engine: ['standard_attr_id', 'vlan_transparent'] {{(pid=103444) _exclude_attributes_by_policy /opt/stack/neutron/neutron/pecan_wsgi/hooks/policy_enforcement.py:255}}
Mar 11 18:08:56.002383 dv-cinder-833443-1-iscsi neutron-server[103443]: DEBUG neutron.api.rpc.agentnotifiers.l3_rpc_agent_api [None req-124cc49e-6cb9-4e8a-82b4-bf2f4eecf49b admin admin] Notify agent at l3_agent.dv-cinder-833443-1-iscsi the message routers_updated {{(pid=103443) _agent_notification /opt/stack/neutron/neutron/api/rpc/agentnotifiers/l3_rpc_agent_api.py:65}}
Mar 11 18:08:56.002619 dv-cinder-833443-1-iscsi neutron-server[103444]: DEBUG neutron_lib.callbacks.manager [None req-08def04a-c1c3-495c-92c7-7a2c42f42780 admin admin] Publish callbacks ['neutron.api.rpc.agentnotifiers.dhcp_rpc_agent_api.DhcpAgentNotifyAPI._send_dhcp_notification-1682582'] for network (None), before_response {{(pid=103444) _notify_loop /usr/local/lib/python3.8/dist-packages/neutron_lib/callbacks/manager.py:176}}
Mar 11 18:08:56.011198 dv-cinder-833443-1-iscsi neutron-server[103443]: DEBUG neutron.pecan_wsgi.hooks.quota_enforcement [None req-a2dbe38a-10af-4d18-bf4e-5279c20a20cf admin admin] Made reservation on behalf of 9ba3f835ac6f4fca8982c9462f888aa1 for: {'subnet': 1} {{(pid=103443) before /opt/stack/neutron/neutron/pecan_wsgi/hooks/quota_enforcement.py:53}}
Mar 11 18:08:56.013855 dv-cinder-833443-1-iscsi neutron-server[103443]: DEBUG neutron_lib.callbacks.manager [None req-a2dbe38a-10af-4d18-bf4e-5279c20a20cf admin admin] Publish callbacks [] for subnet (None), before_create {{(pid=103443) _notify_loop /usr/local/lib/python3.8/dist-packages/neutron_lib/callbacks/manager.py:176}}
Mar 11 18:08:56.024756 dv-cinder-833443-1-iscsi neutron-server[103446]: DEBUG neutron.api.rpc.handlers.l3_rpc [None req-2d88e721-c0ff-46f4-85e1-1b48c75a1aad None None] Sync routers for ids ['9ca64d01-8b01-4234-8631-a23759467eec'] in dv-cinder-833443-1-iscsi {{(pid=103446) sync_routers /opt/stack/neutron/neutron/api/rpc/handlers/l3_rpc.py:125}}
Mar 11 18:08:56.029020 dv-cinder-833443-1-iscsi neutron-server[103445]: DEBUG neutron.plugins.ml2.rpc [None req-cb56a3c3-4846-4109-8b86-2bc89d1626bb None None] Network 6e8f1f47-5317-4705-8f1b-f8a28063d58f details requested by agent ovs-agent-dv-cinder-833443-1-iscsi with host dv-cinder-833443-1-iscsi {{(pid=103445) get_network_details /opt/stack/neutron/neutron/plugins/ml2/rpc.py:248}}
Mar 11 18:08:56.047795 dv-cinder-833443-1-iscsi neutron-server[103443]: DEBUG neutron_lib.callbacks.manager [None req-124cc49e-6cb9-4e8a-82b4-bf2f4eecf49b admin admin] Publish callbacks [] for router (None), before_response {{(pid=103443) _notify_loop /usr/local/lib/python3.8/dist-packages/neutron_lib/callbacks/manager.py:176}}
Mar 11 18:08:56.049139 dv-cinder-833443-1-iscsi neutron-server[103443]: INFO neutron.wsgi [None req-124cc49e-6cb9-4e8a-82b4-bf2f4eecf49b admin admin] 10.222.0.105 "POST /v2.0/routers HTTP/1.1" status: 201 len: 930 time: 2.5093775
Mar 11 18:08:56.052875 dv-cinder-833443-1-iscsi neutron-server[103443]: DEBUG neutron.wsgi [-] (103443) accepted ('10.222.0.105', 60910) {{(pid=103443) server /usr/local/lib/python3.8/dist-packages/eventlet/wsgi.py:1004}}
Mar 11 18:08:56.071682 dv-cinder-833443-1-iscsi neutron-server[103446]: DEBUG neutron.db.l3_dvrscheduler_db [None req-2d88e721-c0ff-46f4-85e1-1b48c75a1aad None None] Routers {'9ca64d01-8b01-4234-8631-a23759467eec'} bound to L3 agent in host dv-cinder-833443-1-iscsi {{(pid=103446) _get_router_ids_for_agent /opt/stack/neutron/neutron/db/l3_dvrscheduler_db.py:421}}
Mar 11 18:08:56.072465 dv-cinder-833443-1-iscsi neutron-server[103446]: DEBUG neutron.db.l3_hamode_db [None req-2d88e721-c0ff-46f4-85e1-1b48c75a1aad None None] neutron.services.l3_router.l3_router_plugin.L3RouterPlugin method get_ha_sync_data_for_host called with arguments (, 'dv-cinder-833443-1-iscsi', Agent(admin_state_up=True,agent_type='L3 agent',availability_zone='nova',binary='neutron-l3-agent',configurations={"agent_mode": "legacy", "ex_gw_ports": 1, "extensions": [], "floating_ips": 0, "handle_internal_only_routers": true, "interface_driver": "openvswitch", "interfaces": 1, "log_agent_heartbeats": false, "routers": 1},created_at=2022-03-11T18:00:26Z,description=,heartbeat_timestamp=2022-03-11T18:08:26Z,host='dv-cinder-833443-1-iscsi',id=e951d530-b0f4-42b5-99d8-65f272a4e7ff,load=0,resource_versions=,resources_synced=,started_at=2022-03-11T18:00:26Z,topic='l3_agent')) {'router_ids': ['9ca64d01-8b01-4234-8631-a23759467eec'], 'active': True} {{(pid=103446) wrapper /usr/local/lib/python3.8/dist-packages/oslo_log/helpers.py:65}}
Mar 11 18:08:56.193326 dv-cinder-833443-1-iscsi neutron-server[103444]: DEBUG neutron.api.rpc.handlers.resources_rpc [None req-08def04a-c1c3-495c-92c7-7a2c42f42780 admin admin] Pushing event updated for resources: {'Network': ['ID=bf26bd76-39a5-45e5-bfc5-5fcdc59b2837,revision_number=1']} {{(pid=103444) push /opt/stack/neutron/neutron/api/rpc/handlers/resources_rpc.py:237}}
Mar 11 18:08:56.217430 dv-cinder-833443-1-iscsi neutron-server[103444]: INFO neutron.wsgi [None req-08def04a-c1c3-495c-92c7-7a2c42f42780 admin admin] 10.222.0.105 "POST /v2.0/networks HTTP/1.1" status: 201 len: 888 time: 1.0815563
Mar 11 18:08:56.219210 dv-cinder-833443-1-iscsi neutron-server[103444]: DEBUG neutron.wsgi [-] (103444) accepted ('10.222.0.105', 60916) {{(pid=103444) server /usr/local/lib/python3.8/dist-packages/eventlet/wsgi.py:1004}}
Mar 11 18:08:56.226283 dv-cinder-833443-1-iscsi neutron-server[103444]: DEBUG neutron.api.v2.base [None req-fb4c5f38-7694-486d-934a-3bac1e554dc3 admin admin] Request body: {'subnet': {'network_id': 'bf26bd76-39a5-45e5-bfc5-5fcdc59b2837', 'cidr': '172.20.0.0/28', 'name': 'tempest-AttachVolumeNegativeTest-985973456-subnet', 'tenant_id': 'a2f99072a11d4441bf3166f891829fa1', 'enable_dhcp': True, 'ip_version': 4}} {{(pid=103444) prepare_request_body /opt/stack/neutron/neutron/api/v2/base.py:729}}
Mar 11 18:08:56.273148 dv-cinder-833443-1-iscsi neutron-server[103444]: DEBUG neutron.pecan_wsgi.hooks.quota_enforcement [None req-fb4c5f38-7694-486d-934a-3bac1e554dc3 admin admin] Made reservation on behalf of a2f99072a11d4441bf3166f891829fa1 for: {'subnet': 1} {{(pid=103444) before /opt/stack/neutron/neutron/pecan_wsgi/hooks/quota_enforcement.py:53}}
Mar 11 18:08:56.275899 dv-cinder-833443-1-iscsi neutron-server[103444]: DEBUG neutron_lib.callbacks.manager [None req-fb4c5f38-7694-486d-934a-3bac1e554dc3 admin admin] Publish callbacks [] for subnet (None), before_create {{(pid=103444) _notify_loop /usr/local/lib/python3.8/dist-packages/neutron_lib/callbacks/manager.py:176}}
Mar 11 18:08:56.302221 dv-cinder-833443-1-iscsi neutron-server[103445]: DEBUG neutron.plugins.ml2.rpc [None req-cb56a3c3-4846-4109-8b86-2bc89d1626bb None None] Network bf26bd76-39a5-45e5-bfc5-5fcdc59b2837 details requested by agent ovs-agent-dv-cinder-833443-1-iscsi with host dv-cinder-833443-1-iscsi {{(pid=103445) get_network_details /opt/stack/neutron/neutron/plugins/ml2/rpc.py:248}}
Mar 11 18:08:56.389407 dv-cinder-833443-1-iscsi neutron-server[103445]: DEBUG neutron_lib.callbacks.manager [None req-399fda32-6959-4830-99c2-fe4873f4eef2 None None] Publish callbacks ['neutron.services.segments.db._update_segment_host_mapping_for_agent-8782106211588', 'neutron.plugins.ml2.plugin.Ml2Plugin._retry_binding_revived_agents-742675'] for agent (e951d530-b0f4-42b5-99d8-65f272a4e7ff), after_update {{(pid=103445) _notify_loop /usr/local/lib/python3.8/dist-packages/neutron_lib/callbacks/manager.py:176}}
Mar 11 18:08:56.443230 dv-cinder-833443-1-iscsi neutron-server[103446]: DEBUG neutron.db.l3_dvr_db [None req-2d88e721-c0ff-46f4-85e1-1b48c75a1aad None None] Set router 9ca64d01-8b01-4234-8631-a23759467eec gateway port host: dv-cinder-833443-1-iscsi {{(pid=103446) _build_routers_list /opt/stack/neutron/neutron/db/l3_dvr_db.py:906}}
Mar 11 18:08:56.678315 dv-cinder-833443-1-iscsi neutron-server[103444]: DEBUG neutron_lib.callbacks.manager [None req-fb4c5f38-7694-486d-934a-3bac1e554dc3 admin admin] Publish callbacks ['neutron.plugins.ml2.ovo_rpc._ObjectChangeHandler.handle_event-2014745', 'neutron.api.rpc.agentnotifiers.dhcp_rpc_agent_api.DhcpAgentNotifyAPI._native_event_send_dhcp_notification-1682568'] for subnet (55712c4e-b4b7-4aa5-8d68-d3d9bd01e08f), after_create {{(pid=103444) _notify_loop /usr/local/lib/python3.8/dist-packages/neutron_lib/callbacks/manager.py:176}}
Mar 11 18:08:56.820572 dv-cinder-833443-1-iscsi neutron-server[103444]: DEBUG neutron.plugins.ml2.drivers.mech_agent [None req-fb4c5f38-7694-486d-934a-3bac1e554dc3 admin admin] Checking segment: {'id': 'eaf86837-3caf-4451-848c-c14015b527bc', 'network_type': 'vlan', 'physical_network': 'physnet1', 'segmentation_id': 1263, 'network_id': 'bf26bd76-39a5-45e5-bfc5-5fcdc59b2837'} for mappings: {'physnet1': 'br-data'} with network types: ['local', 'flat', 'vlan'] {{(pid=103444) check_segment_for_agent /opt/stack/neutron/neutron/plugins/ml2/drivers/mech_agent.py:373}}
Mar 11 18:08:56.820928 dv-cinder-833443-1-iscsi neutron-server[103444]: DEBUG neutron.scheduler.dhcp_agent_scheduler [None req-fb4c5f38-7694-486d-934a-3bac1e554dc3 admin admin] Network hostable DHCP agents. Network: bf26bd76-39a5-45e5-bfc5-5fcdc59b2837, hostable agents: ['b694de16-807d-4836-8f35-e3c6b20a0d9b'], hosted agents: [] {{(pid=103444) _get_network_hostable_dhcp_agents /opt/stack/neutron/neutron/scheduler/dhcp_agent_scheduler.py:329}}
Mar 11 18:08:56.860430 dv-cinder-833443-1-iscsi neutron-server[103446]: DEBUG neutron.db.l3_hamode_db [None req-2d88e721-c0ff-46f4-85e1-1b48c75a1aad None None] neutron.services.l3_router.l3_router_plugin.L3RouterPlugin method _process_sync_ha_data called with arguments (, [{'id': '9ca64d01-8b01-4234-8631-a23759467eec', 'name': 'tempest-ServerRescueNegativeTestJSON-989574551-router', 'tenant_id': '6cfef774bfa4428ba11daedfdde648d3', 'admin_state_up': True, 'status': 'ACTIVE', 'external_gateway_info': {'network_id': 'ab29f19a-6f96-4fdc-83f3-17290df2ac85', 'external_fixed_ips': [{'subnet_id': '757fcca0-0524-444a-9958-33773d716b5f', 'ip_address': '172.27.3.159'}], 'enable_snat': True}, 'gw_port_id': '4c069d56-7601-4f76-9a33-4dc7634a0302', 'description': '', 'availability_zones': ['nova'], 'distributed': False, 'ha': False, 'ha_vr_id': 0, 'availability_zone_hints': [], 'routes': [], 'flavor_id': None, 'tags': [], 'created_at': '2022-03-11T18:08:53Z', 'updated_at': '2022-03-11T18:08:55Z', 'revision_number': 3, 'project_id': '6cfef774bfa4428ba11daedfdde648d3', 'gw_port': {'id': '4c069d56-7601-4f76-9a33-4dc7634a0302', 'name': '', 'network_id': 'ab29f19a-6f96-4fdc-83f3-17290df2ac85', 'tenant_id': '', 'mac_address': 'fa:16:3e:92:47:06', 'admin_state_up': True, 'status': 'DOWN', 'device_id': '9ca64d01-8b01-4234-8631-a23759467eec', 'device_owner': 'network:router_gateway', 'standard_attr_id': 40, 'fixed_ips': [{'subnet_id': '757fcca0-0524-444a-9958-33773d716b5f', 'ip_address': '172.27.3.159', 'prefixlen': 24}], 'allowed_address_pairs': [], 'extra_dhcp_opts': [], 'security_groups': [], 'description': '', 'binding:vnic_type': 'normal', 'binding:profile': {}, 'binding:host_id': '', 'binding:vif_type': 'unbound', 'binding:vif_details': {}, 'port_security_enabled': False, 'tags': [], 'created_at': '2022-03-11T18:08:54Z', 'updated_at': '2022-03-11T18:08:54Z', 'revision_number': 1, 'project_id': '', 'subnets': [{'id': '757fcca0-0524-444a-9958-33773d716b5f', 'cidr': '172.27.3.0/24', 'gateway_ip': '172.27.3.1', 'dns_nameservers': [], 'ipv6_ra_mode': None, 'subnetpool_id': None}], 'extra_subnets': [], 'address_scopes': {4: None, 6: None}, 'mtu': 1500}, 'enable_snat': True, 'gw_port_host': 'dv-cinder-833443-1-iscsi'}], 'dv-cinder-833443-1-iscsi', False) {} {{(pid=103446) wrapper /usr/local/lib/python3.8/dist-packages/oslo_log/helpers.py:65}}
Mar 11 18:08:56.873658 dv-cinder-833443-1-iscsi neutron-server[103444]: DEBUG neutron.scheduler.dhcp_agent_scheduler [None req-fb4c5f38-7694-486d-934a-3bac1e554dc3 admin admin] Network bf26bd76-39a5-45e5-bfc5-5fcdc59b2837 is scheduled to be hosted by DHCP agent b694de16-807d-4836-8f35-e3c6b20a0d9b with binding_index 1 {{(pid=103444) bind /opt/stack/neutron/neutron/scheduler/dhcp_agent_scheduler.py:227}}
Mar 11 18:08:56.883046 dv-cinder-833443-1-iscsi neutron-server[103444]: DEBUG neutron.api.rpc.handlers.resources_rpc [None req-fb4c5f38-7694-486d-934a-3bac1e554dc3 admin admin] Pushing event updated for resources: {'Subnet': ['ID=55712c4e-b4b7-4aa5-8d68-d3d9bd01e08f,revision_number=0']} {{(pid=103444) push /opt/stack/neutron/neutron/api/rpc/handlers/resources_rpc.py:237}}
Mar 11 18:08:56.911341 dv-cinder-833443-1-iscsi neutron-server[103443]: DEBUG neutron_lib.callbacks.manager [None req-5526b468-c41d-400f-b542-1917e72809bd admin admin] Publish callbacks ['neutron.plugins.ml2.plugin.SecurityGroupDbMixin._ensure_default_security_group_handler-616639'] for port (None), before_create {{(pid=103443) _notify_loop /usr/local/lib/python3.8/dist-packages/neutron_lib/callbacks/manager.py:176}}
Mar 11 18:08:56.913827 dv-cinder-833443-1-iscsi neutron-server[103444]: DEBUG neutron.scheduler.base_scheduler [None req-fb4c5f38-7694-486d-934a-3bac1e554dc3 admin admin] Resources bound (agent type, host, resource id): (DHCP agent, dv-cinder-833443-1-iscsi, bf26bd76-39a5-45e5-bfc5-5fcdc59b2837) {{(pid=103444) schedule /opt/stack/neutron/neutron/scheduler/base_scheduler.py:57}}
Mar 11 18:08:56.920978 dv-cinder-833443-1-iscsi neutron-server[103444]: DEBUG neutron.pecan_wsgi.hooks.policy_enforcement [None req-fb4c5f38-7694-486d-934a-3bac1e554dc3 admin admin] Attributes excluded by policy engine: ['standard_attr_id', 'shared', 'network'] {{(pid=103444) _exclude_attributes_by_policy /opt/stack/neutron/neutron/pecan_wsgi/hooks/policy_enforcement.py:255}}
Mar 11 18:08:56.921746 dv-cinder-833443-1-iscsi neutron-server[103444]: DEBUG neutron_lib.callbacks.manager [None req-fb4c5f38-7694-486d-934a-3bac1e554dc3 admin admin] Publish callbacks ['neutron.api.rpc.agentnotifiers.dhcp_rpc_agent_api.DhcpAgentNotifyAPI._send_dhcp_notification-1682582'] for subnet (None), before_response {{(pid=103444) _notify_loop /usr/local/lib/python3.8/dist-packages/neutron_lib/callbacks/manager.py:176}}
Mar 11 18:08:56.929900 dv-cinder-833443-1-iscsi neutron-server[103445]: DEBUG neutron.api.rpc.handlers.dhcp_rpc [None req-0226fa8f-b91c-4758-9589-08d4935e8304 None None] Network bf26bd76-39a5-45e5-bfc5-5fcdc59b2837 requested from dv-cinder-833443-1-iscsi {{(pid=103445) get_network_info /opt/stack/neutron/neutron/api/rpc/handlers/dhcp_rpc.py:191}}
Mar 11 18:08:56.941404 dv-cinder-833443-1-iscsi neutron-server[103446]: DEBUG neutron.api.rpc.handlers.l3_rpc [None req-2d88e721-c0ff-46f4-85e1-1b48c75a1aad None None] Checking router: 9ca64d01-8b01-4234-8631-a23759467eec for host: dv-cinder-833443-1-iscsi {{(pid=103446) _ensure_host_set_on_ports /opt/stack/neutron/neutron/api/rpc/handlers/l3_rpc.py:155}}
Mar 11 18:08:56.942102 dv-cinder-833443-1-iscsi neutron-server[103446]: DEBUG neutron.api.rpc.handlers.l3_rpc [None req-2d88e721-c0ff-46f4-85e1-1b48c75a1aad None None] Updating router 9ca64d01-8b01-4234-8631-a23759467eec port 4c069d56-7601-4f76-9a33-4dc7634a0302 binding host dv-cinder-833443-1-iscsi {{(pid=103446) _ensure_host_set_on_port /opt/stack/neutron/neutron/api/rpc/handlers/l3_rpc.py:205}}
Mar 11 18:08:56.956674 dv-cinder-833443-1-iscsi neutron-server[103444]: INFO neutron.wsgi [None req-fb4c5f38-7694-486d-934a-3bac1e554dc3 admin admin] 10.222.0.105 "POST /v2.0/subnets HTTP/1.1" status: 201 len: 850 time: 0.7351711
Mar 11 18:08:56.957612 dv-cinder-833443-1-iscsi neutron-server[103444]: DEBUG neutron.wsgi [-] (103444) accepted ('10.222.0.105', 60938) {{(pid=103444) server /usr/local/lib/python3.8/dist-packages/eventlet/wsgi.py:1004}}
Mar 11 18:08:56.971631 dv-cinder-833443-1-iscsi neutron-server[103444]: DEBUG neutron.api.v2.base [None req-60d93560-ace2-42a1-9fd1-8086a97e0e97 admin admin] Request body: {'router': {'name': 'tempest-AttachVolumeNegativeTest-985973456-router', 'tenant_id': 'a2f99072a11d4441bf3166f891829fa1', 'external_gateway_info': {'network_id': 'ab29f19a-6f96-4fdc-83f3-17290df2ac85'}}} {{(pid=103444) prepare_request_body /opt/stack/neutron/neutron/api/v2/base.py:729}}
Mar 11 18:08:57.008902 dv-cinder-833443-1-iscsi neutron-server[103444]: DEBUG neutron_lib.callbacks.manager [None req-60d93560-ace2-42a1-9fd1-8086a97e0e97 admin admin] Publish callbacks ['neutron.services.l3_router.l3_router_plugin.L3_HA_NAT_db_mixin._before_router_create_handler-1609306', 'neutron.services.l3_router.service_providers.driver_controller.DriverController._check_router_request-254346'] for router (e7db9085-69f0-4dc5-82f0-6ede6e114ca7), before_create {{(pid=103444) _notify_loop /usr/local/lib/python3.8/dist-packages/neutron_lib/callbacks/manager.py:176}}
Mar 11 18:08:57.010243 dv-cinder-833443-1-iscsi neutron-server[103444]: DEBUG neutron_lib.callbacks.manager [None req-60d93560-ace2-42a1-9fd1-8086a97e0e97 admin admin] Publish callbacks ['neutron.services.l3_router.l3_router_plugin.L3_HA_NAT_db_mixin._precommit_router_create-1609454', 'neutron.services.l3_router.l3_router_plugin.DVRResourceOperationHandler._set_distributed_flag-1620236', 'neutron.services.l3_router.l3_router_plugin.RouterAvailabilityZoneMixin._process_az_request-375451', 'neutron.services.l3_router.service_providers.driver_controller.DriverController._set_router_provider-254355'] for router (e7db9085-69f0-4dc5-82f0-6ede6e114ca7), precommit_create {{(pid=103444) _notify_loop /usr/local/lib/python3.8/dist-packages/neutron_lib/callbacks/manager.py:176}}
Mar 11 18:08:57.047190 dv-cinder-833443-1-iscsi neutron-server[103446]: DEBUG neutron_lib.callbacks.manager [None req-2d88e721-c0ff-46f4-85e1-1b48c75a1aad None None] Publish callbacks ['neutron.plugins.ml2.plugin.SecurityGroupDbMixin._ensure_default_security_group_handler-616639'] for port (4c069d56-7601-4f76-9a33-4dc7634a0302), before_update {{(pid=103446) _notify_loop /usr/local/lib/python3.8/dist-packages/neutron_lib/callbacks/manager.py:176}}
Mar 11 18:08:57.132754 dv-cinder-833443-1-iscsi neutron-server[103444]: DEBUG neutron_lib.callbacks.manager [None req-60d93560-ace2-42a1-9fd1-8086a97e0e97 admin admin] Publish callbacks [] for router_controller (e7db9085-69f0-4dc5-82f0-6ede6e114ca7), precommit_add_association {{(pid=103444) _notify_loop /usr/local/lib/python3.8/dist-packages/neutron_lib/callbacks/manager.py:176}}
Mar 11 18:08:57.232608 dv-cinder-833443-1-iscsi neutron-server[103445]: DEBUG neutron.api.rpc.handlers.dhcp_rpc [None req-60bad434-4594-42aa-a9a4-82a1cb10a2e5 None None] Create dhcp port {'port': {'name': '', 'admin_state_up': True, 'device_id': 'dhcpb7b009e2-72ce-5eda-99d7-6f72926df894-bf26bd76-39a5-45e5-bfc5-5fcdc59b2837', 'network_id': 'bf26bd76-39a5-45e5-bfc5-5fcdc59b2837', 'project_id': 'a2f99072a11d4441bf3166f891829fa1', 'fixed_ips': [{'subnet_id': '55712c4e-b4b7-4aa5-8d68-d3d9bd01e08f'}]}} from dv-cinder-833443-1-iscsi. {{(pid=103445) create_dhcp_port /opt/stack/neutron/neutron/api/rpc/handlers/dhcp_rpc.py:268}}
Mar 11 18:08:57.234100 dv-cinder-833443-1-iscsi neutron-server[103445]: DEBUG neutron_lib.callbacks.manager [None req-60bad434-4594-42aa-a9a4-82a1cb10a2e5 None None] Publish callbacks ['neutron.plugins.ml2.plugin.SecurityGroupDbMixin._ensure_default_security_group_handler-616639'] for port (None), before_create {{(pid=103445) _notify_loop /usr/local/lib/python3.8/dist-packages/neutron_lib/callbacks/manager.py:176}}
Mar 11 18:08:57.421662 dv-cinder-833443-1-iscsi neutron-server[103443]: DEBUG neutron.db.db_base_plugin_common [None req-5526b468-c41d-400f-b542-1917e72809bd admin admin] Allocated IP 172.20.0.1 (7e2eca11-c810-4c89-b01c-cf0ab5e8bf05/e081997c-a9b8-4674-bd56-17c2c0aa7a6e/00983814-c9c7-459f-b267-fb9973d72457) {{(pid=103443) _store_ip_allocation /opt/stack/neutron/neutron/db/db_base_plugin_common.py:131}}
Mar 11 18:08:57.425695 dv-cinder-833443-1-iscsi neutron-server[103444]: DEBUG neutron_lib.callbacks.manager [None req-60d93560-ace2-42a1-9fd1-8086a97e0e97 admin admin] Publish callbacks [] for router_gateway (e7db9085-69f0-4dc5-82f0-6ede6e114ca7), precommit_update {{(pid=103444) _notify_loop /usr/local/lib/python3.8/dist-packages/neutron_lib/callbacks/manager.py:176}}
Mar 11 18:08:57.562949 dv-cinder-833443-1-iscsi neutron-server[103445]: DEBUG neutron.db.db_base_plugin_common [None req-60bad434-4594-42aa-a9a4-82a1cb10a2e5 None None] Allocated IP 172.20.0.2 (bf26bd76-39a5-45e5-bfc5-5fcdc59b2837/55712c4e-b4b7-4aa5-8d68-d3d9bd01e08f/0155d051-a4b2-4ee7-8b68-15e57412a70d) {{(pid=103445) _store_ip_allocation /opt/stack/neutron/neutron/db/db_base_plugin_common.py:131}}
Mar 11 18:08:57.630023 dv-cinder-833443-1-iscsi neutron-server[103443]: DEBUG neutron_lib.callbacks.manager [None req-5526b468-c41d-400f-b542-1917e72809bd admin admin] Publish callbacks [] for port (00983814-c9c7-459f-b267-fb9973d72457), precommit_create {{(pid=103443) _notify_loop /usr/local/lib/python3.8/dist-packages/neutron_lib/callbacks/manager.py:176}}
Mar 11 18:08:57.708054 dv-cinder-833443-1-iscsi neutron-server[103446]: DEBUG neutron_lib.callbacks.manager [None req-2d88e721-c0ff-46f4-85e1-1b48c75a1aad None None] Publish callbacks [] for port (4c069d56-7601-4f76-9a33-4dc7634a0302), precommit_update {{(pid=103446) _notify_loop /usr/local/lib/python3.8/dist-packages/neutron_lib/callbacks/manager.py:176}}
Mar 11 18:08:57.720336 dv-cinder-833443-1-iscsi neutron-server[103446]: DEBUG neutron_lib.callbacks.manager [None req-2d88e721-c0ff-46f4-85e1-1b48c75a1aad None None] Publish callbacks ['neutron.plugins.ml2.plugin.SecurityGroupServerNotifierRpcMixin._notify_sg_on_port_change-616467', 'neutron.plugins.ml2.ovo_rpc._ObjectChangeHandler.handle_event-2007829', 'neutron.api.rpc.agentnotifiers.dhcp_rpc_agent_api.DhcpAgentNotifyAPI._native_event_send_dhcp_notification-1682568', 'neutron.db.l3_db.L3RpcNotifierMixin._notify_gateway_port_ip_changed-8782106220903', 'neutron.db.l3_dvrscheduler_db._notify_l3_agent_port_update-8782105702539', 'neutron.db.l3_hascheduler_db._notify_l3_agent_ha_port_update-8782105702557'] for port (4c069d56-7601-4f76-9a33-4dc7634a0302), after_update {{(pid=103446) _notify_loop /usr/local/lib/python3.8/dist-packages/neutron_lib/callbacks/manager.py:176}}
Mar 11 18:08:57.748153 dv-cinder-833443-1-iscsi neutron-server[103443]: DEBUG neutron_lib.callbacks.manager [None req-5526b468-c41d-400f-b542-1917e72809bd admin admin] Publish callbacks ['neutron.plugins.ml2.plugin.SecurityGroupServerNotifierRpcMixin._notify_sg_on_port_change-616467', 'neutron.plugins.ml2.ovo_rpc._ObjectChangeHandler.handle_event-2007829', 'neutron.api.rpc.agentnotifiers.dhcp_rpc_agent_api.DhcpAgentNotifyAPI._native_event_send_dhcp_notification-1682568', 'neutron.db.l3_dvrscheduler_db._notify_l3_agent_new_port-8782105702521'] for port (00983814-c9c7-459f-b267-fb9973d72457), after_create {{(pid=103443) _notify_loop /usr/local/lib/python3.8/dist-packages/neutron_lib/callbacks/manager.py:176}}
Mar 11 18:08:57.794518 dv-cinder-833443-1-iscsi neutron-server[103446]: DEBUG neutron.api.rpc.handlers.resources_rpc [None req-2e9ad7d7-f91b-4edc-b889-73b10f9b7f46 None None] Pushing event updated for resources: {'Port': ['ID=4c069d56-7601-4f76-9a33-4dc7634a0302,revision_number=2']} {{(pid=103446) push /opt/stack/neutron/neutron/api/rpc/handlers/resources_rpc.py:237}}
Mar 11 18:08:57.811678 dv-cinder-833443-1-iscsi neutron-server[103443]: DEBUG neutron.api.rpc.handlers.resources_rpc [None req-5526b468-c41d-400f-b542-1917e72809bd admin admin] Pushing event updated for resources: {'Port': ['ID=00983814-c9c7-459f-b267-fb9973d72457,revision_number=1']} {{(pid=103443) push /opt/stack/neutron/neutron/api/rpc/handlers/resources_rpc.py:237}}
Mar 11 18:08:57.835061 dv-cinder-833443-1-iscsi neutron-server[103443]: DEBUG neutron.scheduler.dhcp_agent_scheduler [None req-5526b468-c41d-400f-b542-1917e72809bd admin admin] Network 7e2eca11-c810-4c89-b01c-cf0ab5e8bf05 is already hosted by enough agents. {{(pid=103443) _get_dhcp_agents_hosting_network /opt/stack/neutron/neutron/scheduler/dhcp_agent_scheduler.py:275}}
Mar 11 18:08:57.838382 dv-cinder-833443-1-iscsi neutron-server[103443]: DEBUG neutron.scheduler.base_scheduler [None req-5526b468-c41d-400f-b542-1917e72809bd admin admin] Resources bound (agent type, host, resource id): {{(pid=103443) schedule /opt/stack/neutron/neutron/scheduler/base_scheduler.py:57}}
Mar 11 18:08:57.842723 dv-cinder-833443-1-iscsi neutron-server[103443]: DEBUG neutron.db.l3_dvrscheduler_db [None req-5526b468-c41d-400f-b542-1917e72809bd admin admin] Received port after_create {{(pid=103443) _notify_l3_agent_new_port /opt/stack/neutron/neutron/db/l3_dvrscheduler_db.py:536}}
Mar 11 18:08:57.843301 dv-cinder-833443-1-iscsi neutron-server[103443]: DEBUG neutron_lib.callbacks.manager [None req-5526b468-c41d-400f-b542-1917e72809bd admin admin] Publish callbacks ['neutron.services.l3_router.l3_router_plugin.DVRResourceOperationHandler._add_csnat_on_interface_create-1606156'] for router_interface (9ca64d01-8b01-4234-8631-a23759467eec), before_create {{(pid=103443) _notify_loop /usr/local/lib/python3.8/dist-packages/neutron_lib/callbacks/manager.py:176}}
Mar 11 18:08:57.858874 dv-cinder-833443-1-iscsi neutron-server[103446]: DEBUG neutron.api.rpc.callbacks.version_manager [None req-2e9ad7d7-f91b-4edc-b889-73b10f9b7f46 None None] Version for resource type AddressGroup changed None to 1.2 on consumer Open vSwitch agent@dv-cinder-833443-1-iscsi {{(pid=103446) _set_version /opt/stack/neutron/neutron/api/rpc/callbacks/version_manager.py:113}}
Mar 11 18:08:57.861702 dv-cinder-833443-1-iscsi neutron-server[103446]: DEBUG neutron.api.rpc.callbacks.version_manager [None req-2e9ad7d7-f91b-4edc-b889-73b10f9b7f46 None None] Version for resource type ConntrackHelper changed None to 1.0 on consumer Open vSwitch agent@dv-cinder-833443-1-iscsi {{(pid=103446) _set_version /opt/stack/neutron/neutron/api/rpc/callbacks/version_manager.py:113}}
Mar 11 18:08:57.863533 dv-cinder-833443-1-iscsi neutron-server[103446]: DEBUG neutron.api.rpc.callbacks.version_manager [None req-2e9ad7d7-f91b-4edc-b889-73b10f9b7f46 None None] Version for resource type LocalIPAssociation changed None to 1.0 on consumer Open vSwitch agent@dv-cinder-833443-1-iscsi {{(pid=103446) _set_version /opt/stack/neutron/neutron/api/rpc/callbacks/version_manager.py:113}}
Mar 11 18:08:57.864276 dv-cinder-833443-1-iscsi neutron-server[103446]: DEBUG neutron.api.rpc.callbacks.version_manager [None req-2e9ad7d7-f91b-4edc-b889-73b10f9b7f46 None None] Version for resource type Log changed None to 1.0 on consumer Open vSwitch agent@dv-cinder-833443-1-iscsi {{(pid=103446) _set_version /opt/stack/neutron/neutron/api/rpc/callbacks/version_manager.py:113}}
Mar 11 18:08:57.867604 dv-cinder-833443-1-iscsi neutron-server[103443]: DEBUG neutron_lib.callbacks.manager [None req-a2dbe38a-10af-4d18-bf4e-5279c20a20cf admin admin] Publish callbacks ['neutron.plugins.ml2.ovo_rpc._ObjectChangeHandler.handle_event-2014745', 'neutron.api.rpc.agentnotifiers.dhcp_rpc_agent_api.DhcpAgentNotifyAPI._native_event_send_dhcp_notification-1682568'] for subnet (420ee7ca-6b09-4f2a-b1b0-05f6f6c4dbb3), after_create {{(pid=103443) _notify_loop /usr/local/lib/python3.8/dist-packages/neutron_lib/callbacks/manager.py:176}}
Mar 11 18:08:57.868434 dv-cinder-833443-1-iscsi neutron-server[103446]: DEBUG neutron.api.rpc.callbacks.version_manager [None req-2e9ad7d7-f91b-4edc-b889-73b10f9b7f46 None None] Version for resource type Network changed None to 1.1 on consumer Open vSwitch agent@dv-cinder-833443-1-iscsi {{(pid=103446) _set_version /opt/stack/neutron/neutron/api/rpc/callbacks/version_manager.py:113}}
Mar 11 18:08:57.872964 dv-cinder-833443-1-iscsi neutron-server[103446]: DEBUG neutron.api.rpc.callbacks.version_manager [None req-2e9ad7d7-f91b-4edc-b889-73b10f9b7f46 None None] Version for resource type Port changed None to 1.7 on consumer Open vSwitch agent@dv-cinder-833443-1-iscsi {{(pid=103446) _set_version /opt/stack/neutron/neutron/api/rpc/callbacks/version_manager.py:113}}
Mar 11 18:08:57.873437 dv-cinder-833443-1-iscsi neutron-server[103446]: DEBUG neutron.api.rpc.callbacks.version_manager [None req-2e9ad7d7-f91b-4edc-b889-73b10f9b7f46 None None] Version for resource type PortForwarding changed None to 1.2 on consumer Open vSwitch agent@dv-cinder-833443-1-iscsi {{(pid=103446) _set_version /opt/stack/neutron/neutron/api/rpc/callbacks/version_manager.py:113}}
Mar 11 18:08:57.873925 dv-cinder-833443-1-iscsi neutron-server[103446]: DEBUG neutron.api.rpc.callbacks.version_manager [None req-2e9ad7d7-f91b-4edc-b889-73b10f9b7f46 None None] Version for resource type QosPolicy changed None to 1.10 on consumer Open vSwitch agent@dv-cinder-833443-1-iscsi {{(pid=103446) _set_version /opt/stack/neutron/neutron/api/rpc/callbacks/version_manager.py:113}}
Mar 11 18:08:57.874317 dv-cinder-833443-1-iscsi neutron-server[103446]: DEBUG neutron.api.rpc.callbacks.version_manager [None req-2e9ad7d7-f91b-4edc-b889-73b10f9b7f46 None None] Version for resource type SecurityGroup changed None to 1.5 on consumer Open vSwitch agent@dv-cinder-833443-1-iscsi {{(pid=103446) _set_version /opt/stack/neutron/neutron/api/rpc/callbacks/version_manager.py:113}}
Mar 11 18:08:57.874801 dv-cinder-833443-1-iscsi neutron-server[103446]: DEBUG neutron.api.rpc.callbacks.version_manager [None req-2e9ad7d7-f91b-4edc-b889-73b10f9b7f46 None None] Version for resource type SecurityGroupRule changed None to 1.2 on consumer Open vSwitch agent@dv-cinder-833443-1-iscsi {{(pid=103446) _set_version /opt/stack/neutron/neutron/api/rpc/callbacks/version_manager.py:113}}
Mar 11 18:08:57.876393 dv-cinder-833443-1-iscsi neutron-server[103446]: DEBUG neutron.api.rpc.callbacks.version_manager [None req-2e9ad7d7-f91b-4edc-b889-73b10f9b7f46 None None] Version for resource type SubPort changed None to 1.0 on consumer Open vSwitch agent@dv-cinder-833443-1-iscsi {{(pid=103446) _set_version /opt/stack/neutron/neutron/api/rpc/callbacks/version_manager.py:113}}
Mar 11 18:08:57.876752 dv-cinder-833443-1-iscsi neutron-server[103446]: DEBUG neutron.api.rpc.callbacks.version_manager [None req-2e9ad7d7-f91b-4edc-b889-73b10f9b7f46 None None] Version for resource type Subnet changed None to 1.1 on consumer Open vSwitch agent@dv-cinder-833443-1-iscsi {{(pid=103446) _set_version /opt/stack/neutron/neutron/api/rpc/callbacks/version_manager.py:113}}
Mar 11 18:08:57.878771 dv-cinder-833443-1-iscsi neutron-server[103446]: DEBUG neutron.api.rpc.callbacks.version_manager [None req-2e9ad7d7-f91b-4edc-b889-73b10f9b7f46 None None] Version for resource type Trunk changed None to 1.1 on consumer Open vSwitch agent@dv-cinder-833443-1-iscsi {{(pid=103446) _set_version /opt/stack/neutron/neutron/api/rpc/callbacks/version_manager.py:113}}
Mar 11 18:08:57.882501 dv-cinder-833443-1-iscsi neutron-server[103446]: DEBUG neutron.api.rpc.callbacks.version_manager [None req-2e9ad7d7-f91b-4edc-b889-73b10f9b7f46 None None] Tracked resource versions report:
Mar 11 18:08:57.882501 dv-cinder-833443-1-iscsi neutron-server[103446]: pushed versions:
Mar 11 18:08:57.882501 dv-cinder-833443-1-iscsi neutron-server[103446]: { 'AddressGroup': {'1.2'},
Mar 11 18:08:57.882501 dv-cinder-833443-1-iscsi neutron-server[103446]: 'ConntrackHelper': {'1.0'},
Mar 11 18:08:57.882501 dv-cinder-833443-1-iscsi neutron-server[103446]: 'LocalIPAssociation': {'1.0'},
Mar 11 18:08:57.882501 dv-cinder-833443-1-iscsi neutron-server[103446]: 'Log': {'1.0'},
Mar 11 18:08:57.882501 dv-cinder-833443-1-iscsi neutron-server[103446]: 'Network': {'1.1'},
Mar 11 18:08:57.882501 dv-cinder-833443-1-iscsi neutron-server[103446]: 'Port': {'1.7'},
Mar 11 18:08:57.882501 dv-cinder-833443-1-iscsi neutron-server[103446]: 'PortForwarding': {'1.2'},
Mar 11 18:08:57.882501 dv-cinder-833443-1-iscsi neutron-server[103446]: 'QosPolicy': {'1.10'},
Mar 11 18:08:57.882501 dv-cinder-833443-1-iscsi neutron-server[103446]: 'SecurityGroup': {'1.5'},
Mar 11 18:08:57.882501 dv-cinder-833443-1-iscsi neutron-server[103446]: 'SecurityGroupRule': {'1.2'},
Mar 11 18:08:57.882501 dv-cinder-833443-1-iscsi neutron-server[103446]: 'SubPort': {'1.0'},
Mar 11 18:08:57.882501 dv-cinder-833443-1-iscsi neutron-server[103446]: 'Subnet': {'1.1'},
Mar 11 18:08:57.882501 dv-cinder-833443-1-iscsi neutron-server[103446]: 'Trunk': {'1.1'}}
Mar 11 18:08:57.882501 dv-cinder-833443-1-iscsi neutron-server[103446]: consumer versions:
Mar 11 18:08:57.882501 dv-cinder-833443-1-iscsi neutron-server[103446]: { DHCP agent@dv-cinder-833443-1-iscsi: {},
Mar 11 18:08:57.882501 dv-cinder-833443-1-iscsi neutron-server[103446]: HyperV agent@hv-cinder-83344: {},
Mar 11 18:08:57.882501 dv-cinder-833443-1-iscsi neutron-server[103446]: L3 agent@dv-cinder-833443-1-iscsi: {},
Mar 11 18:08:57.882501 dv-cinder-833443-1-iscsi neutron-server[103446]: Metadata agent@dv-cinder-833443-1-iscsi: {},
Mar 11 18:08:57.882501 dv-cinder-833443-1-iscsi neutron-server[103446]: Metering agent@dv-cinder-833443-1-iscsi: {},
Mar 11 18:08:57.882501 dv-cinder-833443-1-iscsi neutron-server[103446]: Open vSwitch agent@dv-cinder-833443-1-iscsi: { 'AddressGroup': '1.2',
Mar 11 18:08:57.882501 dv-cinder-833443-1-iscsi neutron-server[103446]: 'ConntrackHelper': '1.0',
Mar 11 18:08:57.882501 dv-cinder-833443-1-iscsi neutron-server[103446]: 'LocalIPAssociation': '1.0',
Mar 11 18:08:57.882501 dv-cinder-833443-1-iscsi neutron-server[103446]: 'Log': '1.0',
Mar 11 18:08:57.882501 dv-cinder-833443-1-iscsi neutron-server[103446]: 'Network': '1.1',
Mar 11 18:08:57.882501 dv-cinder-833443-1-iscsi neutron-server[103446]: 'Port': '1.7',
Mar 11 18:08:57.882501 dv-cinder-833443-1-iscsi neutron-server[103446]: 'PortForwarding': '1.2',
Mar 11 18:08:57.882501 dv-cinder-833443-1-iscsi neutron-server[103446]: 'QosPolicy': '1.10',
Mar 11 18:08:57.882501 dv-cinder-833443-1-iscsi neutron-server[103446]: 'SecurityGroup': '1.5',
Mar 11 18:08:57.882501 dv-cinder-833443-1-iscsi neutron-server[103446]: 'SecurityGroupRule': '1.2',
Mar 11 18:08:57.882501 dv-cinder-833443-1-iscsi neutron-server[103446]: 'SubPort': '1.0',
Mar 11 18:08:57.882501 dv-cinder-833443-1-iscsi neutron-server[103446]: 'Subnet': '1.1',
Mar 11 18:08:57.882501 dv-cinder-833443-1-iscsi neutron-server[103446]: 'Trunk': '1.1'}}
Mar 11 18:08:57.882501 dv-cinder-833443-1-iscsi neutron-server[103446]: {{(pid=103446) report /opt/stack/neutron/neutron/api/rpc/callbacks/version_manager.py:175}}
Mar 11 18:08:57.963263 dv-cinder-833443-1-iscsi neutron-server[103445]: DEBUG neutron_lib.callbacks.manager [None req-60bad434-4594-42aa-a9a4-82a1cb10a2e5 None None] Publish callbacks [] for port (0155d051-a4b2-4ee7-8b68-15e57412a70d), precommit_create {{(pid=103445) _notify_loop /usr/local/lib/python3.8/dist-packages/neutron_lib/callbacks/manager.py:176}}
Mar 11 18:08:57.968913 dv-cinder-833443-1-iscsi neutron-server[103446]: DEBUG neutron.plugins.ml2.managers [None req-2d88e721-c0ff-46f4-85e1-1b48c75a1aad None None] Attempting to bind port 4c069d56-7601-4f76-9a33-4dc7634a0302 on host dv-cinder-833443-1-iscsi for vnic_type normal with profile {{(pid=103446) bind_port /opt/stack/neutron/neutron/plugins/ml2/managers.py:795}}
Mar 11 18:08:57.969299 dv-cinder-833443-1-iscsi neutron-server[103446]: DEBUG neutron.plugins.ml2.managers [None req-2d88e721-c0ff-46f4-85e1-1b48c75a1aad None None] Attempting to bind port 4c069d56-7601-4f76-9a33-4dc7634a0302 by drivers openvswitch,hyperv on host dv-cinder-833443-1-iscsi at level 0 using segments [{'id': 'be2beb18-bbbd-47ec-b10e-041c1387cc91', 'network_type': 'flat', 'physical_network': 'physnet1', 'segmentation_id': None, 'network_id': 'ab29f19a-6f96-4fdc-83f3-17290df2ac85'}] {{(pid=103446) _bind_port_level /opt/stack/neutron/neutron/plugins/ml2/managers.py:820}}
Mar 11 18:08:57.969881 dv-cinder-833443-1-iscsi neutron-server[103446]: DEBUG neutron.plugins.ml2.drivers.mech_agent [None req-2d88e721-c0ff-46f4-85e1-1b48c75a1aad None None] Attempting to bind port 4c069d56-7601-4f76-9a33-4dc7634a0302 on network ab29f19a-6f96-4fdc-83f3-17290df2ac85 {{(pid=103446) bind_port /opt/stack/neutron/neutron/plugins/ml2/drivers/mech_agent.py:91}}
Mar 11 18:08:57.981083 dv-cinder-833443-1-iscsi neutron-server[103445]: DEBUG neutron_lib.callbacks.manager [None req-60bad434-4594-42aa-a9a4-82a1cb10a2e5 None None] Publish callbacks ['neutron.plugins.ml2.plugin.SecurityGroupServerNotifierRpcMixin._notify_sg_on_port_change-616467', 'neutron.plugins.ml2.ovo_rpc._ObjectChangeHandler.handle_event-2007829', 'neutron.api.rpc.agentnotifiers.dhcp_rpc_agent_api.DhcpAgentNotifyAPI._native_event_send_dhcp_notification-1682568', 'neutron.db.l3_dvrscheduler_db._notify_l3_agent_new_port-8782105702521'] for port (0155d051-a4b2-4ee7-8b68-15e57412a70d), after_create {{(pid=103445) _notify_loop /usr/local/lib/python3.8/dist-packages/neutron_lib/callbacks/manager.py:176}}
