Mar 11 18:09:22.204008 dv-cinder-833443-1-iscsi devstack@c-api.service[110319]: DEBUG cinder.quota [None req-c1be0ef4-e10b-49a9-b60b-27d7771ab8ef tempest-VolumeQuotasAdminTestJSON-301859303 tempest-VolumeQuotasAdminTestJSON-301859303-project] Created reservations ['f80eccea-51fb-41a7-819b-793460a93e2d', '85ef2df9-1d89-4688-a26f-b46a3eea5c6a', '263074db-3c2b-4e46-9c31-8795447f82a5', 'b5beb998-dab8-4556-a9b2-c19e3a381510'] {{(pid=110319) reserve /opt/stack/cinder/cinder/quota.py:755}}
Mar 11 18:09:22.312546 dv-cinder-833443-1-iscsi devstack@c-api.service[110319]: DEBUG cinder.quota [None req-c1be0ef4-e10b-49a9-b60b-27d7771ab8ef tempest-VolumeQuotasAdminTestJSON-301859303 tempest-VolumeQuotasAdminTestJSON-301859303-project] Created reservations ['bd451b55-607f-4ae0-bb1b-57ca70011f01', '32c5b2af-44b1-4f80-82ea-7e85a6c3fc9b', 'aab17d8f-6bf2-4db9-9294-1193e37bc8c3', 'bc28b52c-c3b6-4fd7-b9a1-ac9513d1db0f'] {{(pid=110319) reserve /opt/stack/cinder/cinder/quota.py:755}}
Mar 11 18:09:22.336614 dv-cinder-833443-1-iscsi devstack@c-api.service[110318]: DEBUG cinder.api.middleware.request_id [None req-946d6a36-2a7a-42f8-869e-18508dea08e3 None None] RequestId filter calling following filter/app {{(pid=110318) _context_setter /opt/stack/cinder/cinder/api/middleware/request_id.py:62}}
Mar 11 18:09:22.348129 dv-cinder-833443-1-iscsi devstack@c-api.service[110319]: INFO cinder.volume.api [None req-c1be0ef4-e10b-49a9-b60b-27d7771ab8ef tempest-VolumeQuotasAdminTestJSON-301859303 tempest-VolumeQuotasAdminTestJSON-301859303-project] Transfer volume completed successfully.
Mar 11 18:09:22.690261 dv-cinder-833443-1-iscsi devstack@c-api.service[110318]: INFO cinder.api.openstack.wsgi [None req-946d6a36-2a7a-42f8-869e-18508dea08e3 tempest-GroupsV314Test-1039616494 tempest-GroupsV314Test-1039616494-project-admin] POST http://10.222.0.105/volume/v3/583b8f43dba340f29de05c59efc748c2/types
Mar 11 18:09:22.691953 dv-cinder-833443-1-iscsi devstack@c-api.service[110318]: DEBUG cinder.api.openstack.wsgi [None req-946d6a36-2a7a-42f8-869e-18508dea08e3 tempest-GroupsV314Test-1039616494 tempest-GroupsV314Test-1039616494-project-admin] Action: 'create', calling method: _create, body: {"volume_type": {"name": "tempest-GroupsV314Test-volume-type-1857383460"}} {{(pid=110318) _process_stack /opt/stack/cinder/cinder/api/openstack/wsgi.py:866}}
Mar 11 18:09:22.767302 dv-cinder-833443-1-iscsi devstack@c-api.service[110319]: INFO cinder.transfer.api [None req-c1be0ef4-e10b-49a9-b60b-27d7771ab8ef tempest-VolumeQuotasAdminTestJSON-301859303 tempest-VolumeQuotasAdminTestJSON-301859303-project] Volume bd354198-cbbe-4aca-a015-c1b6d0b9b1cb has been transferred.
Mar 11 18:09:22.834359 dv-cinder-833443-1-iscsi devstack@c-api.service[110319]: INFO cinder.api.openstack.wsgi [None req-c1be0ef4-e10b-49a9-b60b-27d7771ab8ef tempest-VolumeQuotasAdminTestJSON-301859303 tempest-VolumeQuotasAdminTestJSON-301859303-project] http://10.222.0.105/volume/v3/6961e502bf9a474f94329005c78c60cb/os-volume-transfer/eb0e2c06-daa7-40d8-bc37-78626f3b22d8/accept returned with HTTP 202
Mar 11 18:09:22.850662 dv-cinder-833443-1-iscsi devstack@c-api.service[110319]: [pid: 110319|app: 0|req: 80/129] 10.222.0.105 () {60 vars in 1404 bytes} [Fri Mar 11 18:09:20 2022] POST /volume/v3/6961e502bf9a474f94329005c78c60cb/os-volume-transfer/eb0e2c06-daa7-40d8-bc37-78626f3b22d8/accept => generated 433 bytes in 2237 msecs (HTTP/1.1 202) 7 headers in 291 bytes (1 switches on core 0)
Mar 11 18:09:22.859567 dv-cinder-833443-1-iscsi devstack@c-api.service[110318]: INFO cinder.api.openstack.wsgi [None req-946d6a36-2a7a-42f8-869e-18508dea08e3 tempest-GroupsV314Test-1039616494 tempest-GroupsV314Test-1039616494-project-admin] http://10.222.0.105/volume/v3/583b8f43dba340f29de05c59efc748c2/types returned with HTTP 200
Mar 11 18:09:22.860040 dv-cinder-833443-1-iscsi devstack@c-api.service[110319]: DEBUG cinder.api.middleware.request_id [None req-be460a6b-df50-4bd1-aeef-2a42b7c7c4e9 None None] RequestId filter calling following filter/app {{(pid=110319) _context_setter /opt/stack/cinder/cinder/api/middleware/request_id.py:62}}
Mar 11 18:09:22.877655 dv-cinder-833443-1-iscsi devstack@c-api.service[110319]: INFO cinder.api.openstack.wsgi [None req-be460a6b-df50-4bd1-aeef-2a42b7c7c4e9 tempest-VolumeQuotasAdminTestJSON-301859303 tempest-VolumeQuotasAdminTestJSON-301859303-project] GET http://10.222.0.105/volume/v3/6961e502bf9a474f94329005c78c60cb/volumes/bd354198-cbbe-4aca-a015-c1b6d0b9b1cb
Mar 11 18:09:22.879658 dv-cinder-833443-1-iscsi devstack@c-api.service[110318]: [pid: 110318|app: 0|req: 50/130] 10.222.0.105 () {60 vars in 1233 bytes} [Fri Mar 11 18:09:22 2022] POST /volume/v3/583b8f43dba340f29de05c59efc748c2/types => generated 220 bytes in 542 msecs (HTTP/1.1 200) 7 headers in 285 bytes (1 switches on core 0)
Mar 11 18:09:22.883488 dv-cinder-833443-1-iscsi devstack@c-api.service[110319]: DEBUG cinder.api.openstack.wsgi [None req-be460a6b-df50-4bd1-aeef-2a42b7c7c4e9 tempest-VolumeQuotasAdminTestJSON-301859303 tempest-VolumeQuotasAdminTestJSON-301859303-project] Empty body provided in request {{(pid=110319) get_body /opt/stack/cinder/cinder/api/openstack/wsgi.py:715}}
Mar 11 18:09:22.885459 dv-cinder-833443-1-iscsi devstack@c-api.service[110319]: DEBUG cinder.api.openstack.wsgi [None req-be460a6b-df50-4bd1-aeef-2a42b7c7c4e9 tempest-VolumeQuotasAdminTestJSON-301859303 tempest-VolumeQuotasAdminTestJSON-301859303-project] Calling method 'show' {{(pid=110319) _process_stack /opt/stack/cinder/cinder/api/openstack/wsgi.py:868}}
Mar 11 18:09:22.890878 dv-cinder-833443-1-iscsi devstack@c-api.service[110318]: DEBUG cinder.api.middleware.request_id [None req-3fbdc58f-a738-410a-a090-b09888ba580c None None] RequestId filter calling following filter/app {{(pid=110318) _context_setter /opt/stack/cinder/cinder/api/middleware/request_id.py:62}}
Mar 11 18:09:22.905819 dv-cinder-833443-1-iscsi devstack@c-api.service[110318]: INFO cinder.api.openstack.wsgi [None req-3fbdc58f-a738-410a-a090-b09888ba580c tempest-GroupsV314Test-1039616494 tempest-GroupsV314Test-1039616494-project-admin] POST http://10.222.0.105/volume/v3/583b8f43dba340f29de05c59efc748c2/group_types
Mar 11 18:09:22.906770 dv-cinder-833443-1-iscsi devstack@c-api.service[110318]: DEBUG cinder.api.openstack.wsgi [None req-3fbdc58f-a738-410a-a090-b09888ba580c tempest-GroupsV314Test-1039616494 tempest-GroupsV314Test-1039616494-project-admin] Action: 'create', calling method: version_select, body: {"group_type": {"name": "tempest-GroupsV314Test-group-type-790589935"}} {{(pid=110318) _process_stack /opt/stack/cinder/cinder/api/openstack/wsgi.py:866}}
Mar 11 18:09:22.940037 dv-cinder-833443-1-iscsi devstack@c-api.service[110319]: /usr/local/lib/python3.8/dist-packages/oslo_context/context.py:100: DeprecationWarning: Policy enforcement is depending on the value of is_admin. This key is deprecated. Please update your policy file to use the standard policy values.
Mar 11 18:09:22.940037 dv-cinder-833443-1-iscsi devstack@c-api.service[110319]: warnings.warn('Policy enforcement is depending on the value of '
Mar 11 18:09:22.953727 dv-cinder-833443-1-iscsi devstack@c-api.service[110318]: INFO cinder.api.openstack.wsgi [None req-3fbdc58f-a738-410a-a090-b09888ba580c tempest-GroupsV314Test-1039616494 tempest-GroupsV314Test-1039616494-project-admin] http://10.222.0.105/volume/v3/583b8f43dba340f29de05c59efc748c2/group_types returned with HTTP 202
Mar 11 18:09:22.954456 dv-cinder-833443-1-iscsi devstack@c-api.service[110318]: [pid: 110318|app: 0|req: 51/131] 10.222.0.105 () {62 vars in 1292 bytes} [Fri Mar 11 18:09:22 2022] POST /volume/v3/583b8f43dba340f29de05c59efc748c2/group_types => generated 176 bytes in 74 msecs (HTTP/1.1 202) 7 headers in 292 bytes (1 switches on core 0)
Mar 11 18:09:22.962443 dv-cinder-833443-1-iscsi devstack@c-api.service[110318]: DEBUG cinder.api.middleware.request_id [None req-2cbf333c-4352-403b-9986-7e2a152d3640 None None] RequestId filter calling following filter/app {{(pid=110318) _context_setter /opt/stack/cinder/cinder/api/middleware/request_id.py:62}}
Mar 11 18:09:22.971201 dv-cinder-833443-1-iscsi devstack@c-api.service[110319]: INFO cinder.volume.api [None req-be460a6b-df50-4bd1-aeef-2a42b7c7c4e9 tempest-VolumeQuotasAdminTestJSON-301859303 tempest-VolumeQuotasAdminTestJSON-301859303-project] Volume info retrieved successfully.
Mar 11 18:09:23.027382 dv-cinder-833443-1-iscsi devstack@c-api.service[110319]: INFO cinder.api.openstack.wsgi [None req-be460a6b-df50-4bd1-aeef-2a42b7c7c4e9 tempest-VolumeQuotasAdminTestJSON-301859303 tempest-VolumeQuotasAdminTestJSON-301859303-project] http://10.222.0.105/volume/v3/6961e502bf9a474f94329005c78c60cb/volumes/bd354198-cbbe-4aca-a015-c1b6d0b9b1cb returned with HTTP 200
Mar 11 18:09:23.043882 dv-cinder-833443-1-iscsi devstack@c-api.service[110319]: [pid: 110319|app: 0|req: 81/132] 10.222.0.105 () {58 vars in 1329 bytes} [Fri Mar 11 18:09:22 2022] GET /volume/v3/6961e502bf9a474f94329005c78c60cb/volumes/bd354198-cbbe-4aca-a015-c1b6d0b9b1cb => generated 920 bytes in 181 msecs (HTTP/1.1 200) 7 headers in 285 bytes (1 switches on core 0)
Mar 11 18:09:23.045855 dv-cinder-833443-1-iscsi devstack@c-api.service[110319]: DEBUG cinder.api.middleware.request_id [None req-7f478826-64c5-4ff4-8538-ee14ce078cee None None] RequestId filter calling following filter/app {{(pid=110319) _context_setter /opt/stack/cinder/cinder/api/middleware/request_id.py:62}}
Mar 11 18:09:23.052491 dv-cinder-833443-1-iscsi devstack@c-api.service[110319]: INFO cinder.api.openstack.wsgi [None req-7f478826-64c5-4ff4-8538-ee14ce078cee tempest-VolumeQuotasAdminTestJSON-1364125808 tempest-VolumeQuotasAdminTestJSON-1364125808-project-admin] GET http://10.222.0.105/volume/v3/7cf844da8e6745879a4adad968e90b53/os-quota-sets/97631f86bb1946138ebc6f59f80b54e8?usage=True
Mar 11 18:09:23.053023 dv-cinder-833443-1-iscsi devstack@c-api.service[110319]: DEBUG cinder.api.openstack.wsgi [None req-7f478826-64c5-4ff4-8538-ee14ce078cee tempest-VolumeQuotasAdminTestJSON-1364125808 tempest-VolumeQuotasAdminTestJSON-1364125808-project-admin] Empty body provided in request {{(pid=110319) get_body /opt/stack/cinder/cinder/api/openstack/wsgi.py:715}}
Mar 11 18:09:23.053463 dv-cinder-833443-1-iscsi devstack@c-api.service[110319]: DEBUG cinder.api.openstack.wsgi [None req-7f478826-64c5-4ff4-8538-ee14ce078cee tempest-VolumeQuotasAdminTestJSON-1364125808 tempest-VolumeQuotasAdminTestJSON-1364125808-project-admin] Calling method 'show' {{(pid=110319) _process_stack /opt/stack/cinder/cinder/api/openstack/wsgi.py:868}}
Mar 11 18:09:23.134103 dv-cinder-833443-1-iscsi devstack@c-api.service[110319]: WARNING cinder.quota [None req-7f478826-64c5-4ff4-8538-ee14ce078cee tempest-VolumeQuotasAdminTestJSON-1364125808 tempest-VolumeQuotasAdminTestJSON-1364125808-project-admin] Deprecated: Default quota for resource: volumes_tempest-GroupsV314Test-volume-type-1857383460 is set by the default quota flag: quota_volumes_tempest-GroupsV314Test-volume-type-1857383460, it is now deprecated. Please use the default quota class for default quota.
Mar 11 18:09:23.136008 dv-cinder-833443-1-iscsi devstack@c-api.service[110319]: WARNING cinder.quota [None req-7f478826-64c5-4ff4-8538-ee14ce078cee tempest-VolumeQuotasAdminTestJSON-1364125808 tempest-VolumeQuotasAdminTestJSON-1364125808-project-admin] Deprecated: Default quota for resource: gigabytes_tempest-GroupsV314Test-volume-type-1857383460 is set by the default quota flag: quota_gigabytes_tempest-GroupsV314Test-volume-type-1857383460, it is now deprecated. Please use the default quota class for default quota.
Mar 11 18:09:23.137014 dv-cinder-833443-1-iscsi devstack@c-api.service[110319]: WARNING cinder.quota [None req-7f478826-64c5-4ff4-8538-ee14ce078cee tempest-VolumeQuotasAdminTestJSON-1364125808 tempest-VolumeQuotasAdminTestJSON-1364125808-project-admin] Deprecated: Default quota for resource: snapshots_tempest-GroupsV314Test-volume-type-1857383460 is set by the default quota flag: quota_snapshots_tempest-GroupsV314Test-volume-type-1857383460, it is now deprecated. Please use the default quota class for default quota.
Mar 11 18:09:23.184836 dv-cinder-833443-1-iscsi devstack@c-api.service[110319]: INFO cinder.api.openstack.wsgi [None req-7f478826-64c5-4ff4-8538-ee14ce078cee tempest-VolumeQuotasAdminTestJSON-1364125808 tempest-VolumeQuotasAdminTestJSON-1364125808-project-admin] http://10.222.0.105/volume/v3/7cf844da8e6745879a4adad968e90b53/os-quota-sets/97631f86bb1946138ebc6f59f80b54e8?usage=True returned with HTTP 200
Mar 11 18:09:23.199121 dv-cinder-833443-1-iscsi devstack@c-api.service[110319]: [pid: 110319|app: 0|req: 82/133] 10.222.0.105 () {58 vars in 1356 bytes} [Fri Mar 11 18:09:23 2022] GET /volume/v3/7cf844da8e6745879a4adad968e90b53/os-quota-sets/97631f86bb1946138ebc6f59f80b54e8?usage=True => generated 1172 bytes in 149 msecs (HTTP/1.1 200) 7 headers in 286 bytes (1 switches on core 0)
Mar 11 18:09:23.201324 dv-cinder-833443-1-iscsi devstack@c-api.service[110319]: DEBUG cinder.api.middleware.request_id [None req-b14401f1-3682-487b-9587-284df36f503b None None] RequestId filter calling following filter/app {{(pid=110319) _context_setter /opt/stack/cinder/cinder/api/middleware/request_id.py:62}}
Mar 11 18:09:23.207057 dv-cinder-833443-1-iscsi devstack@c-api.service[110319]: INFO cinder.api.openstack.wsgi [None req-b14401f1-3682-487b-9587-284df36f503b tempest-VolumeQuotasAdminTestJSON-1364125808 tempest-VolumeQuotasAdminTestJSON-1364125808-project-admin] GET http://10.222.0.105/volume/v3/7cf844da8e6745879a4adad968e90b53/os-quota-sets/6961e502bf9a474f94329005c78c60cb?usage=True
Mar 11 18:09:23.219278 dv-cinder-833443-1-iscsi devstack@c-api.service[110319]: DEBUG cinder.api.openstack.wsgi [None req-b14401f1-3682-487b-9587-284df36f503b tempest-VolumeQuotasAdminTestJSON-1364125808 tempest-VolumeQuotasAdminTestJSON-1364125808-project-admin] Empty body provided in request {{(pid=110319) get_body /opt/stack/cinder/cinder/api/openstack/wsgi.py:715}}
Mar 11 18:09:23.219808 dv-cinder-833443-1-iscsi devstack@c-api.service[110319]: DEBUG cinder.api.openstack.wsgi [None req-b14401f1-3682-487b-9587-284df36f503b tempest-VolumeQuotasAdminTestJSON-1364125808 tempest-VolumeQuotasAdminTestJSON-1364125808-project-admin] Calling method 'show' {{(pid=110319) _process_stack /opt/stack/cinder/cinder/api/openstack/wsgi.py:868}}
Mar 11 18:09:23.311526 dv-cinder-833443-1-iscsi devstack@c-api.service[110319]: INFO cinder.api.openstack.wsgi [None req-b14401f1-3682-487b-9587-284df36f503b tempest-VolumeQuotasAdminTestJSON-1364125808 tempest-VolumeQuotasAdminTestJSON-1364125808-project-admin] http://10.222.0.105/volume/v3/7cf844da8e6745879a4adad968e90b53/os-quota-sets/6961e502bf9a474f94329005c78c60cb?usage=True returned with HTTP 200
Mar 11 18:09:23.316450 dv-cinder-833443-1-iscsi devstack@c-api.service[110319]: [pid: 110319|app: 0|req: 83/134] 10.222.0.105 () {58 vars in 1356 bytes} [Fri Mar 11 18:09:23 2022] GET /volume/v3/7cf844da8e6745879a4adad968e90b53/os-quota-sets/6961e502bf9a474f94329005c78c60cb?usage=True => generated 1172 bytes in 116 msecs (HTTP/1.1 200) 7 headers in 286 bytes (1 switches on core 0)
Mar 11 18:09:23.329829 dv-cinder-833443-1-iscsi devstack@c-api.service[110319]: DEBUG cinder.api.middleware.request_id [None req-2f6a8d4a-79d0-4447-9749-eab4f7b1d7a0 None None] RequestId filter calling following filter/app {{(pid=110319) _context_setter /opt/stack/cinder/cinder/api/middleware/request_id.py:62}}
Mar 11 18:09:23.340811 dv-cinder-833443-1-iscsi devstack@c-api.service[110319]: INFO cinder.api.openstack.wsgi [None req-2f6a8d4a-79d0-4447-9749-eab4f7b1d7a0 tempest-VolumeQuotasAdminTestJSON-1364125808 tempest-VolumeQuotasAdminTestJSON-1364125808-project-admin] DELETE http://10.222.0.105/volume/v3/7cf844da8e6745879a4adad968e90b53/volumes/bd354198-cbbe-4aca-a015-c1b6d0b9b1cb
Mar 11 18:09:23.341290 dv-cinder-833443-1-iscsi devstack@c-api.service[110319]: DEBUG cinder.api.openstack.wsgi [None req-2f6a8d4a-79d0-4447-9749-eab4f7b1d7a0 tempest-VolumeQuotasAdminTestJSON-1364125808 tempest-VolumeQuotasAdminTestJSON-1364125808-project-admin] Empty body provided in request {{(pid=110319) get_body /opt/stack/cinder/cinder/api/openstack/wsgi.py:715}}
Mar 11 18:09:23.347716 dv-cinder-833443-1-iscsi devstack@c-api.service[110319]: DEBUG cinder.api.openstack.wsgi [None req-2f6a8d4a-79d0-4447-9749-eab4f7b1d7a0 tempest-VolumeQuotasAdminTestJSON-1364125808 tempest-VolumeQuotasAdminTestJSON-1364125808-project-admin] Calling method 'delete' {{(pid=110319) _process_stack /opt/stack/cinder/cinder/api/openstack/wsgi.py:868}}
Mar 11 18:09:23.348305 dv-cinder-833443-1-iscsi devstack@c-api.service[110319]: INFO cinder.api.v3.volumes [None req-2f6a8d4a-79d0-4447-9749-eab4f7b1d7a0 tempest-VolumeQuotasAdminTestJSON-1364125808 tempest-VolumeQuotasAdminTestJSON-1364125808-project-admin] Delete volume with id: bd354198-cbbe-4aca-a015-c1b6d0b9b1cb
Mar 11 18:09:23.383870 dv-cinder-833443-1-iscsi devstack@c-api.service[110319]: /usr/local/lib/python3.8/dist-packages/oslo_context/context.py:100: DeprecationWarning: Policy enforcement is depending on the value of is_admin. This key is deprecated. Please update your policy file to use the standard policy values.
Mar 11 18:09:23.383870 dv-cinder-833443-1-iscsi devstack@c-api.service[110319]: warnings.warn('Policy enforcement is depending on the value of '
Mar 11 18:09:23.392166 dv-cinder-833443-1-iscsi devstack@c-api.service[110319]: INFO cinder.volume.api [None req-2f6a8d4a-79d0-4447-9749-eab4f7b1d7a0 tempest-VolumeQuotasAdminTestJSON-1364125808 tempest-VolumeQuotasAdminTestJSON-1364125808-project-admin] Volume info retrieved successfully.
Mar 11 18:09:23.439383 dv-cinder-833443-1-iscsi devstack@c-api.service[110319]: INFO cinder.volume.api [None req-2f6a8d4a-79d0-4447-9749-eab4f7b1d7a0 tempest-VolumeQuotasAdminTestJSON-1364125808 tempest-VolumeQuotasAdminTestJSON-1364125808-project-admin] Delete volume request issued successfully.
Mar 11 18:09:23.439823 dv-cinder-833443-1-iscsi devstack@c-api.service[110319]: INFO cinder.api.openstack.wsgi [None req-2f6a8d4a-79d0-4447-9749-eab4f7b1d7a0 tempest-VolumeQuotasAdminTestJSON-1364125808 tempest-VolumeQuotasAdminTestJSON-1364125808-project-admin] http://10.222.0.105/volume/v3/7cf844da8e6745879a4adad968e90b53/volumes/bd354198-cbbe-4aca-a015-c1b6d0b9b1cb returned with HTTP 202
Mar 11 18:09:23.444755 dv-cinder-833443-1-iscsi devstack@c-api.service[110319]: [pid: 110319|app: 0|req: 84/135] 10.222.0.105 () {58 vars in 1332 bytes} [Fri Mar 11 18:09:23 2022] DELETE /volume/v3/7cf844da8e6745879a4adad968e90b53/volumes/bd354198-cbbe-4aca-a015-c1b6d0b9b1cb => generated 0 bytes in 117 msecs (HTTP/1.1 202) 6 headers in 233 bytes (1 switches on core 0)
Mar 11 18:09:23.446260 dv-cinder-833443-1-iscsi devstack@c-api.service[110319]: DEBUG cinder.api.middleware.request_id [None req-98217edb-3b6c-4c47-826d-130f6452b44c None None] RequestId filter calling following filter/app {{(pid=110319) _context_setter /opt/stack/cinder/cinder/api/middleware/request_id.py:62}}
Mar 11 18:09:23.452915 dv-cinder-833443-1-iscsi devstack@c-api.service[110319]: INFO cinder.api.openstack.wsgi [None req-98217edb-3b6c-4c47-826d-130f6452b44c tempest-VolumeQuotasAdminTestJSON-1364125808 tempest-VolumeQuotasAdminTestJSON-1364125808-project-admin] GET http://10.222.0.105/volume/v3/7cf844da8e6745879a4adad968e90b53/volumes/bd354198-cbbe-4aca-a015-c1b6d0b9b1cb
Mar 11 18:09:23.454341 dv-cinder-833443-1-iscsi devstack@c-api.service[110319]: DEBUG cinder.api.openstack.wsgi [None req-98217edb-3b6c-4c47-826d-130f6452b44c tempest-VolumeQuotasAdminTestJSON-1364125808 tempest-VolumeQuotasAdminTestJSON-1364125808-project-admin] Empty body provided in request {{(pid=110319) get_body /opt/stack/cinder/cinder/api/openstack/wsgi.py:715}}
Mar 11 18:09:23.455192 dv-cinder-833443-1-iscsi devstack@c-api.service[110319]: DEBUG cinder.api.openstack.wsgi [None req-98217edb-3b6c-4c47-826d-130f6452b44c tempest-VolumeQuotasAdminTestJSON-1364125808 tempest-VolumeQuotasAdminTestJSON-1364125808-project-admin] Calling method 'show' {{(pid=110319) _process_stack /opt/stack/cinder/cinder/api/openstack/wsgi.py:868}}
Mar 11 18:09:23.480152 dv-cinder-833443-1-iscsi devstack@c-api.service[110319]: /usr/local/lib/python3.8/dist-packages/oslo_context/context.py:100: DeprecationWarning: Policy enforcement is depending on the value of is_admin. This key is deprecated. Please update your policy file to use the standard policy values.
Mar 11 18:09:23.480152 dv-cinder-833443-1-iscsi devstack@c-api.service[110319]: warnings.warn('Policy enforcement is depending on the value of '
Mar 11 18:09:23.489871 dv-cinder-833443-1-iscsi devstack@c-api.service[110319]: INFO cinder.volume.api [None req-98217edb-3b6c-4c47-826d-130f6452b44c tempest-VolumeQuotasAdminTestJSON-1364125808 tempest-VolumeQuotasAdminTestJSON-1364125808-project-admin] Volume info retrieved successfully.
Mar 11 18:09:23.500418 dv-cinder-833443-1-iscsi devstack@c-api.service[110319]: INFO cinder.api.openstack.wsgi [None req-98217edb-3b6c-4c47-826d-130f6452b44c tempest-VolumeQuotasAdminTestJSON-1364125808 tempest-VolumeQuotasAdminTestJSON-1364125808-project-admin] http://10.222.0.105/volume/v3/7cf844da8e6745879a4adad968e90b53/volumes/bd354198-cbbe-4aca-a015-c1b6d0b9b1cb returned with HTTP 200
Mar 11 18:09:23.502767 dv-cinder-833443-1-iscsi devstack@c-api.service[110319]: [pid: 110319|app: 0|req: 85/136] 10.222.0.105 () {58 vars in 1329 bytes} [Fri Mar 11 18:09:23 2022] GET /volume/v3/7cf844da8e6745879a4adad968e90b53/volumes/bd354198-cbbe-4aca-a015-c1b6d0b9b1cb => generated 1095 bytes in 57 msecs (HTTP/1.1 200) 7 headers in 286 bytes (1 switches on core 0)
Mar 11 18:09:23.523505 dv-cinder-833443-1-iscsi devstack@c-api.service[110319]: DEBUG cinder.api.middleware.request_id [None req-3b2b5fae-de76-40d6-9f73-cfe0c3ae641a None None] RequestId filter calling following filter/app {{(pid=110319) _context_setter /opt/stack/cinder/cinder/api/middleware/request_id.py:62}}
Mar 11 18:09:23.632465 dv-cinder-833443-1-iscsi devstack@c-api.service[110318]: INFO cinder.api.openstack.wsgi [None req-2cbf333c-4352-403b-9986-7e2a152d3640 tempest-GroupsV314Test-695195912 tempest-GroupsV314Test-695195912-project] POST http://10.222.0.105/volume/v3/82d002276634481b96f5143d8b1f3743/groups
Mar 11 18:09:23.634662 dv-cinder-833443-1-iscsi devstack@c-api.service[110318]: DEBUG cinder.api.openstack.wsgi [None req-2cbf333c-4352-403b-9986-7e2a152d3640 tempest-GroupsV314Test-695195912 tempest-GroupsV314Test-695195912-project] Action: 'create', calling method: version_select, body: {"group": {"group_type": "39f97660-3de4-424a-9ccd-85a905b62961", "volume_types": ["022b1c3a-a165-4a4e-b015-32661b527d0c"], "name": "tempest-GroupsV314Test-Group-1325186150"}} {{(pid=110318) _process_stack /opt/stack/cinder/cinder/api/openstack/wsgi.py:866}}
Mar 11 18:09:23.635806 dv-cinder-833443-1-iscsi devstack@c-api.service[110318]: DEBUG cinder.api.v3.groups [None req-2cbf333c-4352-403b-9986-7e2a152d3640 tempest-GroupsV314Test-695195912 tempest-GroupsV314Test-695195912-project] Creating new group {'group': {'group_type': '39f97660-3de4-424a-9ccd-85a905b62961', 'volume_types': ['022b1c3a-a165-4a4e-b015-32661b527d0c'], 'name': 'tempest-GroupsV314Test-Group-1325186150'}} {{(pid=110318) create /opt/stack/cinder/cinder/api/v3/groups.py:190}}
Mar 11 18:09:23.667283 dv-cinder-833443-1-iscsi devstack@c-api.service[110318]: INFO cinder.api.v3.groups [None req-2cbf333c-4352-403b-9986-7e2a152d3640 tempest-GroupsV314Test-695195912 tempest-GroupsV314Test-695195912-project] Creating group tempest-GroupsV314Test-Group-1325186150.
Mar 11 18:09:23.748945 dv-cinder-833443-1-iscsi devstack@c-api.service[110318]: DEBUG cinder.volume.api [None req-2cbf333c-4352-403b-9986-7e2a152d3640 tempest-GroupsV314Test-695195912 tempest-GroupsV314Test-695195912-project] Availability zone cache updated, next update will occur around 2022-03-11 19:09:23.748364. {{(pid=110318) list_availability_zones /opt/stack/cinder/cinder/volume/api.py:152}}
Mar 11 18:09:23.749578 dv-cinder-833443-1-iscsi devstack@c-api.service[110318]: INFO cinder.volume.api [None req-2cbf333c-4352-403b-9986-7e2a152d3640 tempest-GroupsV314Test-695195912 tempest-GroupsV314Test-695195912-project] Availability Zones retrieved successfully.
Mar 11 18:09:23.807127 dv-cinder-833443-1-iscsi devstack@c-api.service[110319]: INFO cinder.api.openstack.wsgi [None req-3b2b5fae-de76-40d6-9f73-cfe0c3ae641a tempest-VolumeHostsAdminTestsJSON-442084213 tempest-VolumeHostsAdminTestsJSON-442084213-project-admin] GET http://10.222.0.105/volume/v3/a575a916d52f4881b4ad3f4314e66067/os-hosts
Mar 11 18:09:23.807727 dv-cinder-833443-1-iscsi devstack@c-api.service[110319]: DEBUG cinder.api.openstack.wsgi [None req-3b2b5fae-de76-40d6-9f73-cfe0c3ae641a tempest-VolumeHostsAdminTestsJSON-442084213 tempest-VolumeHostsAdminTestsJSON-442084213-project-admin] Empty body provided in request {{(pid=110319) get_body /opt/stack/cinder/cinder/api/openstack/wsgi.py:715}}
Mar 11 18:09:23.808210 dv-cinder-833443-1-iscsi devstack@c-api.service[110319]: DEBUG cinder.api.openstack.wsgi [None req-3b2b5fae-de76-40d6-9f73-cfe0c3ae641a tempest-VolumeHostsAdminTestsJSON-442084213 tempest-VolumeHostsAdminTestsJSON-442084213-project-admin] Calling method 'index' {{(pid=110319) _process_stack /opt/stack/cinder/cinder/api/openstack/wsgi.py:868}}
Mar 11 18:09:23.831301 dv-cinder-833443-1-iscsi devstack@c-api.service[110318]: DEBUG cinder.quota [None req-2cbf333c-4352-403b-9986-7e2a152d3640 tempest-GroupsV314Test-695195912 tempest-GroupsV314Test-695195912-project] Created reservations ['dbccba93-4e6a-40b4-95f9-1e117b89d921'] {{(pid=110318) reserve /opt/stack/cinder/cinder/quota.py:755}}
Mar 11 18:09:23.836924 dv-cinder-833443-1-iscsi devstack@c-api.service[110319]: DEBUG cinder.api.contrib.hosts [None req-3b2b5fae-de76-40d6-9f73-cfe0c3ae641a tempest-VolumeHostsAdminTestsJSON-442084213 tempest-VolumeHostsAdminTestsJSON-442084213-project-admin] status, active and update: available, enabled, 2022-03-11 18:09:23+00:00 {{(pid=110319) _list_hosts /opt/stack/cinder/cinder/api/contrib/hosts.py:59}}
Mar 11 18:09:23.838142 dv-cinder-833443-1-iscsi devstack@c-api.service[110319]: DEBUG cinder.api.contrib.hosts [None req-3b2b5fae-de76-40d6-9f73-cfe0c3ae641a tempest-VolumeHostsAdminTestsJSON-442084213 tempest-VolumeHostsAdminTestsJSON-442084213-project-admin] status, active and update: available, enabled, 2022-03-11 18:09:21+00:00 {{(pid=110319) _list_hosts /opt/stack/cinder/cinder/api/contrib/hosts.py:59}}
Mar 11 18:09:23.840181 dv-cinder-833443-1-iscsi devstack@c-api.service[110319]: DEBUG cinder.api.contrib.hosts [None req-3b2b5fae-de76-40d6-9f73-cfe0c3ae641a tempest-VolumeHostsAdminTestsJSON-442084213 tempest-VolumeHostsAdminTestsJSON-442084213-project-admin] status, active and update: available, enabled, 2022-03-11 18:09:21+00:00 {{(pid=110319) _list_hosts /opt/stack/cinder/cinder/api/contrib/hosts.py:59}}
Mar 11 18:09:23.840876 dv-cinder-833443-1-iscsi devstack@c-api.service[110319]: INFO cinder.api.openstack.wsgi [None req-3b2b5fae-de76-40d6-9f73-cfe0c3ae641a tempest-VolumeHostsAdminTestsJSON-442084213 tempest-VolumeHostsAdminTestsJSON-442084213-project-admin] http://10.222.0.105/volume/v3/a575a916d52f4881b4ad3f4314e66067/os-hosts returned with HTTP 200
Mar 11 18:09:23.841620 dv-cinder-833443-1-iscsi devstack@c-api.service[110319]: [pid: 110319|app: 0|req: 86/137] 10.222.0.105 () {58 vars in 1221 bytes} [Fri Mar 11 18:09:23 2022] GET /volume/v3/a575a916d52f4881b4ad3f4314e66067/os-hosts => generated 576 bytes in 320 msecs (HTTP/1.1 200) 7 headers in 285 bytes (1 switches on core 0)
Mar 11 18:09:23.928330 dv-cinder-833443-1-iscsi devstack@c-api.service[110318]: INFO cinder.api.openstack.wsgi [None req-2cbf333c-4352-403b-9986-7e2a152d3640 tempest-GroupsV314Test-695195912 tempest-GroupsV314Test-695195912-project] http://10.222.0.105/volume/v3/82d002276634481b96f5143d8b1f3743/groups returned with HTTP 202
Mar 11 18:09:23.932997 dv-cinder-833443-1-iscsi devstack@c-api.service[110318]: [pid: 110318|app: 0|req: 52/138] 10.222.0.105 () {62 vars in 1278 bytes} [Fri Mar 11 18:09:22 2022] POST /volume/v3/82d002276634481b96f5143d8b1f3743/groups => generated 108 bytes in 972 msecs (HTTP/1.1 202) 7 headers in 292 bytes (1 switches on core 0)
Mar 11 18:09:23.936833 dv-cinder-833443-1-iscsi devstack@c-api.service[110319]: DEBUG cinder.api.middleware.request_id [None req-f82993c2-49b0-4797-9f78-763b37098b40 None None] RequestId filter calling following filter/app {{(pid=110319) _context_setter /opt/stack/cinder/cinder/api/middleware/request_id.py:62}}
Mar 11 18:09:23.941372 dv-cinder-833443-1-iscsi devstack@c-api.service[110319]: INFO cinder.api.openstack.wsgi [None req-f82993c2-49b0-4797-9f78-763b37098b40 tempest-GroupsV314Test-695195912 tempest-GroupsV314Test-695195912-project] GET http://10.222.0.105/volume/v3/82d002276634481b96f5143d8b1f3743/groups/cd1e4254-1af3-479f-bbb8-613b3d98ac0f
Mar 11 18:09:23.942128 dv-cinder-833443-1-iscsi devstack@c-api.service[110319]: DEBUG cinder.api.openstack.wsgi [None req-f82993c2-49b0-4797-9f78-763b37098b40 tempest-GroupsV314Test-695195912 tempest-GroupsV314Test-695195912-project] Empty body provided in request {{(pid=110319) get_body /opt/stack/cinder/cinder/api/openstack/wsgi.py:715}}
Mar 11 18:09:23.942979 dv-cinder-833443-1-iscsi devstack@c-api.service[110319]: DEBUG cinder.api.openstack.wsgi [None req-f82993c2-49b0-4797-9f78-763b37098b40 tempest-GroupsV314Test-695195912 tempest-GroupsV314Test-695195912-project] Calling method 'version_select' {{(pid=110319) _process_stack /opt/stack/cinder/cinder/api/openstack/wsgi.py:868}}
Mar 11 18:09:23.943527 dv-cinder-833443-1-iscsi devstack@c-api.service[110319]: DEBUG cinder.api.v3.groups [None req-f82993c2-49b0-4797-9f78-763b37098b40 tempest-GroupsV314Test-695195912 tempest-GroupsV314Test-695195912-project] show called for member cd1e4254-1af3-479f-bbb8-613b3d98ac0f {{(pid=110319) show /opt/stack/cinder/cinder/api/v3/groups.py:58}}
Mar 11 18:09:23.951697 dv-cinder-833443-1-iscsi devstack@c-api.service[110319]: /usr/local/lib/python3.8/dist-packages/oslo_context/context.py:100: DeprecationWarning: Policy enforcement is depending on the value of is_admin. This key is deprecated. Please update your policy file to use the standard policy values.
Mar 11 18:09:23.951697 dv-cinder-833443-1-iscsi devstack@c-api.service[110319]: warnings.warn('Policy enforcement is depending on the value of '
Mar 11 18:09:23.975975 dv-cinder-833443-1-iscsi devstack@c-api.service[110319]: INFO cinder.api.openstack.wsgi [None req-f82993c2-49b0-4797-9f78-763b37098b40 tempest-GroupsV314Test-695195912 tempest-GroupsV314Test-695195912-project] http://10.222.0.105/volume/v3/82d002276634481b96f5143d8b1f3743/groups/cd1e4254-1af3-479f-bbb8-613b3d98ac0f returned with HTTP 200
Mar 11 18:09:23.978073 dv-cinder-833443-1-iscsi devstack@c-api.service[110319]: [pid: 110319|app: 0|req: 87/139] 10.222.0.105 () {60 vars in 1367 bytes} [Fri Mar 11 18:09:23 2022] GET /volume/v3/82d002276634481b96f5143d8b1f3743/groups/cd1e4254-1af3-479f-bbb8-613b3d98ac0f => generated 388 bytes in 43 msecs (HTTP/1.1 200) 7 headers in 286 bytes (1 switches on core 0)
Mar 11 18:09:24.515181 dv-cinder-833443-1-iscsi devstack@c-api.service[110318]: DEBUG cinder.api.middleware.request_id [None req-78b526ab-9298-4451-821a-589c22a2e956 None None] RequestId filter calling following filter/app {{(pid=110318) _context_setter /opt/stack/cinder/cinder/api/middleware/request_id.py:62}}
Mar 11 18:09:24.519368 dv-cinder-833443-1-iscsi devstack@c-api.service[110318]: INFO cinder.api.openstack.wsgi [None req-78b526ab-9298-4451-821a-589c22a2e956 tempest-VolumeQuotasAdminTestJSON-1364125808 tempest-VolumeQuotasAdminTestJSON-1364125808-project-admin] GET http://10.222.0.105/volume/v3/7cf844da8e6745879a4adad968e90b53/volumes/bd354198-cbbe-4aca-a015-c1b6d0b9b1cb
Mar 11 18:09:24.520073 dv-cinder-833443-1-iscsi devstack@c-api.service[110318]: DEBUG cinder.api.openstack.wsgi [None req-78b526ab-9298-4451-821a-589c22a2e956 tempest-VolumeQuotasAdminTestJSON-1364125808 tempest-VolumeQuotasAdminTestJSON-1364125808-project-admin] Empty body provided in request {{(pid=110318) get_body /opt/stack/cinder/cinder/api/openstack/wsgi.py:715}}
Mar 11 18:09:24.520682 dv-cinder-833443-1-iscsi devstack@c-api.service[110318]: DEBUG cinder.api.openstack.wsgi [None req-78b526ab-9298-4451-821a-589c22a2e956 tempest-VolumeQuotasAdminTestJSON-1364125808 tempest-VolumeQuotasAdminTestJSON-1364125808-project-admin] Calling method 'show' {{(pid=110318) _process_stack /opt/stack/cinder/cinder/api/openstack/wsgi.py:868}}
Mar 11 18:09:24.616917 dv-cinder-833443-1-iscsi devstack@c-api.service[110318]: INFO cinder.api.openstack.wsgi [None req-78b526ab-9298-4451-821a-589c22a2e956 tempest-VolumeQuotasAdminTestJSON-1364125808 tempest-VolumeQuotasAdminTestJSON-1364125808-project-admin] http://10.222.0.105/volume/v3/7cf844da8e6745879a4adad968e90b53/volumes/bd354198-cbbe-4aca-a015-c1b6d0b9b1cb returned with HTTP 404
Mar 11 18:09:24.626072 dv-cinder-833443-1-iscsi devstack@c-api.service[110318]: [pid: 110318|app: 0|req: 53/140] 10.222.0.105 () {58 vars in 1329 bytes} [Fri Mar 11 18:09:24 2022] GET /volume/v3/7cf844da8e6745879a4adad968e90b53/volumes/bd354198-cbbe-4aca-a015-c1b6d0b9b1cb => generated 109 bytes in 111 msecs (HTTP/1.1 404) 7 headers in 292 bytes (1 switches on core 0)
Mar 11 18:09:24.626381 dv-cinder-833443-1-iscsi devstack@c-api.service[110319]: DEBUG cinder.api.middleware.request_id [None req-88a7ed77-7c8c-4df2-b40f-78ce575e9315 None None] RequestId filter calling following filter/app {{(pid=110319) _context_setter /opt/stack/cinder/cinder/api/middleware/request_id.py:62}}
Mar 11 18:09:24.634767 dv-cinder-833443-1-iscsi devstack@c-api.service[110319]: INFO cinder.api.openstack.wsgi [None req-88a7ed77-7c8c-4df2-b40f-78ce575e9315 tempest-VolumeQuotasAdminTestJSON-1364125808 tempest-VolumeQuotasAdminTestJSON-1364125808-project-admin] GET http://10.222.0.105/volume/v3/7cf844da8e6745879a4adad968e90b53/os-quota-sets/7cf844da8e6745879a4adad968e90b53?usage=True
Mar 11 18:09:24.635945 dv-cinder-833443-1-iscsi devstack@c-api.service[110319]: DEBUG cinder.api.openstack.wsgi [None req-88a7ed77-7c8c-4df2-b40f-78ce575e9315 tempest-VolumeQuotasAdminTestJSON-1364125808 tempest-VolumeQuotasAdminTestJSON-1364125808-project-admin] Empty body provided in request {{(pid=110319) get_body /opt/stack/cinder/cinder/api/openstack/wsgi.py:715}}
Mar 11 18:09:24.636668 dv-cinder-833443-1-iscsi devstack@c-api.service[110319]: DEBUG cinder.api.openstack.wsgi [None req-88a7ed77-7c8c-4df2-b40f-78ce575e9315 tempest-VolumeQuotasAdminTestJSON-1364125808 tempest-VolumeQuotasAdminTestJSON-1364125808-project-admin] Calling method 'show' {{(pid=110319) _process_stack /opt/stack/cinder/cinder/api/openstack/wsgi.py:868}}
Mar 11 18:09:24.637892 dv-cinder-833443-1-iscsi devstack@c-api.service[110319]: /usr/local/lib/python3.8/dist-packages/oslo_context/context.py:100: DeprecationWarning: Policy enforcement is depending on the value of is_admin. This key is deprecated. Please update your policy file to use the standard policy values.
Mar 11 18:09:24.637892 dv-cinder-833443-1-iscsi devstack@c-api.service[110319]: warnings.warn('Policy enforcement is depending on the value of '
Mar 11 18:09:24.759534 dv-cinder-833443-1-iscsi devstack@c-api.service[110319]: INFO cinder.api.openstack.wsgi [None req-88a7ed77-7c8c-4df2-b40f-78ce575e9315 tempest-VolumeQuotasAdminTestJSON-1364125808 tempest-VolumeQuotasAdminTestJSON-1364125808-project-admin] http://10.222.0.105/volume/v3/7cf844da8e6745879a4adad968e90b53/os-quota-sets/7cf844da8e6745879a4adad968e90b53?usage=True returned with HTTP 200
Mar 11 18:09:24.762731 dv-cinder-833443-1-iscsi devstack@c-api.service[110319]: [pid: 110319|app: 0|req: 88/141] 10.222.0.105 () {58 vars in 1356 bytes} [Fri Mar 11 18:09:24 2022] GET /volume/v3/7cf844da8e6745879a4adad968e90b53/os-quota-sets/7cf844da8e6745879a4adad968e90b53?usage=True => generated 1172 bytes in 138 msecs (HTTP/1.1 200) 7 headers in 286 bytes (1 switches on core 0)
Mar 11 18:09:24.774626 dv-cinder-833443-1-iscsi devstack@c-api.service[110318]: DEBUG cinder.api.middleware.request_id [None req-65fb91eb-5be7-4d3a-9892-e6d094aaad2c None None] RequestId filter calling following filter/app {{(pid=110318) _context_setter /opt/stack/cinder/cinder/api/middleware/request_id.py:62}}
Mar 11 18:09:24.779584 dv-cinder-833443-1-iscsi devstack@c-api.service[110318]: INFO cinder.api.openstack.wsgi [None req-65fb91eb-5be7-4d3a-9892-e6d094aaad2c tempest-VolumeQuotasAdminTestJSON-1364125808 tempest-VolumeQuotasAdminTestJSON-1364125808-project-admin] PUT http://10.222.0.105/volume/v3/7cf844da8e6745879a4adad968e90b53/os-quota-sets/97631f86bb1946138ebc6f59f80b54e8
Mar 11 18:09:24.780604 dv-cinder-833443-1-iscsi devstack@c-api.service[110318]: DEBUG cinder.api.openstack.wsgi [None req-65fb91eb-5be7-4d3a-9892-e6d094aaad2c tempest-VolumeQuotasAdminTestJSON-1364125808 tempest-VolumeQuotasAdminTestJSON-1364125808-project-admin] Action: 'update', calling method: update, body: {"quota_set": {"gigabytes": 1009, "volumes": 11, "snapshots": 11, "backups": 11, "backup_gigabytes": 1009, "per_volume_gigabytes": 1009}} {{(pid=110318) _process_stack /opt/stack/cinder/cinder/api/openstack/wsgi.py:866}}
Mar 11 18:09:24.904681 dv-cinder-833443-1-iscsi devstack@c-api.service[110318]: /usr/local/lib/python3.8/dist-packages/oslo_context/context.py:100: DeprecationWarning: Policy enforcement is depending on the value of is_admin. This key is deprecated. Please update your policy file to use the standard policy values.
Mar 11 18:09:24.904681 dv-cinder-833443-1-iscsi devstack@c-api.service[110318]: warnings.warn('Policy enforcement is depending on the value of '
Mar 11 18:09:24.988007 dv-cinder-833443-1-iscsi devstack@c-api.service[110319]: DEBUG cinder.api.middleware.request_id [None req-b581abce-d03c-4f7d-be4d-6c6483a4697d None None] RequestId filter calling following filter/app {{(pid=110319) _context_setter /opt/stack/cinder/cinder/api/middleware/request_id.py:62}}
Mar 11 18:09:24.993769 dv-cinder-833443-1-iscsi devstack@c-api.service[110319]: INFO cinder.api.openstack.wsgi [None req-b581abce-d03c-4f7d-be4d-6c6483a4697d tempest-GroupsV314Test-695195912 tempest-GroupsV314Test-695195912-project] GET http://10.222.0.105/volume/v3/82d002276634481b96f5143d8b1f3743/groups/cd1e4254-1af3-479f-bbb8-613b3d98ac0f
Mar 11 18:09:24.995566 dv-cinder-833443-1-iscsi devstack@c-api.service[110319]: DEBUG cinder.api.openstack.wsgi [None req-b581abce-d03c-4f7d-be4d-6c6483a4697d tempest-GroupsV314Test-695195912 tempest-GroupsV314Test-695195912-project] Empty body provided in request {{(pid=110319) get_body /opt/stack/cinder/cinder/api/openstack/wsgi.py:715}}
Mar 11 18:09:24.996810 dv-cinder-833443-1-iscsi devstack@c-api.service[110319]: DEBUG cinder.api.openstack.wsgi [None req-b581abce-d03c-4f7d-be4d-6c6483a4697d tempest-GroupsV314Test-695195912 tempest-GroupsV314Test-695195912-project] Calling method 'version_select' {{(pid=110319) _process_stack /opt/stack/cinder/cinder/api/openstack/wsgi.py:868}}
Mar 11 18:09:24.997731 dv-cinder-833443-1-iscsi devstack@c-api.service[110319]: DEBUG cinder.api.v3.groups [None req-b581abce-d03c-4f7d-be4d-6c6483a4697d tempest-GroupsV314Test-695195912 tempest-GroupsV314Test-695195912-project] show called for member cd1e4254-1af3-479f-bbb8-613b3d98ac0f {{(pid=110319) show /opt/stack/cinder/cinder/api/v3/groups.py:58}}
Mar 11 18:09:25.013824 dv-cinder-833443-1-iscsi devstack@c-api.service[110319]: /usr/local/lib/python3.8/dist-packages/oslo_context/context.py:100: DeprecationWarning: Policy enforcement is depending on the value of is_admin. This key is deprecated. Please update your policy file to use the standard policy values.
Mar 11 18:09:25.013824 dv-cinder-833443-1-iscsi devstack@c-api.service[110319]: warnings.warn('Policy enforcement is depending on the value of '
Mar 11 18:09:25.055603 dv-cinder-833443-1-iscsi devstack@c-api.service[110319]: INFO cinder.api.openstack.wsgi [None req-b581abce-d03c-4f7d-be4d-6c6483a4697d tempest-GroupsV314Test-695195912 tempest-GroupsV314Test-695195912-project] http://10.222.0.105/volume/v3/82d002276634481b96f5143d8b1f3743/groups/cd1e4254-1af3-479f-bbb8-613b3d98ac0f returned with HTTP 200
Mar 11 18:09:25.057083 dv-cinder-833443-1-iscsi devstack@c-api.service[110319]: [pid: 110319|app: 0|req: 89/142] 10.222.0.105 () {60 vars in 1367 bytes} [Fri Mar 11 18:09:24 2022] GET /volume/v3/82d002276634481b96f5143d8b1f3743/groups/cd1e4254-1af3-479f-bbb8-613b3d98ac0f => generated 389 bytes in 73 msecs (HTTP/1.1 200) 7 headers in 286 bytes (1 switches on core 0)
Mar 11 18:09:25.070228 dv-cinder-833443-1-iscsi devstack@c-api.service[110319]: DEBUG cinder.api.middleware.request_id [None req-9eddcf1b-27d8-4dc0-9d84-3472ebe93fc8 None None] RequestId filter calling following filter/app {{(pid=110319) _context_setter /opt/stack/cinder/cinder/api/middleware/request_id.py:62}}
Mar 11 18:09:25.081436 dv-cinder-833443-1-iscsi devstack@c-api.service[110319]: INFO cinder.api.openstack.wsgi [None req-9eddcf1b-27d8-4dc0-9d84-3472ebe93fc8 tempest-GroupsV314Test-695195912 tempest-GroupsV314Test-695195912-project] POST http://10.222.0.105/volume/v3/82d002276634481b96f5143d8b1f3743/volumes
Mar 11 18:09:25.082524 dv-cinder-833443-1-iscsi devstack@c-api.service[110319]: DEBUG cinder.api.openstack.wsgi [None req-9eddcf1b-27d8-4dc0-9d84-3472ebe93fc8 tempest-GroupsV314Test-695195912 tempest-GroupsV314Test-695195912-project] Action: 'create', calling method: create, body: {"volume": {"volume_type": "022b1c3a-a165-4a4e-b015-32661b527d0c", "group_id": "cd1e4254-1af3-479f-bbb8-613b3d98ac0f", "size": 1, "name": "tempest-GroupsV314Test-Volume-379516870"}} {{(pid=110319) _process_stack /opt/stack/cinder/cinder/api/openstack/wsgi.py:866}}
Mar 11 18:09:25.083508 dv-cinder-833443-1-iscsi devstack@c-api.service[110319]: DEBUG cinder.api.v3.volumes [None req-9eddcf1b-27d8-4dc0-9d84-3472ebe93fc8 tempest-GroupsV314Test-695195912 tempest-GroupsV314Test-695195912-project] Create volume request body: {'volume': {'volume_type': '022b1c3a-a165-4a4e-b015-32661b527d0c', 'group_id': 'cd1e4254-1af3-479f-bbb8-613b3d98ac0f', 'size': 1, 'name': 'tempest-GroupsV314Test-Volume-379516870'}} {{(pid=110319) create /opt/stack/cinder/cinder/api/v3/volumes.py:298}}
Mar 11 18:09:25.093122 dv-cinder-833443-1-iscsi devstack@c-api.service[110318]: WARNING cinder.quota [None req-65fb91eb-5be7-4d3a-9892-e6d094aaad2c tempest-VolumeQuotasAdminTestJSON-1364125808 tempest-VolumeQuotasAdminTestJSON-1364125808-project-admin] Deprecated: Default quota for resource: volumes_tempest-GroupsV314Test-volume-type-1857383460 is set by the default quota flag: quota_volumes_tempest-GroupsV314Test-volume-type-1857383460, it is now deprecated. Please use the default quota class for default quota.
Mar 11 18:09:25.096794 dv-cinder-833443-1-iscsi devstack@c-api.service[110318]: WARNING cinder.quota [None req-65fb91eb-5be7-4d3a-9892-e6d094aaad2c tempest-VolumeQuotasAdminTestJSON-1364125808 tempest-VolumeQuotasAdminTestJSON-1364125808-project-admin] Deprecated: Default quota for resource: gigabytes_tempest-GroupsV314Test-volume-type-1857383460 is set by the default quota flag: quota_gigabytes_tempest-GroupsV314Test-volume-type-1857383460, it is now deprecated. Please use the default quota class for default quota.
Mar 11 18:09:25.098699 dv-cinder-833443-1-iscsi devstack@c-api.service[110318]: WARNING cinder.quota [None req-65fb91eb-5be7-4d3a-9892-e6d094aaad2c tempest-VolumeQuotasAdminTestJSON-1364125808 tempest-VolumeQuotasAdminTestJSON-1364125808-project-admin] Deprecated: Default quota for resource: snapshots_tempest-GroupsV314Test-volume-type-1857383460 is set by the default quota flag: quota_snapshots_tempest-GroupsV314Test-volume-type-1857383460, it is now deprecated. Please use the default quota class for default quota.
Mar 11 18:09:25.115483 dv-cinder-833443-1-iscsi devstack@c-api.service[110319]: /usr/local/lib/python3.8/dist-packages/oslo_context/context.py:100: DeprecationWarning: Policy enforcement is depending on the value of is_admin. This key is deprecated. Please update your policy file to use the standard policy values.
Mar 11 18:09:25.115483 dv-cinder-833443-1-iscsi devstack@c-api.service[110319]: warnings.warn('Policy enforcement is depending on the value of '
Mar 11 18:09:25.118586 dv-cinder-833443-1-iscsi devstack@c-api.service[110319]: INFO cinder.api.v3.volumes [None req-9eddcf1b-27d8-4dc0-9d84-3472ebe93fc8 tempest-GroupsV314Test-695195912 tempest-GroupsV314Test-695195912-project] Create volume of 1 GB
Mar 11 18:09:25.121559 dv-cinder-833443-1-iscsi devstack@c-api.service[110318]: INFO cinder.api.openstack.wsgi [None req-65fb91eb-5be7-4d3a-9892-e6d094aaad2c tempest-VolumeQuotasAdminTestJSON-1364125808 tempest-VolumeQuotasAdminTestJSON-1364125808-project-admin] http://10.222.0.105/volume/v3/7cf844da8e6745879a4adad968e90b53/os-quota-sets/97631f86bb1946138ebc6f59f80b54e8 returned with HTTP 200
Mar 11 18:09:25.128850 dv-cinder-833443-1-iscsi devstack@c-api.service[110318]: [pid: 110318|app: 0|req: 54/143] 10.222.0.105 () {60 vars in 1356 bytes} [Fri Mar 11 18:09:24 2022] PUT /volume/v3/7cf844da8e6745879a4adad968e90b53/os-quota-sets/97631f86bb1946138ebc6f59f80b54e8 => generated 508 bytes in 355 msecs (HTTP/1.1 200) 7 headers in 285 bytes (1 switches on core 0)
Mar 11 18:09:25.131324 dv-cinder-833443-1-iscsi devstack@c-api.service[110318]: DEBUG cinder.api.middleware.request_id [None req-f3b5de2a-8e18-4e40-8758-f33bbe17f94b None None] RequestId filter calling following filter/app {{(pid=110318) _context_setter /opt/stack/cinder/cinder/api/middleware/request_id.py:62}}
Mar 11 18:09:25.144545 dv-cinder-833443-1-iscsi devstack@c-api.service[110318]: INFO cinder.api.openstack.wsgi [None req-f3b5de2a-8e18-4e40-8758-f33bbe17f94b tempest-VolumeQuotasAdminTestJSON-1364125808 tempest-VolumeQuotasAdminTestJSON-1364125808-project-admin] PUT http://10.222.0.105/volume/v3/7cf844da8e6745879a4adad968e90b53/os-quota-sets/97631f86bb1946138ebc6f59f80b54e8
Mar 11 18:09:25.145902 dv-cinder-833443-1-iscsi devstack@c-api.service[110318]: DEBUG cinder.api.openstack.wsgi [None req-f3b5de2a-8e18-4e40-8758-f33bbe17f94b tempest-VolumeQuotasAdminTestJSON-1364125808 tempest-VolumeQuotasAdminTestJSON-1364125808-project-admin] Action: 'update', calling method: update, body: {"quota_set": {"volumes": 10, "per_volume_gigabytes": -1, "snapshots": 10, "gigabytes": 1000, "backups": 10, "backup_gigabytes": 1000}} {{(pid=110318) _process_stack /opt/stack/cinder/cinder/api/openstack/wsgi.py:866}}
Mar 11 18:09:25.146033 dv-cinder-833443-1-iscsi devstack@c-api.service[110319]: INFO cinder.volume.api [None req-9eddcf1b-27d8-4dc0-9d84-3472ebe93fc8 tempest-GroupsV314Test-695195912 tempest-GroupsV314Test-695195912-project] Availability Zones retrieved successfully.
Mar 11 18:09:25.180748 dv-cinder-833443-1-iscsi devstack@c-api.service[110319]: DEBUG cinder.volume.api [None req-9eddcf1b-27d8-4dc0-9d84-3472ebe93fc8 tempest-GroupsV314Test-695195912 tempest-GroupsV314Test-695195912-project] Flow 'volume_create_api' (1482807c-1e3d-4b1a-b1f2-44c1b416c12b) transitioned into state 'RUNNING' from state 'PENDING' {{(pid=110319) _flow_receiver /usr/local/lib/python3.8/dist-packages/taskflow/listeners/logging.py:141}}
Mar 11 18:09:25.186130 dv-cinder-833443-1-iscsi devstack@c-api.service[110319]: DEBUG cinder.volume.api [None req-9eddcf1b-27d8-4dc0-9d84-3472ebe93fc8 tempest-GroupsV314Test-695195912 tempest-GroupsV314Test-695195912-project] Task 'cinder.volume.flows.api.create_volume.ExtractVolumeRequestTask;volume:create' (7e8c72ef-b06d-4066-9ef5-e02d2255b49b) transitioned into state 'RUNNING' from state 'PENDING' {{(pid=110319) _task_receiver /usr/local/lib/python3.8/dist-packages/taskflow/listeners/logging.py:190}}
Mar 11 18:09:25.194960 dv-cinder-833443-1-iscsi devstack@c-api.service[110319]: /usr/local/lib/python3.8/dist-packages/oslo_context/context.py:100: DeprecationWarning: Policy enforcement is depending on the value of is_admin. This key is deprecated. Please update your policy file to use the standard policy values.
Mar 11 18:09:25.194960 dv-cinder-833443-1-iscsi devstack@c-api.service[110319]: warnings.warn('Policy enforcement is depending on the value of '
Mar 11 18:09:25.196285 dv-cinder-833443-1-iscsi devstack@c-api.service[110319]: DEBUG cinder.volume.flows.api.create_volume [None req-9eddcf1b-27d8-4dc0-9d84-3472ebe93fc8 tempest-GroupsV314Test-695195912 tempest-GroupsV314Test-695195912-project] Validating volume size '1' using validate_int {{(pid=110319) _extract_size /opt/stack/cinder/cinder/volume/flows/api/create_volume.py:225}}
Mar 11 18:09:25.250178 dv-cinder-833443-1-iscsi devstack@c-api.service[110319]: DEBUG cinder.volume.api [None req-9eddcf1b-27d8-4dc0-9d84-3472ebe93fc8 tempest-GroupsV314Test-695195912 tempest-GroupsV314Test-695195912-project] Task 'cinder.volume.flows.api.create_volume.ExtractVolumeRequestTask;volume:create' (7e8c72ef-b06d-4066-9ef5-e02d2255b49b) transitioned into state 'SUCCESS' from state 'RUNNING' with result '{'size': 1, 'snapshot_id': None, 'source_volid': None, 'volume_type': VolumeType(created_at=2022-03-11T18:09:23Z,deleted=False,deleted_at=None,description=None,extra_specs={},id=022b1c3a-a165-4a4e-b015-32661b527d0c,is_public=True,name='tempest-GroupsV314Test-volume-type-1857383460',projects=[],qos_specs=,qos_specs_id=None,updated_at=None), 'volume_type_id': '022b1c3a-a165-4a4e-b015-32661b527d0c', 'encryption_key_id': None, 'qos_specs': None, 'consistencygroup_id': None, 'cgsnapshot_id': None, 'group_id': 'cd1e4254-1af3-479f-bbb8-613b3d98ac0f', 'replication_status': 'disabled', 'refresh_az': False, 'backup_id': None, 'multiattach': False, 'availability_zones': ['nova']}' {{(pid=110319) _task_receiver /usr/local/lib/python3.8/dist-packages/taskflow/listeners/logging.py:178}}
