Mar 10 17:07:51.819478 dv-cinder-833121-1-iscsi devstack@c-api.service[110034]: DEBUG cinder.quota [None req-e927ea4b-4ee4-4c44-92fa-ba1b905eca79 tempest-GroupSnapshotsV319Test-537883379 tempest-GroupSnapshotsV319Test-537883379-project] Created reservations ['287697ff-e7a5-470b-bf78-802c4b068e7b'] {{(pid=110034) reserve /opt/stack/cinder/cinder/quota.py:755}}
Mar 10 17:07:51.874338 dv-cinder-833121-1-iscsi devstack@c-api.service[110034]: INFO cinder.api.openstack.wsgi [None req-e927ea4b-4ee4-4c44-92fa-ba1b905eca79 tempest-GroupSnapshotsV319Test-537883379 tempest-GroupSnapshotsV319Test-537883379-project] http://10.222.0.44/volume/v3/66dc11e01ad04603b125eb8f5ecc0ae5/groups returned with HTTP 202
Mar 10 17:07:51.875501 dv-cinder-833121-1-iscsi devstack@c-api.service[110034]: [pid: 110034|app: 0|req: 34/66] 10.222.0.44 () {62 vars in 1273 bytes} [Thu Mar 10 17:07:51 2022] POST /volume/v3/66dc11e01ad04603b125eb8f5ecc0ae5/groups => generated 116 bytes in 358 msecs (HTTP/1.1 202) 7 headers in 292 bytes (1 switches on core 0)
Mar 10 17:07:51.881815 dv-cinder-833121-1-iscsi devstack@c-api.service[110033]: DEBUG cinder.api.middleware.request_id [None req-6a2dc680-151b-4bbe-80b5-efb9da849f01 None None] RequestId filter calling following filter/app {{(pid=110033) _context_setter /opt/stack/cinder/cinder/api/middleware/request_id.py:62}}
Mar 10 17:07:51.885686 dv-cinder-833121-1-iscsi devstack@c-api.service[110033]: INFO cinder.api.openstack.wsgi [None req-6a2dc680-151b-4bbe-80b5-efb9da849f01 tempest-GroupSnapshotsV319Test-537883379 tempest-GroupSnapshotsV319Test-537883379-project] GET http://10.222.0.44/volume/v3/66dc11e01ad04603b125eb8f5ecc0ae5/groups/19da60de-776b-4d5f-9890-df191b7d992d
Mar 10 17:07:51.886180 dv-cinder-833121-1-iscsi devstack@c-api.service[110033]: DEBUG cinder.api.openstack.wsgi [None req-6a2dc680-151b-4bbe-80b5-efb9da849f01 tempest-GroupSnapshotsV319Test-537883379 tempest-GroupSnapshotsV319Test-537883379-project] Empty body provided in request {{(pid=110033) get_body /opt/stack/cinder/cinder/api/openstack/wsgi.py:715}}
Mar 10 17:07:51.886641 dv-cinder-833121-1-iscsi devstack@c-api.service[110033]: DEBUG cinder.api.openstack.wsgi [None req-6a2dc680-151b-4bbe-80b5-efb9da849f01 tempest-GroupSnapshotsV319Test-537883379 tempest-GroupSnapshotsV319Test-537883379-project] Calling method 'version_select' {{(pid=110033) _process_stack /opt/stack/cinder/cinder/api/openstack/wsgi.py:868}}
Mar 10 17:07:51.886986 dv-cinder-833121-1-iscsi devstack@c-api.service[110033]: DEBUG cinder.api.v3.groups [None req-6a2dc680-151b-4bbe-80b5-efb9da849f01 tempest-GroupSnapshotsV319Test-537883379 tempest-GroupSnapshotsV319Test-537883379-project] show called for member 19da60de-776b-4d5f-9890-df191b7d992d {{(pid=110033) show /opt/stack/cinder/cinder/api/v3/groups.py:58}}
Mar 10 17:07:51.899494 dv-cinder-833121-1-iscsi devstack@c-api.service[110033]: /usr/local/lib/python3.8/dist-packages/oslo_context/context.py:100: DeprecationWarning: Policy enforcement is depending on the value of is_admin. This key is deprecated. Please update your policy file to use the standard policy values.
Mar 10 17:07:51.899494 dv-cinder-833121-1-iscsi devstack@c-api.service[110033]: warnings.warn('Policy enforcement is depending on the value of '
Mar 10 17:07:51.925885 dv-cinder-833121-1-iscsi devstack@c-api.service[110033]: INFO cinder.api.openstack.wsgi [None req-6a2dc680-151b-4bbe-80b5-efb9da849f01 tempest-GroupSnapshotsV319Test-537883379 tempest-GroupSnapshotsV319Test-537883379-project] http://10.222.0.44/volume/v3/66dc11e01ad04603b125eb8f5ecc0ae5/groups/19da60de-776b-4d5f-9890-df191b7d992d returned with HTTP 200
Mar 10 17:07:51.927475 dv-cinder-833121-1-iscsi devstack@c-api.service[110033]: [pid: 110033|app: 0|req: 33/67] 10.222.0.44 () {60 vars in 1362 bytes} [Thu Mar 10 17:07:51 2022] GET /volume/v3/66dc11e01ad04603b125eb8f5ecc0ae5/groups/19da60de-776b-4d5f-9890-df191b7d992d => generated 396 bytes in 47 msecs (HTTP/1.1 200) 7 headers in 286 bytes (1 switches on core 0)
Mar 10 17:07:52.189135 dv-cinder-833121-1-iscsi devstack@c-api.service[110034]: DEBUG cinder.api.middleware.request_id [None req-628f5613-a731-4f3f-917e-20469a969561 None None] RequestId filter calling following filter/app {{(pid=110034) _context_setter /opt/stack/cinder/cinder/api/middleware/request_id.py:62}}
Mar 10 17:07:52.192935 dv-cinder-833121-1-iscsi devstack@c-api.service[110034]: INFO cinder.api.openstack.wsgi [None req-628f5613-a731-4f3f-917e-20469a969561 tempest-GroupSnapshotsTest-653626472 tempest-GroupSnapshotsTest-653626472-project] GET http://10.222.0.44/volume/v3/79078b81fdd544508a1312c65f191c0a/volumes/0c462d1b-5018-408b-85c9-21461140e2ca
Mar 10 17:07:52.193818 dv-cinder-833121-1-iscsi devstack@c-api.service[110034]: DEBUG cinder.api.openstack.wsgi [None req-628f5613-a731-4f3f-917e-20469a969561 tempest-GroupSnapshotsTest-653626472 tempest-GroupSnapshotsTest-653626472-project] Empty body provided in request {{(pid=110034) get_body /opt/stack/cinder/cinder/api/openstack/wsgi.py:715}}
Mar 10 17:07:52.194464 dv-cinder-833121-1-iscsi devstack@c-api.service[110034]: DEBUG cinder.api.openstack.wsgi [None req-628f5613-a731-4f3f-917e-20469a969561 tempest-GroupSnapshotsTest-653626472 tempest-GroupSnapshotsTest-653626472-project] Calling method 'show' {{(pid=110034) _process_stack /opt/stack/cinder/cinder/api/openstack/wsgi.py:868}}
Mar 10 17:07:52.214328 dv-cinder-833121-1-iscsi devstack@c-api.service[110034]: /usr/local/lib/python3.8/dist-packages/oslo_context/context.py:100: DeprecationWarning: Policy enforcement is depending on the value of is_admin. This key is deprecated. Please update your policy file to use the standard policy values.
Mar 10 17:07:52.214328 dv-cinder-833121-1-iscsi devstack@c-api.service[110034]: warnings.warn('Policy enforcement is depending on the value of '
Mar 10 17:07:52.226683 dv-cinder-833121-1-iscsi devstack@c-api.service[110034]: INFO cinder.volume.api [None req-628f5613-a731-4f3f-917e-20469a969561 tempest-GroupSnapshotsTest-653626472 tempest-GroupSnapshotsTest-653626472-project] Volume info retrieved successfully.
Mar 10 17:07:52.228361 dv-cinder-833121-1-iscsi devstack@c-api.service[110034]: WARNING stevedore.named [None req-628f5613-a731-4f3f-917e-20469a969561 tempest-GroupSnapshotsTest-653626472 tempest-GroupSnapshotsTest-653626472-project] Could not load cinder.keymgr.conf_key_mgr.ConfKeyManager
Mar 10 17:07:52.229120 dv-cinder-833121-1-iscsi devstack@c-api.service[110034]: WARNING castellan.key_manager [None req-628f5613-a731-4f3f-917e-20469a969561 tempest-GroupSnapshotsTest-653626472 tempest-GroupSnapshotsTest-653626472-project] Deprecation Warning : cinder.keymgr.conf_key_mgr.ConfKeyManager is not a stevedore based driver, trying to load it as a class: stevedore.exception.NoMatches: No 'castellan.drivers' driver found, looking for 'cinder.keymgr.conf_key_mgr.ConfKeyManager'
Mar 10 17:07:52.250576 dv-cinder-833121-1-iscsi devstack@c-api.service[110034]: DEBUG oslo_db.sqlalchemy.engines [None req-628f5613-a731-4f3f-917e-20469a969561 tempest-GroupSnapshotsTest-653626472 tempest-GroupSnapshotsTest-653626472-project] MySQL server mode set to STRICT_TRANS_TABLES,STRICT_ALL_TABLES,NO_ZERO_IN_DATE,NO_ZERO_DATE,ERROR_FOR_DIVISION_BY_ZERO,TRADITIONAL,NO_ENGINE_SUBSTITUTION {{(pid=110034) _check_effective_sql_mode /usr/local/lib/python3.8/dist-packages/oslo_db/sqlalchemy/engines.py:314}}
Mar 10 17:07:52.255727 dv-cinder-833121-1-iscsi devstack@c-api.service[110033]: DEBUG cinder.api.middleware.request_id [req-a1060bdd-94d7-423a-a9ee-5d226a5364b0 req-7f9702f7-5af9-4c99-920b-e4279328dd82 None None] RequestId filter calling following filter/app {{(pid=110033) _context_setter /opt/stack/cinder/cinder/api/middleware/request_id.py:62}}
Mar 10 17:07:52.260611 dv-cinder-833121-1-iscsi devstack@c-api.service[110033]: INFO cinder.api.openstack.wsgi [req-a1060bdd-94d7-423a-a9ee-5d226a5364b0 req-7f9702f7-5af9-4c99-920b-e4279328dd82 tempest-VolumesSnapshotsTestJSON-385462039 tempest-VolumesSnapshotsTestJSON-385462039-project] GET http://10.222.0.44/volume/v3/5cde9082fb1c4848bad841fb0a5a5200/snapshots/0f02dc00-a46d-4900-a361-889432ac1464
Mar 10 17:07:52.261405 dv-cinder-833121-1-iscsi devstack@c-api.service[110033]: DEBUG cinder.api.openstack.wsgi [req-a1060bdd-94d7-423a-a9ee-5d226a5364b0 req-7f9702f7-5af9-4c99-920b-e4279328dd82 tempest-VolumesSnapshotsTestJSON-385462039 tempest-VolumesSnapshotsTestJSON-385462039-project] Empty body provided in request {{(pid=110033) get_body /opt/stack/cinder/cinder/api/openstack/wsgi.py:715}}
Mar 10 17:07:52.262442 dv-cinder-833121-1-iscsi devstack@c-api.service[110033]: DEBUG cinder.api.openstack.wsgi [req-a1060bdd-94d7-423a-a9ee-5d226a5364b0 req-7f9702f7-5af9-4c99-920b-e4279328dd82 tempest-VolumesSnapshotsTestJSON-385462039 tempest-VolumesSnapshotsTestJSON-385462039-project] Calling method 'show' {{(pid=110033) _process_stack /opt/stack/cinder/cinder/api/openstack/wsgi.py:868}}
Mar 10 17:07:52.268026 dv-cinder-833121-1-iscsi devstack@c-api.service[110034]: /usr/local/lib/python3.8/dist-packages/oslo_context/context.py:100: DeprecationWarning: Policy enforcement is depending on the value of is_admin. This key is deprecated. Please update your policy file to use the standard policy values.
Mar 10 17:07:52.268026 dv-cinder-833121-1-iscsi devstack@c-api.service[110034]: warnings.warn('Policy enforcement is depending on the value of '
Mar 10 17:07:52.283797 dv-cinder-833121-1-iscsi devstack@c-api.service[110034]: INFO cinder.api.openstack.wsgi [None req-628f5613-a731-4f3f-917e-20469a969561 tempest-GroupSnapshotsTest-653626472 tempest-GroupSnapshotsTest-653626472-project] http://10.222.0.44/volume/v3/79078b81fdd544508a1312c65f191c0a/volumes/0c462d1b-5018-408b-85c9-21461140e2ca returned with HTTP 200
Mar 10 17:07:52.285168 dv-cinder-833121-1-iscsi devstack@c-api.service[110034]: [pid: 110034|app: 0|req: 35/68] 10.222.0.44 () {60 vars in 1365 bytes} [Thu Mar 10 17:07:52 2022] GET /volume/v3/79078b81fdd544508a1312c65f191c0a/volumes/0c462d1b-5018-408b-85c9-21461140e2ca => generated 999 bytes in 97 msecs (HTTP/1.1 200) 7 headers in 286 bytes (1 switches on core 0)
Mar 10 17:07:52.291262 dv-cinder-833121-1-iscsi devstack@c-api.service[110033]: /usr/local/lib/python3.8/dist-packages/oslo_context/context.py:100: DeprecationWarning: Policy enforcement is depending on the value of is_admin. This key is deprecated. Please update your policy file to use the standard policy values.
Mar 10 17:07:52.291262 dv-cinder-833121-1-iscsi devstack@c-api.service[110033]: warnings.warn('Policy enforcement is depending on the value of '
Mar 10 17:07:52.292798 dv-cinder-833121-1-iscsi devstack@c-api.service[110033]: INFO cinder.volume.api [req-a1060bdd-94d7-423a-a9ee-5d226a5364b0 req-7f9702f7-5af9-4c99-920b-e4279328dd82 tempest-VolumesSnapshotsTestJSON-385462039 tempest-VolumesSnapshotsTestJSON-385462039-project] Snapshot retrieved successfully.
Mar 10 17:07:52.294968 dv-cinder-833121-1-iscsi devstack@c-api.service[110033]: INFO cinder.api.openstack.wsgi [req-a1060bdd-94d7-423a-a9ee-5d226a5364b0 req-7f9702f7-5af9-4c99-920b-e4279328dd82 tempest-VolumesSnapshotsTestJSON-385462039 tempest-VolumesSnapshotsTestJSON-385462039-project] http://10.222.0.44/volume/v3/5cde9082fb1c4848bad841fb0a5a5200/snapshots/0f02dc00-a46d-4900-a361-889432ac1464 returned with HTTP 200
Mar 10 17:07:52.296364 dv-cinder-833121-1-iscsi devstack@c-api.service[110033]: [pid: 110033|app: 0|req: 34/69] 10.222.0.44 () {60 vars in 1584 bytes} [Thu Mar 10 17:07:52 2022] GET /volume/v3/5cde9082fb1c4848bad841fb0a5a5200/snapshots/0f02dc00-a46d-4900-a361-889432ac1464 => generated 443 bytes in 42 msecs (HTTP/1.1 200) 7 headers in 285 bytes (1 switches on core 0)
Mar 10 17:07:52.434755 dv-cinder-833121-1-iscsi devstack@c-api.service[110034]: DEBUG cinder.api.middleware.request_id [None req-feaac4c3-4aed-45fc-b64d-d3c2c5e4bc53 None None] RequestId filter calling following filter/app {{(pid=110034) _context_setter /opt/stack/cinder/cinder/api/middleware/request_id.py:62}}
Mar 10 17:07:52.438872 dv-cinder-833121-1-iscsi devstack@c-api.service[110034]: INFO cinder.api.openstack.wsgi [None req-feaac4c3-4aed-45fc-b64d-d3c2c5e4bc53 tempest-VolumesTestJSON-136829061 tempest-VolumesTestJSON-136829061-project] GET http://10.222.0.44/volume/v3/e55e3a41f20d466b8418fcf18249e169/volumes/e2ea5e6b-aea4-447a-848e-4f1e38d969d7
Mar 10 17:07:52.439714 dv-cinder-833121-1-iscsi devstack@c-api.service[110034]: DEBUG cinder.api.openstack.wsgi [None req-feaac4c3-4aed-45fc-b64d-d3c2c5e4bc53 tempest-VolumesTestJSON-136829061 tempest-VolumesTestJSON-136829061-project] Empty body provided in request {{(pid=110034) get_body /opt/stack/cinder/cinder/api/openstack/wsgi.py:715}}
Mar 10 17:07:52.440881 dv-cinder-833121-1-iscsi devstack@c-api.service[110034]: DEBUG cinder.api.openstack.wsgi [None req-feaac4c3-4aed-45fc-b64d-d3c2c5e4bc53 tempest-VolumesTestJSON-136829061 tempest-VolumesTestJSON-136829061-project] Calling method 'show' {{(pid=110034) _process_stack /opt/stack/cinder/cinder/api/openstack/wsgi.py:868}}
Mar 10 17:07:52.468556 dv-cinder-833121-1-iscsi devstack@c-api.service[110034]: /usr/local/lib/python3.8/dist-packages/oslo_context/context.py:100: DeprecationWarning: Policy enforcement is depending on the value of is_admin. This key is deprecated. Please update your policy file to use the standard policy values.
Mar 10 17:07:52.468556 dv-cinder-833121-1-iscsi devstack@c-api.service[110034]: warnings.warn('Policy enforcement is depending on the value of '
Mar 10 17:07:52.476964 dv-cinder-833121-1-iscsi devstack@c-api.service[110034]: INFO cinder.volume.api [None req-feaac4c3-4aed-45fc-b64d-d3c2c5e4bc53 tempest-VolumesTestJSON-136829061 tempest-VolumesTestJSON-136829061-project] Volume info retrieved successfully.
Mar 10 17:07:52.486527 dv-cinder-833121-1-iscsi devstack@c-api.service[110034]: INFO cinder.api.openstack.wsgi [None req-feaac4c3-4aed-45fc-b64d-d3c2c5e4bc53 tempest-VolumesTestJSON-136829061 tempest-VolumesTestJSON-136829061-project] http://10.222.0.44/volume/v3/e55e3a41f20d466b8418fcf18249e169/volumes/e2ea5e6b-aea4-447a-848e-4f1e38d969d7 returned with HTTP 200
Mar 10 17:07:52.487756 dv-cinder-833121-1-iscsi devstack@c-api.service[110034]: [pid: 110034|app: 0|req: 36/70] 10.222.0.44 () {58 vars in 1324 bytes} [Thu Mar 10 17:07:52 2022] GET /volume/v3/e55e3a41f20d466b8418fcf18249e169/volumes/e2ea5e6b-aea4-447a-848e-4f1e38d969d7 => generated 921 bytes in 54 msecs (HTTP/1.1 200) 7 headers in 285 bytes (2 switches on core 0)
Mar 10 17:07:52.796828 dv-cinder-833121-1-iscsi devstack@c-api.service[110033]: DEBUG cinder.api.middleware.request_id [None req-62a0ece8-293c-44c2-87eb-b8eb1af2cafb None None] RequestId filter calling following filter/app {{(pid=110033) _context_setter /opt/stack/cinder/cinder/api/middleware/request_id.py:62}}
Mar 10 17:07:52.819988 dv-cinder-833121-1-iscsi devstack@c-api.service[110033]: INFO cinder.api.openstack.wsgi [None req-62a0ece8-293c-44c2-87eb-b8eb1af2cafb tempest-VolumesServicesTestJSON-154609310 tempest-VolumesServicesTestJSON-154609310-project] GET http://10.222.0.44/volume/v3/c451fe4f222b42ab9b6882fea34c10da/volumes/d9c5ed70-1242-40ca-ae7e-9a050ef1206f
Mar 10 17:07:52.820455 dv-cinder-833121-1-iscsi devstack@c-api.service[110033]: DEBUG cinder.api.openstack.wsgi [None req-62a0ece8-293c-44c2-87eb-b8eb1af2cafb tempest-VolumesServicesTestJSON-154609310 tempest-VolumesServicesTestJSON-154609310-project] Empty body provided in request {{(pid=110033) get_body /opt/stack/cinder/cinder/api/openstack/wsgi.py:715}}
Mar 10 17:07:52.820941 dv-cinder-833121-1-iscsi devstack@c-api.service[110033]: DEBUG cinder.api.openstack.wsgi [None req-62a0ece8-293c-44c2-87eb-b8eb1af2cafb tempest-VolumesServicesTestJSON-154609310 tempest-VolumesServicesTestJSON-154609310-project] Calling method 'show' {{(pid=110033) _process_stack /opt/stack/cinder/cinder/api/openstack/wsgi.py:868}}
Mar 10 17:07:52.855963 dv-cinder-833121-1-iscsi devstack@c-api.service[110033]: /usr/local/lib/python3.8/dist-packages/oslo_context/context.py:100: DeprecationWarning: Policy enforcement is depending on the value of is_admin. This key is deprecated. Please update your policy file to use the standard policy values.
Mar 10 17:07:52.855963 dv-cinder-833121-1-iscsi devstack@c-api.service[110033]: warnings.warn('Policy enforcement is depending on the value of '
Mar 10 17:07:52.883049 dv-cinder-833121-1-iscsi devstack@c-api.service[110033]: INFO cinder.volume.api [None req-62a0ece8-293c-44c2-87eb-b8eb1af2cafb tempest-VolumesServicesTestJSON-154609310 tempest-VolumesServicesTestJSON-154609310-project] Volume info retrieved successfully.
Mar 10 17:07:52.901977 dv-cinder-833121-1-iscsi devstack@c-api.service[110033]: INFO cinder.api.openstack.wsgi [None req-62a0ece8-293c-44c2-87eb-b8eb1af2cafb tempest-VolumesServicesTestJSON-154609310 tempest-VolumesServicesTestJSON-154609310-project] http://10.222.0.44/volume/v3/c451fe4f222b42ab9b6882fea34c10da/volumes/d9c5ed70-1242-40ca-ae7e-9a050ef1206f returned with HTTP 200
Mar 10 17:07:52.907833 dv-cinder-833121-1-iscsi devstack@c-api.service[110033]: [pid: 110033|app: 0|req: 35/71] 10.222.0.44 () {58 vars in 1324 bytes} [Thu Mar 10 17:07:52 2022] GET /volume/v3/c451fe4f222b42ab9b6882fea34c10da/volumes/d9c5ed70-1242-40ca-ae7e-9a050ef1206f => generated 915 bytes in 116 msecs (HTTP/1.1 200) 7 headers in 285 bytes (1 switches on core 0)
Mar 10 17:07:52.935633 dv-cinder-833121-1-iscsi devstack@c-api.service[110034]: DEBUG cinder.api.middleware.request_id [None req-be7d3273-413a-46dd-92c7-9db8f8b071f3 None None] RequestId filter calling following filter/app {{(pid=110034) _context_setter /opt/stack/cinder/cinder/api/middleware/request_id.py:62}}
Mar 10 17:07:52.940301 dv-cinder-833121-1-iscsi devstack@c-api.service[110034]: INFO cinder.api.openstack.wsgi [None req-be7d3273-413a-46dd-92c7-9db8f8b071f3 tempest-GroupSnapshotsV319Test-537883379 tempest-GroupSnapshotsV319Test-537883379-project] GET http://10.222.0.44/volume/v3/66dc11e01ad04603b125eb8f5ecc0ae5/groups/19da60de-776b-4d5f-9890-df191b7d992d
Mar 10 17:07:52.940855 dv-cinder-833121-1-iscsi devstack@c-api.service[110034]: DEBUG cinder.api.openstack.wsgi [None req-be7d3273-413a-46dd-92c7-9db8f8b071f3 tempest-GroupSnapshotsV319Test-537883379 tempest-GroupSnapshotsV319Test-537883379-project] Empty body provided in request {{(pid=110034) get_body /opt/stack/cinder/cinder/api/openstack/wsgi.py:715}}
Mar 10 17:07:52.941373 dv-cinder-833121-1-iscsi devstack@c-api.service[110034]: DEBUG cinder.api.openstack.wsgi [None req-be7d3273-413a-46dd-92c7-9db8f8b071f3 tempest-GroupSnapshotsV319Test-537883379 tempest-GroupSnapshotsV319Test-537883379-project] Calling method 'version_select' {{(pid=110034) _process_stack /opt/stack/cinder/cinder/api/openstack/wsgi.py:868}}
Mar 10 17:07:52.941728 dv-cinder-833121-1-iscsi devstack@c-api.service[110034]: DEBUG cinder.api.v3.groups [None req-be7d3273-413a-46dd-92c7-9db8f8b071f3 tempest-GroupSnapshotsV319Test-537883379 tempest-GroupSnapshotsV319Test-537883379-project] show called for member 19da60de-776b-4d5f-9890-df191b7d992d {{(pid=110034) show /opt/stack/cinder/cinder/api/v3/groups.py:58}}
Mar 10 17:07:52.951154 dv-cinder-833121-1-iscsi devstack@c-api.service[110034]: /usr/local/lib/python3.8/dist-packages/oslo_context/context.py:100: DeprecationWarning: Policy enforcement is depending on the value of is_admin. This key is deprecated. Please update your policy file to use the standard policy values.
Mar 10 17:07:52.951154 dv-cinder-833121-1-iscsi devstack@c-api.service[110034]: warnings.warn('Policy enforcement is depending on the value of '
Mar 10 17:07:53.007721 dv-cinder-833121-1-iscsi devstack@c-api.service[110034]: INFO cinder.api.openstack.wsgi [None req-be7d3273-413a-46dd-92c7-9db8f8b071f3 tempest-GroupSnapshotsV319Test-537883379 tempest-GroupSnapshotsV319Test-537883379-project] http://10.222.0.44/volume/v3/66dc11e01ad04603b125eb8f5ecc0ae5/groups/19da60de-776b-4d5f-9890-df191b7d992d returned with HTTP 200
Mar 10 17:07:53.009968 dv-cinder-833121-1-iscsi devstack@c-api.service[110034]: [pid: 110034|app: 0|req: 37/72] 10.222.0.44 () {60 vars in 1362 bytes} [Thu Mar 10 17:07:52 2022] GET /volume/v3/66dc11e01ad04603b125eb8f5ecc0ae5/groups/19da60de-776b-4d5f-9890-df191b7d992d => generated 397 bytes in 76 msecs (HTTP/1.1 200) 7 headers in 286 bytes (2 switches on core 0)
Mar 10 17:07:53.017563 dv-cinder-833121-1-iscsi devstack@c-api.service[110033]: DEBUG cinder.api.middleware.request_id [None req-8395aa2b-cf20-496f-8e81-efe8c3abfccd None None] RequestId filter calling following filter/app {{(pid=110033) _context_setter /opt/stack/cinder/cinder/api/middleware/request_id.py:62}}
Mar 10 17:07:53.022059 dv-cinder-833121-1-iscsi devstack@c-api.service[110033]: INFO cinder.api.openstack.wsgi [None req-8395aa2b-cf20-496f-8e81-efe8c3abfccd tempest-GroupSnapshotsV319Test-537883379 tempest-GroupSnapshotsV319Test-537883379-project] POST http://10.222.0.44/volume/v3/66dc11e01ad04603b125eb8f5ecc0ae5/volumes
Mar 10 17:07:53.023205 dv-cinder-833121-1-iscsi devstack@c-api.service[110033]: DEBUG cinder.api.openstack.wsgi [None req-8395aa2b-cf20-496f-8e81-efe8c3abfccd tempest-GroupSnapshotsV319Test-537883379 tempest-GroupSnapshotsV319Test-537883379-project] Action: 'create', calling method: create, body: {"volume": {"volume_type": "3ad2d21b-5a7f-49e6-95cf-a62af5456f68", "group_id": "19da60de-776b-4d5f-9890-df191b7d992d", "size": 1, "name": "tempest-GroupSnapshotsV319Test-Volume-1925199519"}} {{(pid=110033) _process_stack /opt/stack/cinder/cinder/api/openstack/wsgi.py:866}}
Mar 10 17:07:53.024418 dv-cinder-833121-1-iscsi devstack@c-api.service[110033]: DEBUG cinder.api.v3.volumes [None req-8395aa2b-cf20-496f-8e81-efe8c3abfccd tempest-GroupSnapshotsV319Test-537883379 tempest-GroupSnapshotsV319Test-537883379-project] Create volume request body: {'volume': {'volume_type': '3ad2d21b-5a7f-49e6-95cf-a62af5456f68', 'group_id': '19da60de-776b-4d5f-9890-df191b7d992d', 'size': 1, 'name': 'tempest-GroupSnapshotsV319Test-Volume-1925199519'}} {{(pid=110033) create /opt/stack/cinder/cinder/api/v3/volumes.py:298}}
Mar 10 17:07:53.048971 dv-cinder-833121-1-iscsi devstack@c-api.service[110033]: /usr/local/lib/python3.8/dist-packages/oslo_context/context.py:100: DeprecationWarning: Policy enforcement is depending on the value of is_admin. This key is deprecated. Please update your policy file to use the standard policy values.
Mar 10 17:07:53.048971 dv-cinder-833121-1-iscsi devstack@c-api.service[110033]: warnings.warn('Policy enforcement is depending on the value of '
Mar 10 17:07:53.063782 dv-cinder-833121-1-iscsi devstack@c-api.service[110033]: INFO cinder.api.v3.volumes [None req-8395aa2b-cf20-496f-8e81-efe8c3abfccd tempest-GroupSnapshotsV319Test-537883379 tempest-GroupSnapshotsV319Test-537883379-project] Create volume of 1 GB
Mar 10 17:07:53.085390 dv-cinder-833121-1-iscsi devstack@c-api.service[110033]: INFO cinder.volume.api [None req-8395aa2b-cf20-496f-8e81-efe8c3abfccd tempest-GroupSnapshotsV319Test-537883379 tempest-GroupSnapshotsV319Test-537883379-project] Availability Zones retrieved successfully.
Mar 10 17:07:53.117373 dv-cinder-833121-1-iscsi devstack@c-api.service[110033]: DEBUG cinder.volume.api [None req-8395aa2b-cf20-496f-8e81-efe8c3abfccd tempest-GroupSnapshotsV319Test-537883379 tempest-GroupSnapshotsV319Test-537883379-project] Flow 'volume_create_api' (9900338e-abd9-476f-bc3b-f1f7b52177bc) transitioned into state 'RUNNING' from state 'PENDING' {{(pid=110033) _flow_receiver /usr/local/lib/python3.8/dist-packages/taskflow/listeners/logging.py:141}}
Mar 10 17:07:53.120204 dv-cinder-833121-1-iscsi devstack@c-api.service[110033]: DEBUG cinder.volume.api [None req-8395aa2b-cf20-496f-8e81-efe8c3abfccd tempest-GroupSnapshotsV319Test-537883379 tempest-GroupSnapshotsV319Test-537883379-project] Task 'cinder.volume.flows.api.create_volume.ExtractVolumeRequestTask;volume:create' (5dfe0bc5-e431-4cea-b4ee-50a8711727f4) transitioned into state 'RUNNING' from state 'PENDING' {{(pid=110033) _task_receiver /usr/local/lib/python3.8/dist-packages/taskflow/listeners/logging.py:190}}
Mar 10 17:07:53.123836 dv-cinder-833121-1-iscsi devstack@c-api.service[110033]: /usr/local/lib/python3.8/dist-packages/oslo_context/context.py:100: DeprecationWarning: Policy enforcement is depending on the value of is_admin. This key is deprecated. Please update your policy file to use the standard policy values.
Mar 10 17:07:53.123836 dv-cinder-833121-1-iscsi devstack@c-api.service[110033]: warnings.warn('Policy enforcement is depending on the value of '
Mar 10 17:07:53.125445 dv-cinder-833121-1-iscsi devstack@c-api.service[110033]: DEBUG cinder.volume.flows.api.create_volume [None req-8395aa2b-cf20-496f-8e81-efe8c3abfccd tempest-GroupSnapshotsV319Test-537883379 tempest-GroupSnapshotsV319Test-537883379-project] Validating volume size '1' using validate_int {{(pid=110033) _extract_size /opt/stack/cinder/cinder/volume/flows/api/create_volume.py:225}}
Mar 10 17:07:53.155237 dv-cinder-833121-1-iscsi devstack@c-api.service[110033]: DEBUG cinder.volume.api [None req-8395aa2b-cf20-496f-8e81-efe8c3abfccd tempest-GroupSnapshotsV319Test-537883379 tempest-GroupSnapshotsV319Test-537883379-project] Task 'cinder.volume.flows.api.create_volume.ExtractVolumeRequestTask;volume:create' (5dfe0bc5-e431-4cea-b4ee-50a8711727f4) transitioned into state 'SUCCESS' from state 'RUNNING' with result '{'size': 1, 'snapshot_id': None, 'source_volid': None, 'volume_type': VolumeType(created_at=2022-03-10T17:07:51Z,deleted=False,deleted_at=None,description=None,extra_specs={},id=3ad2d21b-5a7f-49e6-95cf-a62af5456f68,is_public=True,name='tempest-GroupSnapshotsV319Test-volume-type-182659177',projects=[],qos_specs=,qos_specs_id=None,updated_at=None), 'volume_type_id': '3ad2d21b-5a7f-49e6-95cf-a62af5456f68', 'encryption_key_id': None, 'qos_specs': None, 'consistencygroup_id': None, 'cgsnapshot_id': None, 'group_id': '19da60de-776b-4d5f-9890-df191b7d992d', 'replication_status': 'disabled', 'refresh_az': False, 'backup_id': None, 'multiattach': False, 'availability_zones': ['nova']}' {{(pid=110033) _task_receiver /usr/local/lib/python3.8/dist-packages/taskflow/listeners/logging.py:178}}
Mar 10 17:07:53.157893 dv-cinder-833121-1-iscsi devstack@c-api.service[110033]: DEBUG cinder.volume.api [None req-8395aa2b-cf20-496f-8e81-efe8c3abfccd tempest-GroupSnapshotsV319Test-537883379 tempest-GroupSnapshotsV319Test-537883379-project] Task 'cinder.volume.flows.api.create_volume.QuotaReserveTask;volume:create' (2c6ee0ae-41c1-4211-830e-9f47d8d61e0f) transitioned into state 'RUNNING' from state 'PENDING' {{(pid=110033) _task_receiver /usr/local/lib/python3.8/dist-packages/taskflow/listeners/logging.py:190}}
Mar 10 17:07:53.225582 dv-cinder-833121-1-iscsi devstack@c-api.service[110033]: WARNING cinder.quota [None req-8395aa2b-cf20-496f-8e81-efe8c3abfccd tempest-GroupSnapshotsV319Test-537883379 tempest-GroupSnapshotsV319Test-537883379-project] Deprecated: Default quota for resource: volumes_tempest-GroupSnapshotsV319Test-volume-type-182659177 is set by the default quota flag: quota_volumes_tempest-GroupSnapshotsV319Test-volume-type-182659177, it is now deprecated. Please use the default quota class for default quota.
Mar 10 17:07:53.226356 dv-cinder-833121-1-iscsi devstack@c-api.service[110033]: WARNING cinder.quota [None req-8395aa2b-cf20-496f-8e81-efe8c3abfccd tempest-GroupSnapshotsV319Test-537883379 tempest-GroupSnapshotsV319Test-537883379-project] Deprecated: Default quota for resource: gigabytes_tempest-GroupSnapshotsV319Test-volume-type-182659177 is set by the default quota flag: quota_gigabytes_tempest-GroupSnapshotsV319Test-volume-type-182659177, it is now deprecated. Please use the default quota class for default quota.
Mar 10 17:07:53.289403 dv-cinder-833121-1-iscsi devstack@c-api.service[110033]: DEBUG cinder.quota [None req-8395aa2b-cf20-496f-8e81-efe8c3abfccd tempest-GroupSnapshotsV319Test-537883379 tempest-GroupSnapshotsV319Test-537883379-project] Created reservations ['86aa04c3-5f8e-46a0-adf8-5a57f4bff647', 'aed510e8-4e82-46a6-bd71-ce1f79581f8d', '11042044-9afb-4302-a959-9c6ed684fe2e', '9af764c8-3c5f-45ac-8ac8-e8bfd98f1f7b'] {{(pid=110033) reserve /opt/stack/cinder/cinder/quota.py:755}}
Mar 10 17:07:53.292171 dv-cinder-833121-1-iscsi devstack@c-api.service[110033]: DEBUG cinder.volume.api [None req-8395aa2b-cf20-496f-8e81-efe8c3abfccd tempest-GroupSnapshotsV319Test-537883379 tempest-GroupSnapshotsV319Test-537883379-project] Task 'cinder.volume.flows.api.create_volume.QuotaReserveTask;volume:create' (2c6ee0ae-41c1-4211-830e-9f47d8d61e0f) transitioned into state 'SUCCESS' from state 'RUNNING' with result '{'reservations': ['86aa04c3-5f8e-46a0-adf8-5a57f4bff647', 'aed510e8-4e82-46a6-bd71-ce1f79581f8d', '11042044-9afb-4302-a959-9c6ed684fe2e', '9af764c8-3c5f-45ac-8ac8-e8bfd98f1f7b']}' {{(pid=110033) _task_receiver /usr/local/lib/python3.8/dist-packages/taskflow/listeners/logging.py:178}}
Mar 10 17:07:53.297231 dv-cinder-833121-1-iscsi devstack@c-api.service[110034]: DEBUG cinder.api.middleware.request_id [None req-aa050568-5d4c-4628-b10d-fff6914f1be1 None None] RequestId filter calling following filter/app {{(pid=110034) _context_setter /opt/stack/cinder/cinder/api/middleware/request_id.py:62}}
Mar 10 17:07:53.302640 dv-cinder-833121-1-iscsi devstack@c-api.service[110034]: INFO cinder.api.openstack.wsgi [None req-aa050568-5d4c-4628-b10d-fff6914f1be1 tempest-GroupSnapshotsTest-653626472 tempest-GroupSnapshotsTest-653626472-project] GET http://10.222.0.44/volume/v3/79078b81fdd544508a1312c65f191c0a/volumes/0c462d1b-5018-408b-85c9-21461140e2ca
Mar 10 17:07:53.303144 dv-cinder-833121-1-iscsi devstack@c-api.service[110034]: DEBUG cinder.api.openstack.wsgi [None req-aa050568-5d4c-4628-b10d-fff6914f1be1 tempest-GroupSnapshotsTest-653626472 tempest-GroupSnapshotsTest-653626472-project] Empty body provided in request {{(pid=110034) get_body /opt/stack/cinder/cinder/api/openstack/wsgi.py:715}}
Mar 10 17:07:53.303604 dv-cinder-833121-1-iscsi devstack@c-api.service[110034]: DEBUG cinder.api.openstack.wsgi [None req-aa050568-5d4c-4628-b10d-fff6914f1be1 tempest-GroupSnapshotsTest-653626472 tempest-GroupSnapshotsTest-653626472-project] Calling method 'show' {{(pid=110034) _process_stack /opt/stack/cinder/cinder/api/openstack/wsgi.py:868}}
Mar 10 17:07:53.306837 dv-cinder-833121-1-iscsi devstack@c-api.service[110033]: DEBUG cinder.volume.api [None req-8395aa2b-cf20-496f-8e81-efe8c3abfccd tempest-GroupSnapshotsV319Test-537883379 tempest-GroupSnapshotsV319Test-537883379-project] Task 'cinder.volume.flows.api.create_volume.EntryCreateTask;volume:create' (d3568b21-bb5e-41e3-ae2b-61ce9578178a) transitioned into state 'RUNNING' from state 'PENDING' {{(pid=110033) _task_receiver /usr/local/lib/python3.8/dist-packages/taskflow/listeners/logging.py:190}}
Mar 10 17:07:53.321998 dv-cinder-833121-1-iscsi devstack@c-api.service[110034]: /usr/local/lib/python3.8/dist-packages/oslo_context/context.py:100: DeprecationWarning: Policy enforcement is depending on the value of is_admin. This key is deprecated. Please update your policy file to use the standard policy values.
Mar 10 17:07:53.321998 dv-cinder-833121-1-iscsi devstack@c-api.service[110034]: warnings.warn('Policy enforcement is depending on the value of '
Mar 10 17:07:53.338066 dv-cinder-833121-1-iscsi devstack@c-api.service[110033]: DEBUG cinder.volume.api [None req-8395aa2b-cf20-496f-8e81-efe8c3abfccd tempest-GroupSnapshotsV319Test-537883379 tempest-GroupSnapshotsV319Test-537883379-project] Task 'cinder.volume.flows.api.create_volume.EntryCreateTask;volume:create' (d3568b21-bb5e-41e3-ae2b-61ce9578178a) transitioned into state 'SUCCESS' from state 'RUNNING' with result '{'volume_id': '2d3d3b11-99c0-49c1-a4c9-7fd811e59e8f', 'volume_properties': VolumeProperties(attach_status='detached',availability_zone='nova',cgsnapshot_id=None,consistencygroup_id=None,display_description=None,display_name='tempest-GroupSnapshotsV319Test-Volume-1925199519',encryption_key_id=None,group_id=19da60de-776b-4d5f-9890-df191b7d992d,group_type_id=,metadata={},multiattach=False,project_id='66dc11e01ad04603b125eb8f5ecc0ae5',qos_specs=None,replication_status=,reservations=['86aa04c3-5f8e-46a0-adf8-5a57f4bff647','aed510e8-4e82-46a6-bd71-ce1f79581f8d','11042044-9afb-4302-a959-9c6ed684fe2e','9af764c8-3c5f-45ac-8ac8-e8bfd98f1f7b'],size=1,snapshot_id=None,source_replicaid=,source_volid=None,status='creating',user_id='9391cc4944bf475189e5c01c97e358b3',volume_type_id=3ad2d21b-5a7f-49e6-95cf-a62af5456f68), 'volume': Volume(_name_id=None,admin_metadata=,attach_status='detached',availability_zone='nova',bootable=False,cluster=,cluster_name=None,consistencygroup=,consistencygroup_id=None,created_at=2022-03-10T17:07:53Z,deleted=False,deleted_at=None,display_description=None,display_name='tempest-GroupSnapshotsV319Test-Volume-1925199519',ec2_id=None,encryption_key_id=None,glance_metadata=,group=,group_id=19da60de-776b-4d5f-9890-df191b7d992d,host=None,id=2d3d3b11-99c0-49c1-a4c9-7fd811e59e8f,launched_at=None,metadata={},migration_status=None,multiattach=False,previous_status=None,project_id='66dc11e01ad04603b125eb8f5ecc0ae5',provider_auth=None,provider_geometry=None,provider_id=None,provider_location=None,replication_driver_data=None,replication_extended_status=None,replication_status=None,scheduled_at=None,service_uuid=None,shared_targets=True,size=1,snapshot_id=None,snapshots=,source_volid=None,status='creating',terminated_at=None,updated_at=None,use_quota=True,user_id='9391cc4944bf475189e5c01c97e358b3',volume_attachment=VolumeAttachmentList,volume_type=VolumeType(3ad2d21b-5a7f-49e6-95cf-a62af5456f68),volume_type_id=3ad2d21b-5a7f-49e6-95cf-a62af5456f68)}' {{(pid=110033) _task_receiver /usr/local/lib/python3.8/dist-packages/taskflow/listeners/logging.py:178}}
Mar 10 17:07:53.341251 dv-cinder-833121-1-iscsi devstack@c-api.service[110033]: DEBUG cinder.volume.api [None req-8395aa2b-cf20-496f-8e81-efe8c3abfccd tempest-GroupSnapshotsV319Test-537883379 tempest-GroupSnapshotsV319Test-537883379-project] Task 'cinder.volume.flows.api.create_volume.QuotaCommitTask;volume:create' (f4ec68cd-9f62-4827-8459-0041e26ac179) transitioned into state 'RUNNING' from state 'PENDING' {{(pid=110033) _task_receiver /usr/local/lib/python3.8/dist-packages/taskflow/listeners/logging.py:190}}
Mar 10 17:07:53.342574 dv-cinder-833121-1-iscsi devstack@c-api.service[110034]: INFO cinder.volume.api [None req-aa050568-5d4c-4628-b10d-fff6914f1be1 tempest-GroupSnapshotsTest-653626472 tempest-GroupSnapshotsTest-653626472-project] Volume info retrieved successfully.
Mar 10 17:07:53.345903 dv-cinder-833121-1-iscsi devstack@c-api.service[110034]: WARNING stevedore.named [None req-aa050568-5d4c-4628-b10d-fff6914f1be1 tempest-GroupSnapshotsTest-653626472 tempest-GroupSnapshotsTest-653626472-project] Could not load cinder.keymgr.conf_key_mgr.ConfKeyManager
Mar 10 17:07:53.346302 dv-cinder-833121-1-iscsi devstack@c-api.service[110034]: WARNING castellan.key_manager [None req-aa050568-5d4c-4628-b10d-fff6914f1be1 tempest-GroupSnapshotsTest-653626472 tempest-GroupSnapshotsTest-653626472-project] Deprecation Warning : cinder.keymgr.conf_key_mgr.ConfKeyManager is not a stevedore based driver, trying to load it as a class: stevedore.exception.NoMatches: No 'castellan.drivers' driver found, looking for 'cinder.keymgr.conf_key_mgr.ConfKeyManager'
Mar 10 17:07:53.356494 dv-cinder-833121-1-iscsi devstack@c-api.service[110034]: DEBUG oslo_db.sqlalchemy.engines [None req-aa050568-5d4c-4628-b10d-fff6914f1be1 tempest-GroupSnapshotsTest-653626472 tempest-GroupSnapshotsTest-653626472-project] MySQL server mode set to STRICT_TRANS_TABLES,STRICT_ALL_TABLES,NO_ZERO_IN_DATE,NO_ZERO_DATE,ERROR_FOR_DIVISION_BY_ZERO,TRADITIONAL,NO_ENGINE_SUBSTITUTION {{(pid=110034) _check_effective_sql_mode /usr/local/lib/python3.8/dist-packages/oslo_db/sqlalchemy/engines.py:314}}
Mar 10 17:07:53.366595 dv-cinder-833121-1-iscsi devstack@c-api.service[110034]: /usr/local/lib/python3.8/dist-packages/oslo_context/context.py:100: DeprecationWarning: Policy enforcement is depending on the value of is_admin. This key is deprecated. Please update your policy file to use the standard policy values.
Mar 10 17:07:53.366595 dv-cinder-833121-1-iscsi devstack@c-api.service[110034]: warnings.warn('Policy enforcement is depending on the value of '
Mar 10 17:07:53.375607 dv-cinder-833121-1-iscsi devstack@c-api.service[110033]: DEBUG cinder.volume.api [None req-8395aa2b-cf20-496f-8e81-efe8c3abfccd tempest-GroupSnapshotsV319Test-537883379 tempest-GroupSnapshotsV319Test-537883379-project] Task 'cinder.volume.flows.api.create_volume.QuotaCommitTask;volume:create' (f4ec68cd-9f62-4827-8459-0041e26ac179) transitioned into state 'SUCCESS' from state 'RUNNING' with result '{'volume_properties': VolumeProperties(attach_status='detached',availability_zone='nova',cgsnapshot_id=None,consistencygroup_id=None,display_description=None,display_name='tempest-GroupSnapshotsV319Test-Volume-1925199519',encryption_key_id=None,group_id=19da60de-776b-4d5f-9890-df191b7d992d,group_type_id=,metadata={},multiattach=False,project_id='66dc11e01ad04603b125eb8f5ecc0ae5',qos_specs=None,replication_status=,reservations=['86aa04c3-5f8e-46a0-adf8-5a57f4bff647','aed510e8-4e82-46a6-bd71-ce1f79581f8d','11042044-9afb-4302-a959-9c6ed684fe2e','9af764c8-3c5f-45ac-8ac8-e8bfd98f1f7b'],size=1,snapshot_id=None,source_replicaid=,source_volid=None,status='creating',user_id='9391cc4944bf475189e5c01c97e358b3',volume_type_id=3ad2d21b-5a7f-49e6-95cf-a62af5456f68)}' {{(pid=110033) _task_receiver /usr/local/lib/python3.8/dist-packages/taskflow/listeners/logging.py:178}}
Mar 10 17:07:53.377485 dv-cinder-833121-1-iscsi devstack@c-api.service[110033]: DEBUG cinder.volume.api [None req-8395aa2b-cf20-496f-8e81-efe8c3abfccd tempest-GroupSnapshotsV319Test-537883379 tempest-GroupSnapshotsV319Test-537883379-project] Task 'cinder.volume.flows.api.create_volume.VolumeCastTask;volume:create' (a972478b-dab4-4a9a-9da6-99cd3e6b0761) transitioned into state 'RUNNING' from state 'PENDING' {{(pid=110033) _task_receiver /usr/local/lib/python3.8/dist-packages/taskflow/listeners/logging.py:190}}
Mar 10 17:07:53.384558 dv-cinder-833121-1-iscsi devstack@c-api.service[110034]: INFO cinder.api.openstack.wsgi [None req-aa050568-5d4c-4628-b10d-fff6914f1be1 tempest-GroupSnapshotsTest-653626472 tempest-GroupSnapshotsTest-653626472-project] http://10.222.0.44/volume/v3/79078b81fdd544508a1312c65f191c0a/volumes/0c462d1b-5018-408b-85c9-21461140e2ca returned with HTTP 200
Mar 10 17:07:53.385303 dv-cinder-833121-1-iscsi devstack@c-api.service[110034]: [pid: 110034|app: 0|req: 38/73] 10.222.0.44 () {60 vars in 1365 bytes} [Thu Mar 10 17:07:53 2022] GET /volume/v3/79078b81fdd544508a1312c65f191c0a/volumes/0c462d1b-5018-408b-85c9-21461140e2ca => generated 999 bytes in 89 msecs (HTTP/1.1 200) 7 headers in 286 bytes (1 switches on core 0)
Mar 10 17:07:53.386683 dv-cinder-833121-1-iscsi devstack@c-api.service[110034]: DEBUG cinder.api.middleware.request_id [req-e017d565-20db-4ebc-a99f-60fbc7876d2c req-221eda5f-d6de-4486-a5b4-8ed9933eca8d None None] RequestId filter calling following filter/app {{(pid=110034) _context_setter /opt/stack/cinder/cinder/api/middleware/request_id.py:62}}
Mar 10 17:07:53.392701 dv-cinder-833121-1-iscsi devstack@c-api.service[110034]: INFO cinder.api.openstack.wsgi [req-e017d565-20db-4ebc-a99f-60fbc7876d2c req-221eda5f-d6de-4486-a5b4-8ed9933eca8d tempest-VolumesSnapshotsTestJSON-385462039 tempest-VolumesSnapshotsTestJSON-385462039-project] GET http://10.222.0.44/volume/v3/5cde9082fb1c4848bad841fb0a5a5200/snapshots/0f02dc00-a46d-4900-a361-889432ac1464
Mar 10 17:07:53.393363 dv-cinder-833121-1-iscsi devstack@c-api.service[110034]: DEBUG cinder.api.openstack.wsgi [req-e017d565-20db-4ebc-a99f-60fbc7876d2c req-221eda5f-d6de-4486-a5b4-8ed9933eca8d tempest-VolumesSnapshotsTestJSON-385462039 tempest-VolumesSnapshotsTestJSON-385462039-project] Empty body provided in request {{(pid=110034) get_body /opt/stack/cinder/cinder/api/openstack/wsgi.py:715}}
Mar 10 17:07:53.393994 dv-cinder-833121-1-iscsi devstack@c-api.service[110034]: DEBUG cinder.api.openstack.wsgi [req-e017d565-20db-4ebc-a99f-60fbc7876d2c req-221eda5f-d6de-4486-a5b4-8ed9933eca8d tempest-VolumesSnapshotsTestJSON-385462039 tempest-VolumesSnapshotsTestJSON-385462039-project] Calling method 'show' {{(pid=110034) _process_stack /opt/stack/cinder/cinder/api/openstack/wsgi.py:868}}
Mar 10 17:07:53.405986 dv-cinder-833121-1-iscsi devstack@c-api.service[110034]: /usr/local/lib/python3.8/dist-packages/oslo_context/context.py:100: DeprecationWarning: Policy enforcement is depending on the value of is_admin. This key is deprecated. Please update your policy file to use the standard policy values.
Mar 10 17:07:53.405986 dv-cinder-833121-1-iscsi devstack@c-api.service[110034]: warnings.warn('Policy enforcement is depending on the value of '
Mar 10 17:07:53.407154 dv-cinder-833121-1-iscsi devstack@c-api.service[110034]: INFO cinder.volume.api [req-e017d565-20db-4ebc-a99f-60fbc7876d2c req-221eda5f-d6de-4486-a5b4-8ed9933eca8d tempest-VolumesSnapshotsTestJSON-385462039 tempest-VolumesSnapshotsTestJSON-385462039-project] Snapshot retrieved successfully.
Mar 10 17:07:53.409090 dv-cinder-833121-1-iscsi devstack@c-api.service[110034]: INFO cinder.api.openstack.wsgi [req-e017d565-20db-4ebc-a99f-60fbc7876d2c req-221eda5f-d6de-4486-a5b4-8ed9933eca8d tempest-VolumesSnapshotsTestJSON-385462039 tempest-VolumesSnapshotsTestJSON-385462039-project] http://10.222.0.44/volume/v3/5cde9082fb1c4848bad841fb0a5a5200/snapshots/0f02dc00-a46d-4900-a361-889432ac1464 returned with HTTP 200
Mar 10 17:07:53.413696 dv-cinder-833121-1-iscsi devstack@c-api.service[110033]: DEBUG cinder.volume.api [None req-8395aa2b-cf20-496f-8e81-efe8c3abfccd tempest-GroupSnapshotsV319Test-537883379 tempest-GroupSnapshotsV319Test-537883379-project] Task 'cinder.volume.flows.api.create_volume.VolumeCastTask;volume:create' (a972478b-dab4-4a9a-9da6-99cd3e6b0761) transitioned into state 'SUCCESS' from state 'RUNNING' with result 'None' {{(pid=110033) _task_receiver /usr/local/lib/python3.8/dist-packages/taskflow/listeners/logging.py:178}}
Mar 10 17:07:53.416844 dv-cinder-833121-1-iscsi devstack@c-api.service[110033]: DEBUG cinder.volume.api [None req-8395aa2b-cf20-496f-8e81-efe8c3abfccd tempest-GroupSnapshotsV319Test-537883379 tempest-GroupSnapshotsV319Test-537883379-project] Flow 'volume_create_api' (9900338e-abd9-476f-bc3b-f1f7b52177bc) transitioned into state 'SUCCESS' from state 'RUNNING' {{(pid=110033) _flow_receiver /usr/local/lib/python3.8/dist-packages/taskflow/listeners/logging.py:141}}
Mar 10 17:07:53.417859 dv-cinder-833121-1-iscsi devstack@c-api.service[110033]: INFO cinder.volume.api [None req-8395aa2b-cf20-496f-8e81-efe8c3abfccd tempest-GroupSnapshotsV319Test-537883379 tempest-GroupSnapshotsV319Test-537883379-project] Create volume request issued successfully.
Mar 10 17:07:53.419442 dv-cinder-833121-1-iscsi devstack@c-api.service[110033]: WARNING stevedore.named [None req-8395aa2b-cf20-496f-8e81-efe8c3abfccd tempest-GroupSnapshotsV319Test-537883379 tempest-GroupSnapshotsV319Test-537883379-project] Could not load cinder.keymgr.conf_key_mgr.ConfKeyManager
Mar 10 17:07:53.419969 dv-cinder-833121-1-iscsi devstack@c-api.service[110033]: WARNING castellan.key_manager [None req-8395aa2b-cf20-496f-8e81-efe8c3abfccd tempest-GroupSnapshotsV319Test-537883379 tempest-GroupSnapshotsV319Test-537883379-project] Deprecation Warning : cinder.keymgr.conf_key_mgr.ConfKeyManager is not a stevedore based driver, trying to load it as a class: stevedore.exception.NoMatches: No 'castellan.drivers' driver found, looking for 'cinder.keymgr.conf_key_mgr.ConfKeyManager'
Mar 10 17:07:53.423481 dv-cinder-833121-1-iscsi devstack@c-api.service[110034]: [pid: 110034|app: 0|req: 39/74] 10.222.0.44 () {60 vars in 1584 bytes} [Thu Mar 10 17:07:53 2022] GET /volume/v3/5cde9082fb1c4848bad841fb0a5a5200/snapshots/0f02dc00-a46d-4900-a361-889432ac1464 => generated 470 bytes in 37 msecs (HTTP/1.1 200) 7 headers in 285 bytes (1 switches on core 0)
Mar 10 17:07:53.428989 dv-cinder-833121-1-iscsi devstack@c-api.service[110033]: DEBUG oslo_db.sqlalchemy.engines [None req-8395aa2b-cf20-496f-8e81-efe8c3abfccd tempest-GroupSnapshotsV319Test-537883379 tempest-GroupSnapshotsV319Test-537883379-project] MySQL server mode set to STRICT_TRANS_TABLES,STRICT_ALL_TABLES,NO_ZERO_IN_DATE,NO_ZERO_DATE,ERROR_FOR_DIVISION_BY_ZERO,TRADITIONAL,NO_ENGINE_SUBSTITUTION {{(pid=110033) _check_effective_sql_mode /usr/local/lib/python3.8/dist-packages/oslo_db/sqlalchemy/engines.py:314}}
Mar 10 17:07:53.450352 dv-cinder-833121-1-iscsi devstack@c-api.service[110033]: /usr/local/lib/python3.8/dist-packages/oslo_context/context.py:100: DeprecationWarning: Policy enforcement is depending on the value of is_admin. This key is deprecated. Please update your policy file to use the standard policy values.
Mar 10 17:07:53.450352 dv-cinder-833121-1-iscsi devstack@c-api.service[110033]: warnings.warn('Policy enforcement is depending on the value of '
Mar 10 17:07:53.455212 dv-cinder-833121-1-iscsi devstack@c-api.service[110034]: DEBUG cinder.api.middleware.request_id [req-22fe9258-8ef3-44e1-b5ca-b602a05d8c27 req-eb2ffc00-b44f-42bd-b680-6203c8f8a04a None None] RequestId filter calling following filter/app {{(pid=110034) _context_setter /opt/stack/cinder/cinder/api/middleware/request_id.py:62}}
Mar 10 17:07:53.460744 dv-cinder-833121-1-iscsi devstack@c-api.service[110034]: INFO cinder.api.openstack.wsgi [req-22fe9258-8ef3-44e1-b5ca-b602a05d8c27 req-eb2ffc00-b44f-42bd-b680-6203c8f8a04a tempest-VolumesSnapshotsTestJSON-385462039 tempest-VolumesSnapshotsTestJSON-385462039-project] DELETE http://10.222.0.44/volume/v3/5cde9082fb1c4848bad841fb0a5a5200/snapshots/0f02dc00-a46d-4900-a361-889432ac1464
Mar 10 17:07:53.462443 dv-cinder-833121-1-iscsi devstack@c-api.service[110034]: DEBUG cinder.api.openstack.wsgi [req-22fe9258-8ef3-44e1-b5ca-b602a05d8c27 req-eb2ffc00-b44f-42bd-b680-6203c8f8a04a tempest-VolumesSnapshotsTestJSON-385462039 tempest-VolumesSnapshotsTestJSON-385462039-project] Empty body provided in request {{(pid=110034) get_body /opt/stack/cinder/cinder/api/openstack/wsgi.py:715}}
Mar 10 17:07:53.462962 dv-cinder-833121-1-iscsi devstack@c-api.service[110034]: DEBUG cinder.api.openstack.wsgi [req-22fe9258-8ef3-44e1-b5ca-b602a05d8c27 req-eb2ffc00-b44f-42bd-b680-6203c8f8a04a tempest-VolumesSnapshotsTestJSON-385462039 tempest-VolumesSnapshotsTestJSON-385462039-project] Calling method 'delete' {{(pid=110034) _process_stack /opt/stack/cinder/cinder/api/openstack/wsgi.py:868}}
Mar 10 17:07:53.463285 dv-cinder-833121-1-iscsi devstack@c-api.service[110034]: INFO cinder.api.v2.snapshots [req-22fe9258-8ef3-44e1-b5ca-b602a05d8c27 req-eb2ffc00-b44f-42bd-b680-6203c8f8a04a tempest-VolumesSnapshotsTestJSON-385462039 tempest-VolumesSnapshotsTestJSON-385462039-project] Delete snapshot with id: 0f02dc00-a46d-4900-a361-889432ac1464
Mar 10 17:07:53.475323 dv-cinder-833121-1-iscsi devstack@c-api.service[110033]: INFO cinder.api.openstack.wsgi [None req-8395aa2b-cf20-496f-8e81-efe8c3abfccd tempest-GroupSnapshotsV319Test-537883379 tempest-GroupSnapshotsV319Test-537883379-project] http://10.222.0.44/volume/v3/66dc11e01ad04603b125eb8f5ecc0ae5/volumes returned with HTTP 202
Mar 10 17:07:53.476160 dv-cinder-833121-1-iscsi devstack@c-api.service[110033]: [pid: 110033|app: 0|req: 36/75] 10.222.0.44 () {62 vars in 1276 bytes} [Thu Mar 10 17:07:53 2022] POST /volume/v3/66dc11e01ad04603b125eb8f5ecc0ae5/volumes => generated 915 bytes in 460 msecs (HTTP/1.1 202) 7 headers in 292 bytes (1 switches on core 0)
Mar 10 17:07:53.484026 dv-cinder-833121-1-iscsi devstack@c-api.service[110034]: /usr/local/lib/python3.8/dist-packages/oslo_context/context.py:100: DeprecationWarning: Policy enforcement is depending on the value of is_admin. This key is deprecated. Please update your policy file to use the standard policy values.
Mar 10 17:07:53.484026 dv-cinder-833121-1-iscsi devstack@c-api.service[110034]: warnings.warn('Policy enforcement is depending on the value of '
Mar 10 17:07:53.487516 dv-cinder-833121-1-iscsi devstack@c-api.service[110034]: INFO cinder.volume.api [req-22fe9258-8ef3-44e1-b5ca-b602a05d8c27 req-eb2ffc00-b44f-42bd-b680-6203c8f8a04a tempest-VolumesSnapshotsTestJSON-385462039 tempest-VolumesSnapshotsTestJSON-385462039-project] Snapshot retrieved successfully.
Mar 10 17:07:53.494198 dv-cinder-833121-1-iscsi devstack@c-api.service[110033]: DEBUG cinder.api.middleware.request_id [None req-ddff002d-5060-4169-aacd-15c3b7f0bcf4 None None] RequestId filter calling following filter/app {{(pid=110033) _context_setter /opt/stack/cinder/cinder/api/middleware/request_id.py:62}}
Mar 10 17:07:53.500138 dv-cinder-833121-1-iscsi devstack@c-api.service[110033]: INFO cinder.api.openstack.wsgi [None req-ddff002d-5060-4169-aacd-15c3b7f0bcf4 tempest-GroupSnapshotsV319Test-537883379 tempest-GroupSnapshotsV319Test-537883379-project] GET http://10.222.0.44/volume/v3/66dc11e01ad04603b125eb8f5ecc0ae5/volumes/2d3d3b11-99c0-49c1-a4c9-7fd811e59e8f
Mar 10 17:07:53.501048 dv-cinder-833121-1-iscsi devstack@c-api.service[110033]: DEBUG cinder.api.openstack.wsgi [None req-ddff002d-5060-4169-aacd-15c3b7f0bcf4 tempest-GroupSnapshotsV319Test-537883379 tempest-GroupSnapshotsV319Test-537883379-project] Empty body provided in request {{(pid=110033) get_body /opt/stack/cinder/cinder/api/openstack/wsgi.py:715}}
Mar 10 17:07:53.501782 dv-cinder-833121-1-iscsi devstack@c-api.service[110033]: DEBUG cinder.api.openstack.wsgi [None req-ddff002d-5060-4169-aacd-15c3b7f0bcf4 tempest-GroupSnapshotsV319Test-537883379 tempest-GroupSnapshotsV319Test-537883379-project] Calling method 'show' {{(pid=110033) _process_stack /opt/stack/cinder/cinder/api/openstack/wsgi.py:868}}
