Mar 10 17:07:47.035412 dv-cinder-833121-1-iscsi devstack@c-api.service[110034]: INFO cinder.volume.api [None req-61d582b1-7622-41d8-902f-c3b9913e22bf tempest-VolumesServicesTestJSON-154609310 tempest-VolumesServicesTestJSON-154609310-project] Volume info retrieved successfully.
Mar 10 17:07:47.037083 dv-cinder-833121-1-iscsi devstack@c-api.service[110033]: INFO cinder.volume.api [None req-af0534b9-aa5a-494b-9c76-7b6f4522edd3 tempest-VolumesTestJSON-136829061 tempest-VolumesTestJSON-136829061-project] Volume info retrieved successfully.
Mar 10 17:07:47.047539 dv-cinder-833121-1-iscsi devstack@c-api.service[110033]: INFO cinder.api.openstack.wsgi [None req-af0534b9-aa5a-494b-9c76-7b6f4522edd3 tempest-VolumesTestJSON-136829061 tempest-VolumesTestJSON-136829061-project] http://10.222.0.44/volume/v3/e55e3a41f20d466b8418fcf18249e169/volumes/e2ea5e6b-aea4-447a-848e-4f1e38d969d7 returned with HTTP 200
Mar 10 17:07:47.057722 dv-cinder-833121-1-iscsi devstack@c-api.service[110034]: INFO cinder.api.openstack.wsgi [None req-61d582b1-7622-41d8-902f-c3b9913e22bf tempest-VolumesServicesTestJSON-154609310 tempest-VolumesServicesTestJSON-154609310-project] http://10.222.0.44/volume/v3/c451fe4f222b42ab9b6882fea34c10da/volumes/d9c5ed70-1242-40ca-ae7e-9a050ef1206f returned with HTTP 200
Mar 10 17:07:47.058724 dv-cinder-833121-1-iscsi devstack@c-api.service[110033]: [pid: 110033|app: 0|req: 18/37] 10.222.0.44 () {58 vars in 1324 bytes} [Thu Mar 10 17:07:46 2022] GET /volume/v3/e55e3a41f20d466b8418fcf18249e169/volumes/e2ea5e6b-aea4-447a-848e-4f1e38d969d7 => generated 897 bytes in 73 msecs (HTTP/1.1 200) 7 headers in 285 bytes (1 switches on core 0)
Mar 10 17:07:47.060187 dv-cinder-833121-1-iscsi devstack@c-api.service[110034]: [pid: 110034|app: 0|req: 20/38] 10.222.0.44 () {58 vars in 1324 bytes} [Thu Mar 10 17:07:46 2022] GET /volume/v3/c451fe4f222b42ab9b6882fea34c10da/volumes/d9c5ed70-1242-40ca-ae7e-9a050ef1206f => generated 916 bytes in 90 msecs (HTTP/1.1 200) 7 headers in 285 bytes (2 switches on core 0)
Mar 10 17:07:47.060331 dv-cinder-833121-1-iscsi devstack@c-api.service[110033]: DEBUG cinder.api.middleware.request_id [None req-b278d9a7-8364-4992-99fe-e689d8aa2d4e None None] RequestId filter calling following filter/app {{(pid=110033) _context_setter /opt/stack/cinder/cinder/api/middleware/request_id.py:62}}
Mar 10 17:07:47.073320 dv-cinder-833121-1-iscsi devstack@c-api.service[110033]: INFO cinder.api.openstack.wsgi [None req-b278d9a7-8364-4992-99fe-e689d8aa2d4e tempest-GroupSnapshotsTest-653626472 tempest-GroupSnapshotsTest-653626472-project] GET http://10.222.0.44/volume/v3/79078b81fdd544508a1312c65f191c0a/groups/95bf0258-c210-4ce7-ba9c-3c802a205efc
Mar 10 17:07:47.073849 dv-cinder-833121-1-iscsi devstack@c-api.service[110033]: DEBUG cinder.api.openstack.wsgi [None req-b278d9a7-8364-4992-99fe-e689d8aa2d4e tempest-GroupSnapshotsTest-653626472 tempest-GroupSnapshotsTest-653626472-project] Empty body provided in request {{(pid=110033) get_body /opt/stack/cinder/cinder/api/openstack/wsgi.py:715}}
Mar 10 17:07:47.074307 dv-cinder-833121-1-iscsi devstack@c-api.service[110033]: DEBUG cinder.api.openstack.wsgi [None req-b278d9a7-8364-4992-99fe-e689d8aa2d4e tempest-GroupSnapshotsTest-653626472 tempest-GroupSnapshotsTest-653626472-project] Calling method 'version_select' {{(pid=110033) _process_stack /opt/stack/cinder/cinder/api/openstack/wsgi.py:868}}
Mar 10 17:07:47.074669 dv-cinder-833121-1-iscsi devstack@c-api.service[110033]: DEBUG cinder.api.v3.groups [None req-b278d9a7-8364-4992-99fe-e689d8aa2d4e tempest-GroupSnapshotsTest-653626472 tempest-GroupSnapshotsTest-653626472-project] show called for member 95bf0258-c210-4ce7-ba9c-3c802a205efc {{(pid=110033) show /opt/stack/cinder/cinder/api/v3/groups.py:58}}
Mar 10 17:07:47.076091 dv-cinder-833121-1-iscsi devstack@c-api.service[110034]: DEBUG cinder.api.middleware.request_id [None req-4893a76d-2e1c-4a54-bac2-fcb38f2aebc7 None None] RequestId filter calling following filter/app {{(pid=110034) _context_setter /opt/stack/cinder/cinder/api/middleware/request_id.py:62}}
Mar 10 17:07:47.080088 dv-cinder-833121-1-iscsi devstack@c-api.service[110034]: INFO cinder.api.openstack.wsgi [None req-4893a76d-2e1c-4a54-bac2-fcb38f2aebc7 tempest-VolumesServicesTestJSON-91539647 tempest-VolumesServicesTestJSON-91539647-project-admin] GET http://10.222.0.44/volume/v3/61202566de0442e88ec1139f9d7e7bf3/volumes/d9c5ed70-1242-40ca-ae7e-9a050ef1206f
Mar 10 17:07:47.080838 dv-cinder-833121-1-iscsi devstack@c-api.service[110034]: DEBUG cinder.api.openstack.wsgi [None req-4893a76d-2e1c-4a54-bac2-fcb38f2aebc7 tempest-VolumesServicesTestJSON-91539647 tempest-VolumesServicesTestJSON-91539647-project-admin] Empty body provided in request {{(pid=110034) get_body /opt/stack/cinder/cinder/api/openstack/wsgi.py:715}}
Mar 10 17:07:47.081471 dv-cinder-833121-1-iscsi devstack@c-api.service[110034]: DEBUG cinder.api.openstack.wsgi [None req-4893a76d-2e1c-4a54-bac2-fcb38f2aebc7 tempest-VolumesServicesTestJSON-91539647 tempest-VolumesServicesTestJSON-91539647-project-admin] Calling method 'show' {{(pid=110034) _process_stack /opt/stack/cinder/cinder/api/openstack/wsgi.py:868}}
Mar 10 17:07:47.097428 dv-cinder-833121-1-iscsi devstack@c-api.service[110033]: /usr/local/lib/python3.8/dist-packages/oslo_context/context.py:100: DeprecationWarning: Policy enforcement is depending on the value of is_admin. This key is deprecated. Please update your policy file to use the standard policy values.
Mar 10 17:07:47.097428 dv-cinder-833121-1-iscsi devstack@c-api.service[110033]: warnings.warn('Policy enforcement is depending on the value of '
Mar 10 17:07:47.157177 dv-cinder-833121-1-iscsi devstack@c-api.service[110034]: /usr/local/lib/python3.8/dist-packages/oslo_context/context.py:100: DeprecationWarning: Policy enforcement is depending on the value of is_admin. This key is deprecated. Please update your policy file to use the standard policy values.
Mar 10 17:07:47.157177 dv-cinder-833121-1-iscsi devstack@c-api.service[110034]: warnings.warn('Policy enforcement is depending on the value of '
Mar 10 17:07:47.166630 dv-cinder-833121-1-iscsi devstack@c-api.service[110034]: INFO cinder.volume.api [None req-4893a76d-2e1c-4a54-bac2-fcb38f2aebc7 tempest-VolumesServicesTestJSON-91539647 tempest-VolumesServicesTestJSON-91539647-project-admin] Volume info retrieved successfully.
Mar 10 17:07:47.175524 dv-cinder-833121-1-iscsi devstack@c-api.service[110034]: INFO cinder.api.openstack.wsgi [None req-4893a76d-2e1c-4a54-bac2-fcb38f2aebc7 tempest-VolumesServicesTestJSON-91539647 tempest-VolumesServicesTestJSON-91539647-project-admin] http://10.222.0.44/volume/v3/61202566de0442e88ec1139f9d7e7bf3/volumes/d9c5ed70-1242-40ca-ae7e-9a050ef1206f returned with HTTP 200
Mar 10 17:07:47.177089 dv-cinder-833121-1-iscsi devstack@c-api.service[110034]: [pid: 110034|app: 0|req: 21/39] 10.222.0.44 () {58 vars in 1324 bytes} [Thu Mar 10 17:07:47 2022] GET /volume/v3/61202566de0442e88ec1139f9d7e7bf3/volumes/d9c5ed70-1242-40ca-ae7e-9a050ef1206f => generated 1092 bytes in 103 msecs (HTTP/1.1 200) 7 headers in 286 bytes (1 switches on core 0)
Mar 10 17:07:47.188700 dv-cinder-833121-1-iscsi devstack@c-api.service[110034]: DEBUG cinder.api.middleware.request_id [None req-01f41fac-dffa-43d7-9a55-988d8a26d18f None None] RequestId filter calling following filter/app {{(pid=110034) _context_setter /opt/stack/cinder/cinder/api/middleware/request_id.py:62}}
Mar 10 17:07:47.195758 dv-cinder-833121-1-iscsi devstack@c-api.service[110034]: INFO cinder.api.openstack.wsgi [None req-01f41fac-dffa-43d7-9a55-988d8a26d18f tempest-VolumesServicesTestJSON-91539647 tempest-VolumesServicesTestJSON-91539647-project-admin] GET http://10.222.0.44/volume/v3/61202566de0442e88ec1139f9d7e7bf3/os-services?host=hv-cinder-83312&binary=cinder-volume
Mar 10 17:07:47.199678 dv-cinder-833121-1-iscsi devstack@c-api.service[110034]: DEBUG cinder.api.openstack.wsgi [None req-01f41fac-dffa-43d7-9a55-988d8a26d18f tempest-VolumesServicesTestJSON-91539647 tempest-VolumesServicesTestJSON-91539647-project-admin] Empty body provided in request {{(pid=110034) get_body /opt/stack/cinder/cinder/api/openstack/wsgi.py:715}}
Mar 10 17:07:47.200352 dv-cinder-833121-1-iscsi devstack@c-api.service[110034]: DEBUG cinder.api.openstack.wsgi [None req-01f41fac-dffa-43d7-9a55-988d8a26d18f tempest-VolumesServicesTestJSON-91539647 tempest-VolumesServicesTestJSON-91539647-project-admin] Calling method 'index' {{(pid=110034) _process_stack /opt/stack/cinder/cinder/api/openstack/wsgi.py:868}}
Mar 10 17:07:47.216859 dv-cinder-833121-1-iscsi devstack@c-api.service[110033]: INFO cinder.api.openstack.wsgi [None req-b278d9a7-8364-4992-99fe-e689d8aa2d4e tempest-GroupSnapshotsTest-653626472 tempest-GroupSnapshotsTest-653626472-project] http://10.222.0.44/volume/v3/79078b81fdd544508a1312c65f191c0a/groups/95bf0258-c210-4ce7-ba9c-3c802a205efc returned with HTTP 200
Mar 10 17:07:47.220395 dv-cinder-833121-1-iscsi devstack@c-api.service[110033]: [pid: 110033|app: 0|req: 19/40] 10.222.0.44 () {60 vars in 1362 bytes} [Thu Mar 10 17:07:47 2022] GET /volume/v3/79078b81fdd544508a1312c65f191c0a/groups/95bf0258-c210-4ce7-ba9c-3c802a205efc => generated 393 bytes in 160 msecs (HTTP/1.1 200) 7 headers in 286 bytes (1 switches on core 0)
Mar 10 17:07:47.228509 dv-cinder-833121-1-iscsi devstack@c-api.service[110034]: INFO cinder.api.openstack.wsgi [None req-01f41fac-dffa-43d7-9a55-988d8a26d18f tempest-VolumesServicesTestJSON-91539647 tempest-VolumesServicesTestJSON-91539647-project-admin] http://10.222.0.44/volume/v3/61202566de0442e88ec1139f9d7e7bf3/os-services?host=hv-cinder-83312&binary=cinder-volume returned with HTTP 200
Mar 10 17:07:47.229560 dv-cinder-833121-1-iscsi devstack@c-api.service[110034]: [pid: 110034|app: 0|req: 22/41] 10.222.0.44 () {58 vars in 1308 bytes} [Thu Mar 10 17:07:47 2022] GET /volume/v3/61202566de0442e88ec1139f9d7e7bf3/os-services?host=hv-cinder-83312&binary=cinder-volume => generated 276 bytes in 42 msecs (HTTP/1.1 200) 7 headers in 285 bytes (2 switches on core 0)
Mar 10 17:07:47.233762 dv-cinder-833121-1-iscsi devstack@c-api.service[110033]: DEBUG cinder.api.middleware.request_id [None req-4c081098-18ed-4d86-82b1-bcc3a8d81e23 None None] RequestId filter calling following filter/app {{(pid=110033) _context_setter /opt/stack/cinder/cinder/api/middleware/request_id.py:62}}
Mar 10 17:07:47.239731 dv-cinder-833121-1-iscsi devstack@c-api.service[110034]: DEBUG cinder.api.middleware.request_id [None req-48f97a5c-9667-4138-b8a5-442d16c88d9e None None] RequestId filter calling following filter/app {{(pid=110034) _context_setter /opt/stack/cinder/cinder/api/middleware/request_id.py:62}}
Mar 10 17:07:47.244514 dv-cinder-833121-1-iscsi devstack@c-api.service[110033]: INFO cinder.api.openstack.wsgi [None req-4c081098-18ed-4d86-82b1-bcc3a8d81e23 tempest-GroupSnapshotsTest-653626472 tempest-GroupSnapshotsTest-653626472-project] POST http://10.222.0.44/volume/v3/79078b81fdd544508a1312c65f191c0a/volumes
Mar 10 17:07:47.244707 dv-cinder-833121-1-iscsi devstack@c-api.service[110034]: INFO cinder.api.openstack.wsgi [None req-48f97a5c-9667-4138-b8a5-442d16c88d9e tempest-VolumesServicesTestJSON-91539647 tempest-VolumesServicesTestJSON-91539647-project-admin] GET http://10.222.0.44/volume/v3/61202566de0442e88ec1139f9d7e7bf3/os-services
Mar 10 17:07:47.245114 dv-cinder-833121-1-iscsi devstack@c-api.service[110034]: DEBUG cinder.api.openstack.wsgi [None req-48f97a5c-9667-4138-b8a5-442d16c88d9e tempest-VolumesServicesTestJSON-91539647 tempest-VolumesServicesTestJSON-91539647-project-admin] Empty body provided in request {{(pid=110034) get_body /opt/stack/cinder/cinder/api/openstack/wsgi.py:715}}
Mar 10 17:07:47.245360 dv-cinder-833121-1-iscsi devstack@c-api.service[110033]: DEBUG cinder.api.openstack.wsgi [None req-4c081098-18ed-4d86-82b1-bcc3a8d81e23 tempest-GroupSnapshotsTest-653626472 tempest-GroupSnapshotsTest-653626472-project] Action: 'create', calling method: create, body: {"volume": {"volume_type": "7784b883-9202-43ed-8a8e-238e660fb657", "group_id": "95bf0258-c210-4ce7-ba9c-3c802a205efc", "size": 1, "name": "tempest-GroupSnapshotsTest-Volume-1227293950"}} {{(pid=110033) _process_stack /opt/stack/cinder/cinder/api/openstack/wsgi.py:866}}
Mar 10 17:07:47.245574 dv-cinder-833121-1-iscsi devstack@c-api.service[110034]: DEBUG cinder.api.openstack.wsgi [None req-48f97a5c-9667-4138-b8a5-442d16c88d9e tempest-VolumesServicesTestJSON-91539647 tempest-VolumesServicesTestJSON-91539647-project-admin] Calling method 'index' {{(pid=110034) _process_stack /opt/stack/cinder/cinder/api/openstack/wsgi.py:868}}
Mar 10 17:07:47.246409 dv-cinder-833121-1-iscsi devstack@c-api.service[110033]: DEBUG cinder.api.v3.volumes [None req-4c081098-18ed-4d86-82b1-bcc3a8d81e23 tempest-GroupSnapshotsTest-653626472 tempest-GroupSnapshotsTest-653626472-project] Create volume request body: {'volume': {'volume_type': '7784b883-9202-43ed-8a8e-238e660fb657', 'group_id': '95bf0258-c210-4ce7-ba9c-3c802a205efc', 'size': 1, 'name': 'tempest-GroupSnapshotsTest-Volume-1227293950'}} {{(pid=110033) create /opt/stack/cinder/cinder/api/v3/volumes.py:298}}
Mar 10 17:07:47.263633 dv-cinder-833121-1-iscsi devstack@c-api.service[110034]: INFO cinder.api.openstack.wsgi [None req-48f97a5c-9667-4138-b8a5-442d16c88d9e tempest-VolumesServicesTestJSON-91539647 tempest-VolumesServicesTestJSON-91539647-project-admin] http://10.222.0.44/volume/v3/61202566de0442e88ec1139f9d7e7bf3/os-services returned with HTTP 200
Mar 10 17:07:47.264657 dv-cinder-833121-1-iscsi devstack@c-api.service[110034]: [pid: 110034|app: 0|req: 23/42] 10.222.0.44 () {58 vars in 1225 bytes} [Thu Mar 10 17:07:47 2022] GET /volume/v3/61202566de0442e88ec1139f9d7e7bf3/os-services => generated 642 bytes in 27 msecs (HTTP/1.1 200) 7 headers in 285 bytes (2 switches on core 0)
Mar 10 17:07:47.271371 dv-cinder-833121-1-iscsi devstack@c-api.service[110033]: /usr/local/lib/python3.8/dist-packages/oslo_context/context.py:100: DeprecationWarning: Policy enforcement is depending on the value of is_admin. This key is deprecated. Please update your policy file to use the standard policy values.
Mar 10 17:07:47.271371 dv-cinder-833121-1-iscsi devstack@c-api.service[110033]: warnings.warn('Policy enforcement is depending on the value of '
Mar 10 17:07:47.271371 dv-cinder-833121-1-iscsi devstack@c-api.service[110033]: INFO cinder.api.v3.volumes [None req-4c081098-18ed-4d86-82b1-bcc3a8d81e23 tempest-GroupSnapshotsTest-653626472 tempest-GroupSnapshotsTest-653626472-project] Create volume of 1 GB
Mar 10 17:07:47.273600 dv-cinder-833121-1-iscsi devstack@c-api.service[110034]: DEBUG cinder.api.middleware.request_id [None req-29efbfc2-7aad-4819-890a-bc2714bbc69a None None] RequestId filter calling following filter/app {{(pid=110034) _context_setter /opt/stack/cinder/cinder/api/middleware/request_id.py:62}}
Mar 10 17:07:47.280130 dv-cinder-833121-1-iscsi devstack@c-api.service[110034]: INFO cinder.api.openstack.wsgi [None req-29efbfc2-7aad-4819-890a-bc2714bbc69a tempest-VolumesServicesTestJSON-154609310 tempest-VolumesServicesTestJSON-154609310-project] DELETE http://10.222.0.44/volume/v3/c451fe4f222b42ab9b6882fea34c10da/volumes/d9c5ed70-1242-40ca-ae7e-9a050ef1206f
Mar 10 17:07:47.282472 dv-cinder-833121-1-iscsi devstack@c-api.service[110034]: DEBUG cinder.api.openstack.wsgi [None req-29efbfc2-7aad-4819-890a-bc2714bbc69a tempest-VolumesServicesTestJSON-154609310 tempest-VolumesServicesTestJSON-154609310-project] Empty body provided in request {{(pid=110034) get_body /opt/stack/cinder/cinder/api/openstack/wsgi.py:715}}
Mar 10 17:07:47.282974 dv-cinder-833121-1-iscsi devstack@c-api.service[110034]: DEBUG cinder.api.openstack.wsgi [None req-29efbfc2-7aad-4819-890a-bc2714bbc69a tempest-VolumesServicesTestJSON-154609310 tempest-VolumesServicesTestJSON-154609310-project] Calling method 'delete' {{(pid=110034) _process_stack /opt/stack/cinder/cinder/api/openstack/wsgi.py:868}}
Mar 10 17:07:47.283398 dv-cinder-833121-1-iscsi devstack@c-api.service[110034]: INFO cinder.api.v3.volumes [None req-29efbfc2-7aad-4819-890a-bc2714bbc69a tempest-VolumesServicesTestJSON-154609310 tempest-VolumesServicesTestJSON-154609310-project] Delete volume with id: d9c5ed70-1242-40ca-ae7e-9a050ef1206f
Mar 10 17:07:47.285551 dv-cinder-833121-1-iscsi devstack@c-api.service[110033]: INFO cinder.volume.api [None req-4c081098-18ed-4d86-82b1-bcc3a8d81e23 tempest-GroupSnapshotsTest-653626472 tempest-GroupSnapshotsTest-653626472-project] Availability Zones retrieved successfully.
Mar 10 17:07:47.308841 dv-cinder-833121-1-iscsi devstack@c-api.service[110033]: DEBUG cinder.volume.api [None req-4c081098-18ed-4d86-82b1-bcc3a8d81e23 tempest-GroupSnapshotsTest-653626472 tempest-GroupSnapshotsTest-653626472-project] Flow 'volume_create_api' (72b65c84-047d-427d-87a9-1d926f2bef98) transitioned into state 'RUNNING' from state 'PENDING' {{(pid=110033) _flow_receiver /usr/local/lib/python3.8/dist-packages/taskflow/listeners/logging.py:141}}
Mar 10 17:07:47.312190 dv-cinder-833121-1-iscsi devstack@c-api.service[110033]: DEBUG cinder.volume.api [None req-4c081098-18ed-4d86-82b1-bcc3a8d81e23 tempest-GroupSnapshotsTest-653626472 tempest-GroupSnapshotsTest-653626472-project] Task 'cinder.volume.flows.api.create_volume.ExtractVolumeRequestTask;volume:create' (bb250d3e-4e5f-4d27-bd72-462255060ed7) transitioned into state 'RUNNING' from state 'PENDING' {{(pid=110033) _task_receiver /usr/local/lib/python3.8/dist-packages/taskflow/listeners/logging.py:190}}
Mar 10 17:07:47.314038 dv-cinder-833121-1-iscsi devstack@c-api.service[110033]: /usr/local/lib/python3.8/dist-packages/oslo_context/context.py:100: DeprecationWarning: Policy enforcement is depending on the value of is_admin. This key is deprecated. Please update your policy file to use the standard policy values.
Mar 10 17:07:47.314038 dv-cinder-833121-1-iscsi devstack@c-api.service[110033]: warnings.warn('Policy enforcement is depending on the value of '
Mar 10 17:07:47.315791 dv-cinder-833121-1-iscsi devstack@c-api.service[110033]: DEBUG cinder.volume.flows.api.create_volume [None req-4c081098-18ed-4d86-82b1-bcc3a8d81e23 tempest-GroupSnapshotsTest-653626472 tempest-GroupSnapshotsTest-653626472-project] Validating volume size '1' using validate_int {{(pid=110033) _extract_size /opt/stack/cinder/cinder/volume/flows/api/create_volume.py:225}}
Mar 10 17:07:47.321367 dv-cinder-833121-1-iscsi devstack@c-api.service[110034]: /usr/local/lib/python3.8/dist-packages/oslo_context/context.py:100: DeprecationWarning: Policy enforcement is depending on the value of is_admin. This key is deprecated. Please update your policy file to use the standard policy values.
Mar 10 17:07:47.321367 dv-cinder-833121-1-iscsi devstack@c-api.service[110034]: warnings.warn('Policy enforcement is depending on the value of '
Mar 10 17:07:47.323069 dv-cinder-833121-1-iscsi devstack@c-api.service[110034]: INFO cinder.volume.api [None req-29efbfc2-7aad-4819-890a-bc2714bbc69a tempest-VolumesServicesTestJSON-154609310 tempest-VolumesServicesTestJSON-154609310-project] Volume info retrieved successfully.
Mar 10 17:07:47.352883 dv-cinder-833121-1-iscsi devstack@c-api.service[110033]: DEBUG cinder.volume.api [None req-4c081098-18ed-4d86-82b1-bcc3a8d81e23 tempest-GroupSnapshotsTest-653626472 tempest-GroupSnapshotsTest-653626472-project] Task 'cinder.volume.flows.api.create_volume.ExtractVolumeRequestTask;volume:create' (bb250d3e-4e5f-4d27-bd72-462255060ed7) transitioned into state 'SUCCESS' from state 'RUNNING' with result '{'size': 1, 'snapshot_id': None, 'source_volid': None, 'volume_type': VolumeType(created_at=2022-03-10T17:07:45Z,deleted=False,deleted_at=None,description=None,extra_specs={},id=7784b883-9202-43ed-8a8e-238e660fb657,is_public=True,name='tempest-GroupSnapshotsTest-volume-type-889604816',projects=[],qos_specs=,qos_specs_id=None,updated_at=None), 'volume_type_id': '7784b883-9202-43ed-8a8e-238e660fb657', 'encryption_key_id': None, 'qos_specs': None, 'consistencygroup_id': None, 'cgsnapshot_id': None, 'group_id': '95bf0258-c210-4ce7-ba9c-3c802a205efc', 'replication_status': 'disabled', 'refresh_az': False, 'backup_id': None, 'multiattach': False, 'availability_zones': ['nova']}' {{(pid=110033) _task_receiver /usr/local/lib/python3.8/dist-packages/taskflow/listeners/logging.py:178}}
Mar 10 17:07:47.355844 dv-cinder-833121-1-iscsi devstack@c-api.service[110033]: DEBUG cinder.volume.api [None req-4c081098-18ed-4d86-82b1-bcc3a8d81e23 tempest-GroupSnapshotsTest-653626472 tempest-GroupSnapshotsTest-653626472-project] Task 'cinder.volume.flows.api.create_volume.QuotaReserveTask;volume:create' (b5c53f1a-77b3-4509-a6e9-a1b88161e428) transitioned into state 'RUNNING' from state 'PENDING' {{(pid=110033) _task_receiver /usr/local/lib/python3.8/dist-packages/taskflow/listeners/logging.py:190}}
Mar 10 17:07:47.368795 dv-cinder-833121-1-iscsi devstack@c-api.service[110034]: INFO cinder.volume.api [None req-29efbfc2-7aad-4819-890a-bc2714bbc69a tempest-VolumesServicesTestJSON-154609310 tempest-VolumesServicesTestJSON-154609310-project] Delete volume request issued successfully.
Mar 10 17:07:47.369566 dv-cinder-833121-1-iscsi devstack@c-api.service[110034]: INFO cinder.api.openstack.wsgi [None req-29efbfc2-7aad-4819-890a-bc2714bbc69a tempest-VolumesServicesTestJSON-154609310 tempest-VolumesServicesTestJSON-154609310-project] http://10.222.0.44/volume/v3/c451fe4f222b42ab9b6882fea34c10da/volumes/d9c5ed70-1242-40ca-ae7e-9a050ef1206f returned with HTTP 202
Mar 10 17:07:47.370878 dv-cinder-833121-1-iscsi devstack@c-api.service[110034]: [pid: 110034|app: 0|req: 24/43] 10.222.0.44 () {58 vars in 1327 bytes} [Thu Mar 10 17:07:47 2022] DELETE /volume/v3/c451fe4f222b42ab9b6882fea34c10da/volumes/d9c5ed70-1242-40ca-ae7e-9a050ef1206f => generated 0 bytes in 98 msecs (HTTP/1.1 202) 6 headers in 233 bytes (1 switches on core 0)
Mar 10 17:07:47.375022 dv-cinder-833121-1-iscsi devstack@c-api.service[110034]: DEBUG cinder.api.middleware.request_id [None req-cf6708a0-507b-42e2-8788-1facf442de7c None None] RequestId filter calling following filter/app {{(pid=110034) _context_setter /opt/stack/cinder/cinder/api/middleware/request_id.py:62}}
Mar 10 17:07:47.379216 dv-cinder-833121-1-iscsi devstack@c-api.service[110034]: INFO cinder.api.openstack.wsgi [None req-cf6708a0-507b-42e2-8788-1facf442de7c tempest-VolumesServicesTestJSON-154609310 tempest-VolumesServicesTestJSON-154609310-project] GET http://10.222.0.44/volume/v3/c451fe4f222b42ab9b6882fea34c10da/volumes/d9c5ed70-1242-40ca-ae7e-9a050ef1206f
Mar 10 17:07:47.379378 dv-cinder-833121-1-iscsi devstack@c-api.service[110034]: DEBUG cinder.api.openstack.wsgi [None req-cf6708a0-507b-42e2-8788-1facf442de7c tempest-VolumesServicesTestJSON-154609310 tempest-VolumesServicesTestJSON-154609310-project] Empty body provided in request {{(pid=110034) get_body /opt/stack/cinder/cinder/api/openstack/wsgi.py:715}}
Mar 10 17:07:47.379849 dv-cinder-833121-1-iscsi devstack@c-api.service[110034]: DEBUG cinder.api.openstack.wsgi [None req-cf6708a0-507b-42e2-8788-1facf442de7c tempest-VolumesServicesTestJSON-154609310 tempest-VolumesServicesTestJSON-154609310-project] Calling method 'show' {{(pid=110034) _process_stack /opt/stack/cinder/cinder/api/openstack/wsgi.py:868}}
Mar 10 17:07:47.403688 dv-cinder-833121-1-iscsi devstack@c-api.service[110033]: WARNING cinder.quota [None req-4c081098-18ed-4d86-82b1-bcc3a8d81e23 tempest-GroupSnapshotsTest-653626472 tempest-GroupSnapshotsTest-653626472-project] Deprecated: Default quota for resource: volumes_tempest-GroupSnapshotsTest-volume-type-889604816 is set by the default quota flag: quota_volumes_tempest-GroupSnapshotsTest-volume-type-889604816, it is now deprecated. Please use the default quota class for default quota.
Mar 10 17:07:47.404865 dv-cinder-833121-1-iscsi devstack@c-api.service[110033]: WARNING cinder.quota [None req-4c081098-18ed-4d86-82b1-bcc3a8d81e23 tempest-GroupSnapshotsTest-653626472 tempest-GroupSnapshotsTest-653626472-project] Deprecated: Default quota for resource: gigabytes_tempest-GroupSnapshotsTest-volume-type-889604816 is set by the default quota flag: quota_gigabytes_tempest-GroupSnapshotsTest-volume-type-889604816, it is now deprecated. Please use the default quota class for default quota.
Mar 10 17:07:47.406348 dv-cinder-833121-1-iscsi devstack@c-api.service[110034]: /usr/local/lib/python3.8/dist-packages/oslo_context/context.py:100: DeprecationWarning: Policy enforcement is depending on the value of is_admin. This key is deprecated. Please update your policy file to use the standard policy values.
Mar 10 17:07:47.406348 dv-cinder-833121-1-iscsi devstack@c-api.service[110034]: warnings.warn('Policy enforcement is depending on the value of '
Mar 10 17:07:47.422237 dv-cinder-833121-1-iscsi devstack@c-api.service[110034]: INFO cinder.volume.api [None req-cf6708a0-507b-42e2-8788-1facf442de7c tempest-VolumesServicesTestJSON-154609310 tempest-VolumesServicesTestJSON-154609310-project] Volume info retrieved successfully.
Mar 10 17:07:47.442963 dv-cinder-833121-1-iscsi devstack@c-api.service[110034]: INFO cinder.api.openstack.wsgi [None req-cf6708a0-507b-42e2-8788-1facf442de7c tempest-VolumesServicesTestJSON-154609310 tempest-VolumesServicesTestJSON-154609310-project] http://10.222.0.44/volume/v3/c451fe4f222b42ab9b6882fea34c10da/volumes/d9c5ed70-1242-40ca-ae7e-9a050ef1206f returned with HTTP 200
Mar 10 17:07:47.444023 dv-cinder-833121-1-iscsi devstack@c-api.service[110034]: [pid: 110034|app: 0|req: 25/44] 10.222.0.44 () {58 vars in 1324 bytes} [Thu Mar 10 17:07:47 2022] GET /volume/v3/c451fe4f222b42ab9b6882fea34c10da/volumes/d9c5ed70-1242-40ca-ae7e-9a050ef1206f => generated 915 bytes in 70 msecs (HTTP/1.1 200) 7 headers in 285 bytes (1 switches on core 0)
Mar 10 17:07:47.488058 dv-cinder-833121-1-iscsi devstack@c-api.service[110033]: DEBUG cinder.quota [None req-4c081098-18ed-4d86-82b1-bcc3a8d81e23 tempest-GroupSnapshotsTest-653626472 tempest-GroupSnapshotsTest-653626472-project] Created reservations ['ee2a1110-b96c-4af9-ba61-7f3ed0cad5ed', '627e1a00-0f4e-438d-9d84-f15a384cbabd', 'a08389df-1483-4fca-895e-36e5a488897d', 'e6fb5dc4-a4db-48c7-a19c-8a179a115b99'] {{(pid=110033) reserve /opt/stack/cinder/cinder/quota.py:755}}
Mar 10 17:07:47.492986 dv-cinder-833121-1-iscsi devstack@c-api.service[110033]: DEBUG cinder.volume.api [None req-4c081098-18ed-4d86-82b1-bcc3a8d81e23 tempest-GroupSnapshotsTest-653626472 tempest-GroupSnapshotsTest-653626472-project] Task 'cinder.volume.flows.api.create_volume.QuotaReserveTask;volume:create' (b5c53f1a-77b3-4509-a6e9-a1b88161e428) transitioned into state 'SUCCESS' from state 'RUNNING' with result '{'reservations': ['ee2a1110-b96c-4af9-ba61-7f3ed0cad5ed', '627e1a00-0f4e-438d-9d84-f15a384cbabd', 'a08389df-1483-4fca-895e-36e5a488897d', 'e6fb5dc4-a4db-48c7-a19c-8a179a115b99']}' {{(pid=110033) _task_receiver /usr/local/lib/python3.8/dist-packages/taskflow/listeners/logging.py:178}}
Mar 10 17:07:47.497489 dv-cinder-833121-1-iscsi devstack@c-api.service[110033]: DEBUG cinder.volume.api [None req-4c081098-18ed-4d86-82b1-bcc3a8d81e23 tempest-GroupSnapshotsTest-653626472 tempest-GroupSnapshotsTest-653626472-project] Task 'cinder.volume.flows.api.create_volume.EntryCreateTask;volume:create' (73a2fa6a-992a-40ec-8add-6bf0094e32e0) transitioned into state 'RUNNING' from state 'PENDING' {{(pid=110033) _task_receiver /usr/local/lib/python3.8/dist-packages/taskflow/listeners/logging.py:190}}
Mar 10 17:07:47.565579 dv-cinder-833121-1-iscsi devstack@c-api.service[110033]: DEBUG cinder.volume.api [None req-4c081098-18ed-4d86-82b1-bcc3a8d81e23 tempest-GroupSnapshotsTest-653626472 tempest-GroupSnapshotsTest-653626472-project] Task 'cinder.volume.flows.api.create_volume.EntryCreateTask;volume:create' (73a2fa6a-992a-40ec-8add-6bf0094e32e0) transitioned into state 'SUCCESS' from state 'RUNNING' with result '{'volume_id': '0c462d1b-5018-408b-85c9-21461140e2ca', 'volume_properties': VolumeProperties(attach_status='detached',availability_zone='nova',cgsnapshot_id=None,consistencygroup_id=None,display_description=None,display_name='tempest-GroupSnapshotsTest-Volume-1227293950',encryption_key_id=None,group_id=95bf0258-c210-4ce7-ba9c-3c802a205efc,group_type_id=,metadata={},multiattach=False,project_id='79078b81fdd544508a1312c65f191c0a',qos_specs=None,replication_status=,reservations=['ee2a1110-b96c-4af9-ba61-7f3ed0cad5ed','627e1a00-0f4e-438d-9d84-f15a384cbabd','a08389df-1483-4fca-895e-36e5a488897d','e6fb5dc4-a4db-48c7-a19c-8a179a115b99'],size=1,snapshot_id=None,source_replicaid=,source_volid=None,status='creating',user_id='5e963700b0fe4b98be762cd3d7f35fb1',volume_type_id=7784b883-9202-43ed-8a8e-238e660fb657), 'volume': Volume(_name_id=None,admin_metadata=,attach_status='detached',availability_zone='nova',bootable=False,cluster=,cluster_name=None,consistencygroup=,consistencygroup_id=None,created_at=2022-03-10T17:07:47Z,deleted=False,deleted_at=None,display_description=None,display_name='tempest-GroupSnapshotsTest-Volume-1227293950',ec2_id=None,encryption_key_id=None,glance_metadata=,group=,group_id=95bf0258-c210-4ce7-ba9c-3c802a205efc,host=None,id=0c462d1b-5018-408b-85c9-21461140e2ca,launched_at=None,metadata={},migration_status=None,multiattach=False,previous_status=None,project_id='79078b81fdd544508a1312c65f191c0a',provider_auth=None,provider_geometry=None,provider_id=None,provider_location=None,replication_driver_data=None,replication_extended_status=None,replication_status=None,scheduled_at=None,service_uuid=None,shared_targets=True,size=1,snapshot_id=None,snapshots=,source_volid=None,status='creating',terminated_at=None,updated_at=None,use_quota=True,user_id='5e963700b0fe4b98be762cd3d7f35fb1',volume_attachment=VolumeAttachmentList,volume_type=VolumeType(7784b883-9202-43ed-8a8e-238e660fb657),volume_type_id=7784b883-9202-43ed-8a8e-238e660fb657)}' {{(pid=110033) _task_receiver /usr/local/lib/python3.8/dist-packages/taskflow/listeners/logging.py:178}}
Mar 10 17:07:47.568016 dv-cinder-833121-1-iscsi devstack@c-api.service[110033]: DEBUG cinder.volume.api [None req-4c081098-18ed-4d86-82b1-bcc3a8d81e23 tempest-GroupSnapshotsTest-653626472 tempest-GroupSnapshotsTest-653626472-project] Task 'cinder.volume.flows.api.create_volume.QuotaCommitTask;volume:create' (7d9fdd91-7888-4fbc-8634-821f41e0fd0b) transitioned into state 'RUNNING' from state 'PENDING' {{(pid=110033) _task_receiver /usr/local/lib/python3.8/dist-packages/taskflow/listeners/logging.py:190}}
Mar 10 17:07:47.614912 dv-cinder-833121-1-iscsi devstack@c-api.service[110033]: DEBUG cinder.volume.api [None req-4c081098-18ed-4d86-82b1-bcc3a8d81e23 tempest-GroupSnapshotsTest-653626472 tempest-GroupSnapshotsTest-653626472-project] Task 'cinder.volume.flows.api.create_volume.QuotaCommitTask;volume:create' (7d9fdd91-7888-4fbc-8634-821f41e0fd0b) transitioned into state 'SUCCESS' from state 'RUNNING' with result '{'volume_properties': VolumeProperties(attach_status='detached',availability_zone='nova',cgsnapshot_id=None,consistencygroup_id=None,display_description=None,display_name='tempest-GroupSnapshotsTest-Volume-1227293950',encryption_key_id=None,group_id=95bf0258-c210-4ce7-ba9c-3c802a205efc,group_type_id=,metadata={},multiattach=False,project_id='79078b81fdd544508a1312c65f191c0a',qos_specs=None,replication_status=,reservations=['ee2a1110-b96c-4af9-ba61-7f3ed0cad5ed','627e1a00-0f4e-438d-9d84-f15a384cbabd','a08389df-1483-4fca-895e-36e5a488897d','e6fb5dc4-a4db-48c7-a19c-8a179a115b99'],size=1,snapshot_id=None,source_replicaid=,source_volid=None,status='creating',user_id='5e963700b0fe4b98be762cd3d7f35fb1',volume_type_id=7784b883-9202-43ed-8a8e-238e660fb657)}' {{(pid=110033) _task_receiver /usr/local/lib/python3.8/dist-packages/taskflow/listeners/logging.py:178}}
Mar 10 17:07:47.617452 dv-cinder-833121-1-iscsi devstack@c-api.service[110033]: DEBUG cinder.volume.api [None req-4c081098-18ed-4d86-82b1-bcc3a8d81e23 tempest-GroupSnapshotsTest-653626472 tempest-GroupSnapshotsTest-653626472-project] Task 'cinder.volume.flows.api.create_volume.VolumeCastTask;volume:create' (ee436442-9cd1-4650-9a59-5bba70fac041) transitioned into state 'RUNNING' from state 'PENDING' {{(pid=110033) _task_receiver /usr/local/lib/python3.8/dist-packages/taskflow/listeners/logging.py:190}}
Mar 10 17:07:47.654348 dv-cinder-833121-1-iscsi devstack@c-api.service[110033]: DEBUG cinder.volume.api [None req-4c081098-18ed-4d86-82b1-bcc3a8d81e23 tempest-GroupSnapshotsTest-653626472 tempest-GroupSnapshotsTest-653626472-project] Task 'cinder.volume.flows.api.create_volume.VolumeCastTask;volume:create' (ee436442-9cd1-4650-9a59-5bba70fac041) transitioned into state 'SUCCESS' from state 'RUNNING' with result 'None' {{(pid=110033) _task_receiver /usr/local/lib/python3.8/dist-packages/taskflow/listeners/logging.py:178}}
Mar 10 17:07:47.658588 dv-cinder-833121-1-iscsi devstack@c-api.service[110033]: DEBUG cinder.volume.api [None req-4c081098-18ed-4d86-82b1-bcc3a8d81e23 tempest-GroupSnapshotsTest-653626472 tempest-GroupSnapshotsTest-653626472-project] Flow 'volume_create_api' (72b65c84-047d-427d-87a9-1d926f2bef98) transitioned into state 'SUCCESS' from state 'RUNNING' {{(pid=110033) _flow_receiver /usr/local/lib/python3.8/dist-packages/taskflow/listeners/logging.py:141}}
Mar 10 17:07:47.660011 dv-cinder-833121-1-iscsi devstack@c-api.service[110033]: INFO cinder.volume.api [None req-4c081098-18ed-4d86-82b1-bcc3a8d81e23 tempest-GroupSnapshotsTest-653626472 tempest-GroupSnapshotsTest-653626472-project] Create volume request issued successfully.
Mar 10 17:07:47.663743 dv-cinder-833121-1-iscsi devstack@c-api.service[110033]: WARNING stevedore.named [None req-4c081098-18ed-4d86-82b1-bcc3a8d81e23 tempest-GroupSnapshotsTest-653626472 tempest-GroupSnapshotsTest-653626472-project] Could not load cinder.keymgr.conf_key_mgr.ConfKeyManager
Mar 10 17:07:47.664376 dv-cinder-833121-1-iscsi devstack@c-api.service[110033]: WARNING castellan.key_manager [None req-4c081098-18ed-4d86-82b1-bcc3a8d81e23 tempest-GroupSnapshotsTest-653626472 tempest-GroupSnapshotsTest-653626472-project] Deprecation Warning : cinder.keymgr.conf_key_mgr.ConfKeyManager is not a stevedore based driver, trying to load it as a class: stevedore.exception.NoMatches: No 'castellan.drivers' driver found, looking for 'cinder.keymgr.conf_key_mgr.ConfKeyManager'
Mar 10 17:07:47.684949 dv-cinder-833121-1-iscsi devstack@c-api.service[110033]: DEBUG oslo_db.sqlalchemy.engines [None req-4c081098-18ed-4d86-82b1-bcc3a8d81e23 tempest-GroupSnapshotsTest-653626472 tempest-GroupSnapshotsTest-653626472-project] MySQL server mode set to STRICT_TRANS_TABLES,STRICT_ALL_TABLES,NO_ZERO_IN_DATE,NO_ZERO_DATE,ERROR_FOR_DIVISION_BY_ZERO,TRADITIONAL,NO_ENGINE_SUBSTITUTION {{(pid=110033) _check_effective_sql_mode /usr/local/lib/python3.8/dist-packages/oslo_db/sqlalchemy/engines.py:314}}
Mar 10 17:07:47.691591 dv-cinder-833121-1-iscsi devstack@c-api.service[110033]: /usr/local/lib/python3.8/dist-packages/oslo_context/context.py:100: DeprecationWarning: Policy enforcement is depending on the value of is_admin. This key is deprecated. Please update your policy file to use the standard policy values.
Mar 10 17:07:47.691591 dv-cinder-833121-1-iscsi devstack@c-api.service[110033]: warnings.warn('Policy enforcement is depending on the value of '
Mar 10 17:07:47.700698 dv-cinder-833121-1-iscsi devstack@c-api.service[110033]: INFO cinder.api.openstack.wsgi [None req-4c081098-18ed-4d86-82b1-bcc3a8d81e23 tempest-GroupSnapshotsTest-653626472 tempest-GroupSnapshotsTest-653626472-project] http://10.222.0.44/volume/v3/79078b81fdd544508a1312c65f191c0a/volumes returned with HTTP 202
Mar 10 17:07:47.702400 dv-cinder-833121-1-iscsi devstack@c-api.service[110033]: [pid: 110033|app: 0|req: 20/45] 10.222.0.44 () {62 vars in 1276 bytes} [Thu Mar 10 17:07:47 2022] POST /volume/v3/79078b81fdd544508a1312c65f191c0a/volumes => generated 907 bytes in 475 msecs (HTTP/1.1 202) 7 headers in 292 bytes (1 switches on core 0)
Mar 10 17:07:47.716830 dv-cinder-833121-1-iscsi devstack@c-api.service[110034]: DEBUG cinder.api.middleware.request_id [None req-f26056c2-75cf-41de-8844-3a7cd4bcf08b None None] RequestId filter calling following filter/app {{(pid=110034) _context_setter /opt/stack/cinder/cinder/api/middleware/request_id.py:62}}
Mar 10 17:07:47.719975 dv-cinder-833121-1-iscsi devstack@c-api.service[110034]: INFO cinder.api.openstack.wsgi [None req-f26056c2-75cf-41de-8844-3a7cd4bcf08b tempest-GroupSnapshotsTest-653626472 tempest-GroupSnapshotsTest-653626472-project] GET http://10.222.0.44/volume/v3/79078b81fdd544508a1312c65f191c0a/volumes/0c462d1b-5018-408b-85c9-21461140e2ca
Mar 10 17:07:47.720469 dv-cinder-833121-1-iscsi devstack@c-api.service[110034]: DEBUG cinder.api.openstack.wsgi [None req-f26056c2-75cf-41de-8844-3a7cd4bcf08b tempest-GroupSnapshotsTest-653626472 tempest-GroupSnapshotsTest-653626472-project] Empty body provided in request {{(pid=110034) get_body /opt/stack/cinder/cinder/api/openstack/wsgi.py:715}}
Mar 10 17:07:47.720976 dv-cinder-833121-1-iscsi devstack@c-api.service[110034]: DEBUG cinder.api.openstack.wsgi [None req-f26056c2-75cf-41de-8844-3a7cd4bcf08b tempest-GroupSnapshotsTest-653626472 tempest-GroupSnapshotsTest-653626472-project] Calling method 'show' {{(pid=110034) _process_stack /opt/stack/cinder/cinder/api/openstack/wsgi.py:868}}
Mar 10 17:07:47.769588 dv-cinder-833121-1-iscsi devstack@c-api.service[110034]: /usr/local/lib/python3.8/dist-packages/oslo_context/context.py:100: DeprecationWarning: Policy enforcement is depending on the value of is_admin. This key is deprecated. Please update your policy file to use the standard policy values.
Mar 10 17:07:47.769588 dv-cinder-833121-1-iscsi devstack@c-api.service[110034]: warnings.warn('Policy enforcement is depending on the value of '
Mar 10 17:07:47.802344 dv-cinder-833121-1-iscsi devstack@c-api.service[110034]: INFO cinder.volume.api [None req-f26056c2-75cf-41de-8844-3a7cd4bcf08b tempest-GroupSnapshotsTest-653626472 tempest-GroupSnapshotsTest-653626472-project] Volume info retrieved successfully.
Mar 10 17:07:47.806653 dv-cinder-833121-1-iscsi devstack@c-api.service[110034]: WARNING stevedore.named [None req-f26056c2-75cf-41de-8844-3a7cd4bcf08b tempest-GroupSnapshotsTest-653626472 tempest-GroupSnapshotsTest-653626472-project] Could not load cinder.keymgr.conf_key_mgr.ConfKeyManager
Mar 10 17:07:47.807818 dv-cinder-833121-1-iscsi devstack@c-api.service[110034]: WARNING castellan.key_manager [None req-f26056c2-75cf-41de-8844-3a7cd4bcf08b tempest-GroupSnapshotsTest-653626472 tempest-GroupSnapshotsTest-653626472-project] Deprecation Warning : cinder.keymgr.conf_key_mgr.ConfKeyManager is not a stevedore based driver, trying to load it as a class: stevedore.exception.NoMatches: No 'castellan.drivers' driver found, looking for 'cinder.keymgr.conf_key_mgr.ConfKeyManager'
Mar 10 17:07:47.822960 dv-cinder-833121-1-iscsi devstack@c-api.service[110034]: DEBUG oslo_db.sqlalchemy.engines [None req-f26056c2-75cf-41de-8844-3a7cd4bcf08b tempest-GroupSnapshotsTest-653626472 tempest-GroupSnapshotsTest-653626472-project] MySQL server mode set to STRICT_TRANS_TABLES,STRICT_ALL_TABLES,NO_ZERO_IN_DATE,NO_ZERO_DATE,ERROR_FOR_DIVISION_BY_ZERO,TRADITIONAL,NO_ENGINE_SUBSTITUTION {{(pid=110034) _check_effective_sql_mode /usr/local/lib/python3.8/dist-packages/oslo_db/sqlalchemy/engines.py:314}}
Mar 10 17:07:47.833849 dv-cinder-833121-1-iscsi devstack@c-api.service[110034]: /usr/local/lib/python3.8/dist-packages/oslo_context/context.py:100: DeprecationWarning: Policy enforcement is depending on the value of is_admin. This key is deprecated. Please update your policy file to use the standard policy values.
Mar 10 17:07:47.833849 dv-cinder-833121-1-iscsi devstack@c-api.service[110034]: warnings.warn('Policy enforcement is depending on the value of '
Mar 10 17:07:47.852910 dv-cinder-833121-1-iscsi devstack@c-api.service[110034]: INFO cinder.api.openstack.wsgi [None req-f26056c2-75cf-41de-8844-3a7cd4bcf08b tempest-GroupSnapshotsTest-653626472 tempest-GroupSnapshotsTest-653626472-project] http://10.222.0.44/volume/v3/79078b81fdd544508a1312c65f191c0a/volumes/0c462d1b-5018-408b-85c9-21461140e2ca returned with HTTP 200
Mar 10 17:07:47.862294 dv-cinder-833121-1-iscsi devstack@c-api.service[110034]: [pid: 110034|app: 0|req: 26/46] 10.222.0.44 () {60 vars in 1365 bytes} [Thu Mar 10 17:07:47 2022] GET /volume/v3/79078b81fdd544508a1312c65f191c0a/volumes/0c462d1b-5018-408b-85c9-21461140e2ca => generated 975 bytes in 139 msecs (HTTP/1.1 200) 7 headers in 286 bytes (1 switches on core 0)
Mar 10 17:07:47.930796 dv-cinder-833121-1-iscsi devstack@c-api.service[110033]: DEBUG cinder.api.middleware.request_id [req-8f8ec385-bc5e-4664-90b6-695da428bdc9 req-7684d5f2-b054-420d-835d-18a90d8cdb8a None None] RequestId filter calling following filter/app {{(pid=110033) _context_setter /opt/stack/cinder/cinder/api/middleware/request_id.py:62}}
Mar 10 17:07:47.937088 dv-cinder-833121-1-iscsi devstack@c-api.service[110033]: INFO cinder.api.openstack.wsgi [req-8f8ec385-bc5e-4664-90b6-695da428bdc9 req-7684d5f2-b054-420d-835d-18a90d8cdb8a tempest-VolumesSnapshotsTestJSON-385462039 tempest-VolumesSnapshotsTestJSON-385462039-project] GET http://10.222.0.44/volume/v3/5cde9082fb1c4848bad841fb0a5a5200/snapshots/0f02dc00-a46d-4900-a361-889432ac1464
Mar 10 17:07:47.937780 dv-cinder-833121-1-iscsi devstack@c-api.service[110033]: DEBUG cinder.api.openstack.wsgi [req-8f8ec385-bc5e-4664-90b6-695da428bdc9 req-7684d5f2-b054-420d-835d-18a90d8cdb8a tempest-VolumesSnapshotsTestJSON-385462039 tempest-VolumesSnapshotsTestJSON-385462039-project] Empty body provided in request {{(pid=110033) get_body /opt/stack/cinder/cinder/api/openstack/wsgi.py:715}}
Mar 10 17:07:47.938482 dv-cinder-833121-1-iscsi devstack@c-api.service[110033]: DEBUG cinder.api.openstack.wsgi [req-8f8ec385-bc5e-4664-90b6-695da428bdc9 req-7684d5f2-b054-420d-835d-18a90d8cdb8a tempest-VolumesSnapshotsTestJSON-385462039 tempest-VolumesSnapshotsTestJSON-385462039-project] Calling method 'show' {{(pid=110033) _process_stack /opt/stack/cinder/cinder/api/openstack/wsgi.py:868}}
Mar 10 17:07:47.954655 dv-cinder-833121-1-iscsi devstack@c-api.service[110033]: /usr/local/lib/python3.8/dist-packages/oslo_context/context.py:100: DeprecationWarning: Policy enforcement is depending on the value of is_admin. This key is deprecated. Please update your policy file to use the standard policy values.
Mar 10 17:07:47.954655 dv-cinder-833121-1-iscsi devstack@c-api.service[110033]: warnings.warn('Policy enforcement is depending on the value of '
Mar 10 17:07:47.955768 dv-cinder-833121-1-iscsi devstack@c-api.service[110033]: INFO cinder.volume.api [req-8f8ec385-bc5e-4664-90b6-695da428bdc9 req-7684d5f2-b054-420d-835d-18a90d8cdb8a tempest-VolumesSnapshotsTestJSON-385462039 tempest-VolumesSnapshotsTestJSON-385462039-project] Snapshot retrieved successfully.
Mar 10 17:07:47.961968 dv-cinder-833121-1-iscsi devstack@c-api.service[110033]: INFO cinder.api.openstack.wsgi [req-8f8ec385-bc5e-4664-90b6-695da428bdc9 req-7684d5f2-b054-420d-835d-18a90d8cdb8a tempest-VolumesSnapshotsTestJSON-385462039 tempest-VolumesSnapshotsTestJSON-385462039-project] http://10.222.0.44/volume/v3/5cde9082fb1c4848bad841fb0a5a5200/snapshots/0f02dc00-a46d-4900-a361-889432ac1464 returned with HTTP 200
Mar 10 17:07:47.962699 dv-cinder-833121-1-iscsi devstack@c-api.service[110033]: [pid: 110033|app: 0|req: 21/47] 10.222.0.44 () {60 vars in 1584 bytes} [Thu Mar 10 17:07:47 2022] GET /volume/v3/5cde9082fb1c4848bad841fb0a5a5200/snapshots/0f02dc00-a46d-4900-a361-889432ac1464 => generated 443 bytes in 34 msecs (HTTP/1.1 200) 7 headers in 285 bytes (1 switches on core 0)
Mar 10 17:07:48.061907 dv-cinder-833121-1-iscsi devstack@c-api.service[110034]: DEBUG cinder.api.middleware.request_id [None req-22b9eea2-00d6-4114-8817-184ab86f945e None None] RequestId filter calling following filter/app {{(pid=110034) _context_setter /opt/stack/cinder/cinder/api/middleware/request_id.py:62}}
Mar 10 17:07:48.066187 dv-cinder-833121-1-iscsi devstack@c-api.service[110034]: INFO cinder.api.openstack.wsgi [None req-22b9eea2-00d6-4114-8817-184ab86f945e tempest-VolumesTestJSON-136829061 tempest-VolumesTestJSON-136829061-project] GET http://10.222.0.44/volume/v3/e55e3a41f20d466b8418fcf18249e169/volumes/e2ea5e6b-aea4-447a-848e-4f1e38d969d7
Mar 10 17:07:48.066731 dv-cinder-833121-1-iscsi devstack@c-api.service[110034]: DEBUG cinder.api.openstack.wsgi [None req-22b9eea2-00d6-4114-8817-184ab86f945e tempest-VolumesTestJSON-136829061 tempest-VolumesTestJSON-136829061-project] Empty body provided in request {{(pid=110034) get_body /opt/stack/cinder/cinder/api/openstack/wsgi.py:715}}
Mar 10 17:07:48.067860 dv-cinder-833121-1-iscsi devstack@c-api.service[110034]: DEBUG cinder.api.openstack.wsgi [None req-22b9eea2-00d6-4114-8817-184ab86f945e tempest-VolumesTestJSON-136829061 tempest-VolumesTestJSON-136829061-project] Calling method 'show' {{(pid=110034) _process_stack /opt/stack/cinder/cinder/api/openstack/wsgi.py:868}}
Mar 10 17:07:48.124080 dv-cinder-833121-1-iscsi devstack@c-api.service[110034]: /usr/local/lib/python3.8/dist-packages/oslo_context/context.py:100: DeprecationWarning: Policy enforcement is depending on the value of is_admin. This key is deprecated. Please update your policy file to use the standard policy values.
Mar 10 17:07:48.124080 dv-cinder-833121-1-iscsi devstack@c-api.service[110034]: warnings.warn('Policy enforcement is depending on the value of '
Mar 10 17:07:48.138144 dv-cinder-833121-1-iscsi devstack@c-api.service[110034]: INFO cinder.volume.api [None req-22b9eea2-00d6-4114-8817-184ab86f945e tempest-VolumesTestJSON-136829061 tempest-VolumesTestJSON-136829061-project] Volume info retrieved successfully.
Mar 10 17:07:48.154225 dv-cinder-833121-1-iscsi devstack@c-api.service[110034]: INFO cinder.api.openstack.wsgi [None req-22b9eea2-00d6-4114-8817-184ab86f945e tempest-VolumesTestJSON-136829061 tempest-VolumesTestJSON-136829061-project] http://10.222.0.44/volume/v3/e55e3a41f20d466b8418fcf18249e169/volumes/e2ea5e6b-aea4-447a-848e-4f1e38d969d7 returned with HTTP 200
Mar 10 17:07:48.156897 dv-cinder-833121-1-iscsi devstack@c-api.service[110034]: [pid: 110034|app: 0|req: 27/48] 10.222.0.44 () {58 vars in 1324 bytes} [Thu Mar 10 17:07:48 2022] GET /volume/v3/e55e3a41f20d466b8418fcf18249e169/volumes/e2ea5e6b-aea4-447a-848e-4f1e38d969d7 => generated 921 bytes in 96 msecs (HTTP/1.1 200) 7 headers in 285 bytes (1 switches on core 0)
Mar 10 17:07:48.456182 dv-cinder-833121-1-iscsi devstack@c-api.service[110033]: DEBUG cinder.api.middleware.request_id [None req-a5397d6f-9c5c-45be-8060-ffc073b942a9 None None] RequestId filter calling following filter/app {{(pid=110033) _context_setter /opt/stack/cinder/cinder/api/middleware/request_id.py:62}}
Mar 10 17:07:48.469902 dv-cinder-833121-1-iscsi devstack@c-api.service[110033]: INFO cinder.api.openstack.wsgi [None req-a5397d6f-9c5c-45be-8060-ffc073b942a9 tempest-VolumesServicesTestJSON-154609310 tempest-VolumesServicesTestJSON-154609310-project] GET http://10.222.0.44/volume/v3/c451fe4f222b42ab9b6882fea34c10da/volumes/d9c5ed70-1242-40ca-ae7e-9a050ef1206f
Mar 10 17:07:48.470373 dv-cinder-833121-1-iscsi devstack@c-api.service[110033]: DEBUG cinder.api.openstack.wsgi [None req-a5397d6f-9c5c-45be-8060-ffc073b942a9 tempest-VolumesServicesTestJSON-154609310 tempest-VolumesServicesTestJSON-154609310-project] Empty body provided in request {{(pid=110033) get_body /opt/stack/cinder/cinder/api/openstack/wsgi.py:715}}
Mar 10 17:07:48.470841 dv-cinder-833121-1-iscsi devstack@c-api.service[110033]: DEBUG cinder.api.openstack.wsgi [None req-a5397d6f-9c5c-45be-8060-ffc073b942a9 tempest-VolumesServicesTestJSON-154609310 tempest-VolumesServicesTestJSON-154609310-project] Calling method 'show' {{(pid=110033) _process_stack /opt/stack/cinder/cinder/api/openstack/wsgi.py:868}}
Mar 10 17:07:48.496929 dv-cinder-833121-1-iscsi devstack@c-api.service[110033]: /usr/local/lib/python3.8/dist-packages/oslo_context/context.py:100: DeprecationWarning: Policy enforcement is depending on the value of is_admin. This key is deprecated. Please update your policy file to use the standard policy values.
Mar 10 17:07:48.496929 dv-cinder-833121-1-iscsi devstack@c-api.service[110033]: warnings.warn('Policy enforcement is depending on the value of '
Mar 10 17:07:48.512787 dv-cinder-833121-1-iscsi devstack@c-api.service[110033]: INFO cinder.volume.api [None req-a5397d6f-9c5c-45be-8060-ffc073b942a9 tempest-VolumesServicesTestJSON-154609310 tempest-VolumesServicesTestJSON-154609310-project] Volume info retrieved successfully.
Mar 10 17:07:48.531518 dv-cinder-833121-1-iscsi devstack@c-api.service[110033]: INFO cinder.api.openstack.wsgi [None req-a5397d6f-9c5c-45be-8060-ffc073b942a9 tempest-VolumesServicesTestJSON-154609310 tempest-VolumesServicesTestJSON-154609310-project] http://10.222.0.44/volume/v3/c451fe4f222b42ab9b6882fea34c10da/volumes/d9c5ed70-1242-40ca-ae7e-9a050ef1206f returned with HTTP 200
Mar 10 17:07:48.533665 dv-cinder-833121-1-iscsi devstack@c-api.service[110033]: [pid: 110033|app: 0|req: 22/49] 10.222.0.44 () {58 vars in 1324 bytes} [Thu Mar 10 17:07:48 2022] GET /volume/v3/c451fe4f222b42ab9b6882fea34c10da/volumes/d9c5ed70-1242-40ca-ae7e-9a050ef1206f => generated 915 bytes in 79 msecs (HTTP/1.1 200) 7 headers in 285 bytes (1 switches on core 0)
Mar 10 17:07:48.867789 dv-cinder-833121-1-iscsi devstack@c-api.service[110034]: DEBUG cinder.api.middleware.request_id [None req-4d18c391-fd29-446a-9b77-151856eba8e7 None None] RequestId filter calling following filter/app {{(pid=110034) _context_setter /opt/stack/cinder/cinder/api/middleware/request_id.py:62}}
Mar 10 17:07:48.872029 dv-cinder-833121-1-iscsi devstack@c-api.service[110034]: INFO cinder.api.openstack.wsgi [None req-4d18c391-fd29-446a-9b77-151856eba8e7 tempest-GroupSnapshotsTest-653626472 tempest-GroupSnapshotsTest-653626472-project] GET http://10.222.0.44/volume/v3/79078b81fdd544508a1312c65f191c0a/volumes/0c462d1b-5018-408b-85c9-21461140e2ca
