Mar 10 17:07:45.906050 dv-cinder-833121-1-iscsi devstack@c-api.service[110033]: INFO cinder.api.openstack.wsgi [None req-a7c3c7b4-4f8c-41cb-a445-cae6afb61f15 tempest-VolumesServicesTestJSON-154609310 tempest-VolumesServicesTestJSON-154609310-project] GET http://10.222.0.44/volume/v3/c451fe4f222b42ab9b6882fea34c10da/volumes/d9c5ed70-1242-40ca-ae7e-9a050ef1206f
Mar 10 17:07:45.906727 dv-cinder-833121-1-iscsi devstack@c-api.service[110033]: DEBUG cinder.api.openstack.wsgi [None req-a7c3c7b4-4f8c-41cb-a445-cae6afb61f15 tempest-VolumesServicesTestJSON-154609310 tempest-VolumesServicesTestJSON-154609310-project] Empty body provided in request {{(pid=110033) get_body /opt/stack/cinder/cinder/api/openstack/wsgi.py:715}}
Mar 10 17:07:45.907191 dv-cinder-833121-1-iscsi devstack@c-api.service[110033]: DEBUG cinder.api.openstack.wsgi [None req-a7c3c7b4-4f8c-41cb-a445-cae6afb61f15 tempest-VolumesServicesTestJSON-154609310 tempest-VolumesServicesTestJSON-154609310-project] Calling method 'show' {{(pid=110033) _process_stack /opt/stack/cinder/cinder/api/openstack/wsgi.py:868}}
Mar 10 17:07:45.937819 dv-cinder-833121-1-iscsi devstack@c-api.service[110033]: /usr/local/lib/python3.8/dist-packages/oslo_context/context.py:100: DeprecationWarning: Policy enforcement is depending on the value of is_admin. This key is deprecated. Please update your policy file to use the standard policy values.
Mar 10 17:07:45.937819 dv-cinder-833121-1-iscsi devstack@c-api.service[110033]: warnings.warn('Policy enforcement is depending on the value of '
Mar 10 17:07:45.946736 dv-cinder-833121-1-iscsi devstack@c-api.service[110033]: INFO cinder.volume.api [None req-a7c3c7b4-4f8c-41cb-a445-cae6afb61f15 tempest-VolumesServicesTestJSON-154609310 tempest-VolumesServicesTestJSON-154609310-project] Volume info retrieved successfully.
Mar 10 17:07:45.957411 dv-cinder-833121-1-iscsi devstack@c-api.service[110033]: INFO cinder.api.openstack.wsgi [None req-a7c3c7b4-4f8c-41cb-a445-cae6afb61f15 tempest-VolumesServicesTestJSON-154609310 tempest-VolumesServicesTestJSON-154609310-project] http://10.222.0.44/volume/v3/c451fe4f222b42ab9b6882fea34c10da/volumes/d9c5ed70-1242-40ca-ae7e-9a050ef1206f returned with HTTP 200
Mar 10 17:07:45.959093 dv-cinder-833121-1-iscsi devstack@c-api.service[110033]: [pid: 110033|app: 0|req: 13/25] 10.222.0.44 () {58 vars in 1324 bytes} [Thu Mar 10 17:07:45 2022] GET /volume/v3/c451fe4f222b42ab9b6882fea34c10da/volumes/d9c5ed70-1242-40ca-ae7e-9a050ef1206f => generated 891 bytes in 59 msecs (HTTP/1.1 200) 7 headers in 285 bytes (1 switches on core 0)
Mar 10 17:07:45.960785 dv-cinder-833121-1-iscsi devstack@c-api.service[110033]: DEBUG cinder.api.middleware.request_id [None req-fd66e086-a2ba-4220-be81-e5a5921bfd08 None None] RequestId filter calling following filter/app {{(pid=110033) _context_setter /opt/stack/cinder/cinder/api/middleware/request_id.py:62}}
Mar 10 17:07:45.966560 dv-cinder-833121-1-iscsi devstack@c-api.service[110033]: INFO cinder.api.openstack.wsgi [None req-fd66e086-a2ba-4220-be81-e5a5921bfd08 tempest-BackendsCapabilitiesAdminTestsJSON-1496523809 tempest-BackendsCapabilitiesAdminTestsJSON-1496523809-project-admin] GET http://10.222.0.44/volume/v3/566c94aeae5946b0bd02af3941cdfd3c/capabilities/hv-cinder-83312@wincnd
Mar 10 17:07:45.967186 dv-cinder-833121-1-iscsi devstack@c-api.service[110033]: DEBUG cinder.api.openstack.wsgi [None req-fd66e086-a2ba-4220-be81-e5a5921bfd08 tempest-BackendsCapabilitiesAdminTestsJSON-1496523809 tempest-BackendsCapabilitiesAdminTestsJSON-1496523809-project-admin] Empty body provided in request {{(pid=110033) get_body /opt/stack/cinder/cinder/api/openstack/wsgi.py:715}}
Mar 10 17:07:45.967839 dv-cinder-833121-1-iscsi devstack@c-api.service[110033]: DEBUG cinder.api.openstack.wsgi [None req-fd66e086-a2ba-4220-be81-e5a5921bfd08 tempest-BackendsCapabilitiesAdminTestsJSON-1496523809 tempest-BackendsCapabilitiesAdminTestsJSON-1496523809-project-admin] Calling method 'show' {{(pid=110033) _process_stack /opt/stack/cinder/cinder/api/openstack/wsgi.py:868}}
Mar 10 17:07:45.969136 dv-cinder-833121-1-iscsi devstack@c-api.service[110034]: INFO cinder.api.openstack.wsgi [None req-47356f75-0cb8-489f-99c5-5b7d1ac799b3 tempest-GroupSnapshotsTest-653626472 tempest-GroupSnapshotsTest-653626472-project] http://10.222.0.44/volume/v3/79078b81fdd544508a1312c65f191c0a/groups returned with HTTP 202
Mar 10 17:07:45.971032 dv-cinder-833121-1-iscsi devstack@c-api.service[110034]: [pid: 110034|app: 0|req: 13/26] 10.222.0.44 () {62 vars in 1273 bytes} [Thu Mar 10 17:07:45 2022] POST /volume/v3/79078b81fdd544508a1312c65f191c0a/groups => generated 112 bytes in 317 msecs (HTTP/1.1 202) 7 headers in 292 bytes (1 switches on core 0)
Mar 10 17:07:45.979225 dv-cinder-833121-1-iscsi devstack@c-api.service[110034]: DEBUG cinder.api.middleware.request_id [None req-7778d37b-fbbb-41d0-add5-7022c5c72c6e None None] RequestId filter calling following filter/app {{(pid=110034) _context_setter /opt/stack/cinder/cinder/api/middleware/request_id.py:62}}
Mar 10 17:07:45.987189 dv-cinder-833121-1-iscsi devstack@c-api.service[110034]: INFO cinder.api.openstack.wsgi [None req-7778d37b-fbbb-41d0-add5-7022c5c72c6e tempest-GroupSnapshotsTest-653626472 tempest-GroupSnapshotsTest-653626472-project] GET http://10.222.0.44/volume/v3/79078b81fdd544508a1312c65f191c0a/groups/95bf0258-c210-4ce7-ba9c-3c802a205efc
Mar 10 17:07:45.987701 dv-cinder-833121-1-iscsi devstack@c-api.service[110034]: DEBUG cinder.api.openstack.wsgi [None req-7778d37b-fbbb-41d0-add5-7022c5c72c6e tempest-GroupSnapshotsTest-653626472 tempest-GroupSnapshotsTest-653626472-project] Empty body provided in request {{(pid=110034) get_body /opt/stack/cinder/cinder/api/openstack/wsgi.py:715}}
Mar 10 17:07:45.988340 dv-cinder-833121-1-iscsi devstack@c-api.service[110034]: DEBUG cinder.api.openstack.wsgi [None req-7778d37b-fbbb-41d0-add5-7022c5c72c6e tempest-GroupSnapshotsTest-653626472 tempest-GroupSnapshotsTest-653626472-project] Calling method 'version_select' {{(pid=110034) _process_stack /opt/stack/cinder/cinder/api/openstack/wsgi.py:868}}
Mar 10 17:07:45.988724 dv-cinder-833121-1-iscsi devstack@c-api.service[110034]: DEBUG cinder.api.v3.groups [None req-7778d37b-fbbb-41d0-add5-7022c5c72c6e tempest-GroupSnapshotsTest-653626472 tempest-GroupSnapshotsTest-653626472-project] show called for member 95bf0258-c210-4ce7-ba9c-3c802a205efc {{(pid=110034) show /opt/stack/cinder/cinder/api/v3/groups.py:58}}
Mar 10 17:07:45.998525 dv-cinder-833121-1-iscsi devstack@c-api.service[110033]: INFO cinder.api.openstack.wsgi [None req-fd66e086-a2ba-4220-be81-e5a5921bfd08 tempest-BackendsCapabilitiesAdminTestsJSON-1496523809 tempest-BackendsCapabilitiesAdminTestsJSON-1496523809-project-admin] http://10.222.0.44/volume/v3/566c94aeae5946b0bd02af3941cdfd3c/capabilities/hv-cinder-83312@wincnd returned with HTTP 200
Mar 10 17:07:46.001774 dv-cinder-833121-1-iscsi devstack@c-api.service[110033]: [pid: 110033|app: 0|req: 14/27] 10.222.0.44 () {58 vars in 1297 bytes} [Thu Mar 10 17:07:45 2022] GET /volume/v3/566c94aeae5946b0bd02af3941cdfd3c/capabilities/hv-cinder-83312@wincnd => generated 715 bytes in 42 msecs (HTTP/1.1 200) 7 headers in 285 bytes (1 switches on core 0)
Mar 10 17:07:46.007029 dv-cinder-833121-1-iscsi devstack@c-api.service[110034]: /usr/local/lib/python3.8/dist-packages/oslo_context/context.py:100: DeprecationWarning: Policy enforcement is depending on the value of is_admin. This key is deprecated. Please update your policy file to use the standard policy values.
Mar 10 17:07:46.007029 dv-cinder-833121-1-iscsi devstack@c-api.service[110034]: warnings.warn('Policy enforcement is depending on the value of '
Mar 10 17:07:46.043066 dv-cinder-833121-1-iscsi devstack@c-api.service[110034]: INFO cinder.api.openstack.wsgi [None req-7778d37b-fbbb-41d0-add5-7022c5c72c6e tempest-GroupSnapshotsTest-653626472 tempest-GroupSnapshotsTest-653626472-project] http://10.222.0.44/volume/v3/79078b81fdd544508a1312c65f191c0a/groups/95bf0258-c210-4ce7-ba9c-3c802a205efc returned with HTTP 200
Mar 10 17:07:46.044677 dv-cinder-833121-1-iscsi devstack@c-api.service[110034]: [pid: 110034|app: 0|req: 14/28] 10.222.0.44 () {60 vars in 1362 bytes} [Thu Mar 10 17:07:45 2022] GET /volume/v3/79078b81fdd544508a1312c65f191c0a/groups/95bf0258-c210-4ce7-ba9c-3c802a205efc => generated 392 bytes in 66 msecs (HTTP/1.1 200) 7 headers in 286 bytes (1 switches on core 0)
Mar 10 17:07:46.120647 dv-cinder-833121-1-iscsi devstack@c-api.service[110033]: DEBUG cinder.api.middleware.request_id [req-1ea100c9-8b85-4567-a59f-76db4d63e610 req-f0b70c83-f43a-4461-a6db-e83d3190e7bd None None] RequestId filter calling following filter/app {{(pid=110033) _context_setter /opt/stack/cinder/cinder/api/middleware/request_id.py:62}}
Mar 10 17:07:46.125185 dv-cinder-833121-1-iscsi devstack@c-api.service[110033]: INFO cinder.api.openstack.wsgi [req-1ea100c9-8b85-4567-a59f-76db4d63e610 req-f0b70c83-f43a-4461-a6db-e83d3190e7bd tempest-VolumesSnapshotsTestJSON-385462039 tempest-VolumesSnapshotsTestJSON-385462039-project] GET http://10.222.0.44/volume/v3/5cde9082fb1c4848bad841fb0a5a5200/volumes/3077bf71-e973-43c5-b008-bce1296afeb5
Mar 10 17:07:46.136592 dv-cinder-833121-1-iscsi devstack@c-api.service[110033]: DEBUG cinder.api.openstack.wsgi [req-1ea100c9-8b85-4567-a59f-76db4d63e610 req-f0b70c83-f43a-4461-a6db-e83d3190e7bd tempest-VolumesSnapshotsTestJSON-385462039 tempest-VolumesSnapshotsTestJSON-385462039-project] Empty body provided in request {{(pid=110033) get_body /opt/stack/cinder/cinder/api/openstack/wsgi.py:715}}
Mar 10 17:07:46.137237 dv-cinder-833121-1-iscsi devstack@c-api.service[110033]: DEBUG cinder.api.openstack.wsgi [req-1ea100c9-8b85-4567-a59f-76db4d63e610 req-f0b70c83-f43a-4461-a6db-e83d3190e7bd tempest-VolumesSnapshotsTestJSON-385462039 tempest-VolumesSnapshotsTestJSON-385462039-project] Calling method 'show' {{(pid=110033) _process_stack /opt/stack/cinder/cinder/api/openstack/wsgi.py:868}}
Mar 10 17:07:46.152603 dv-cinder-833121-1-iscsi devstack@c-api.service[110033]: /usr/local/lib/python3.8/dist-packages/oslo_context/context.py:100: DeprecationWarning: Policy enforcement is depending on the value of is_admin. This key is deprecated. Please update your policy file to use the standard policy values.
Mar 10 17:07:46.152603 dv-cinder-833121-1-iscsi devstack@c-api.service[110033]: warnings.warn('Policy enforcement is depending on the value of '
Mar 10 17:07:46.164460 dv-cinder-833121-1-iscsi devstack@c-api.service[110033]: INFO cinder.volume.api [req-1ea100c9-8b85-4567-a59f-76db4d63e610 req-f0b70c83-f43a-4461-a6db-e83d3190e7bd tempest-VolumesSnapshotsTestJSON-385462039 tempest-VolumesSnapshotsTestJSON-385462039-project] Volume info retrieved successfully.
Mar 10 17:07:46.177590 dv-cinder-833121-1-iscsi devstack@c-api.service[110033]: INFO cinder.api.openstack.wsgi [req-1ea100c9-8b85-4567-a59f-76db4d63e610 req-f0b70c83-f43a-4461-a6db-e83d3190e7bd tempest-VolumesSnapshotsTestJSON-385462039 tempest-VolumesSnapshotsTestJSON-385462039-project] http://10.222.0.44/volume/v3/5cde9082fb1c4848bad841fb0a5a5200/volumes/3077bf71-e973-43c5-b008-bce1296afeb5 returned with HTTP 200
Mar 10 17:07:46.178998 dv-cinder-833121-1-iscsi devstack@c-api.service[110033]: [pid: 110033|app: 0|req: 15/29] 10.222.0.44 () {60 vars in 1578 bytes} [Thu Mar 10 17:07:46 2022] GET /volume/v3/5cde9082fb1c4848bad841fb0a5a5200/volumes/3077bf71-e973-43c5-b008-bce1296afeb5 => generated 916 bytes in 59 msecs (HTTP/1.1 200) 7 headers in 285 bytes (2 switches on core 0)
Mar 10 17:07:46.191777 dv-cinder-833121-1-iscsi devstack@c-api.service[110034]: DEBUG cinder.api.middleware.request_id [None req-bc2711a7-9958-4168-af56-755cd704711a None None] RequestId filter calling following filter/app {{(pid=110034) _context_setter /opt/stack/cinder/cinder/api/middleware/request_id.py:62}}
Mar 10 17:07:46.195420 dv-cinder-833121-1-iscsi devstack@c-api.service[110034]: INFO cinder.api.openstack.wsgi [None req-bc2711a7-9958-4168-af56-755cd704711a tempest-VolumesTestJSON-136829061 tempest-VolumesTestJSON-136829061-project] GET http://10.222.0.44/volume/v3/e55e3a41f20d466b8418fcf18249e169/volumes/3bd6273f-f9f3-4edf-9ac6-b600706f37b6
Mar 10 17:07:46.195939 dv-cinder-833121-1-iscsi devstack@c-api.service[110034]: DEBUG cinder.api.openstack.wsgi [None req-bc2711a7-9958-4168-af56-755cd704711a tempest-VolumesTestJSON-136829061 tempest-VolumesTestJSON-136829061-project] Empty body provided in request {{(pid=110034) get_body /opt/stack/cinder/cinder/api/openstack/wsgi.py:715}}
Mar 10 17:07:46.196493 dv-cinder-833121-1-iscsi devstack@c-api.service[110034]: DEBUG cinder.api.openstack.wsgi [None req-bc2711a7-9958-4168-af56-755cd704711a tempest-VolumesTestJSON-136829061 tempest-VolumesTestJSON-136829061-project] Calling method 'show' {{(pid=110034) _process_stack /opt/stack/cinder/cinder/api/openstack/wsgi.py:868}}
Mar 10 17:07:46.214543 dv-cinder-833121-1-iscsi devstack@c-api.service[110034]: /usr/local/lib/python3.8/dist-packages/oslo_context/context.py:100: DeprecationWarning: Policy enforcement is depending on the value of is_admin. This key is deprecated. Please update your policy file to use the standard policy values.
Mar 10 17:07:46.214543 dv-cinder-833121-1-iscsi devstack@c-api.service[110034]: warnings.warn('Policy enforcement is depending on the value of '
Mar 10 17:07:46.225274 dv-cinder-833121-1-iscsi devstack@c-api.service[110033]: DEBUG cinder.api.middleware.request_id [req-89f46fea-193c-41fc-b3b7-ea135bc79040 req-049dc599-2469-4912-92c5-353776317dcf None None] RequestId filter calling following filter/app {{(pid=110033) _context_setter /opt/stack/cinder/cinder/api/middleware/request_id.py:62}}
Mar 10 17:07:46.226495 dv-cinder-833121-1-iscsi devstack@c-api.service[110034]: INFO cinder.volume.api [None req-bc2711a7-9958-4168-af56-755cd704711a tempest-VolumesTestJSON-136829061 tempest-VolumesTestJSON-136829061-project] Volume info retrieved successfully.
Mar 10 17:07:46.230682 dv-cinder-833121-1-iscsi devstack@c-api.service[110033]: INFO cinder.api.openstack.wsgi [req-89f46fea-193c-41fc-b3b7-ea135bc79040 req-049dc599-2469-4912-92c5-353776317dcf tempest-VolumesSnapshotsTestJSON-385462039 tempest-VolumesSnapshotsTestJSON-385462039-project] POST http://10.222.0.44/volume/v3/5cde9082fb1c4848bad841fb0a5a5200/snapshots
Mar 10 17:07:46.231750 dv-cinder-833121-1-iscsi devstack@c-api.service[110033]: DEBUG cinder.api.openstack.wsgi [req-89f46fea-193c-41fc-b3b7-ea135bc79040 req-049dc599-2469-4912-92c5-353776317dcf tempest-VolumesSnapshotsTestJSON-385462039 tempest-VolumesSnapshotsTestJSON-385462039-project] Action: 'create', calling method: create, body: {"snapshot": {"volume_id": "3077bf71-e973-43c5-b008-bce1296afeb5", "force": false, "name": "tempest-VolumesSnapshotsTestJSON-Snapshot-1967312317", "description": null, "metadata": {}}} {{(pid=110033) _process_stack /opt/stack/cinder/cinder/api/openstack/wsgi.py:866}}
Mar 10 17:07:46.243615 dv-cinder-833121-1-iscsi devstack@c-api.service[110034]: INFO cinder.api.openstack.wsgi [None req-bc2711a7-9958-4168-af56-755cd704711a tempest-VolumesTestJSON-136829061 tempest-VolumesTestJSON-136829061-project] http://10.222.0.44/volume/v3/e55e3a41f20d466b8418fcf18249e169/volumes/3bd6273f-f9f3-4edf-9ac6-b600706f37b6 returned with HTTP 200
Mar 10 17:07:46.245237 dv-cinder-833121-1-iscsi devstack@c-api.service[110034]: [pid: 110034|app: 0|req: 15/30] 10.222.0.44 () {58 vars in 1324 bytes} [Thu Mar 10 17:07:46 2022] GET /volume/v3/e55e3a41f20d466b8418fcf18249e169/volumes/3bd6273f-f9f3-4edf-9ac6-b600706f37b6 => generated 921 bytes in 55 msecs (HTTP/1.1 200) 7 headers in 285 bytes (1 switches on core 0)
Mar 10 17:07:46.262740 dv-cinder-833121-1-iscsi devstack@c-api.service[110033]: /usr/local/lib/python3.8/dist-packages/oslo_context/context.py:100: DeprecationWarning: Policy enforcement is depending on the value of is_admin. This key is deprecated. Please update your policy file to use the standard policy values.
Mar 10 17:07:46.262740 dv-cinder-833121-1-iscsi devstack@c-api.service[110033]: warnings.warn('Policy enforcement is depending on the value of '
Mar 10 17:07:46.264104 dv-cinder-833121-1-iscsi devstack@c-api.service[110033]: INFO cinder.volume.api [req-89f46fea-193c-41fc-b3b7-ea135bc79040 req-049dc599-2469-4912-92c5-353776317dcf tempest-VolumesSnapshotsTestJSON-385462039 tempest-VolumesSnapshotsTestJSON-385462039-project] Volume info retrieved successfully.
Mar 10 17:07:46.266268 dv-cinder-833121-1-iscsi devstack@c-api.service[110033]: INFO cinder.api.v3.snapshots [req-89f46fea-193c-41fc-b3b7-ea135bc79040 req-049dc599-2469-4912-92c5-353776317dcf tempest-VolumesSnapshotsTestJSON-385462039 tempest-VolumesSnapshotsTestJSON-385462039-project] Create snapshot from volume 3077bf71-e973-43c5-b008-bce1296afeb5
Mar 10 17:07:46.325761 dv-cinder-833121-1-iscsi devstack@c-api.service[110033]: WARNING cinder.quota [req-89f46fea-193c-41fc-b3b7-ea135bc79040 req-049dc599-2469-4912-92c5-353776317dcf tempest-VolumesSnapshotsTestJSON-385462039 tempest-VolumesSnapshotsTestJSON-385462039-project] Deprecated: Default quota for resource: snapshots___DEFAULT__ is set by the default quota flag: quota_snapshots___DEFAULT__, it is now deprecated. Please use the default quota class for default quota.
Mar 10 17:07:46.397049 dv-cinder-833121-1-iscsi devstack@c-api.service[110033]: DEBUG cinder.quota [req-89f46fea-193c-41fc-b3b7-ea135bc79040 req-049dc599-2469-4912-92c5-353776317dcf tempest-VolumesSnapshotsTestJSON-385462039 tempest-VolumesSnapshotsTestJSON-385462039-project] Created reservations ['324f27f0-8e11-470b-b959-acef0d0c5b70', 'fa1c64fb-bf89-49b2-a9dc-086f3cec2a5d', '124f4ac1-adb1-44dc-a3aa-54bdae12e0f8', 'b5db0868-3a7b-434a-b173-9bdc8170e97c'] {{(pid=110033) reserve /opt/stack/cinder/cinder/quota.py:755}}
Mar 10 17:07:46.528635 dv-cinder-833121-1-iscsi devstack@c-api.service[110033]: INFO cinder.volume.api [req-89f46fea-193c-41fc-b3b7-ea135bc79040 req-049dc599-2469-4912-92c5-353776317dcf tempest-VolumesSnapshotsTestJSON-385462039 tempest-VolumesSnapshotsTestJSON-385462039-project] Snapshot create request issued successfully.
Mar 10 17:07:46.529383 dv-cinder-833121-1-iscsi devstack@c-api.service[110033]: INFO cinder.api.openstack.wsgi [req-89f46fea-193c-41fc-b3b7-ea135bc79040 req-049dc599-2469-4912-92c5-353776317dcf tempest-VolumesSnapshotsTestJSON-385462039 tempest-VolumesSnapshotsTestJSON-385462039-project] http://10.222.0.44/volume/v3/5cde9082fb1c4848bad841fb0a5a5200/snapshots returned with HTTP 202
Mar 10 17:07:46.532950 dv-cinder-833121-1-iscsi devstack@c-api.service[110033]: [pid: 110033|app: 0|req: 16/31] 10.222.0.44 () {64 vars in 1527 bytes} [Thu Mar 10 17:07:46 2022] POST /volume/v3/5cde9082fb1c4848bad841fb0a5a5200/snapshots => generated 311 bytes in 313 msecs (HTTP/1.1 202) 7 headers in 291 bytes (2 switches on core 0)
Mar 10 17:07:46.575895 dv-cinder-833121-1-iscsi devstack@c-api.service[110034]: DEBUG cinder.api.middleware.request_id [req-9d8d9f30-3de9-4a63-bc90-90b8d7c7117b req-9e7d1bb2-56c5-4333-ba84-f11ce7b824f4 None None] RequestId filter calling following filter/app {{(pid=110034) _context_setter /opt/stack/cinder/cinder/api/middleware/request_id.py:62}}
Mar 10 17:07:46.579486 dv-cinder-833121-1-iscsi devstack@c-api.service[110034]: WARNING keystonemiddleware.auth_token [req-9d8d9f30-3de9-4a63-bc90-90b8d7c7117b req-9e7d1bb2-56c5-4333-ba84-f11ce7b824f4 None None] A valid token was submitted as a service token, but it was not a valid service token. This is incorrect but backwards compatible behaviour. This will be removed in future releases.
Mar 10 17:07:46.585272 dv-cinder-833121-1-iscsi devstack@c-api.service[110034]: INFO cinder.api.openstack.wsgi [req-9d8d9f30-3de9-4a63-bc90-90b8d7c7117b req-9e7d1bb2-56c5-4333-ba84-f11ce7b824f4 tempest-VolumesTestJSON-136829061 tempest-VolumesTestJSON-136829061-project] GET http://10.222.0.44/volume/v3/e55e3a41f20d466b8418fcf18249e169/volumes/3bd6273f-f9f3-4edf-9ac6-b600706f37b6
Mar 10 17:07:46.585272 dv-cinder-833121-1-iscsi devstack@c-api.service[110034]: DEBUG cinder.api.openstack.wsgi [req-9d8d9f30-3de9-4a63-bc90-90b8d7c7117b req-9e7d1bb2-56c5-4333-ba84-f11ce7b824f4 tempest-VolumesTestJSON-136829061 tempest-VolumesTestJSON-136829061-project] Empty body provided in request {{(pid=110034) get_body /opt/stack/cinder/cinder/api/openstack/wsgi.py:715}}
Mar 10 17:07:46.586885 dv-cinder-833121-1-iscsi devstack@c-api.service[110034]: DEBUG cinder.api.openstack.wsgi [req-9d8d9f30-3de9-4a63-bc90-90b8d7c7117b req-9e7d1bb2-56c5-4333-ba84-f11ce7b824f4 tempest-VolumesTestJSON-136829061 tempest-VolumesTestJSON-136829061-project] Calling method 'show' {{(pid=110034) _process_stack /opt/stack/cinder/cinder/api/openstack/wsgi.py:868}}
Mar 10 17:07:46.616292 dv-cinder-833121-1-iscsi devstack@c-api.service[110034]: /usr/local/lib/python3.8/dist-packages/oslo_context/context.py:100: DeprecationWarning: Policy enforcement is depending on the value of is_admin. This key is deprecated. Please update your policy file to use the standard policy values.
Mar 10 17:07:46.616292 dv-cinder-833121-1-iscsi devstack@c-api.service[110034]: warnings.warn('Policy enforcement is depending on the value of '
Mar 10 17:07:46.629173 dv-cinder-833121-1-iscsi devstack@c-api.service[110034]: INFO cinder.volume.api [req-9d8d9f30-3de9-4a63-bc90-90b8d7c7117b req-9e7d1bb2-56c5-4333-ba84-f11ce7b824f4 tempest-VolumesTestJSON-136829061 tempest-VolumesTestJSON-136829061-project] Volume info retrieved successfully.
Mar 10 17:07:46.646365 dv-cinder-833121-1-iscsi devstack@c-api.service[110034]: INFO cinder.api.openstack.wsgi [req-9d8d9f30-3de9-4a63-bc90-90b8d7c7117b req-9e7d1bb2-56c5-4333-ba84-f11ce7b824f4 tempest-VolumesTestJSON-136829061 tempest-VolumesTestJSON-136829061-project] http://10.222.0.44/volume/v3/e55e3a41f20d466b8418fcf18249e169/volumes/3bd6273f-f9f3-4edf-9ac6-b600706f37b6 returned with HTTP 200
Mar 10 17:07:46.648792 dv-cinder-833121-1-iscsi devstack@c-api.service[110034]: [pid: 110034|app: 0|req: 16/32] 10.222.0.44 () {60 vars in 1578 bytes} [Thu Mar 10 17:07:46 2022] GET /volume/v3/e55e3a41f20d466b8418fcf18249e169/volumes/3bd6273f-f9f3-4edf-9ac6-b600706f37b6 => generated 921 bytes in 74 msecs (HTTP/1.1 200) 7 headers in 285 bytes (1 switches on core 0)
Mar 10 17:07:46.659928 dv-cinder-833121-1-iscsi devstack@c-api.service[110033]: DEBUG cinder.api.middleware.request_id [None req-4759dc61-cccd-4fe9-806c-b9174c678bed None None] RequestId filter calling following filter/app {{(pid=110033) _context_setter /opt/stack/cinder/cinder/api/middleware/request_id.py:62}}
Mar 10 17:07:46.669082 dv-cinder-833121-1-iscsi devstack@c-api.service[110033]: INFO cinder.api.openstack.wsgi [None req-4759dc61-cccd-4fe9-806c-b9174c678bed tempest-VolumesTestJSON-136829061 tempest-VolumesTestJSON-136829061-project] POST http://10.222.0.44/volume/v3/e55e3a41f20d466b8418fcf18249e169/volumes
Mar 10 17:07:46.669889 dv-cinder-833121-1-iscsi devstack@c-api.service[110033]: DEBUG cinder.api.openstack.wsgi [None req-4759dc61-cccd-4fe9-806c-b9174c678bed tempest-VolumesTestJSON-136829061 tempest-VolumesTestJSON-136829061-project] Action: 'create', calling method: create, body: {"volume": {"metadata": {"Type": "work"}, "size": 1, "display_name": "tempest-VolumesTestJSON-volume-1668249932"}} {{(pid=110033) _process_stack /opt/stack/cinder/cinder/api/openstack/wsgi.py:866}}
Mar 10 17:07:46.671526 dv-cinder-833121-1-iscsi devstack@c-api.service[110033]: DEBUG cinder.api.v3.volumes [None req-4759dc61-cccd-4fe9-806c-b9174c678bed tempest-VolumesTestJSON-136829061 tempest-VolumesTestJSON-136829061-project] Create volume request body: {'volume': {'metadata': {'Type': 'work'}, 'size': 1, 'display_name': 'tempest-VolumesTestJSON-volume-1668249932'}} {{(pid=110033) create /opt/stack/cinder/cinder/api/v3/volumes.py:298}}
Mar 10 17:07:46.671861 dv-cinder-833121-1-iscsi devstack@c-api.service[110033]: INFO cinder.api.v3.volumes [None req-4759dc61-cccd-4fe9-806c-b9174c678bed tempest-VolumesTestJSON-136829061 tempest-VolumesTestJSON-136829061-project] Create volume of 1 GB
Mar 10 17:07:46.672566 dv-cinder-833121-1-iscsi devstack@c-api.service[110033]: /usr/local/lib/python3.8/dist-packages/oslo_context/context.py:100: DeprecationWarning: Policy enforcement is depending on the value of is_admin. This key is deprecated. Please update your policy file to use the standard policy values.
Mar 10 17:07:46.672566 dv-cinder-833121-1-iscsi devstack@c-api.service[110033]: warnings.warn('Policy enforcement is depending on the value of '
Mar 10 17:07:46.673989 dv-cinder-833121-1-iscsi devstack@c-api.service[110034]: DEBUG cinder.api.middleware.request_id [req-a98bc4e4-c4ff-490c-af2d-3c496b01149b req-a9885b98-4ee2-4fb7-9b63-224ee2636877 None None] RequestId filter calling following filter/app {{(pid=110034) _context_setter /opt/stack/cinder/cinder/api/middleware/request_id.py:62}}
Mar 10 17:07:46.678647 dv-cinder-833121-1-iscsi devstack@c-api.service[110033]: INFO cinder.volume.api [None req-4759dc61-cccd-4fe9-806c-b9174c678bed tempest-VolumesTestJSON-136829061 tempest-VolumesTestJSON-136829061-project] Availability Zones retrieved successfully.
Mar 10 17:07:46.680678 dv-cinder-833121-1-iscsi devstack@c-api.service[110034]: INFO cinder.api.openstack.wsgi [req-a98bc4e4-c4ff-490c-af2d-3c496b01149b req-a9885b98-4ee2-4fb7-9b63-224ee2636877 tempest-VolumesSnapshotsTestJSON-385462039 tempest-VolumesSnapshotsTestJSON-385462039-project] GET http://10.222.0.44/volume/v3/5cde9082fb1c4848bad841fb0a5a5200/snapshots/0f02dc00-a46d-4900-a361-889432ac1464
Mar 10 17:07:46.682171 dv-cinder-833121-1-iscsi devstack@c-api.service[110034]: DEBUG cinder.api.openstack.wsgi [req-a98bc4e4-c4ff-490c-af2d-3c496b01149b req-a9885b98-4ee2-4fb7-9b63-224ee2636877 tempest-VolumesSnapshotsTestJSON-385462039 tempest-VolumesSnapshotsTestJSON-385462039-project] Empty body provided in request {{(pid=110034) get_body /opt/stack/cinder/cinder/api/openstack/wsgi.py:715}}
Mar 10 17:07:46.682866 dv-cinder-833121-1-iscsi devstack@c-api.service[110034]: DEBUG cinder.api.openstack.wsgi [req-a98bc4e4-c4ff-490c-af2d-3c496b01149b req-a9885b98-4ee2-4fb7-9b63-224ee2636877 tempest-VolumesSnapshotsTestJSON-385462039 tempest-VolumesSnapshotsTestJSON-385462039-project] Calling method 'show' {{(pid=110034) _process_stack /opt/stack/cinder/cinder/api/openstack/wsgi.py:868}}
Mar 10 17:07:46.694116 dv-cinder-833121-1-iscsi devstack@c-api.service[110033]: DEBUG cinder.volume.api [None req-4759dc61-cccd-4fe9-806c-b9174c678bed tempest-VolumesTestJSON-136829061 tempest-VolumesTestJSON-136829061-project] Flow 'volume_create_api' (075bd203-5de8-4f47-b498-b4eb172ee74c) transitioned into state 'RUNNING' from state 'PENDING' {{(pid=110033) _flow_receiver /usr/local/lib/python3.8/dist-packages/taskflow/listeners/logging.py:141}}
Mar 10 17:07:46.704828 dv-cinder-833121-1-iscsi devstack@c-api.service[110033]: DEBUG cinder.volume.api [None req-4759dc61-cccd-4fe9-806c-b9174c678bed tempest-VolumesTestJSON-136829061 tempest-VolumesTestJSON-136829061-project] Task 'cinder.volume.flows.api.create_volume.ExtractVolumeRequestTask;volume:create' (2fd5920d-c2a1-43d6-80c0-ad9285b02d8d) transitioned into state 'RUNNING' from state 'PENDING' {{(pid=110033) _task_receiver /usr/local/lib/python3.8/dist-packages/taskflow/listeners/logging.py:190}}
Mar 10 17:07:46.707512 dv-cinder-833121-1-iscsi devstack@c-api.service[110033]: DEBUG cinder.volume.flows.api.create_volume [None req-4759dc61-cccd-4fe9-806c-b9174c678bed tempest-VolumesTestJSON-136829061 tempest-VolumesTestJSON-136829061-project] Validating volume size '1' using validate_int {{(pid=110033) _extract_size /opt/stack/cinder/cinder/volume/flows/api/create_volume.py:225}}
Mar 10 17:07:46.738492 dv-cinder-833121-1-iscsi devstack@c-api.service[110034]: /usr/local/lib/python3.8/dist-packages/oslo_context/context.py:100: DeprecationWarning: Policy enforcement is depending on the value of is_admin. This key is deprecated. Please update your policy file to use the standard policy values.
Mar 10 17:07:46.738492 dv-cinder-833121-1-iscsi devstack@c-api.service[110034]: warnings.warn('Policy enforcement is depending on the value of '
Mar 10 17:07:46.740720 dv-cinder-833121-1-iscsi devstack@c-api.service[110034]: INFO cinder.volume.api [req-a98bc4e4-c4ff-490c-af2d-3c496b01149b req-a9885b98-4ee2-4fb7-9b63-224ee2636877 tempest-VolumesSnapshotsTestJSON-385462039 tempest-VolumesSnapshotsTestJSON-385462039-project] Snapshot retrieved successfully.
Mar 10 17:07:46.743296 dv-cinder-833121-1-iscsi devstack@c-api.service[110034]: INFO cinder.api.openstack.wsgi [req-a98bc4e4-c4ff-490c-af2d-3c496b01149b req-a9885b98-4ee2-4fb7-9b63-224ee2636877 tempest-VolumesSnapshotsTestJSON-385462039 tempest-VolumesSnapshotsTestJSON-385462039-project] http://10.222.0.44/volume/v3/5cde9082fb1c4848bad841fb0a5a5200/snapshots/0f02dc00-a46d-4900-a361-889432ac1464 returned with HTTP 200
Mar 10 17:07:46.745303 dv-cinder-833121-1-iscsi devstack@c-api.service[110034]: [pid: 110034|app: 0|req: 17/33] 10.222.0.44 () {60 vars in 1584 bytes} [Thu Mar 10 17:07:46 2022] GET /volume/v3/5cde9082fb1c4848bad841fb0a5a5200/snapshots/0f02dc00-a46d-4900-a361-889432ac1464 => generated 443 bytes in 73 msecs (HTTP/1.1 200) 7 headers in 285 bytes (1 switches on core 0)
Mar 10 17:07:46.765488 dv-cinder-833121-1-iscsi devstack@c-api.service[110033]: DEBUG cinder.volume.api [None req-4759dc61-cccd-4fe9-806c-b9174c678bed tempest-VolumesTestJSON-136829061 tempest-VolumesTestJSON-136829061-project] Task 'cinder.volume.flows.api.create_volume.ExtractVolumeRequestTask;volume:create' (2fd5920d-c2a1-43d6-80c0-ad9285b02d8d) transitioned into state 'SUCCESS' from state 'RUNNING' with result '{'size': 1, 'snapshot_id': None, 'source_volid': None, 'volume_type': VolumeType(created_at=2022-03-10T16:57:43Z,deleted=False,deleted_at=None,description='Default Volume Type',extra_specs={},id=637d4ef0-b731-4288-92db-b50b54367cc2,is_public=True,name='__DEFAULT__',projects=[],qos_specs=,qos_specs_id=None,updated_at=2022-03-10T16:57:43Z), 'volume_type_id': '637d4ef0-b731-4288-92db-b50b54367cc2', 'encryption_key_id': None, 'qos_specs': None, 'consistencygroup_id': None, 'cgsnapshot_id': None, 'group_id': None, 'replication_status': 'disabled', 'refresh_az': False, 'backup_id': None, 'multiattach': False, 'availability_zones': ['nova']}' {{(pid=110033) _task_receiver /usr/local/lib/python3.8/dist-packages/taskflow/listeners/logging.py:178}}
Mar 10 17:07:46.766829 dv-cinder-833121-1-iscsi devstack@c-api.service[110034]: DEBUG cinder.api.middleware.request_id [req-83a32d0b-5df2-4b77-bc89-6974312e012a req-4a975219-1ced-4edd-aa28-e50aebea708c None None] RequestId filter calling following filter/app {{(pid=110034) _context_setter /opt/stack/cinder/cinder/api/middleware/request_id.py:62}}
Mar 10 17:07:46.767537 dv-cinder-833121-1-iscsi devstack@c-api.service[110033]: DEBUG cinder.volume.api [None req-4759dc61-cccd-4fe9-806c-b9174c678bed tempest-VolumesTestJSON-136829061 tempest-VolumesTestJSON-136829061-project] Task 'cinder.volume.flows.api.create_volume.QuotaReserveTask;volume:create' (cdaddedc-7439-4873-9668-6a593da7bf75) transitioned into state 'RUNNING' from state 'PENDING' {{(pid=110033) _task_receiver /usr/local/lib/python3.8/dist-packages/taskflow/listeners/logging.py:190}}
Mar 10 17:07:46.773205 dv-cinder-833121-1-iscsi devstack@c-api.service[110034]: INFO cinder.api.openstack.wsgi [req-83a32d0b-5df2-4b77-bc89-6974312e012a req-4a975219-1ced-4edd-aa28-e50aebea708c tempest-VolumesSnapshotsTestJSON-385462039 tempest-VolumesSnapshotsTestJSON-385462039-project] GET http://10.222.0.44/volume/v3/5cde9082fb1c4848bad841fb0a5a5200/snapshots/detail
Mar 10 17:07:46.773997 dv-cinder-833121-1-iscsi devstack@c-api.service[110034]: DEBUG cinder.api.openstack.wsgi [req-83a32d0b-5df2-4b77-bc89-6974312e012a req-4a975219-1ced-4edd-aa28-e50aebea708c tempest-VolumesSnapshotsTestJSON-385462039 tempest-VolumesSnapshotsTestJSON-385462039-project] Empty body provided in request {{(pid=110034) get_body /opt/stack/cinder/cinder/api/openstack/wsgi.py:715}}
Mar 10 17:07:46.774522 dv-cinder-833121-1-iscsi devstack@c-api.service[110034]: DEBUG cinder.api.openstack.wsgi [req-83a32d0b-5df2-4b77-bc89-6974312e012a req-4a975219-1ced-4edd-aa28-e50aebea708c tempest-VolumesSnapshotsTestJSON-385462039 tempest-VolumesSnapshotsTestJSON-385462039-project] Calling method 'detail' {{(pid=110034) _process_stack /opt/stack/cinder/cinder/api/openstack/wsgi.py:868}}
Mar 10 17:07:46.775554 dv-cinder-833121-1-iscsi devstack@c-api.service[110034]: DEBUG cinder.api.api_utils [req-83a32d0b-5df2-4b77-bc89-6974312e012a req-4a975219-1ced-4edd-aa28-e50aebea708c tempest-VolumesSnapshotsTestJSON-385462039 tempest-VolumesSnapshotsTestJSON-385462039-project] Removing options '' from query. {{(pid=110034) remove_invalid_filter_options /opt/stack/cinder/cinder/api/api_utils.py:73}}
Mar 10 17:07:46.780757 dv-cinder-833121-1-iscsi devstack@c-api.service[110034]: DEBUG cinder.db.sqlalchemy.api [req-83a32d0b-5df2-4b77-bc89-6974312e012a req-4a975219-1ced-4edd-aa28-e50aebea708c tempest-VolumesSnapshotsTestJSON-385462039 tempest-VolumesSnapshotsTestJSON-385462039-project] Building query based on filter {{(pid=110034) _process_snaps_filters /opt/stack/cinder/cinder/db/sqlalchemy/api.py:3378}}
Mar 10 17:07:46.836323 dv-cinder-833121-1-iscsi devstack@c-api.service[110033]: DEBUG cinder.quota [None req-4759dc61-cccd-4fe9-806c-b9174c678bed tempest-VolumesTestJSON-136829061 tempest-VolumesTestJSON-136829061-project] Created reservations ['0d7bdd39-137f-4f3e-9037-12361b0db417', 'fa4dfb28-3ad1-4e4a-bebd-f41d6a2c9d03', '0eb66d61-1a40-4540-b327-da81061a90b1', 'b16454bd-536d-4934-8644-b5d6e38352af'] {{(pid=110033) reserve /opt/stack/cinder/cinder/quota.py:755}}
Mar 10 17:07:46.840652 dv-cinder-833121-1-iscsi devstack@c-api.service[110034]: INFO cinder.volume.api [req-83a32d0b-5df2-4b77-bc89-6974312e012a req-4a975219-1ced-4edd-aa28-e50aebea708c tempest-VolumesSnapshotsTestJSON-385462039 tempest-VolumesSnapshotsTestJSON-385462039-project] Get all snapshots completed successfully.
Mar 10 17:07:46.843238 dv-cinder-833121-1-iscsi devstack@c-api.service[110034]: /usr/local/lib/python3.8/dist-packages/oslo_context/context.py:100: DeprecationWarning: Policy enforcement is depending on the value of is_admin. This key is deprecated. Please update your policy file to use the standard policy values.
Mar 10 17:07:46.843238 dv-cinder-833121-1-iscsi devstack@c-api.service[110034]: warnings.warn('Policy enforcement is depending on the value of '
Mar 10 17:07:46.844241 dv-cinder-833121-1-iscsi devstack@c-api.service[110033]: DEBUG cinder.volume.api [None req-4759dc61-cccd-4fe9-806c-b9174c678bed tempest-VolumesTestJSON-136829061 tempest-VolumesTestJSON-136829061-project] Task 'cinder.volume.flows.api.create_volume.QuotaReserveTask;volume:create' (cdaddedc-7439-4873-9668-6a593da7bf75) transitioned into state 'SUCCESS' from state 'RUNNING' with result '{'reservations': ['0d7bdd39-137f-4f3e-9037-12361b0db417', 'fa4dfb28-3ad1-4e4a-bebd-f41d6a2c9d03', '0eb66d61-1a40-4540-b327-da81061a90b1', 'b16454bd-536d-4934-8644-b5d6e38352af']}' {{(pid=110033) _task_receiver /usr/local/lib/python3.8/dist-packages/taskflow/listeners/logging.py:178}}
Mar 10 17:07:46.846762 dv-cinder-833121-1-iscsi devstack@c-api.service[110034]: INFO cinder.api.openstack.wsgi [req-83a32d0b-5df2-4b77-bc89-6974312e012a req-4a975219-1ced-4edd-aa28-e50aebea708c tempest-VolumesSnapshotsTestJSON-385462039 tempest-VolumesSnapshotsTestJSON-385462039-project] http://10.222.0.44/volume/v3/5cde9082fb1c4848bad841fb0a5a5200/snapshots/detail returned with HTTP 200
Mar 10 17:07:46.850783 dv-cinder-833121-1-iscsi devstack@c-api.service[110033]: DEBUG cinder.volume.api [None req-4759dc61-cccd-4fe9-806c-b9174c678bed tempest-VolumesTestJSON-136829061 tempest-VolumesTestJSON-136829061-project] Task 'cinder.volume.flows.api.create_volume.EntryCreateTask;volume:create' (d75526d4-95e7-41c4-a97f-935e19fee41c) transitioned into state 'RUNNING' from state 'PENDING' {{(pid=110033) _task_receiver /usr/local/lib/python3.8/dist-packages/taskflow/listeners/logging.py:190}}
Mar 10 17:07:46.851221 dv-cinder-833121-1-iscsi devstack@c-api.service[110034]: [pid: 110034|app: 0|req: 18/34] 10.222.0.44 () {60 vars in 1494 bytes} [Thu Mar 10 17:07:46 2022] GET /volume/v3/5cde9082fb1c4848bad841fb0a5a5200/snapshots/detail => generated 446 bytes in 86 msecs (HTTP/1.1 200) 7 headers in 285 bytes (2 switches on core 0)
Mar 10 17:07:46.874784 dv-cinder-833121-1-iscsi devstack@c-api.service[110034]: DEBUG cinder.api.middleware.request_id [req-88d52ca6-99a8-4fa7-bf80-516720fe7162 req-9f0cfb7e-ae95-4e27-9366-00d8caf47803 None None] RequestId filter calling following filter/app {{(pid=110034) _context_setter /opt/stack/cinder/cinder/api/middleware/request_id.py:62}}
Mar 10 17:07:46.881587 dv-cinder-833121-1-iscsi devstack@c-api.service[110034]: INFO cinder.api.openstack.wsgi [req-88d52ca6-99a8-4fa7-bf80-516720fe7162 req-9f0cfb7e-ae95-4e27-9366-00d8caf47803 tempest-VolumesSnapshotsTestJSON-385462039 tempest-VolumesSnapshotsTestJSON-385462039-project] GET http://10.222.0.44/volume/v3/5cde9082fb1c4848bad841fb0a5a5200/snapshots/0f02dc00-a46d-4900-a361-889432ac1464
Mar 10 17:07:46.882287 dv-cinder-833121-1-iscsi devstack@c-api.service[110034]: DEBUG cinder.api.openstack.wsgi [req-88d52ca6-99a8-4fa7-bf80-516720fe7162 req-9f0cfb7e-ae95-4e27-9366-00d8caf47803 tempest-VolumesSnapshotsTestJSON-385462039 tempest-VolumesSnapshotsTestJSON-385462039-project] Empty body provided in request {{(pid=110034) get_body /opt/stack/cinder/cinder/api/openstack/wsgi.py:715}}
Mar 10 17:07:46.883586 dv-cinder-833121-1-iscsi devstack@c-api.service[110034]: DEBUG cinder.api.openstack.wsgi [req-88d52ca6-99a8-4fa7-bf80-516720fe7162 req-9f0cfb7e-ae95-4e27-9366-00d8caf47803 tempest-VolumesSnapshotsTestJSON-385462039 tempest-VolumesSnapshotsTestJSON-385462039-project] Calling method 'show' {{(pid=110034) _process_stack /opt/stack/cinder/cinder/api/openstack/wsgi.py:868}}
Mar 10 17:07:46.897708 dv-cinder-833121-1-iscsi devstack@c-api.service[110034]: /usr/local/lib/python3.8/dist-packages/oslo_context/context.py:100: DeprecationWarning: Policy enforcement is depending on the value of is_admin. This key is deprecated. Please update your policy file to use the standard policy values.
Mar 10 17:07:46.897708 dv-cinder-833121-1-iscsi devstack@c-api.service[110034]: warnings.warn('Policy enforcement is depending on the value of '
Mar 10 17:07:46.899083 dv-cinder-833121-1-iscsi devstack@c-api.service[110034]: INFO cinder.volume.api [req-88d52ca6-99a8-4fa7-bf80-516720fe7162 req-9f0cfb7e-ae95-4e27-9366-00d8caf47803 tempest-VolumesSnapshotsTestJSON-385462039 tempest-VolumesSnapshotsTestJSON-385462039-project] Snapshot retrieved successfully.
Mar 10 17:07:46.902138 dv-cinder-833121-1-iscsi devstack@c-api.service[110034]: INFO cinder.api.openstack.wsgi [req-88d52ca6-99a8-4fa7-bf80-516720fe7162 req-9f0cfb7e-ae95-4e27-9366-00d8caf47803 tempest-VolumesSnapshotsTestJSON-385462039 tempest-VolumesSnapshotsTestJSON-385462039-project] http://10.222.0.44/volume/v3/5cde9082fb1c4848bad841fb0a5a5200/snapshots/0f02dc00-a46d-4900-a361-889432ac1464 returned with HTTP 200
Mar 10 17:07:46.903512 dv-cinder-833121-1-iscsi devstack@c-api.service[110034]: [pid: 110034|app: 0|req: 19/35] 10.222.0.44 () {60 vars in 1584 bytes} [Thu Mar 10 17:07:46 2022] GET /volume/v3/5cde9082fb1c4848bad841fb0a5a5200/snapshots/0f02dc00-a46d-4900-a361-889432ac1464 => generated 443 bytes in 30 msecs (HTTP/1.1 200) 7 headers in 285 bytes (1 switches on core 0)
Mar 10 17:07:46.910530 dv-cinder-833121-1-iscsi devstack@c-api.service[110033]: DEBUG cinder.volume.api [None req-4759dc61-cccd-4fe9-806c-b9174c678bed tempest-VolumesTestJSON-136829061 tempest-VolumesTestJSON-136829061-project] Task 'cinder.volume.flows.api.create_volume.EntryCreateTask;volume:create' (d75526d4-95e7-41c4-a97f-935e19fee41c) transitioned into state 'SUCCESS' from state 'RUNNING' with result '{'volume_id': 'e2ea5e6b-aea4-447a-848e-4f1e38d969d7', 'volume_properties': VolumeProperties(attach_status='detached',availability_zone='nova',cgsnapshot_id=None,consistencygroup_id=None,display_description=None,display_name='tempest-VolumesTestJSON-volume-1668249932',encryption_key_id=None,group_id=None,group_type_id=,metadata={Type='work'},multiattach=False,project_id='e55e3a41f20d466b8418fcf18249e169',qos_specs=None,replication_status=,reservations=['0d7bdd39-137f-4f3e-9037-12361b0db417','fa4dfb28-3ad1-4e4a-bebd-f41d6a2c9d03','0eb66d61-1a40-4540-b327-da81061a90b1','b16454bd-536d-4934-8644-b5d6e38352af'],size=1,snapshot_id=None,source_replicaid=,source_volid=None,status='creating',user_id='683f138894fe46ec82ffa325a3d35f21',volume_type_id=637d4ef0-b731-4288-92db-b50b54367cc2), 'volume': Volume(_name_id=None,admin_metadata=,attach_status='detached',availability_zone='nova',bootable=False,cluster=,cluster_name=None,consistencygroup=,consistencygroup_id=None,created_at=2022-03-10T17:07:46Z,deleted=False,deleted_at=None,display_description=None,display_name='tempest-VolumesTestJSON-volume-1668249932',ec2_id=None,encryption_key_id=None,glance_metadata=,group=,group_id=None,host=None,id=e2ea5e6b-aea4-447a-848e-4f1e38d969d7,launched_at=None,metadata={Type='work'},migration_status=None,multiattach=False,previous_status=None,project_id='e55e3a41f20d466b8418fcf18249e169',provider_auth=None,provider_geometry=None,provider_id=None,provider_location=None,replication_driver_data=None,replication_extended_status=None,replication_status=None,scheduled_at=None,service_uuid=None,shared_targets=True,size=1,snapshot_id=None,snapshots=,source_volid=None,status='creating',terminated_at=None,updated_at=None,use_quota=True,user_id='683f138894fe46ec82ffa325a3d35f21',volume_attachment=VolumeAttachmentList,volume_type=VolumeType(637d4ef0-b731-4288-92db-b50b54367cc2),volume_type_id=637d4ef0-b731-4288-92db-b50b54367cc2)}' {{(pid=110033) _task_receiver /usr/local/lib/python3.8/dist-packages/taskflow/listeners/logging.py:178}}
Mar 10 17:07:46.910530 dv-cinder-833121-1-iscsi devstack@c-api.service[110033]: DEBUG cinder.volume.api [None req-4759dc61-cccd-4fe9-806c-b9174c678bed tempest-VolumesTestJSON-136829061 tempest-VolumesTestJSON-136829061-project] Task 'cinder.volume.flows.api.create_volume.QuotaCommitTask;volume:create' (223b09e9-d494-4e2c-b9b5-f90f8d977f26) transitioned into state 'RUNNING' from state 'PENDING' {{(pid=110033) _task_receiver /usr/local/lib/python3.8/dist-packages/taskflow/listeners/logging.py:190}}
Mar 10 17:07:46.943429 dv-cinder-833121-1-iscsi devstack@c-api.service[110033]: DEBUG cinder.volume.api [None req-4759dc61-cccd-4fe9-806c-b9174c678bed tempest-VolumesTestJSON-136829061 tempest-VolumesTestJSON-136829061-project] Task 'cinder.volume.flows.api.create_volume.QuotaCommitTask;volume:create' (223b09e9-d494-4e2c-b9b5-f90f8d977f26) transitioned into state 'SUCCESS' from state 'RUNNING' with result '{'volume_properties': VolumeProperties(attach_status='detached',availability_zone='nova',cgsnapshot_id=None,consistencygroup_id=None,display_description=None,display_name='tempest-VolumesTestJSON-volume-1668249932',encryption_key_id=None,group_id=None,group_type_id=,metadata={Type='work'},multiattach=False,project_id='e55e3a41f20d466b8418fcf18249e169',qos_specs=None,replication_status=,reservations=['0d7bdd39-137f-4f3e-9037-12361b0db417','fa4dfb28-3ad1-4e4a-bebd-f41d6a2c9d03','0eb66d61-1a40-4540-b327-da81061a90b1','b16454bd-536d-4934-8644-b5d6e38352af'],size=1,snapshot_id=None,source_replicaid=,source_volid=None,status='creating',user_id='683f138894fe46ec82ffa325a3d35f21',volume_type_id=637d4ef0-b731-4288-92db-b50b54367cc2)}' {{(pid=110033) _task_receiver /usr/local/lib/python3.8/dist-packages/taskflow/listeners/logging.py:178}}
Mar 10 17:07:46.946209 dv-cinder-833121-1-iscsi devstack@c-api.service[110033]: DEBUG cinder.volume.api [None req-4759dc61-cccd-4fe9-806c-b9174c678bed tempest-VolumesTestJSON-136829061 tempest-VolumesTestJSON-136829061-project] Task 'cinder.volume.flows.api.create_volume.VolumeCastTask;volume:create' (c8131fac-b130-446f-bf1f-d9cc9062833b) transitioned into state 'RUNNING' from state 'PENDING' {{(pid=110033) _task_receiver /usr/local/lib/python3.8/dist-packages/taskflow/listeners/logging.py:190}}
Mar 10 17:07:46.967996 dv-cinder-833121-1-iscsi devstack@c-api.service[110033]: DEBUG cinder.volume.api [None req-4759dc61-cccd-4fe9-806c-b9174c678bed tempest-VolumesTestJSON-136829061 tempest-VolumesTestJSON-136829061-project] Task 'cinder.volume.flows.api.create_volume.VolumeCastTask;volume:create' (c8131fac-b130-446f-bf1f-d9cc9062833b) transitioned into state 'SUCCESS' from state 'RUNNING' with result 'None' {{(pid=110033) _task_receiver /usr/local/lib/python3.8/dist-packages/taskflow/listeners/logging.py:178}}
Mar 10 17:07:46.971318 dv-cinder-833121-1-iscsi devstack@c-api.service[110033]: DEBUG cinder.volume.api [None req-4759dc61-cccd-4fe9-806c-b9174c678bed tempest-VolumesTestJSON-136829061 tempest-VolumesTestJSON-136829061-project] Flow 'volume_create_api' (075bd203-5de8-4f47-b498-b4eb172ee74c) transitioned into state 'SUCCESS' from state 'RUNNING' {{(pid=110033) _flow_receiver /usr/local/lib/python3.8/dist-packages/taskflow/listeners/logging.py:141}}
Mar 10 17:07:46.971530 dv-cinder-833121-1-iscsi devstack@c-api.service[110034]: DEBUG cinder.api.middleware.request_id [None req-61d582b1-7622-41d8-902f-c3b9913e22bf None None] RequestId filter calling following filter/app {{(pid=110034) _context_setter /opt/stack/cinder/cinder/api/middleware/request_id.py:62}}
Mar 10 17:07:46.973128 dv-cinder-833121-1-iscsi devstack@c-api.service[110033]: INFO cinder.volume.api [None req-4759dc61-cccd-4fe9-806c-b9174c678bed tempest-VolumesTestJSON-136829061 tempest-VolumesTestJSON-136829061-project] Create volume request issued successfully.
Mar 10 17:07:46.975035 dv-cinder-833121-1-iscsi devstack@c-api.service[110033]: INFO cinder.api.openstack.wsgi [None req-4759dc61-cccd-4fe9-806c-b9174c678bed tempest-VolumesTestJSON-136829061 tempest-VolumesTestJSON-136829061-project] http://10.222.0.44/volume/v3/e55e3a41f20d466b8418fcf18249e169/volumes returned with HTTP 202
Mar 10 17:07:46.975984 dv-cinder-833121-1-iscsi devstack@c-api.service[110034]: INFO cinder.api.openstack.wsgi [None req-61d582b1-7622-41d8-902f-c3b9913e22bf tempest-VolumesServicesTestJSON-154609310 tempest-VolumesServicesTestJSON-154609310-project] GET http://10.222.0.44/volume/v3/c451fe4f222b42ab9b6882fea34c10da/volumes/d9c5ed70-1242-40ca-ae7e-9a050ef1206f
Mar 10 17:07:46.976421 dv-cinder-833121-1-iscsi devstack@c-api.service[110033]: [pid: 110033|app: 0|req: 17/36] 10.222.0.44 () {60 vars in 1235 bytes} [Thu Mar 10 17:07:46 2022] POST /volume/v3/e55e3a41f20d466b8418fcf18249e169/volumes => generated 829 bytes in 318 msecs (HTTP/1.1 202) 7 headers in 291 bytes (1 switches on core 0)
Mar 10 17:07:46.976635 dv-cinder-833121-1-iscsi devstack@c-api.service[110034]: DEBUG cinder.api.openstack.wsgi [None req-61d582b1-7622-41d8-902f-c3b9913e22bf tempest-VolumesServicesTestJSON-154609310 tempest-VolumesServicesTestJSON-154609310-project] Empty body provided in request {{(pid=110034) get_body /opt/stack/cinder/cinder/api/openstack/wsgi.py:715}}
Mar 10 17:07:46.986216 dv-cinder-833121-1-iscsi devstack@c-api.service[110034]: DEBUG cinder.api.openstack.wsgi [None req-61d582b1-7622-41d8-902f-c3b9913e22bf tempest-VolumesServicesTestJSON-154609310 tempest-VolumesServicesTestJSON-154609310-project] Calling method 'show' {{(pid=110034) _process_stack /opt/stack/cinder/cinder/api/openstack/wsgi.py:868}}
Mar 10 17:07:46.988457 dv-cinder-833121-1-iscsi devstack@c-api.service[110033]: DEBUG cinder.api.middleware.request_id [None req-af0534b9-aa5a-494b-9c76-7b6f4522edd3 None None] RequestId filter calling following filter/app {{(pid=110033) _context_setter /opt/stack/cinder/cinder/api/middleware/request_id.py:62}}
Mar 10 17:07:46.997488 dv-cinder-833121-1-iscsi devstack@c-api.service[110033]: INFO cinder.api.openstack.wsgi [None req-af0534b9-aa5a-494b-9c76-7b6f4522edd3 tempest-VolumesTestJSON-136829061 tempest-VolumesTestJSON-136829061-project] GET http://10.222.0.44/volume/v3/e55e3a41f20d466b8418fcf18249e169/volumes/e2ea5e6b-aea4-447a-848e-4f1e38d969d7
Mar 10 17:07:46.999217 dv-cinder-833121-1-iscsi devstack@c-api.service[110033]: DEBUG cinder.api.openstack.wsgi [None req-af0534b9-aa5a-494b-9c76-7b6f4522edd3 tempest-VolumesTestJSON-136829061 tempest-VolumesTestJSON-136829061-project] Empty body provided in request {{(pid=110033) get_body /opt/stack/cinder/cinder/api/openstack/wsgi.py:715}}
Mar 10 17:07:47.001191 dv-cinder-833121-1-iscsi devstack@c-api.service[110033]: DEBUG cinder.api.openstack.wsgi [None req-af0534b9-aa5a-494b-9c76-7b6f4522edd3 tempest-VolumesTestJSON-136829061 tempest-VolumesTestJSON-136829061-project] Calling method 'show' {{(pid=110033) _process_stack /opt/stack/cinder/cinder/api/openstack/wsgi.py:868}}
Mar 10 17:07:47.018754 dv-cinder-833121-1-iscsi devstack@c-api.service[110034]: /usr/local/lib/python3.8/dist-packages/oslo_context/context.py:100: DeprecationWarning: Policy enforcement is depending on the value of is_admin. This key is deprecated. Please update your policy file to use the standard policy values.
Mar 10 17:07:47.018754 dv-cinder-833121-1-iscsi devstack@c-api.service[110034]: warnings.warn('Policy enforcement is depending on the value of '
Mar 10 17:07:47.027457 dv-cinder-833121-1-iscsi devstack@c-api.service[110033]: /usr/local/lib/python3.8/dist-packages/oslo_context/context.py:100: DeprecationWarning: Policy enforcement is depending on the value of is_admin. This key is deprecated. Please update your policy file to use the standard policy values.
Mar 10 17:07:47.027457 dv-cinder-833121-1-iscsi devstack@c-api.service[110033]: warnings.warn('Policy enforcement is depending on the value of '
