Mar 09 23:21:29.148799 dv-cinder-832854-3-smb devstack@c-api.service[109736]: DEBUG cinder.api.openstack.wsgi [req-1082959a-b922-4b79-be9a-073061fbe2b1 req-f2b63fb2-3fb5-4061-95ea-19f277948077 tempest-VolumesSnapshotsTestJSON-1020794141 tempest-VolumesSnapshotsTestJSON-1020794141-project] Empty body provided in request {{(pid=109736) get_body /opt/stack/cinder/cinder/api/openstack/wsgi.py:715}}
Mar 09 23:21:29.149483 dv-cinder-832854-3-smb devstack@c-api.service[109736]: DEBUG cinder.api.openstack.wsgi [req-1082959a-b922-4b79-be9a-073061fbe2b1 req-f2b63fb2-3fb5-4061-95ea-19f277948077 tempest-VolumesSnapshotsTestJSON-1020794141 tempest-VolumesSnapshotsTestJSON-1020794141-project] Calling method 'show' {{(pid=109736) _process_stack /opt/stack/cinder/cinder/api/openstack/wsgi.py:868}}
Mar 09 23:21:29.151692 dv-cinder-832854-3-smb devstack@c-api.service[109737]: INFO cinder.volume.api [None req-988deba1-b071-4dad-8d26-743e03800082 tempest-VolumeManageAdminTest-354684638 tempest-VolumeManageAdminTest-354684638-project] Availability Zones retrieved successfully.
Mar 09 23:21:29.168640 dv-cinder-832854-3-smb devstack@c-api.service[109736]: INFO cinder.api.openstack.wsgi [req-1082959a-b922-4b79-be9a-073061fbe2b1 req-f2b63fb2-3fb5-4061-95ea-19f277948077 tempest-VolumesSnapshotsTestJSON-1020794141 tempest-VolumesSnapshotsTestJSON-1020794141-project] http://10.222.0.11/volume/v3/63c1680819e44ecf88f8b4cd707e1f75/volumes/67a83e77-f430-4ec3-bc09-10ebb6fa8b38 returned with HTTP 404
Mar 09 23:21:29.174063 dv-cinder-832854-3-smb devstack@c-api.service[109737]: DEBUG cinder.volume.api [None req-988deba1-b071-4dad-8d26-743e03800082 tempest-VolumeManageAdminTest-354684638 tempest-VolumeManageAdminTest-354684638-project] Flow 'volume_create_api' (e0845b4b-6e3c-4a43-a9b2-0dba014d8ead) transitioned into state 'RUNNING' from state 'PENDING' {{(pid=109737) _flow_receiver /usr/local/lib/python3.8/dist-packages/taskflow/listeners/logging.py:141}}
Mar 09 23:21:29.176357 dv-cinder-832854-3-smb devstack@c-api.service[109736]: [pid: 109736|app: 0|req: 227/434] 10.222.0.11 () {60 vars in 1578 bytes} [Wed Mar 9 23:21:29 2022] GET /volume/v3/63c1680819e44ecf88f8b4cd707e1f75/volumes/67a83e77-f430-4ec3-bc09-10ebb6fa8b38 => generated 109 bytes in 36 msecs (HTTP/1.1 404) 7 headers in 292 bytes (1 switches on core 0)
Mar 09 23:21:29.178646 dv-cinder-832854-3-smb devstack@c-api.service[109737]: DEBUG cinder.volume.api [None req-988deba1-b071-4dad-8d26-743e03800082 tempest-VolumeManageAdminTest-354684638 tempest-VolumeManageAdminTest-354684638-project] Task 'cinder.volume.flows.api.create_volume.ExtractVolumeRequestTask;volume:create' (faac34f7-6bcf-43c3-8baf-79d6708640a5) transitioned into state 'RUNNING' from state 'PENDING' {{(pid=109737) _task_receiver /usr/local/lib/python3.8/dist-packages/taskflow/listeners/logging.py:190}}
Mar 09 23:21:29.181124 dv-cinder-832854-3-smb devstack@c-api.service[109737]: DEBUG cinder.volume.flows.api.create_volume [None req-988deba1-b071-4dad-8d26-743e03800082 tempest-VolumeManageAdminTest-354684638 tempest-VolumeManageAdminTest-354684638-project] Validating volume size '1' using validate_int {{(pid=109737) _extract_size /opt/stack/cinder/cinder/volume/flows/api/create_volume.py:225}}
Mar 09 23:21:29.224225 dv-cinder-832854-3-smb devstack@c-api.service[109737]: DEBUG cinder.volume.api [None req-988deba1-b071-4dad-8d26-743e03800082 tempest-VolumeManageAdminTest-354684638 tempest-VolumeManageAdminTest-354684638-project] Task 'cinder.volume.flows.api.create_volume.ExtractVolumeRequestTask;volume:create' (faac34f7-6bcf-43c3-8baf-79d6708640a5) transitioned into state 'SUCCESS' from state 'RUNNING' with result '{'size': 1, 'snapshot_id': None, 'source_volid': None, 'volume_type': VolumeType(created_at=2022-03-09T23:10:24Z,deleted=False,deleted_at=None,description='Default Volume Type',extra_specs={},id=23117d32-22c5-4a0e-aee9-bba2da822287,is_public=True,name='__DEFAULT__',projects=[],qos_specs=,qos_specs_id=None,updated_at=2022-03-09T23:10:24Z), 'volume_type_id': '23117d32-22c5-4a0e-aee9-bba2da822287', 'encryption_key_id': None, 'qos_specs': None, 'consistencygroup_id': None, 'cgsnapshot_id': None, 'group_id': None, 'replication_status': 'disabled', 'refresh_az': False, 'backup_id': None, 'multiattach': False, 'availability_zones': ['nova']}' {{(pid=109737) _task_receiver /usr/local/lib/python3.8/dist-packages/taskflow/listeners/logging.py:178}}
Mar 09 23:21:29.226674 dv-cinder-832854-3-smb devstack@c-api.service[109737]: DEBUG cinder.volume.api [None req-988deba1-b071-4dad-8d26-743e03800082 tempest-VolumeManageAdminTest-354684638 tempest-VolumeManageAdminTest-354684638-project] Task 'cinder.volume.flows.api.create_volume.QuotaReserveTask;volume:create' (4cc845e7-4e1b-412a-b815-a1fc72c72ab0) transitioned into state 'RUNNING' from state 'PENDING' {{(pid=109737) _task_receiver /usr/local/lib/python3.8/dist-packages/taskflow/listeners/logging.py:190}}
Mar 09 23:21:29.373952 dv-cinder-832854-3-smb devstack@c-api.service[109737]: DEBUG cinder.quota [None req-988deba1-b071-4dad-8d26-743e03800082 tempest-VolumeManageAdminTest-354684638 tempest-VolumeManageAdminTest-354684638-project] Created reservations ['6910320e-d8aa-43e3-b75b-e68d255c993c', 'f0215255-8adf-4649-a0f6-6b69ad64177b', 'a8dc132e-7dca-4cd0-a222-adad4537b960', '55829c5b-1b79-4689-b098-eda0fed5117d'] {{(pid=109737) reserve /opt/stack/cinder/cinder/quota.py:755}}
Mar 09 23:21:29.375956 dv-cinder-832854-3-smb devstack@c-api.service[109737]: DEBUG cinder.volume.api [None req-988deba1-b071-4dad-8d26-743e03800082 tempest-VolumeManageAdminTest-354684638 tempest-VolumeManageAdminTest-354684638-project] Task 'cinder.volume.flows.api.create_volume.QuotaReserveTask;volume:create' (4cc845e7-4e1b-412a-b815-a1fc72c72ab0) transitioned into state 'SUCCESS' from state 'RUNNING' with result '{'reservations': ['6910320e-d8aa-43e3-b75b-e68d255c993c', 'f0215255-8adf-4649-a0f6-6b69ad64177b', 'a8dc132e-7dca-4cd0-a222-adad4537b960', '55829c5b-1b79-4689-b098-eda0fed5117d']}' {{(pid=109737) _task_receiver /usr/local/lib/python3.8/dist-packages/taskflow/listeners/logging.py:178}}
Mar 09 23:21:29.384152 dv-cinder-832854-3-smb devstack@c-api.service[109736]: DEBUG cinder.api.middleware.request_id [None req-98f5bd7a-8e33-4270-bd51-d4c28cf9cae3 None None] RequestId filter calling following filter/app {{(pid=109736) _context_setter /opt/stack/cinder/cinder/api/middleware/request_id.py:62}}
Mar 09 23:21:29.385744 dv-cinder-832854-3-smb devstack@c-api.service[109737]: DEBUG cinder.volume.api [None req-988deba1-b071-4dad-8d26-743e03800082 tempest-VolumeManageAdminTest-354684638 tempest-VolumeManageAdminTest-354684638-project] Task 'cinder.volume.flows.api.create_volume.EntryCreateTask;volume:create' (8aa82a19-a5ad-480b-a654-cb5a6cf748c3) transitioned into state 'RUNNING' from state 'PENDING' {{(pid=109737) _task_receiver /usr/local/lib/python3.8/dist-packages/taskflow/listeners/logging.py:190}}
Mar 09 23:21:29.388293 dv-cinder-832854-3-smb devstack@c-api.service[109736]: INFO cinder.api.openstack.wsgi [None req-98f5bd7a-8e33-4270-bd51-d4c28cf9cae3 tempest-VolumesListAdminTestJSON-1105709074 tempest-VolumesListAdminTestJSON-1105709074-project] GET http://10.222.0.11/volume/v3/c851e51b534044f89c1d7be2a1bde471/volumes/e8f0f236-3745-4cf5-93eb-1a1e9dc91848
Mar 09 23:21:29.388836 dv-cinder-832854-3-smb devstack@c-api.service[109736]: DEBUG cinder.api.openstack.wsgi [None req-98f5bd7a-8e33-4270-bd51-d4c28cf9cae3 tempest-VolumesListAdminTestJSON-1105709074 tempest-VolumesListAdminTestJSON-1105709074-project] Empty body provided in request {{(pid=109736) get_body /opt/stack/cinder/cinder/api/openstack/wsgi.py:715}}
Mar 09 23:21:29.389270 dv-cinder-832854-3-smb devstack@c-api.service[109736]: DEBUG cinder.api.openstack.wsgi [None req-98f5bd7a-8e33-4270-bd51-d4c28cf9cae3 tempest-VolumesListAdminTestJSON-1105709074 tempest-VolumesListAdminTestJSON-1105709074-project] Calling method 'show' {{(pid=109736) _process_stack /opt/stack/cinder/cinder/api/openstack/wsgi.py:868}}
Mar 09 23:21:29.411892 dv-cinder-832854-3-smb devstack@c-api.service[109736]: /usr/local/lib/python3.8/dist-packages/oslo_context/context.py:100: DeprecationWarning: Policy enforcement is depending on the value of is_admin. This key is deprecated. Please update your policy file to use the standard policy values.
Mar 09 23:21:29.411892 dv-cinder-832854-3-smb devstack@c-api.service[109736]: warnings.warn('Policy enforcement is depending on the value of '
Mar 09 23:21:29.420172 dv-cinder-832854-3-smb devstack@c-api.service[109737]: DEBUG cinder.volume.api [None req-988deba1-b071-4dad-8d26-743e03800082 tempest-VolumeManageAdminTest-354684638 tempest-VolumeManageAdminTest-354684638-project] Task 'cinder.volume.flows.api.create_volume.EntryCreateTask;volume:create' (8aa82a19-a5ad-480b-a654-cb5a6cf748c3) transitioned into state 'SUCCESS' from state 'RUNNING' with result '{'volume_id': '3b0ecbe2-20c0-4013-89b5-83b9b4e1924e', 'volume_properties': VolumeProperties(attach_status='detached',availability_zone='nova',cgsnapshot_id=None,consistencygroup_id=None,display_description=None,display_name='tempest-VolumeManageAdminTest-Volume-2016852140',encryption_key_id=None,group_id=None,group_type_id=,metadata={},multiattach=False,project_id='dedde9b8c6e642eba54e43822a51e640',qos_specs=None,replication_status=,reservations=['6910320e-d8aa-43e3-b75b-e68d255c993c','f0215255-8adf-4649-a0f6-6b69ad64177b','a8dc132e-7dca-4cd0-a222-adad4537b960','55829c5b-1b79-4689-b098-eda0fed5117d'],size=1,snapshot_id=None,source_replicaid=,source_volid=None,status='creating',user_id='9ba76c8fd5da4f5cacba6a8b7728c13d',volume_type_id=23117d32-22c5-4a0e-aee9-bba2da822287), 'volume': Volume(_name_id=None,admin_metadata=,attach_status='detached',availability_zone='nova',bootable=False,cluster=,cluster_name=None,consistencygroup=,consistencygroup_id=None,created_at=2022-03-09T23:21:29Z,deleted=False,deleted_at=None,display_description=None,display_name='tempest-VolumeManageAdminTest-Volume-2016852140',ec2_id=None,encryption_key_id=None,glance_metadata=,group=,group_id=None,host=None,id=3b0ecbe2-20c0-4013-89b5-83b9b4e1924e,launched_at=None,metadata={},migration_status=None,multiattach=False,previous_status=None,project_id='dedde9b8c6e642eba54e43822a51e640',provider_auth=None,provider_geometry=None,provider_id=None,provider_location=None,replication_driver_data=None,replication_extended_status=None,replication_status=None,scheduled_at=None,service_uuid=None,shared_targets=True,size=1,snapshot_id=None,snapshots=,source_volid=None,status='creating',terminated_at=None,updated_at=None,use_quota=True,user_id='9ba76c8fd5da4f5cacba6a8b7728c13d',volume_attachment=VolumeAttachmentList,volume_type=VolumeType(23117d32-22c5-4a0e-aee9-bba2da822287),volume_type_id=23117d32-22c5-4a0e-aee9-bba2da822287)}' {{(pid=109737) _task_receiver /usr/local/lib/python3.8/dist-packages/taskflow/listeners/logging.py:178}}
Mar 09 23:21:29.421947 dv-cinder-832854-3-smb devstack@c-api.service[109736]: INFO cinder.volume.api [None req-98f5bd7a-8e33-4270-bd51-d4c28cf9cae3 tempest-VolumesListAdminTestJSON-1105709074 tempest-VolumesListAdminTestJSON-1105709074-project] Volume info retrieved successfully.
Mar 09 23:21:29.422422 dv-cinder-832854-3-smb devstack@c-api.service[109737]: DEBUG cinder.volume.api [None req-988deba1-b071-4dad-8d26-743e03800082 tempest-VolumeManageAdminTest-354684638 tempest-VolumeManageAdminTest-354684638-project] Task 'cinder.volume.flows.api.create_volume.QuotaCommitTask;volume:create' (2ff8a9f9-5d97-4231-adb8-2c058db13bca) transitioned into state 'RUNNING' from state 'PENDING' {{(pid=109737) _task_receiver /usr/local/lib/python3.8/dist-packages/taskflow/listeners/logging.py:190}}
Mar 09 23:21:29.432309 dv-cinder-832854-3-smb devstack@c-api.service[109736]: INFO cinder.api.openstack.wsgi [None req-98f5bd7a-8e33-4270-bd51-d4c28cf9cae3 tempest-VolumesListAdminTestJSON-1105709074 tempest-VolumesListAdminTestJSON-1105709074-project] http://10.222.0.11/volume/v3/c851e51b534044f89c1d7be2a1bde471/volumes/e8f0f236-3745-4cf5-93eb-1a1e9dc91848 returned with HTTP 200
Mar 09 23:21:29.433565 dv-cinder-832854-3-smb devstack@c-api.service[109736]: [pid: 109736|app: 0|req: 228/435] 10.222.0.11 () {58 vars in 1324 bytes} [Wed Mar 9 23:21:29 2022] GET /volume/v3/c851e51b534044f89c1d7be2a1bde471/volumes/e8f0f236-3745-4cf5-93eb-1a1e9dc91848 => generated 916 bytes in 50 msecs (HTTP/1.1 200) 7 headers in 285 bytes (2 switches on core 0)
Mar 09 23:21:29.447202 dv-cinder-832854-3-smb devstack@c-api.service[109736]: DEBUG cinder.api.middleware.request_id [None req-646306c1-1c88-4499-8c8b-079cd287f270 None None] RequestId filter calling following filter/app {{(pid=109736) _context_setter /opt/stack/cinder/cinder/api/middleware/request_id.py:62}}
Mar 09 23:21:29.452755 dv-cinder-832854-3-smb devstack@c-api.service[109736]: INFO cinder.api.openstack.wsgi [None req-646306c1-1c88-4499-8c8b-079cd287f270 tempest-VolumesListAdminTestJSON-1105709074 tempest-VolumesListAdminTestJSON-1105709074-project] GET http://10.222.0.11/volume/v3/c851e51b534044f89c1d7be2a1bde471/volumes/e8f0f236-3745-4cf5-93eb-1a1e9dc91848
Mar 09 23:21:29.453820 dv-cinder-832854-3-smb devstack@c-api.service[109736]: DEBUG cinder.api.openstack.wsgi [None req-646306c1-1c88-4499-8c8b-079cd287f270 tempest-VolumesListAdminTestJSON-1105709074 tempest-VolumesListAdminTestJSON-1105709074-project] Empty body provided in request {{(pid=109736) get_body /opt/stack/cinder/cinder/api/openstack/wsgi.py:715}}
Mar 09 23:21:29.456312 dv-cinder-832854-3-smb devstack@c-api.service[109736]: DEBUG cinder.api.openstack.wsgi [None req-646306c1-1c88-4499-8c8b-079cd287f270 tempest-VolumesListAdminTestJSON-1105709074 tempest-VolumesListAdminTestJSON-1105709074-project] Calling method 'show' {{(pid=109736) _process_stack /opt/stack/cinder/cinder/api/openstack/wsgi.py:868}}
Mar 09 23:21:29.467841 dv-cinder-832854-3-smb devstack@c-api.service[109737]: DEBUG cinder.volume.api [None req-988deba1-b071-4dad-8d26-743e03800082 tempest-VolumeManageAdminTest-354684638 tempest-VolumeManageAdminTest-354684638-project] Task 'cinder.volume.flows.api.create_volume.QuotaCommitTask;volume:create' (2ff8a9f9-5d97-4231-adb8-2c058db13bca) transitioned into state 'SUCCESS' from state 'RUNNING' with result '{'volume_properties': VolumeProperties(attach_status='detached',availability_zone='nova',cgsnapshot_id=None,consistencygroup_id=None,display_description=None,display_name='tempest-VolumeManageAdminTest-Volume-2016852140',encryption_key_id=None,group_id=None,group_type_id=,metadata={},multiattach=False,project_id='dedde9b8c6e642eba54e43822a51e640',qos_specs=None,replication_status=,reservations=['6910320e-d8aa-43e3-b75b-e68d255c993c','f0215255-8adf-4649-a0f6-6b69ad64177b','a8dc132e-7dca-4cd0-a222-adad4537b960','55829c5b-1b79-4689-b098-eda0fed5117d'],size=1,snapshot_id=None,source_replicaid=,source_volid=None,status='creating',user_id='9ba76c8fd5da4f5cacba6a8b7728c13d',volume_type_id=23117d32-22c5-4a0e-aee9-bba2da822287)}' {{(pid=109737) _task_receiver /usr/local/lib/python3.8/dist-packages/taskflow/listeners/logging.py:178}}
Mar 09 23:21:29.471382 dv-cinder-832854-3-smb devstack@c-api.service[109737]: DEBUG cinder.volume.api [None req-988deba1-b071-4dad-8d26-743e03800082 tempest-VolumeManageAdminTest-354684638 tempest-VolumeManageAdminTest-354684638-project] Task 'cinder.volume.flows.api.create_volume.VolumeCastTask;volume:create' (ce01aa43-82ef-447a-8a90-dcb4c56c99ca) transitioned into state 'RUNNING' from state 'PENDING' {{(pid=109737) _task_receiver /usr/local/lib/python3.8/dist-packages/taskflow/listeners/logging.py:190}}
Mar 09 23:21:29.483222 dv-cinder-832854-3-smb devstack@c-api.service[109736]: /usr/local/lib/python3.8/dist-packages/oslo_context/context.py:100: DeprecationWarning: Policy enforcement is depending on the value of is_admin. This key is deprecated. Please update your policy file to use the standard policy values.
Mar 09 23:21:29.483222 dv-cinder-832854-3-smb devstack@c-api.service[109736]: warnings.warn('Policy enforcement is depending on the value of '
Mar 09 23:21:29.500597 dv-cinder-832854-3-smb devstack@c-api.service[109737]: DEBUG cinder.volume.api [None req-988deba1-b071-4dad-8d26-743e03800082 tempest-VolumeManageAdminTest-354684638 tempest-VolumeManageAdminTest-354684638-project] Task 'cinder.volume.flows.api.create_volume.VolumeCastTask;volume:create' (ce01aa43-82ef-447a-8a90-dcb4c56c99ca) transitioned into state 'SUCCESS' from state 'RUNNING' with result 'None' {{(pid=109737) _task_receiver /usr/local/lib/python3.8/dist-packages/taskflow/listeners/logging.py:178}}
Mar 09 23:21:29.505698 dv-cinder-832854-3-smb devstack@c-api.service[109737]: DEBUG cinder.volume.api [None req-988deba1-b071-4dad-8d26-743e03800082 tempest-VolumeManageAdminTest-354684638 tempest-VolumeManageAdminTest-354684638-project] Flow 'volume_create_api' (e0845b4b-6e3c-4a43-a9b2-0dba014d8ead) transitioned into state 'SUCCESS' from state 'RUNNING' {{(pid=109737) _flow_receiver /usr/local/lib/python3.8/dist-packages/taskflow/listeners/logging.py:141}}
Mar 09 23:21:29.507487 dv-cinder-832854-3-smb devstack@c-api.service[109737]: INFO cinder.volume.api [None req-988deba1-b071-4dad-8d26-743e03800082 tempest-VolumeManageAdminTest-354684638 tempest-VolumeManageAdminTest-354684638-project] Create volume request issued successfully.
Mar 09 23:21:29.508986 dv-cinder-832854-3-smb devstack@c-api.service[109737]: INFO cinder.api.openstack.wsgi [None req-988deba1-b071-4dad-8d26-743e03800082 tempest-VolumeManageAdminTest-354684638 tempest-VolumeManageAdminTest-354684638-project] http://10.222.0.11/volume/v3/dedde9b8c6e642eba54e43822a51e640/volumes returned with HTTP 202
Mar 09 23:21:29.512339 dv-cinder-832854-3-smb devstack@c-api.service[109736]: INFO cinder.volume.api [None req-646306c1-1c88-4499-8c8b-079cd287f270 tempest-VolumesListAdminTestJSON-1105709074 tempest-VolumesListAdminTestJSON-1105709074-project] Volume info retrieved successfully.
Mar 09 23:21:29.522066 dv-cinder-832854-3-smb devstack@c-api.service[109737]: [pid: 109737|app: 0|req: 208/436] 10.222.0.11 () {60 vars in 1234 bytes} [Wed Mar 9 23:21:28 2022] POST /volume/v3/dedde9b8c6e642eba54e43822a51e640/volumes => generated 821 bytes in 590 msecs (HTTP/1.1 202) 7 headers in 291 bytes (1 switches on core 0)
Mar 09 23:21:29.522066 dv-cinder-832854-3-smb devstack@c-api.service[109737]: DEBUG cinder.api.middleware.request_id [None req-3ee36426-6bc0-49f9-a666-803df2c3a417 None None] RequestId filter calling following filter/app {{(pid=109737) _context_setter /opt/stack/cinder/cinder/api/middleware/request_id.py:62}}
Mar 09 23:21:29.526098 dv-cinder-832854-3-smb devstack@c-api.service[109737]: INFO cinder.api.openstack.wsgi [None req-3ee36426-6bc0-49f9-a666-803df2c3a417 tempest-VolumesCloneTest-1987632718 tempest-VolumesCloneTest-1987632718-project] GET http://10.222.0.11/volume/v3/175cfc2f1a164353a89f7438031de16f/volumes/11adaeb8-1cfe-493c-850f-a82f0fac1621
Mar 09 23:21:29.527430 dv-cinder-832854-3-smb devstack@c-api.service[109737]: DEBUG cinder.api.openstack.wsgi [None req-3ee36426-6bc0-49f9-a666-803df2c3a417 tempest-VolumesCloneTest-1987632718 tempest-VolumesCloneTest-1987632718-project] Empty body provided in request {{(pid=109737) get_body /opt/stack/cinder/cinder/api/openstack/wsgi.py:715}}
Mar 09 23:21:29.529376 dv-cinder-832854-3-smb devstack@c-api.service[109737]: DEBUG cinder.api.openstack.wsgi [None req-3ee36426-6bc0-49f9-a666-803df2c3a417 tempest-VolumesCloneTest-1987632718 tempest-VolumesCloneTest-1987632718-project] Calling method 'show' {{(pid=109737) _process_stack /opt/stack/cinder/cinder/api/openstack/wsgi.py:868}}
Mar 09 23:21:29.538960 dv-cinder-832854-3-smb devstack@c-api.service[109736]: INFO cinder.api.openstack.wsgi [None req-646306c1-1c88-4499-8c8b-079cd287f270 tempest-VolumesListAdminTestJSON-1105709074 tempest-VolumesListAdminTestJSON-1105709074-project] http://10.222.0.11/volume/v3/c851e51b534044f89c1d7be2a1bde471/volumes/e8f0f236-3745-4cf5-93eb-1a1e9dc91848 returned with HTTP 200
Mar 09 23:21:29.549750 dv-cinder-832854-3-smb devstack@c-api.service[109736]: [pid: 109736|app: 0|req: 229/437] 10.222.0.11 () {58 vars in 1324 bytes} [Wed Mar 9 23:21:29 2022] GET /volume/v3/c851e51b534044f89c1d7be2a1bde471/volumes/e8f0f236-3745-4cf5-93eb-1a1e9dc91848 => generated 916 bytes in 95 msecs (HTTP/1.1 200) 7 headers in 285 bytes (1 switches on core 0)
Mar 09 23:21:29.552659 dv-cinder-832854-3-smb devstack@c-api.service[109736]: DEBUG cinder.api.middleware.request_id [None req-2a0a5a5a-0564-4d81-a758-43e5be47447f None None] RequestId filter calling following filter/app {{(pid=109736) _context_setter /opt/stack/cinder/cinder/api/middleware/request_id.py:62}}
Mar 09 23:21:29.558089 dv-cinder-832854-3-smb devstack@c-api.service[109736]: INFO cinder.api.openstack.wsgi [None req-2a0a5a5a-0564-4d81-a758-43e5be47447f tempest-VolumeManageAdminTest-354684638 tempest-VolumeManageAdminTest-354684638-project] GET http://10.222.0.11/volume/v3/dedde9b8c6e642eba54e43822a51e640/volumes/3b0ecbe2-20c0-4013-89b5-83b9b4e1924e
Mar 09 23:21:29.558903 dv-cinder-832854-3-smb devstack@c-api.service[109736]: DEBUG cinder.api.openstack.wsgi [None req-2a0a5a5a-0564-4d81-a758-43e5be47447f tempest-VolumeManageAdminTest-354684638 tempest-VolumeManageAdminTest-354684638-project] Empty body provided in request {{(pid=109736) get_body /opt/stack/cinder/cinder/api/openstack/wsgi.py:715}}
Mar 09 23:21:29.559581 dv-cinder-832854-3-smb devstack@c-api.service[109736]: DEBUG cinder.api.openstack.wsgi [None req-2a0a5a5a-0564-4d81-a758-43e5be47447f tempest-VolumeManageAdminTest-354684638 tempest-VolumeManageAdminTest-354684638-project] Calling method 'show' {{(pid=109736) _process_stack /opt/stack/cinder/cinder/api/openstack/wsgi.py:868}}
Mar 09 23:21:29.567023 dv-cinder-832854-3-smb devstack@c-api.service[109737]: /usr/local/lib/python3.8/dist-packages/oslo_context/context.py:100: DeprecationWarning: Policy enforcement is depending on the value of is_admin. This key is deprecated. Please update your policy file to use the standard policy values.
Mar 09 23:21:29.567023 dv-cinder-832854-3-smb devstack@c-api.service[109737]: warnings.warn('Policy enforcement is depending on the value of '
Mar 09 23:21:29.584456 dv-cinder-832854-3-smb devstack@c-api.service[109737]: INFO cinder.volume.api [None req-3ee36426-6bc0-49f9-a666-803df2c3a417 tempest-VolumesCloneTest-1987632718 tempest-VolumesCloneTest-1987632718-project] Volume info retrieved successfully.
Mar 09 23:21:29.586068 dv-cinder-832854-3-smb devstack@c-api.service[109736]: /usr/local/lib/python3.8/dist-packages/oslo_context/context.py:100: DeprecationWarning: Policy enforcement is depending on the value of is_admin. This key is deprecated. Please update your policy file to use the standard policy values.
Mar 09 23:21:29.586068 dv-cinder-832854-3-smb devstack@c-api.service[109736]: warnings.warn('Policy enforcement is depending on the value of '
Mar 09 23:21:29.603063 dv-cinder-832854-3-smb devstack@c-api.service[109737]: INFO cinder.api.openstack.wsgi [None req-3ee36426-6bc0-49f9-a666-803df2c3a417 tempest-VolumesCloneTest-1987632718 tempest-VolumesCloneTest-1987632718-project] http://10.222.0.11/volume/v3/175cfc2f1a164353a89f7438031de16f/volumes/11adaeb8-1cfe-493c-850f-a82f0fac1621 returned with HTTP 200
Mar 09 23:21:29.604211 dv-cinder-832854-3-smb devstack@c-api.service[109737]: [pid: 109737|app: 0|req: 209/438] 10.222.0.11 () {58 vars in 1324 bytes} [Wed Mar 9 23:21:29 2022] GET /volume/v3/175cfc2f1a164353a89f7438031de16f/volumes/11adaeb8-1cfe-493c-850f-a82f0fac1621 => generated 907 bytes in 90 msecs (HTTP/1.1 200) 7 headers in 285 bytes (1 switches on core 0)
Mar 09 23:21:29.605832 dv-cinder-832854-3-smb devstack@c-api.service[109737]: DEBUG cinder.api.middleware.request_id [None req-cacafb71-9fac-42de-993a-9d02b973e4ec None None] RequestId filter calling following filter/app {{(pid=109737) _context_setter /opt/stack/cinder/cinder/api/middleware/request_id.py:62}}
Mar 09 23:21:29.612093 dv-cinder-832854-3-smb devstack@c-api.service[109737]: INFO cinder.api.openstack.wsgi [None req-cacafb71-9fac-42de-993a-9d02b973e4ec tempest-VolumesListAdminTestJSON-1105709074 tempest-VolumesListAdminTestJSON-1105709074-project] POST http://10.222.0.11/volume/v3/c851e51b534044f89c1d7be2a1bde471/volumes
Mar 09 23:21:29.613194 dv-cinder-832854-3-smb devstack@c-api.service[109737]: DEBUG cinder.api.openstack.wsgi [None req-cacafb71-9fac-42de-993a-9d02b973e4ec tempest-VolumesListAdminTestJSON-1105709074 tempest-VolumesListAdminTestJSON-1105709074-project] Action: 'create', calling method: create, body: {"volume": {"size": 1, "name": "tempest-VolumesListAdminTestJSON-Volume-236631740"}} {{(pid=109737) _process_stack /opt/stack/cinder/cinder/api/openstack/wsgi.py:866}}
Mar 09 23:21:29.614825 dv-cinder-832854-3-smb devstack@c-api.service[109737]: DEBUG cinder.api.v3.volumes [None req-cacafb71-9fac-42de-993a-9d02b973e4ec tempest-VolumesListAdminTestJSON-1105709074 tempest-VolumesListAdminTestJSON-1105709074-project] Create volume request body: {'volume': {'size': 1, 'name': 'tempest-VolumesListAdminTestJSON-Volume-236631740'}} {{(pid=109737) create /opt/stack/cinder/cinder/api/v3/volumes.py:298}}
Mar 09 23:21:29.615410 dv-cinder-832854-3-smb devstack@c-api.service[109737]: INFO cinder.api.v3.volumes [None req-cacafb71-9fac-42de-993a-9d02b973e4ec tempest-VolumesListAdminTestJSON-1105709074 tempest-VolumesListAdminTestJSON-1105709074-project] Create volume of 1 GB
Mar 09 23:21:29.618261 dv-cinder-832854-3-smb devstack@c-api.service[109736]: INFO cinder.volume.api [None req-2a0a5a5a-0564-4d81-a758-43e5be47447f tempest-VolumeManageAdminTest-354684638 tempest-VolumeManageAdminTest-354684638-project] Volume info retrieved successfully.
Mar 09 23:21:29.622984 dv-cinder-832854-3-smb devstack@c-api.service[109737]: INFO cinder.volume.api [None req-cacafb71-9fac-42de-993a-9d02b973e4ec tempest-VolumesListAdminTestJSON-1105709074 tempest-VolumesListAdminTestJSON-1105709074-project] Availability Zones retrieved successfully.
Mar 09 23:21:29.639223 dv-cinder-832854-3-smb devstack@c-api.service[109736]: INFO cinder.api.openstack.wsgi [None req-2a0a5a5a-0564-4d81-a758-43e5be47447f tempest-VolumeManageAdminTest-354684638 tempest-VolumeManageAdminTest-354684638-project] http://10.222.0.11/volume/v3/dedde9b8c6e642eba54e43822a51e640/volumes/3b0ecbe2-20c0-4013-89b5-83b9b4e1924e returned with HTTP 200
Mar 09 23:21:29.640074 dv-cinder-832854-3-smb devstack@c-api.service[109736]: [pid: 109736|app: 0|req: 230/439] 10.222.0.11 () {58 vars in 1324 bytes} [Wed Mar 9 23:21:29 2022] GET /volume/v3/dedde9b8c6e642eba54e43822a51e640/volumes/3b0ecbe2-20c0-4013-89b5-83b9b4e1924e => generated 889 bytes in 88 msecs (HTTP/1.1 200) 7 headers in 285 bytes (1 switches on core 0)
Mar 09 23:21:29.643575 dv-cinder-832854-3-smb devstack@c-api.service[109737]: DEBUG cinder.volume.api [None req-cacafb71-9fac-42de-993a-9d02b973e4ec tempest-VolumesListAdminTestJSON-1105709074 tempest-VolumesListAdminTestJSON-1105709074-project] Flow 'volume_create_api' (d43864b9-5eec-40a6-8923-674f9c740f05) transitioned into state 'RUNNING' from state 'PENDING' {{(pid=109737) _flow_receiver /usr/local/lib/python3.8/dist-packages/taskflow/listeners/logging.py:141}}
Mar 09 23:21:29.647036 dv-cinder-832854-3-smb devstack@c-api.service[109737]: DEBUG cinder.volume.api [None req-cacafb71-9fac-42de-993a-9d02b973e4ec tempest-VolumesListAdminTestJSON-1105709074 tempest-VolumesListAdminTestJSON-1105709074-project] Task 'cinder.volume.flows.api.create_volume.ExtractVolumeRequestTask;volume:create' (0de29e5f-a2fd-412f-a0f0-ad56bae907e9) transitioned into state 'RUNNING' from state 'PENDING' {{(pid=109737) _task_receiver /usr/local/lib/python3.8/dist-packages/taskflow/listeners/logging.py:190}}
Mar 09 23:21:29.651966 dv-cinder-832854-3-smb devstack@c-api.service[109737]: DEBUG cinder.volume.flows.api.create_volume [None req-cacafb71-9fac-42de-993a-9d02b973e4ec tempest-VolumesListAdminTestJSON-1105709074 tempest-VolumesListAdminTestJSON-1105709074-project] Validating volume size '1' using validate_int {{(pid=109737) _extract_size /opt/stack/cinder/cinder/volume/flows/api/create_volume.py:225}}
Mar 09 23:21:29.719190 dv-cinder-832854-3-smb devstack@c-api.service[109737]: DEBUG cinder.volume.api [None req-cacafb71-9fac-42de-993a-9d02b973e4ec tempest-VolumesListAdminTestJSON-1105709074 tempest-VolumesListAdminTestJSON-1105709074-project] Task 'cinder.volume.flows.api.create_volume.ExtractVolumeRequestTask;volume:create' (0de29e5f-a2fd-412f-a0f0-ad56bae907e9) transitioned into state 'SUCCESS' from state 'RUNNING' with result '{'size': 1, 'snapshot_id': None, 'source_volid': None, 'volume_type': VolumeType(created_at=2022-03-09T23:10:24Z,deleted=False,deleted_at=None,description='Default Volume Type',extra_specs={},id=23117d32-22c5-4a0e-aee9-bba2da822287,is_public=True,name='__DEFAULT__',projects=[],qos_specs=,qos_specs_id=None,updated_at=2022-03-09T23:10:24Z), 'volume_type_id': '23117d32-22c5-4a0e-aee9-bba2da822287', 'encryption_key_id': None, 'qos_specs': None, 'consistencygroup_id': None, 'cgsnapshot_id': None, 'group_id': None, 'replication_status': 'disabled', 'refresh_az': False, 'backup_id': None, 'multiattach': False, 'availability_zones': ['nova']}' {{(pid=109737) _task_receiver /usr/local/lib/python3.8/dist-packages/taskflow/listeners/logging.py:178}}
Mar 09 23:21:29.721907 dv-cinder-832854-3-smb devstack@c-api.service[109737]: DEBUG cinder.volume.api [None req-cacafb71-9fac-42de-993a-9d02b973e4ec tempest-VolumesListAdminTestJSON-1105709074 tempest-VolumesListAdminTestJSON-1105709074-project] Task 'cinder.volume.flows.api.create_volume.QuotaReserveTask;volume:create' (8acc20be-63ea-4fd9-8e8c-28ddd0ef8b43) transitioned into state 'RUNNING' from state 'PENDING' {{(pid=109737) _task_receiver /usr/local/lib/python3.8/dist-packages/taskflow/listeners/logging.py:190}}
Mar 09 23:21:29.786513 dv-cinder-832854-3-smb devstack@c-api.service[109737]: DEBUG cinder.quota [None req-cacafb71-9fac-42de-993a-9d02b973e4ec tempest-VolumesListAdminTestJSON-1105709074 tempest-VolumesListAdminTestJSON-1105709074-project] Created reservations ['e573b41e-cf31-4f30-8a28-a2672976f6f4', '2f402797-feff-41d1-a8ee-295e615f80d9', '6e0e8365-6247-4cef-8c9d-96f40addfc7d', '63e26617-f430-4f45-aef6-ffc1a6d58ff8'] {{(pid=109737) reserve /opt/stack/cinder/cinder/quota.py:755}}
Mar 09 23:21:29.789109 dv-cinder-832854-3-smb devstack@c-api.service[109737]: DEBUG cinder.volume.api [None req-cacafb71-9fac-42de-993a-9d02b973e4ec tempest-VolumesListAdminTestJSON-1105709074 tempest-VolumesListAdminTestJSON-1105709074-project] Task 'cinder.volume.flows.api.create_volume.QuotaReserveTask;volume:create' (8acc20be-63ea-4fd9-8e8c-28ddd0ef8b43) transitioned into state 'SUCCESS' from state 'RUNNING' with result '{'reservations': ['e573b41e-cf31-4f30-8a28-a2672976f6f4', '2f402797-feff-41d1-a8ee-295e615f80d9', '6e0e8365-6247-4cef-8c9d-96f40addfc7d', '63e26617-f430-4f45-aef6-ffc1a6d58ff8']}' {{(pid=109737) _task_receiver /usr/local/lib/python3.8/dist-packages/taskflow/listeners/logging.py:178}}
Mar 09 23:21:29.791830 dv-cinder-832854-3-smb devstack@c-api.service[109737]: DEBUG cinder.volume.api [None req-cacafb71-9fac-42de-993a-9d02b973e4ec tempest-VolumesListAdminTestJSON-1105709074 tempest-VolumesListAdminTestJSON-1105709074-project] Task 'cinder.volume.flows.api.create_volume.EntryCreateTask;volume:create' (c405cbee-9111-4569-9681-5379a217ff10) transitioned into state 'RUNNING' from state 'PENDING' {{(pid=109737) _task_receiver /usr/local/lib/python3.8/dist-packages/taskflow/listeners/logging.py:190}}
Mar 09 23:21:29.821365 dv-cinder-832854-3-smb devstack@c-api.service[109737]: DEBUG cinder.volume.api [None req-cacafb71-9fac-42de-993a-9d02b973e4ec tempest-VolumesListAdminTestJSON-1105709074 tempest-VolumesListAdminTestJSON-1105709074-project] Task 'cinder.volume.flows.api.create_volume.EntryCreateTask;volume:create' (c405cbee-9111-4569-9681-5379a217ff10) transitioned into state 'SUCCESS' from state 'RUNNING' with result '{'volume_id': '6d758978-7fa0-407f-a669-9005570ebbc0', 'volume_properties': VolumeProperties(attach_status='detached',availability_zone='nova',cgsnapshot_id=None,consistencygroup_id=None,display_description=None,display_name='tempest-VolumesListAdminTestJSON-Volume-236631740',encryption_key_id=None,group_id=None,group_type_id=,metadata={},multiattach=False,project_id='c851e51b534044f89c1d7be2a1bde471',qos_specs=None,replication_status=,reservations=['e573b41e-cf31-4f30-8a28-a2672976f6f4','2f402797-feff-41d1-a8ee-295e615f80d9','6e0e8365-6247-4cef-8c9d-96f40addfc7d','63e26617-f430-4f45-aef6-ffc1a6d58ff8'],size=1,snapshot_id=None,source_replicaid=,source_volid=None,status='creating',user_id='e3ecb99c805442c9a1d8d85f1eb6fc1d',volume_type_id=23117d32-22c5-4a0e-aee9-bba2da822287), 'volume': Volume(_name_id=None,admin_metadata=,attach_status='detached',availability_zone='nova',bootable=False,cluster=,cluster_name=None,consistencygroup=,consistencygroup_id=None,created_at=2022-03-09T23:21:29Z,deleted=False,deleted_at=None,display_description=None,display_name='tempest-VolumesListAdminTestJSON-Volume-236631740',ec2_id=None,encryption_key_id=None,glance_metadata=,group=,group_id=None,host=None,id=6d758978-7fa0-407f-a669-9005570ebbc0,launched_at=None,metadata={},migration_status=None,multiattach=False,previous_status=None,project_id='c851e51b534044f89c1d7be2a1bde471',provider_auth=None,provider_geometry=None,provider_id=None,provider_location=None,replication_driver_data=None,replication_extended_status=None,replication_status=None,scheduled_at=None,service_uuid=None,shared_targets=True,size=1,snapshot_id=None,snapshots=,source_volid=None,status='creating',terminated_at=None,updated_at=None,use_quota=True,user_id='e3ecb99c805442c9a1d8d85f1eb6fc1d',volume_attachment=VolumeAttachmentList,volume_type=VolumeType(23117d32-22c5-4a0e-aee9-bba2da822287),volume_type_id=23117d32-22c5-4a0e-aee9-bba2da822287)}' {{(pid=109737) _task_receiver /usr/local/lib/python3.8/dist-packages/taskflow/listeners/logging.py:178}}
Mar 09 23:21:29.823382 dv-cinder-832854-3-smb devstack@c-api.service[109737]: DEBUG cinder.volume.api [None req-cacafb71-9fac-42de-993a-9d02b973e4ec tempest-VolumesListAdminTestJSON-1105709074 tempest-VolumesListAdminTestJSON-1105709074-project] Task 'cinder.volume.flows.api.create_volume.QuotaCommitTask;volume:create' (ce690377-c090-4449-bdab-f7342f772509) transitioned into state 'RUNNING' from state 'PENDING' {{(pid=109737) _task_receiver /usr/local/lib/python3.8/dist-packages/taskflow/listeners/logging.py:190}}
Mar 09 23:21:29.862601 dv-cinder-832854-3-smb devstack@c-api.service[109737]: DEBUG cinder.volume.api [None req-cacafb71-9fac-42de-993a-9d02b973e4ec tempest-VolumesListAdminTestJSON-1105709074 tempest-VolumesListAdminTestJSON-1105709074-project] Task 'cinder.volume.flows.api.create_volume.QuotaCommitTask;volume:create' (ce690377-c090-4449-bdab-f7342f772509) transitioned into state 'SUCCESS' from state 'RUNNING' with result '{'volume_properties': VolumeProperties(attach_status='detached',availability_zone='nova',cgsnapshot_id=None,consistencygroup_id=None,display_description=None,display_name='tempest-VolumesListAdminTestJSON-Volume-236631740',encryption_key_id=None,group_id=None,group_type_id=,metadata={},multiattach=False,project_id='c851e51b534044f89c1d7be2a1bde471',qos_specs=None,replication_status=,reservations=['e573b41e-cf31-4f30-8a28-a2672976f6f4','2f402797-feff-41d1-a8ee-295e615f80d9','6e0e8365-6247-4cef-8c9d-96f40addfc7d','63e26617-f430-4f45-aef6-ffc1a6d58ff8'],size=1,snapshot_id=None,source_replicaid=,source_volid=None,status='creating',user_id='e3ecb99c805442c9a1d8d85f1eb6fc1d',volume_type_id=23117d32-22c5-4a0e-aee9-bba2da822287)}' {{(pid=109737) _task_receiver /usr/local/lib/python3.8/dist-packages/taskflow/listeners/logging.py:178}}
Mar 09 23:21:29.864753 dv-cinder-832854-3-smb devstack@c-api.service[109737]: DEBUG cinder.volume.api [None req-cacafb71-9fac-42de-993a-9d02b973e4ec tempest-VolumesListAdminTestJSON-1105709074 tempest-VolumesListAdminTestJSON-1105709074-project] Task 'cinder.volume.flows.api.create_volume.VolumeCastTask;volume:create' (6e3433ca-5860-4d47-b454-f9d4aa263821) transitioned into state 'RUNNING' from state 'PENDING' {{(pid=109737) _task_receiver /usr/local/lib/python3.8/dist-packages/taskflow/listeners/logging.py:190}}
Mar 09 23:21:29.887220 dv-cinder-832854-3-smb devstack@c-api.service[109737]: DEBUG cinder.volume.api [None req-cacafb71-9fac-42de-993a-9d02b973e4ec tempest-VolumesListAdminTestJSON-1105709074 tempest-VolumesListAdminTestJSON-1105709074-project] Task 'cinder.volume.flows.api.create_volume.VolumeCastTask;volume:create' (6e3433ca-5860-4d47-b454-f9d4aa263821) transitioned into state 'SUCCESS' from state 'RUNNING' with result 'None' {{(pid=109737) _task_receiver /usr/local/lib/python3.8/dist-packages/taskflow/listeners/logging.py:178}}
Mar 09 23:21:29.889704 dv-cinder-832854-3-smb devstack@c-api.service[109737]: DEBUG cinder.volume.api [None req-cacafb71-9fac-42de-993a-9d02b973e4ec tempest-VolumesListAdminTestJSON-1105709074 tempest-VolumesListAdminTestJSON-1105709074-project] Flow 'volume_create_api' (d43864b9-5eec-40a6-8923-674f9c740f05) transitioned into state 'SUCCESS' from state 'RUNNING' {{(pid=109737) _flow_receiver /usr/local/lib/python3.8/dist-packages/taskflow/listeners/logging.py:141}}
Mar 09 23:21:29.890439 dv-cinder-832854-3-smb devstack@c-api.service[109737]: INFO cinder.volume.api [None req-cacafb71-9fac-42de-993a-9d02b973e4ec tempest-VolumesListAdminTestJSON-1105709074 tempest-VolumesListAdminTestJSON-1105709074-project] Create volume request issued successfully.
Mar 09 23:21:29.892289 dv-cinder-832854-3-smb devstack@c-api.service[109737]: INFO cinder.api.openstack.wsgi [None req-cacafb71-9fac-42de-993a-9d02b973e4ec tempest-VolumesListAdminTestJSON-1105709074 tempest-VolumesListAdminTestJSON-1105709074-project] http://10.222.0.11/volume/v3/c851e51b534044f89c1d7be2a1bde471/volumes returned with HTTP 202
Mar 09 23:21:29.893531 dv-cinder-832854-3-smb devstack@c-api.service[109737]: [pid: 109737|app: 0|req: 210/440] 10.222.0.11 () {60 vars in 1234 bytes} [Wed Mar 9 23:21:29 2022] POST /volume/v3/c851e51b534044f89c1d7be2a1bde471/volumes => generated 823 bytes in 289 msecs (HTTP/1.1 202) 7 headers in 291 bytes (1 switches on core 0)
Mar 09 23:21:29.906689 dv-cinder-832854-3-smb devstack@c-api.service[109736]: DEBUG cinder.api.middleware.request_id [None req-097148fe-4534-435a-8ae5-3a9217e19de6 None None] RequestId filter calling following filter/app {{(pid=109736) _context_setter /opt/stack/cinder/cinder/api/middleware/request_id.py:62}}
Mar 09 23:21:29.912030 dv-cinder-832854-3-smb devstack@c-api.service[109736]: INFO cinder.api.openstack.wsgi [None req-097148fe-4534-435a-8ae5-3a9217e19de6 tempest-VolumesListAdminTestJSON-1105709074 tempest-VolumesListAdminTestJSON-1105709074-project] GET http://10.222.0.11/volume/v3/c851e51b534044f89c1d7be2a1bde471/volumes/6d758978-7fa0-407f-a669-9005570ebbc0
Mar 09 23:21:29.912686 dv-cinder-832854-3-smb devstack@c-api.service[109736]: DEBUG cinder.api.openstack.wsgi [None req-097148fe-4534-435a-8ae5-3a9217e19de6 tempest-VolumesListAdminTestJSON-1105709074 tempest-VolumesListAdminTestJSON-1105709074-project] Empty body provided in request {{(pid=109736) get_body /opt/stack/cinder/cinder/api/openstack/wsgi.py:715}}
Mar 09 23:21:29.913316 dv-cinder-832854-3-smb devstack@c-api.service[109736]: DEBUG cinder.api.openstack.wsgi [None req-097148fe-4534-435a-8ae5-3a9217e19de6 tempest-VolumesListAdminTestJSON-1105709074 tempest-VolumesListAdminTestJSON-1105709074-project] Calling method 'show' {{(pid=109736) _process_stack /opt/stack/cinder/cinder/api/openstack/wsgi.py:868}}
Mar 09 23:21:29.959372 dv-cinder-832854-3-smb devstack@c-api.service[109736]: /usr/local/lib/python3.8/dist-packages/oslo_context/context.py:100: DeprecationWarning: Policy enforcement is depending on the value of is_admin. This key is deprecated. Please update your policy file to use the standard policy values.
Mar 09 23:21:29.959372 dv-cinder-832854-3-smb devstack@c-api.service[109736]: warnings.warn('Policy enforcement is depending on the value of '
Mar 09 23:21:29.981295 dv-cinder-832854-3-smb devstack@c-api.service[109736]: INFO cinder.volume.api [None req-097148fe-4534-435a-8ae5-3a9217e19de6 tempest-VolumesListAdminTestJSON-1105709074 tempest-VolumesListAdminTestJSON-1105709074-project] Volume info retrieved successfully.
Mar 09 23:21:30.016499 dv-cinder-832854-3-smb devstack@c-api.service[109736]: INFO cinder.api.openstack.wsgi [None req-097148fe-4534-435a-8ae5-3a9217e19de6 tempest-VolumesListAdminTestJSON-1105709074 tempest-VolumesListAdminTestJSON-1105709074-project] http://10.222.0.11/volume/v3/c851e51b534044f89c1d7be2a1bde471/volumes/6d758978-7fa0-407f-a669-9005570ebbc0 returned with HTTP 200
Mar 09 23:21:30.029339 dv-cinder-832854-3-smb devstack@c-api.service[109736]: [pid: 109736|app: 0|req: 231/441] 10.222.0.11 () {58 vars in 1324 bytes} [Wed Mar 9 23:21:29 2022] GET /volume/v3/c851e51b534044f89c1d7be2a1bde471/volumes/6d758978-7fa0-407f-a669-9005570ebbc0 => generated 891 bytes in 124 msecs (HTTP/1.1 200) 7 headers in 285 bytes (1 switches on core 0)
Mar 09 23:21:30.617634 dv-cinder-832854-3-smb devstack@c-api.service[109737]: DEBUG cinder.api.middleware.request_id [None req-77bfb03b-bcb6-4e30-8546-2b438c0ac5e4 None None] RequestId filter calling following filter/app {{(pid=109737) _context_setter /opt/stack/cinder/cinder/api/middleware/request_id.py:62}}
Mar 09 23:21:30.622870 dv-cinder-832854-3-smb devstack@c-api.service[109737]: INFO cinder.api.openstack.wsgi [None req-77bfb03b-bcb6-4e30-8546-2b438c0ac5e4 tempest-VolumesCloneTest-1987632718 tempest-VolumesCloneTest-1987632718-project] GET http://10.222.0.11/volume/v3/175cfc2f1a164353a89f7438031de16f/volumes/11adaeb8-1cfe-493c-850f-a82f0fac1621
Mar 09 23:21:30.623531 dv-cinder-832854-3-smb devstack@c-api.service[109737]: DEBUG cinder.api.openstack.wsgi [None req-77bfb03b-bcb6-4e30-8546-2b438c0ac5e4 tempest-VolumesCloneTest-1987632718 tempest-VolumesCloneTest-1987632718-project] Empty body provided in request {{(pid=109737) get_body /opt/stack/cinder/cinder/api/openstack/wsgi.py:715}}
Mar 09 23:21:30.624163 dv-cinder-832854-3-smb devstack@c-api.service[109737]: DEBUG cinder.api.openstack.wsgi [None req-77bfb03b-bcb6-4e30-8546-2b438c0ac5e4 tempest-VolumesCloneTest-1987632718 tempest-VolumesCloneTest-1987632718-project] Calling method 'show' {{(pid=109737) _process_stack /opt/stack/cinder/cinder/api/openstack/wsgi.py:868}}
Mar 09 23:21:30.646744 dv-cinder-832854-3-smb devstack@c-api.service[109737]: /usr/local/lib/python3.8/dist-packages/oslo_context/context.py:100: DeprecationWarning: Policy enforcement is depending on the value of is_admin. This key is deprecated. Please update your policy file to use the standard policy values.
Mar 09 23:21:30.646744 dv-cinder-832854-3-smb devstack@c-api.service[109737]: warnings.warn('Policy enforcement is depending on the value of '
Mar 09 23:21:30.652265 dv-cinder-832854-3-smb devstack@c-api.service[109736]: DEBUG cinder.api.middleware.request_id [None req-01a6562f-338a-4058-b084-d4ca0650bf43 None None] RequestId filter calling following filter/app {{(pid=109736) _context_setter /opt/stack/cinder/cinder/api/middleware/request_id.py:62}}
Mar 09 23:21:30.656598 dv-cinder-832854-3-smb devstack@c-api.service[109736]: INFO cinder.api.openstack.wsgi [None req-01a6562f-338a-4058-b084-d4ca0650bf43 tempest-VolumeManageAdminTest-354684638 tempest-VolumeManageAdminTest-354684638-project] GET http://10.222.0.11/volume/v3/dedde9b8c6e642eba54e43822a51e640/volumes/3b0ecbe2-20c0-4013-89b5-83b9b4e1924e
Mar 09 23:21:30.657551 dv-cinder-832854-3-smb devstack@c-api.service[109736]: DEBUG cinder.api.openstack.wsgi [None req-01a6562f-338a-4058-b084-d4ca0650bf43 tempest-VolumeManageAdminTest-354684638 tempest-VolumeManageAdminTest-354684638-project] Empty body provided in request {{(pid=109736) get_body /opt/stack/cinder/cinder/api/openstack/wsgi.py:715}}
Mar 09 23:21:30.659163 dv-cinder-832854-3-smb devstack@c-api.service[109736]: DEBUG cinder.api.openstack.wsgi [None req-01a6562f-338a-4058-b084-d4ca0650bf43 tempest-VolumeManageAdminTest-354684638 tempest-VolumeManageAdminTest-354684638-project] Calling method 'show' {{(pid=109736) _process_stack /opt/stack/cinder/cinder/api/openstack/wsgi.py:868}}
Mar 09 23:21:30.677756 dv-cinder-832854-3-smb devstack@c-api.service[109737]: INFO cinder.volume.api [None req-77bfb03b-bcb6-4e30-8546-2b438c0ac5e4 tempest-VolumesCloneTest-1987632718 tempest-VolumesCloneTest-1987632718-project] Volume info retrieved successfully.
Mar 09 23:21:30.687865 dv-cinder-832854-3-smb devstack@c-api.service[109736]: /usr/local/lib/python3.8/dist-packages/oslo_context/context.py:100: DeprecationWarning: Policy enforcement is depending on the value of is_admin. This key is deprecated. Please update your policy file to use the standard policy values.
Mar 09 23:21:30.687865 dv-cinder-832854-3-smb devstack@c-api.service[109736]: warnings.warn('Policy enforcement is depending on the value of '
Mar 09 23:21:30.698733 dv-cinder-832854-3-smb devstack@c-api.service[109737]: INFO cinder.api.openstack.wsgi [None req-77bfb03b-bcb6-4e30-8546-2b438c0ac5e4 tempest-VolumesCloneTest-1987632718 tempest-VolumesCloneTest-1987632718-project] http://10.222.0.11/volume/v3/175cfc2f1a164353a89f7438031de16f/volumes/11adaeb8-1cfe-493c-850f-a82f0fac1621 returned with HTTP 200
Mar 09 23:21:30.712823 dv-cinder-832854-3-smb devstack@c-api.service[109737]: [pid: 109737|app: 0|req: 211/442] 10.222.0.11 () {58 vars in 1324 bytes} [Wed Mar 9 23:21:30 2022] GET /volume/v3/175cfc2f1a164353a89f7438031de16f/volumes/11adaeb8-1cfe-493c-850f-a82f0fac1621 => generated 968 bytes in 97 msecs (HTTP/1.1 200) 7 headers in 285 bytes (1 switches on core 0)
Mar 09 23:21:30.715470 dv-cinder-832854-3-smb devstack@c-api.service[109736]: INFO cinder.volume.api [None req-01a6562f-338a-4058-b084-d4ca0650bf43 tempest-VolumeManageAdminTest-354684638 tempest-VolumeManageAdminTest-354684638-project] Volume info retrieved successfully.
Mar 09 23:21:30.726384 dv-cinder-832854-3-smb devstack@c-api.service[109736]: INFO cinder.api.openstack.wsgi [None req-01a6562f-338a-4058-b084-d4ca0650bf43 tempest-VolumeManageAdminTest-354684638 tempest-VolumeManageAdminTest-354684638-project] http://10.222.0.11/volume/v3/dedde9b8c6e642eba54e43822a51e640/volumes/3b0ecbe2-20c0-4013-89b5-83b9b4e1924e returned with HTTP 200
Mar 09 23:21:30.727158 dv-cinder-832854-3-smb devstack@c-api.service[109736]: [pid: 109736|app: 0|req: 232/443] 10.222.0.11 () {58 vars in 1324 bytes} [Wed Mar 9 23:21:30 2022] GET /volume/v3/dedde9b8c6e642eba54e43822a51e640/volumes/3b0ecbe2-20c0-4013-89b5-83b9b4e1924e => generated 914 bytes in 76 msecs (HTTP/1.1 200) 7 headers in 285 bytes (1 switches on core 0)
Mar 09 23:21:30.740795 dv-cinder-832854-3-smb devstack@c-api.service[109737]: DEBUG cinder.api.middleware.request_id [None req-9d3b9b01-355c-4043-ac63-79e03c268e4c None None] RequestId filter calling following filter/app {{(pid=109737) _context_setter /opt/stack/cinder/cinder/api/middleware/request_id.py:62}}
Mar 09 23:21:31.037233 dv-cinder-832854-3-smb devstack@c-api.service[109736]: DEBUG cinder.api.middleware.request_id [None req-205f8f97-59be-4a6c-bf32-0c132bdb944d None None] RequestId filter calling following filter/app {{(pid=109736) _context_setter /opt/stack/cinder/cinder/api/middleware/request_id.py:62}}
Mar 09 23:21:31.043747 dv-cinder-832854-3-smb devstack@c-api.service[109737]: INFO cinder.api.openstack.wsgi [None req-9d3b9b01-355c-4043-ac63-79e03c268e4c tempest-VolumeManageAdminTest-619147267 tempest-VolumeManageAdminTest-619147267-project-admin] GET http://10.222.0.11/volume/v3/4fb7cc124fae4d208f9d205eb1e57056/volumes/3b0ecbe2-20c0-4013-89b5-83b9b4e1924e
Mar 09 23:21:31.044199 dv-cinder-832854-3-smb devstack@c-api.service[109737]: DEBUG cinder.api.openstack.wsgi [None req-9d3b9b01-355c-4043-ac63-79e03c268e4c tempest-VolumeManageAdminTest-619147267 tempest-VolumeManageAdminTest-619147267-project-admin] Empty body provided in request {{(pid=109737) get_body /opt/stack/cinder/cinder/api/openstack/wsgi.py:715}}
Mar 09 23:21:31.044656 dv-cinder-832854-3-smb devstack@c-api.service[109737]: DEBUG cinder.api.openstack.wsgi [None req-9d3b9b01-355c-4043-ac63-79e03c268e4c tempest-VolumeManageAdminTest-619147267 tempest-VolumeManageAdminTest-619147267-project-admin] Calling method 'show' {{(pid=109737) _process_stack /opt/stack/cinder/cinder/api/openstack/wsgi.py:868}}
Mar 09 23:21:31.045615 dv-cinder-832854-3-smb devstack@c-api.service[109736]: INFO cinder.api.openstack.wsgi [None req-205f8f97-59be-4a6c-bf32-0c132bdb944d tempest-VolumesListAdminTestJSON-1105709074 tempest-VolumesListAdminTestJSON-1105709074-project] GET http://10.222.0.11/volume/v3/c851e51b534044f89c1d7be2a1bde471/volumes/6d758978-7fa0-407f-a669-9005570ebbc0
Mar 09 23:21:31.046070 dv-cinder-832854-3-smb devstack@c-api.service[109736]: DEBUG cinder.api.openstack.wsgi [None req-205f8f97-59be-4a6c-bf32-0c132bdb944d tempest-VolumesListAdminTestJSON-1105709074 tempest-VolumesListAdminTestJSON-1105709074-project] Empty body provided in request {{(pid=109736) get_body /opt/stack/cinder/cinder/api/openstack/wsgi.py:715}}
Mar 09 23:21:31.046510 dv-cinder-832854-3-smb devstack@c-api.service[109736]: DEBUG cinder.api.openstack.wsgi [None req-205f8f97-59be-4a6c-bf32-0c132bdb944d tempest-VolumesListAdminTestJSON-1105709074 tempest-VolumesListAdminTestJSON-1105709074-project] Calling method 'show' {{(pid=109736) _process_stack /opt/stack/cinder/cinder/api/openstack/wsgi.py:868}}
Mar 09 23:21:31.083596 dv-cinder-832854-3-smb devstack@c-api.service[109736]: /usr/local/lib/python3.8/dist-packages/oslo_context/context.py:100: DeprecationWarning: Policy enforcement is depending on the value of is_admin. This key is deprecated. Please update your policy file to use the standard policy values.
