Mar 09 05:57:22.918549 dv-cinder-832750-1-iscsi neutron-server[102964]: DEBUG neutron.pecan_wsgi.hooks.policy_enforcement [req-a56e425e-49c6-44af-bdd0-b7309b1502fb req-c1e6c2d5-c64c-44ad-9448-1d44f9835339 tempest-DeleteServersTestJSON-428937312 tempest-DeleteServersTestJSON-428937312-project] Attributes excluded by policy engine: ['standard_attr_id', 'binding:profile', 'binding:host_id', 'binding:vif_type', 'binding:vif_details'] {{(pid=102964) _exclude_attributes_by_policy /opt/stack/neutron/neutron/pecan_wsgi/hooks/policy_enforcement.py:255}}
Mar 09 05:57:22.927456 dv-cinder-832750-1-iscsi neutron-server[102964]: INFO neutron.wsgi [req-a56e425e-49c6-44af-bdd0-b7309b1502fb req-c1e6c2d5-c64c-44ad-9448-1d44f9835339 tempest-DeleteServersTestJSON-428937312 tempest-DeleteServersTestJSON-428937312-project] 10.222.0.13 "GET /v2.0/ports?device_id=58af5aea-2d10-4900-9946-5777828bfd4b HTTP/1.1" status: 200 len: 943 time: 0.3216531
Mar 09 05:57:22.937230 dv-cinder-832750-1-iscsi neutron-server[102964]: DEBUG neutron.wsgi [-] (102964) accepted ('10.222.0.13', 35314) {{(pid=102964) server /usr/local/lib/python3.8/dist-packages/eventlet/wsgi.py:1004}}
Mar 09 05:57:22.968296 dv-cinder-832750-1-iscsi neutron-server[102965]: DEBUG neutron.db.provisioning_blocks [None req-a96137f7-1375-4c3a-bd15-d68169d75dcc None None] Provisioning complete for port 5b4f80a4-ccd5-41ab-ba32-cd912bdb2bdf triggered by entity L2. {{(pid=102965) provisioning_complete /opt/stack/neutron/neutron/db/provisioning_blocks.py:140}}
Mar 09 05:57:22.968762 dv-cinder-832750-1-iscsi neutron-server[102965]: DEBUG neutron_lib.callbacks.manager [None req-a96137f7-1375-4c3a-bd15-d68169d75dcc None None] Publish callbacks ['neutron.plugins.ml2.plugin.Ml2Plugin._port_provisioned-8196328'] for port (5b4f80a4-ccd5-41ab-ba32-cd912bdb2bdf), provisioning_complete {{(pid=102965) _notify_loop /usr/local/lib/python3.8/dist-packages/neutron_lib/callbacks/manager.py:176}}
Mar 09 05:57:22.989482 dv-cinder-832750-1-iscsi neutron-server[102963]: DEBUG neutron_lib.callbacks.manager [None req-74c12db2-4942-4b19-827c-d43bc28f8cd7 admin admin] Publish callbacks ['neutron.plugins.ml2.plugin.SecurityGroupDbMixin._ensure_default_security_group_handler-8209887'] for port (fe7e1591-c888-4007-9bb3-df724b129694), before_update {{(pid=102963) _notify_loop /usr/local/lib/python3.8/dist-packages/neutron_lib/callbacks/manager.py:176}}
Mar 09 05:57:22.991520 dv-cinder-832750-1-iscsi neutron-server[102963]: DEBUG neutron.api.rpc.handlers.resources_rpc [None req-146a7145-f7cf-47a5-8c48-57a3c93382c3 admin admin] Pushing event updated for resources: {'SecurityGroup': ['ID=5064c5aa-2c2e-4315-bc21-ac328cefa33d,revision_number=1']} {{(pid=102963) push /opt/stack/neutron/neutron/api/rpc/handlers/resources_rpc.py:237}}
Mar 09 05:57:23.079110 dv-cinder-832750-1-iscsi neutron-server[102964]: DEBUG neutron_lib.callbacks.manager [None req-815f134a-0521-462e-8b5b-c08c5e2c06b6 admin admin] Publish callbacks ['neutron.plugins.ml2.ovo_rpc._ObjectChangeHandler.handle_event-1036276'] for security_group (c127d88b-b827-4551-b2e0-3533c09b42c6), after_delete {{(pid=102964) _notify_loop /usr/local/lib/python3.8/dist-packages/neutron_lib/callbacks/manager.py:176}}
Mar 09 05:57:23.085173 dv-cinder-832750-1-iscsi neutron-server[102964]: DEBUG neutron_lib.callbacks.manager [None req-815f134a-0521-462e-8b5b-c08c5e2c06b6 admin admin] Publish callbacks [] for security_group (None), before_response {{(pid=102964) _notify_loop /usr/local/lib/python3.8/dist-packages/neutron_lib/callbacks/manager.py:176}}
Mar 09 05:57:23.088217 dv-cinder-832750-1-iscsi neutron-server[102964]: INFO neutron.wsgi [None req-815f134a-0521-462e-8b5b-c08c5e2c06b6 admin admin] 10.222.0.13 "DELETE /v2.0/security-groups/c127d88b-b827-4551-b2e0-3533c09b42c6 HTTP/1.1" status: 204 len: 168 time: 1.0975485
Mar 09 05:57:23.091359 dv-cinder-832750-1-iscsi neutron-server[102964]: INFO neutron.wsgi [req-e0128189-fb22-4ed4-a6db-911071a7cc00 req-f65a09e4-33ce-4f34-89a1-fc66ecce2bc2 service neutron] 10.222.0.55 "GET /v2.0/networks/bba1efcf-b199-426a-bff7-ead4b0ae1cda?fields=provider%3Aphysical_network&fields=provider%3Anetwork_type HTTP/1.1" status: 200 len: 281 time: 0.6815655
Mar 09 05:57:23.238884 dv-cinder-832750-1-iscsi neutron-server[102964]: DEBUG neutron_lib.callbacks.manager [None req-aa0392a8-8183-43ff-bac0-c4290f823a1c tempest-AttachVolumeTestJSON-1296826858 tempest-AttachVolumeTestJSON-1296826858-project] Publish callbacks ['neutron.plugins.ml2.plugin.SecurityGroupDbMixin._ensure_default_security_group_handler-8209887'] for port (None), before_create {{(pid=102964) _notify_loop /usr/local/lib/python3.8/dist-packages/neutron_lib/callbacks/manager.py:176}}
Mar 09 05:57:23.266050 dv-cinder-832750-1-iscsi neutron-server[102964]: DEBUG neutron.api.rpc.handlers.resources_rpc [None req-815f134a-0521-462e-8b5b-c08c5e2c06b6 admin admin] Pushing event deleted for resources: {'SecurityGroup': ['ID=c127d88b-b827-4551-b2e0-3533c09b42c6,revision_number=None']} {{(pid=102964) push /opt/stack/neutron/neutron/api/rpc/handlers/resources_rpc.py:237}}
Mar 09 05:57:23.378925 dv-cinder-832750-1-iscsi neutron-server[102965]: DEBUG neutron.plugins.ml2.plugin [None req-a96137f7-1375-4c3a-bd15-d68169d75dcc None None] Current status of the port 5b4f80a4-ccd5-41ab-ba32-cd912bdb2bdf is: ACTIVE; New status is: ACTIVE {{(pid=102965) _update_individual_port_db_status /opt/stack/neutron/neutron/plugins/ml2/plugin.py:2232}}
Mar 09 05:57:23.381420 dv-cinder-832750-1-iscsi neutron-server[102965]: DEBUG neutron.plugins.ml2.rpc [None req-a96137f7-1375-4c3a-bd15-d68169d75dcc None None] Device 574a542f-3ace-4c3b-96aa-bf72936c0233 up at agent ovs-agent-dv-cinder-832750-1-iscsi {{(pid=102965) update_device_up /opt/stack/neutron/neutron/plugins/ml2/rpc.py:296}}
Mar 09 05:57:23.449324 dv-cinder-832750-1-iscsi neutron-server[102964]: INFO neutron.wsgi [req-a56e425e-49c6-44af-bdd0-b7309b1502fb req-b9677053-54b0-4346-9eb9-294c559b0e76 tempest-DeleteServersTestJSON-428937312 tempest-DeleteServersTestJSON-428937312-project] 10.222.0.13 "GET /v2.0/security-groups?id=38ed56cf-48de-4723-a428-c674f9ab4b59&fields=id&fields=name HTTP/1.1" status: 200 len: 286 time: 0.5199728
Mar 09 05:57:23.461795 dv-cinder-832750-1-iscsi neutron-server[102963]: DEBUG neutron.api.rpc.agentnotifiers.l3_rpc_agent_api [None req-8be20ef4-68b6-4718-ac95-43780be697fc admin admin] Notify agent at l3_agent.dv-cinder-832750-1-iscsi the message routers_updated {{(pid=102963) _agent_notification /opt/stack/neutron/neutron/api/rpc/agentnotifiers/l3_rpc_agent_api.py:65}}
Mar 09 05:57:23.484437 dv-cinder-832750-1-iscsi neutron-server[102963]: INFO neutron.wsgi [None req-8be20ef4-68b6-4718-ac95-43780be697fc admin admin] 10.222.0.13 "PUT /v2.0/routers/6e62fdb9-9b5e-450a-9234-368946c72931/add_router_interface HTTP/1.1" status: 200 len: 503 time: 13.7696788
Mar 09 05:57:23.533556 dv-cinder-832750-1-iscsi neutron-server[102965]: DEBUG neutron.api.rpc.handlers.l3_rpc [None req-f09ba517-e91d-49a0-9963-e20b39007083 None None] Sync routers for ids ['6e62fdb9-9b5e-450a-9234-368946c72931'] in dv-cinder-832750-1-iscsi {{(pid=102965) sync_routers /opt/stack/neutron/neutron/api/rpc/handlers/l3_rpc.py:125}}
Mar 09 05:57:23.577600 dv-cinder-832750-1-iscsi neutron-server[102965]: DEBUG neutron.db.l3_dvrscheduler_db [None req-f09ba517-e91d-49a0-9963-e20b39007083 None None] Routers {'6e62fdb9-9b5e-450a-9234-368946c72931'} bound to L3 agent in host dv-cinder-832750-1-iscsi {{(pid=102965) _get_router_ids_for_agent /opt/stack/neutron/neutron/db/l3_dvrscheduler_db.py:421}}
Mar 09 05:57:23.579790 dv-cinder-832750-1-iscsi neutron-server[102965]: DEBUG neutron.db.l3_hamode_db [None req-f09ba517-e91d-49a0-9963-e20b39007083 None None] neutron.services.l3_router.l3_router_plugin.L3RouterPlugin method get_ha_sync_data_for_host called with arguments (, 'dv-cinder-832750-1-iscsi', Agent(admin_state_up=True,agent_type='L3 agent',availability_zone='nova',binary='neutron-l3-agent',configurations={"agent_mode": "legacy", "ex_gw_ports": 1, "extensions": [], "floating_ips": 0, "handle_internal_only_routers": true, "interface_driver": "openvswitch", "interfaces": 1, "log_agent_heartbeats": false, "routers": 1},created_at=2022-03-09T05:49:00Z,description=,heartbeat_timestamp=2022-03-09T05:57:00Z,host='dv-cinder-832750-1-iscsi',id=c61ad671-73d6-4d5f-8e4d-62a9883df95c,load=0,resource_versions=,resources_synced=,started_at=2022-03-09T05:49:00Z,topic='l3_agent')) {'router_ids': ['6e62fdb9-9b5e-450a-9234-368946c72931'], 'active': True} {{(pid=102965) wrapper /usr/local/lib/python3.8/dist-packages/oslo_log/helpers.py:65}}
Mar 09 05:57:23.610025 dv-cinder-832750-1-iscsi neutron-server[102964]: DEBUG neutron_lib.callbacks.manager [None req-dd0806f0-7f64-43eb-99f2-f7a20e43df90 admin admin] Publish callbacks [] for security_group (5064c5aa-2c2e-4315-bc21-ac328cefa33d), before_delete {{(pid=102964) _notify_loop /usr/local/lib/python3.8/dist-packages/neutron_lib/callbacks/manager.py:176}}
Mar 09 05:57:23.746239 dv-cinder-832750-1-iscsi neutron-server[102965]: DEBUG neutron.db.provisioning_blocks [None req-a96137f7-1375-4c3a-bd15-d68169d75dcc None None] Provisioning complete for port 574a542f-3ace-4c3b-96aa-bf72936c0233 triggered by entity L2. {{(pid=102965) provisioning_complete /opt/stack/neutron/neutron/db/provisioning_blocks.py:140}}
Mar 09 05:57:23.748032 dv-cinder-832750-1-iscsi neutron-server[102965]: DEBUG neutron_lib.callbacks.manager [None req-a96137f7-1375-4c3a-bd15-d68169d75dcc None None] Publish callbacks ['neutron.plugins.ml2.plugin.Ml2Plugin._port_provisioned-8196328'] for port (574a542f-3ace-4c3b-96aa-bf72936c0233), provisioning_complete {{(pid=102965) _notify_loop /usr/local/lib/python3.8/dist-packages/neutron_lib/callbacks/manager.py:176}}
Mar 09 05:57:23.797565 dv-cinder-832750-1-iscsi neutron-server[102964]: DEBUG neutron_lib.callbacks.manager [None req-dd0806f0-7f64-43eb-99f2-f7a20e43df90 admin admin] Publish callbacks [] for security_group (5064c5aa-2c2e-4315-bc21-ac328cefa33d), precommit_delete {{(pid=102964) _notify_loop /usr/local/lib/python3.8/dist-packages/neutron_lib/callbacks/manager.py:176}}
Mar 09 05:57:23.861216 dv-cinder-832750-1-iscsi neutron-server[102964]: DEBUG neutron.pecan_wsgi.hooks.policy_enforcement [req-751c1885-82ea-4a3a-bd0d-e9d278c2394a req-35852145-f11e-48ca-97cf-d70b9441191f service neutron] Attributes excluded by policy engine: ['standard_attr_id'] {{(pid=102964) _exclude_attributes_by_policy /opt/stack/neutron/neutron/pecan_wsgi/hooks/policy_enforcement.py:255}}
Mar 09 05:57:23.862878 dv-cinder-832750-1-iscsi neutron-server[102964]: INFO neutron.wsgi [req-751c1885-82ea-4a3a-bd0d-e9d278c2394a req-35852145-f11e-48ca-97cf-d70b9441191f service neutron] 10.222.0.55 "GET /v2.0/ports?tenant_id=ce3e70600c134f008cf61ea943995fbc&device_id=58af5aea-2d10-4900-9946-5777828bfd4b HTTP/1.1" status: 200 len: 1127 time: 0.3489974
Mar 09 05:57:23.865697 dv-cinder-832750-1-iscsi neutron-server[102964]: DEBUG neutron.db.db_base_plugin_common [None req-aa0392a8-8183-43ff-bac0-c4290f823a1c tempest-AttachVolumeTestJSON-1296826858 tempest-AttachVolumeTestJSON-1296826858-project] Allocated IP 172.27.3.171 (47b07b74-dff8-4b3d-bcc8-90097097e787/d36b16a8-a5dd-4c94-846a-49f751057534/0fac8968-34c4-4ff4-a842-b68c009b5431) {{(pid=102964) _store_ip_allocation /opt/stack/neutron/neutron/db/db_base_plugin_common.py:131}}
Mar 09 05:57:23.903882 dv-cinder-832750-1-iscsi neutron-server[102965]: DEBUG neutron.db.l3_dvr_db [None req-f09ba517-e91d-49a0-9963-e20b39007083 None None] Set router 6e62fdb9-9b5e-450a-9234-368946c72931 gateway port host: dv-cinder-832750-1-iscsi {{(pid=102965) _build_routers_list /opt/stack/neutron/neutron/db/l3_dvr_db.py:906}}
Mar 09 05:57:24.093770 dv-cinder-832750-1-iscsi neutron-server[102965]: DEBUG neutron.plugins.ml2.plugin [None req-a96137f7-1375-4c3a-bd15-d68169d75dcc None None] Current status of the port 574a542f-3ace-4c3b-96aa-bf72936c0233 is: ACTIVE; New status is: ACTIVE {{(pid=102965) _update_individual_port_db_status /opt/stack/neutron/neutron/plugins/ml2/plugin.py:2232}}
Mar 09 05:57:24.099215 dv-cinder-832750-1-iscsi neutron-server[102963]: DEBUG neutron.wsgi [-] (102963) accepted ('10.222.0.13', 35328) {{(pid=102963) server /usr/local/lib/python3.8/dist-packages/eventlet/wsgi.py:1004}}
Mar 09 05:57:24.143045 dv-cinder-832750-1-iscsi neutron-server[102964]: DEBUG neutron.pecan_wsgi.hooks.policy_enforcement [req-751c1885-82ea-4a3a-bd0d-e9d278c2394a req-348f6f18-009c-418c-b83f-f5b03720ed4c service neutron] Attributes excluded by policy engine: ['standard_attr_id', 'vlan_transparent'] {{(pid=102964) _exclude_attributes_by_policy /opt/stack/neutron/neutron/pecan_wsgi/hooks/policy_enforcement.py:255}}
Mar 09 05:57:24.147334 dv-cinder-832750-1-iscsi neutron-server[102964]: INFO neutron.wsgi [req-751c1885-82ea-4a3a-bd0d-e9d278c2394a req-348f6f18-009c-418c-b83f-f5b03720ed4c service neutron] 10.222.0.55 "GET /v2.0/networks?id=bba1efcf-b199-426a-bff7-ead4b0ae1cda HTTP/1.1" status: 200 len: 913 time: 0.2615969
Mar 09 05:57:24.152292 dv-cinder-832750-1-iscsi neutron-server[102964]: DEBUG neutron_lib.callbacks.manager [None req-dd0806f0-7f64-43eb-99f2-f7a20e43df90 admin admin] Publish callbacks ['neutron.plugins.ml2.ovo_rpc._ObjectChangeHandler.handle_event-1036276'] for security_group (5064c5aa-2c2e-4315-bc21-ac328cefa33d), after_delete {{(pid=102964) _notify_loop /usr/local/lib/python3.8/dist-packages/neutron_lib/callbacks/manager.py:176}}
Mar 09 05:57:24.154818 dv-cinder-832750-1-iscsi neutron-server[102964]: DEBUG neutron_lib.callbacks.manager [None req-dd0806f0-7f64-43eb-99f2-f7a20e43df90 admin admin] Publish callbacks [] for security_group (None), before_response {{(pid=102964) _notify_loop /usr/local/lib/python3.8/dist-packages/neutron_lib/callbacks/manager.py:176}}
Mar 09 05:57:24.179602 dv-cinder-832750-1-iscsi neutron-server[102964]: INFO neutron.wsgi [None req-dd0806f0-7f64-43eb-99f2-f7a20e43df90 admin admin] 10.222.0.13 "DELETE /v2.0/security-groups/5064c5aa-2c2e-4315-bc21-ac328cefa33d HTTP/1.1" status: 204 len: 168 time: 1.2303472
Mar 09 05:57:24.300570 dv-cinder-832750-1-iscsi neutron-server[102965]: DEBUG neutron.plugins.ml2.rpc [None req-a96137f7-1375-4c3a-bd15-d68169d75dcc None None] Device e4f6314c-7b6a-4e59-9bae-69f58865277d up at agent ovs-agent-dv-cinder-832750-1-iscsi {{(pid=102965) update_device_up /opt/stack/neutron/neutron/plugins/ml2/rpc.py:296}}
Mar 09 05:57:24.360559 dv-cinder-832750-1-iscsi neutron-server[102964]: INFO neutron.wsgi [req-751c1885-82ea-4a3a-bd0d-e9d278c2394a req-c5596d4a-23d7-4763-906b-450087a9d350 service neutron] 10.222.0.55 "GET /v2.0/floatingips?fixed_ip_address=172.20.0.4&port_id=6ac11d89-4583-4bcd-8d64-e270fd0556d0 HTTP/1.1" status: 200 len: 217 time: 0.1825230
Mar 09 05:57:24.385769 dv-cinder-832750-1-iscsi neutron-server[102964]: DEBUG neutron.api.rpc.handlers.resources_rpc [None req-dd0806f0-7f64-43eb-99f2-f7a20e43df90 admin admin] Pushing event deleted for resources: {'SecurityGroup': ['ID=5064c5aa-2c2e-4315-bc21-ac328cefa33d,revision_number=None']} {{(pid=102964) push /opt/stack/neutron/neutron/api/rpc/handlers/resources_rpc.py:237}}
Mar 09 05:57:24.395006 dv-cinder-832750-1-iscsi neutron-server[102963]: DEBUG neutron_lib.callbacks.manager [None req-74c12db2-4942-4b19-827c-d43bc28f8cd7 admin admin] Publish callbacks [] for port (fe7e1591-c888-4007-9bb3-df724b129694), precommit_update {{(pid=102963) _notify_loop /usr/local/lib/python3.8/dist-packages/neutron_lib/callbacks/manager.py:176}}
Mar 09 05:57:24.438465 dv-cinder-832750-1-iscsi neutron-server[102963]: DEBUG neutron_lib.callbacks.manager [None req-447047a3-fa94-485c-ab58-de9ff5f8d518 admin admin] Publish callbacks [] for security_group (None), before_create {{(pid=102963) _notify_loop /usr/local/lib/python3.8/dist-packages/neutron_lib/callbacks/manager.py:176}}
Mar 09 05:57:24.469699 dv-cinder-832750-1-iscsi neutron-server[102963]: DEBUG neutron_lib.callbacks.manager [None req-74c12db2-4942-4b19-827c-d43bc28f8cd7 admin admin] Publish callbacks ['neutron.plugins.ml2.plugin.SecurityGroupServerNotifierRpcMixin._notify_sg_on_port_change-8209808', 'neutron.plugins.ml2.ovo_rpc._ObjectChangeHandler.handle_event-91933', 'neutron.api.rpc.agentnotifiers.dhcp_rpc_agent_api.DhcpAgentNotifyAPI._native_event_send_dhcp_notification-551206', 'neutron.db.l3_db.L3RpcNotifierMixin._notify_gateway_port_ip_changed-8758759378616', 'neutron.db.l3_dvrscheduler_db._notify_l3_agent_port_update-8758758806209', 'neutron.db.l3_hascheduler_db._notify_l3_agent_ha_port_update-8758758806227'] for port (fe7e1591-c888-4007-9bb3-df724b129694), after_update {{(pid=102963) _notify_loop /usr/local/lib/python3.8/dist-packages/neutron_lib/callbacks/manager.py:176}}
Mar 09 05:57:24.477591 dv-cinder-832750-1-iscsi neutron-server[102963]: DEBUG neutron_lib.callbacks.manager [None req-74c12db2-4942-4b19-827c-d43bc28f8cd7 admin admin] Publish callbacks ['neutron.api.rpc.agentnotifiers.dhcp_rpc_agent_api.DhcpAgentNotifyAPI._after_router_interface_created-551248', 'neutron.services.l3_router.l3_router_plugin.DVRResourceOperationHandler._update_snat_v6_addrs_after_intf_update-541079'] for router_interface (58389e04-38b9-4430-9f07-09e5a71dd2d1), after_create {{(pid=102963) _notify_loop /usr/local/lib/python3.8/dist-packages/neutron_lib/callbacks/manager.py:176}}
Mar 09 05:57:24.501555 dv-cinder-832750-1-iscsi neutron-server[102963]: DEBUG neutron_lib.callbacks.manager [None req-6524dcb1-87e0-43d3-99f9-52f0c14f32c4 admin admin] Publish callbacks [] for port (a22e4c1f-622b-4f20-bc4f-266404dfaa5f), precommit_update {{(pid=102963) _notify_loop /usr/local/lib/python3.8/dist-packages/neutron_lib/callbacks/manager.py:176}}
Mar 09 05:57:24.616325 dv-cinder-832750-1-iscsi neutron-server[102963]: DEBUG neutron_lib.callbacks.manager [None req-6524dcb1-87e0-43d3-99f9-52f0c14f32c4 admin admin] Publish callbacks ['neutron.plugins.ml2.plugin.SecurityGroupServerNotifierRpcMixin._notify_sg_on_port_change-8209808', 'neutron.plugins.ml2.ovo_rpc._ObjectChangeHandler.handle_event-91933', 'neutron.api.rpc.agentnotifiers.dhcp_rpc_agent_api.DhcpAgentNotifyAPI._native_event_send_dhcp_notification-551206', 'neutron.db.l3_db.L3RpcNotifierMixin._notify_gateway_port_ip_changed-8758759378616', 'neutron.db.l3_dvrscheduler_db._notify_l3_agent_port_update-8758758806209', 'neutron.db.l3_hascheduler_db._notify_l3_agent_ha_port_update-8758758806227'] for port (a22e4c1f-622b-4f20-bc4f-266404dfaa5f), after_update {{(pid=102963) _notify_loop /usr/local/lib/python3.8/dist-packages/neutron_lib/callbacks/manager.py:176}}
Mar 09 05:57:24.617254 dv-cinder-832750-1-iscsi neutron-server[102963]: DEBUG neutron_lib.callbacks.manager [None req-6524dcb1-87e0-43d3-99f9-52f0c14f32c4 admin admin] Publish callbacks ['neutron.api.rpc.agentnotifiers.dhcp_rpc_agent_api.DhcpAgentNotifyAPI._after_router_interface_created-551248', 'neutron.services.l3_router.l3_router_plugin.DVRResourceOperationHandler._update_snat_v6_addrs_after_intf_update-541079'] for router_interface (4b028c5d-426c-4f9f-86e2-ea8bd8501b89), after_create {{(pid=102963) _notify_loop /usr/local/lib/python3.8/dist-packages/neutron_lib/callbacks/manager.py:176}}
Mar 09 05:57:24.634177 dv-cinder-832750-1-iscsi neutron-server[102964]: DEBUG neutron.pecan_wsgi.hooks.policy_enforcement [req-751c1885-82ea-4a3a-bd0d-e9d278c2394a req-fcf5cf1c-b10b-44a0-825d-a9686a34f81e service neutron] Attributes excluded by policy engine: ['standard_attr_id', 'shared'] {{(pid=102964) _exclude_attributes_by_policy /opt/stack/neutron/neutron/pecan_wsgi/hooks/policy_enforcement.py:255}}
Mar 09 05:57:24.638480 dv-cinder-832750-1-iscsi neutron-server[102965]: DEBUG neutron.db.provisioning_blocks [None req-a96137f7-1375-4c3a-bd15-d68169d75dcc None None] Provisioning complete for port e4f6314c-7b6a-4e59-9bae-69f58865277d triggered by entity L2. {{(pid=102965) provisioning_complete /opt/stack/neutron/neutron/db/provisioning_blocks.py:140}}
Mar 09 05:57:24.640401 dv-cinder-832750-1-iscsi neutron-server[102964]: INFO neutron.wsgi [req-751c1885-82ea-4a3a-bd0d-e9d278c2394a req-fcf5cf1c-b10b-44a0-825d-a9686a34f81e service neutron] 10.222.0.55 "GET /v2.0/subnets?id=c1108b1d-3e3e-4a51-bc93-ae32f5d0743c HTTP/1.1" status: 200 len: 852 time: 0.2244184
Mar 09 05:57:24.640707 dv-cinder-832750-1-iscsi neutron-server[102965]: DEBUG neutron_lib.callbacks.manager [None req-a96137f7-1375-4c3a-bd15-d68169d75dcc None None] Publish callbacks ['neutron.plugins.ml2.plugin.Ml2Plugin._port_provisioned-8196328'] for port (e4f6314c-7b6a-4e59-9bae-69f58865277d), provisioning_complete {{(pid=102965) _notify_loop /usr/local/lib/python3.8/dist-packages/neutron_lib/callbacks/manager.py:176}}
Mar 09 05:57:24.699695 dv-cinder-832750-1-iscsi neutron-server[102965]: DEBUG neutron.db.l3_hamode_db [None req-f09ba517-e91d-49a0-9963-e20b39007083 None None] neutron.services.l3_router.l3_router_plugin.L3RouterPlugin method _process_sync_ha_data called with arguments (, [{'id': '6e62fdb9-9b5e-450a-9234-368946c72931', 'name': 'tempest-AttachVolumeShelveTestJSON-1956331652-router', 'tenant_id': 'cc58cb9128794cbf914f133c7fae2ff4', 'admin_state_up': True, 'status': 'ACTIVE', 'external_gateway_info': {'network_id': '47b07b74-dff8-4b3d-bcc8-90097097e787', 'external_fixed_ips': [{'subnet_id': 'd36b16a8-a5dd-4c94-846a-49f751057534', 'ip_address': '172.27.3.18'}], 'enable_snat': True}, 'gw_port_id': '9622f8ff-c2e7-4848-9454-6e30e7eab591', 'description': '', 'availability_zones': ['nova'], 'distributed': False, 'ha': False, 'ha_vr_id': 0, 'availability_zone_hints': [], 'routes': [], 'flavor_id': None, 'tags': [], 'created_at': '2022-03-09T05:57:01Z', 'updated_at': '2022-03-09T05:57:15Z', 'revision_number': 4, 'project_id': 'cc58cb9128794cbf914f133c7fae2ff4', 'gw_port': {'id': '9622f8ff-c2e7-4848-9454-6e30e7eab591', 'name': '', 'network_id': '47b07b74-dff8-4b3d-bcc8-90097097e787', 'tenant_id': '', 'mac_address': 'fa:16:3e:56:c6:38', 'admin_state_up': True, 'status': 'ACTIVE', 'device_id': '6e62fdb9-9b5e-450a-9234-368946c72931', 'device_owner': 'network:router_gateway', 'standard_attr_id': 82, 'fixed_ips': [{'subnet_id': 'd36b16a8-a5dd-4c94-846a-49f751057534', 'ip_address': '172.27.3.18', 'prefixlen': 24}], 'allowed_address_pairs': [], 'extra_dhcp_opts': [], 'security_groups': [], 'description': '', 'binding:vnic_type': 'normal', 'binding:profile': {}, 'binding:host_id': 'dv-cinder-832750-1-iscsi', 'binding:vif_type': 'ovs', 'binding:vif_details': {'connectivity': 'l2', 'port_filter': True, 'ovs_hybrid_plug': False, 'datapath_type': 'system', 'bridge_name': 'br-int', 'bound_drivers': {'0': 'openvswitch'}}, 'port_security_enabled': False, 'tags': [], 'created_at': '2022-03-09T05:57:03Z', 'updated_at': '2022-03-09T05:57:19Z', 'revision_number': 4, 'project_id': '', 'subnets': [{'id': 'd36b16a8-a5dd-4c94-846a-49f751057534', 'cidr': '172.27.3.0/24', 'gateway_ip': '172.27.3.1', 'dns_nameservers': [], 'ipv6_ra_mode': None, 'subnetpool_id': None}], 'extra_subnets': [], 'address_scopes': {4: None, 6: None}, 'mtu': 1500}, 'enable_snat': True, 'gw_port_host': 'dv-cinder-832750-1-iscsi', '_interfaces': [{'id': 'f0ff39af-8c5b-4c1e-aa08-3deba6204a17', 'name': '', 'network_id': 'e7916af6-242a-4be3-bfbd-df5f00fc9178', 'tenant_id': 'cc58cb9128794cbf914f133c7fae2ff4', 'mac_address': 'fa:16:3e:f5:4a:3e', 'admin_state_up': True, 'status': 'DOWN', 'device_id': '6e62fdb9-9b5e-450a-9234-368946c72931', 'device_owner': 'network:router_interface', 'standard_attr_id': 108, 'fixed_ips': [{'subnet_id': '7aa15e37-0fcb-43eb-a098-14200818c284', 'ip_address': '172.20.0.1', 'prefixlen': 28}], 'allowed_address_pairs': [], 'extra_dhcp_opts': [], 'security_groups': [], 'description': '', 'binding:vnic_type': 'normal', 'binding:profile': {}, 'binding:host_id': '', 'binding:vif_type': 'unbound', 'binding:vif_details': {}, 'port_security_enabled': False, 'tags': [], 'created_at': '2022-03-09T05:57:11Z', 'updated_at': '2022-03-09T05:57:16Z', 'revision_number': 2, 'project_id': 'cc58cb9128794cbf914f133c7fae2ff4', 'subnets': [{'id': '7aa15e37-0fcb-43eb-a098-14200818c284', 'cidr': '172.20.0.0/28', 'gateway_ip': '172.20.0.1', 'dns_nameservers': [], 'ipv6_ra_mode': None, 'subnetpool_id': None}], 'extra_subnets': [], 'address_scopes': {4: None, 6: None}, 'mtu': 1500}]}], 'dv-cinder-832750-1-iscsi', False) {} {{(pid=102965) wrapper /usr/local/lib/python3.8/dist-packages/oslo_log/helpers.py:65}}
Mar 09 05:57:24.706837 dv-cinder-832750-1-iscsi neutron-server[102964]: INFO neutron.wsgi [req-751c1885-82ea-4a3a-bd0d-e9d278c2394a req-f66fa284-7281-43e8-8f01-94d892fb4ce9 service neutron] 10.222.0.55 "GET /v2.0/ports?network_id=bba1efcf-b199-426a-bff7-ead4b0ae1cda&device_owner=network%3Adhcp HTTP/1.1" status: 200 len: 210 time: 0.0356109
Mar 09 05:57:24.745928 dv-cinder-832750-1-iscsi neutron-server[102965]: DEBUG neutron.api.rpc.handlers.l3_rpc [None req-f09ba517-e91d-49a0-9963-e20b39007083 None None] Checking router: 6e62fdb9-9b5e-450a-9234-368946c72931 for host: dv-cinder-832750-1-iscsi {{(pid=102965) _ensure_host_set_on_ports /opt/stack/neutron/neutron/api/rpc/handlers/l3_rpc.py:155}}
Mar 09 05:57:24.746527 dv-cinder-832750-1-iscsi neutron-server[102965]: DEBUG neutron.api.rpc.handlers.l3_rpc [None req-f09ba517-e91d-49a0-9963-e20b39007083 None None] Updating router 6e62fdb9-9b5e-450a-9234-368946c72931 port f0ff39af-8c5b-4c1e-aa08-3deba6204a17 binding host dv-cinder-832750-1-iscsi {{(pid=102965) _ensure_host_set_on_port /opt/stack/neutron/neutron/api/rpc/handlers/l3_rpc.py:205}}
Mar 09 05:57:24.788390 dv-cinder-832750-1-iscsi neutron-server[102965]: DEBUG neutron_lib.callbacks.manager [None req-f09ba517-e91d-49a0-9963-e20b39007083 None None] Publish callbacks ['neutron.plugins.ml2.plugin.SecurityGroupDbMixin._ensure_default_security_group_handler-8209887'] for port (f0ff39af-8c5b-4c1e-aa08-3deba6204a17), before_update {{(pid=102965) _notify_loop /usr/local/lib/python3.8/dist-packages/neutron_lib/callbacks/manager.py:176}}
Mar 09 05:57:24.969361 dv-cinder-832750-1-iscsi neutron-server[102964]: INFO neutron.wsgi [req-751c1885-82ea-4a3a-bd0d-e9d278c2394a req-ec47bb61-2a60-4aae-b8d5-807900c940d4 service neutron] 10.222.0.55 "GET /v2.0/networks/bba1efcf-b199-426a-bff7-ead4b0ae1cda?fields=segments HTTP/1.1" status: 200 len: 212 time: 0.2490022
Mar 09 05:57:24.972856 dv-cinder-832750-1-iscsi neutron-server[102963]: DEBUG neutron.api.rpc.handlers.resources_rpc [None req-74c12db2-4942-4b19-827c-d43bc28f8cd7 admin admin] Pushing event updated for resources: {'Port': ['ID=fe7e1591-c888-4007-9bb3-df724b129694,revision_number=2']} {{(pid=102963) push /opt/stack/neutron/neutron/api/rpc/handlers/resources_rpc.py:237}}
Mar 09 05:57:24.984201 dv-cinder-832750-1-iscsi neutron-server[102964]: DEBUG neutron_lib.callbacks.manager [None req-aa0392a8-8183-43ff-bac0-c4290f823a1c tempest-AttachVolumeTestJSON-1296826858 tempest-AttachVolumeTestJSON-1296826858-project] Publish callbacks [] for port (0fac8968-34c4-4ff4-a842-b68c009b5431), precommit_create {{(pid=102964) _notify_loop /usr/local/lib/python3.8/dist-packages/neutron_lib/callbacks/manager.py:176}}
Mar 09 05:57:25.089134 dv-cinder-832750-1-iscsi neutron-server[102964]: DEBUG neutron.wsgi [-] (102964) accepted ('10.222.0.13', 35340) {{(pid=102964) server /usr/local/lib/python3.8/dist-packages/eventlet/wsgi.py:1004}}
Mar 09 05:57:25.089674 dv-cinder-832750-1-iscsi neutron-server[102964]: DEBUG neutron.wsgi [-] (102964) accepted ('10.222.0.13', 35342) {{(pid=102964) server /usr/local/lib/python3.8/dist-packages/eventlet/wsgi.py:1004}}
Mar 09 05:57:25.100616 dv-cinder-832750-1-iscsi neutron-server[102963]: DEBUG neutron.api.rpc.handlers.resources_rpc [None req-6524dcb1-87e0-43d3-99f9-52f0c14f32c4 admin admin] Pushing event updated for resources: {'Port': ['ID=a22e4c1f-622b-4f20-bc4f-266404dfaa5f,revision_number=2']} {{(pid=102963) push /opt/stack/neutron/neutron/api/rpc/handlers/resources_rpc.py:237}}
Mar 09 05:57:25.124513 dv-cinder-832750-1-iscsi neutron-server[102964]: DEBUG neutron.api.v2.base [None req-30b9d976-1651-4d4c-843e-58d29d72b462 tempest-AttachVolumeShelveTestJSON-663497413 tempest-AttachVolumeShelveTestJSON-663497413-project] Request body: {'security_group': {'name': 'tempest-securitygroup--1386047843', 'description': 'tempest-description--1871514981'}} {{(pid=102964) prepare_request_body /opt/stack/neutron/neutron/api/v2/base.py:729}}
Mar 09 05:57:25.127577 dv-cinder-832750-1-iscsi neutron-server[102963]: DEBUG neutron.scheduler.dhcp_agent_scheduler [None req-6524dcb1-87e0-43d3-99f9-52f0c14f32c4 admin admin] Network 056901ef-0011-4350-987b-b4679a61894c is already hosted by enough agents. {{(pid=102963) _get_dhcp_agents_hosting_network /opt/stack/neutron/neutron/scheduler/dhcp_agent_scheduler.py:275}}
Mar 09 05:57:25.132994 dv-cinder-832750-1-iscsi neutron-server[102963]: DEBUG neutron.scheduler.base_scheduler [None req-6524dcb1-87e0-43d3-99f9-52f0c14f32c4 admin admin] Resources bound (agent type, host, resource id): {{(pid=102963) schedule /opt/stack/neutron/neutron/scheduler/base_scheduler.py:57}}
Mar 09 05:57:25.160706 dv-cinder-832750-1-iscsi neutron-server[102964]: DEBUG neutron_lib.callbacks.manager [None req-c94ff622-bffc-4949-b89b-77cc518a3f9d admin admin] Publish callbacks [] for security_group (None), before_create {{(pid=102964) _notify_loop /usr/local/lib/python3.8/dist-packages/neutron_lib/callbacks/manager.py:176}}
Mar 09 05:57:25.180875 dv-cinder-832750-1-iscsi neutron-server[102964]: DEBUG neutron.pecan_wsgi.hooks.policy_enforcement [req-cbd9e5a5-854e-4cf5-8cd5-ade75e467635 req-a5bb308b-189a-4393-a4c1-c7d4a23c6002 tempest-DeleteServersTestJSON-428937312 tempest-DeleteServersTestJSON-428937312-project] Attributes excluded by policy engine: ['standard_attr_id', 'binding:profile', 'binding:host_id', 'binding:vif_type', 'binding:vif_details'] {{(pid=102964) _exclude_attributes_by_policy /opt/stack/neutron/neutron/pecan_wsgi/hooks/policy_enforcement.py:255}}
Mar 09 05:57:25.183884 dv-cinder-832750-1-iscsi neutron-server[102964]: INFO neutron.wsgi [req-cbd9e5a5-854e-4cf5-8cd5-ade75e467635 req-a5bb308b-189a-4393-a4c1-c7d4a23c6002 tempest-DeleteServersTestJSON-428937312 tempest-DeleteServersTestJSON-428937312-project] 10.222.0.13 "GET /v2.0/ports?device_id=58af5aea-2d10-4900-9946-5777828bfd4b HTTP/1.1" status: 200 len: 943 time: 0.5139849
Mar 09 05:57:25.194182 dv-cinder-832750-1-iscsi neutron-server[102964]: DEBUG neutron_lib.callbacks.manager [None req-30b9d976-1651-4d4c-843e-58d29d72b462 tempest-AttachVolumeShelveTestJSON-663497413 tempest-AttachVolumeShelveTestJSON-663497413-project] Publish callbacks [] for security_group (None), before_create {{(pid=102964) _notify_loop /usr/local/lib/python3.8/dist-packages/neutron_lib/callbacks/manager.py:176}}
Mar 09 05:57:25.261084 dv-cinder-832750-1-iscsi neutron-server[102964]: DEBUG neutron_lib.callbacks.manager [None req-aa0392a8-8183-43ff-bac0-c4290f823a1c tempest-AttachVolumeTestJSON-1296826858 tempest-AttachVolumeTestJSON-1296826858-project] Publish callbacks ['neutron.plugins.ml2.plugin.SecurityGroupServerNotifierRpcMixin._notify_sg_on_port_change-8209808', 'neutron.plugins.ml2.ovo_rpc._ObjectChangeHandler.handle_event-91933', 'neutron.api.rpc.agentnotifiers.dhcp_rpc_agent_api.DhcpAgentNotifyAPI._native_event_send_dhcp_notification-551206', 'neutron.db.l3_dvrscheduler_db._notify_l3_agent_new_port-8758758806191'] for port (0fac8968-34c4-4ff4-a842-b68c009b5431), after_create {{(pid=102964) _notify_loop /usr/local/lib/python3.8/dist-packages/neutron_lib/callbacks/manager.py:176}}
Mar 09 05:57:25.308420 dv-cinder-832750-1-iscsi neutron-server[102963]: DEBUG neutron_lib.callbacks.manager [None req-447047a3-fa94-485c-ab58-de9ff5f8d518 admin admin] Publish callbacks [] for security_group (ab76d02c-cb1a-4614-9314-11360005a906), precommit_create {{(pid=102963) _notify_loop /usr/local/lib/python3.8/dist-packages/neutron_lib/callbacks/manager.py:176}}
Mar 09 05:57:25.321098 dv-cinder-832750-1-iscsi neutron-server[102963]: DEBUG neutron.scheduler.dhcp_agent_scheduler [None req-74c12db2-4942-4b19-827c-d43bc28f8cd7 admin admin] Network 59780c08-0134-4a1a-bd41-0ec171d57777 is already hosted by enough agents. {{(pid=102963) _get_dhcp_agents_hosting_network /opt/stack/neutron/neutron/scheduler/dhcp_agent_scheduler.py:275}}
Mar 09 05:57:25.325057 dv-cinder-832750-1-iscsi neutron-server[102963]: DEBUG neutron.scheduler.base_scheduler [None req-74c12db2-4942-4b19-827c-d43bc28f8cd7 admin admin] Resources bound (agent type, host, resource id): {{(pid=102963) schedule /opt/stack/neutron/neutron/scheduler/base_scheduler.py:57}}
Mar 09 05:57:25.328256 dv-cinder-832750-1-iscsi neutron-server[102963]: DEBUG neutron_lib.callbacks.manager [None req-447047a3-fa94-485c-ab58-de9ff5f8d518 admin admin] Publish callbacks ['neutron.plugins.ml2.ovo_rpc._ObjectChangeHandler.handle_event-1036276'] for security_group (ab76d02c-cb1a-4614-9314-11360005a906), after_create {{(pid=102963) _notify_loop /usr/local/lib/python3.8/dist-packages/neutron_lib/callbacks/manager.py:176}}
Mar 09 05:57:25.404078 dv-cinder-832750-1-iscsi neutron-server[102965]: DEBUG neutron_lib.callbacks.manager [None req-f09ba517-e91d-49a0-9963-e20b39007083 None None] Publish callbacks [] for port (f0ff39af-8c5b-4c1e-aa08-3deba6204a17), precommit_update {{(pid=102965) _notify_loop /usr/local/lib/python3.8/dist-packages/neutron_lib/callbacks/manager.py:176}}
Mar 09 05:57:25.480998 dv-cinder-832750-1-iscsi neutron-server[102964]: DEBUG neutron.api.rpc.handlers.resources_rpc [None req-aa0392a8-8183-43ff-bac0-c4290f823a1c tempest-AttachVolumeTestJSON-1296826858 tempest-AttachVolumeTestJSON-1296826858-project] Pushing event updated for resources: {'Port': ['ID=0fac8968-34c4-4ff4-a842-b68c009b5431,revision_number=1']} {{(pid=102964) push /opt/stack/neutron/neutron/api/rpc/handlers/resources_rpc.py:237}}
Mar 09 05:57:25.488268 dv-cinder-832750-1-iscsi neutron-server[102964]: INFO neutron.wsgi [req-cbd9e5a5-854e-4cf5-8cd5-ade75e467635 req-25288ce6-6782-4036-ab16-f189aad09864 tempest-DeleteServersTestJSON-428937312 tempest-DeleteServersTestJSON-428937312-project] 10.222.0.13 "GET /v2.0/security-groups?id=38ed56cf-48de-4723-a428-c674f9ab4b59&fields=id&fields=name HTTP/1.1" status: 200 len: 286 time: 0.2477715
Mar 09 05:57:25.575763 dv-cinder-832750-1-iscsi neutron-server[102963]: INFO neutron.wsgi [None req-447047a3-fa94-485c-ab58-de9ff5f8d518 admin admin] 10.222.0.13 "GET /v2.0/security-groups?tenant_id=d9cec3efa0ce4485bff146670255d038&name=default HTTP/1.1" status: 200 len: 2996 time: 1.4759204
Mar 09 05:57:25.579866 dv-cinder-832750-1-iscsi neutron-server[102963]: DEBUG neutron.api.rpc.handlers.resources_rpc [None req-447047a3-fa94-485c-ab58-de9ff5f8d518 admin admin] Pushing event updated for resources: {'SecurityGroup': ['ID=ab76d02c-cb1a-4614-9314-11360005a906,revision_number=1']} {{(pid=102963) push /opt/stack/neutron/neutron/api/rpc/handlers/resources_rpc.py:237}}
Mar 09 05:57:25.589407 dv-cinder-832750-1-iscsi neutron-server[102963]: DEBUG neutron.wsgi [-] (102963) accepted ('10.222.0.13', 35354) {{(pid=102963) server /usr/local/lib/python3.8/dist-packages/eventlet/wsgi.py:1004}}
Mar 09 05:57:25.624739 dv-cinder-832750-1-iscsi neutron-server[102964]: DEBUG neutron_lib.callbacks.manager [None req-30b9d976-1651-4d4c-843e-58d29d72b462 tempest-AttachVolumeShelveTestJSON-663497413 tempest-AttachVolumeShelveTestJSON-663497413-project] Publish callbacks [] for security_group (f7c6d1fa-15f5-45d0-aecc-ad0c6bfd1991), precommit_create {{(pid=102964) _notify_loop /usr/local/lib/python3.8/dist-packages/neutron_lib/callbacks/manager.py:176}}
Mar 09 05:57:25.647481 dv-cinder-832750-1-iscsi neutron-server[102964]: DEBUG neutron_lib.callbacks.manager [None req-30b9d976-1651-4d4c-843e-58d29d72b462 tempest-AttachVolumeShelveTestJSON-663497413 tempest-AttachVolumeShelveTestJSON-663497413-project] Publish callbacks ['neutron.plugins.ml2.ovo_rpc._ObjectChangeHandler.handle_event-1036276'] for security_group (f7c6d1fa-15f5-45d0-aecc-ad0c6bfd1991), after_create {{(pid=102964) _notify_loop /usr/local/lib/python3.8/dist-packages/neutron_lib/callbacks/manager.py:176}}
Mar 09 05:57:25.660110 dv-cinder-832750-1-iscsi neutron-server[102963]: DEBUG neutron.scheduler.l3_agent_scheduler [None req-6524dcb1-87e0-43d3-99f9-52f0c14f32c4 admin admin] Router 4b028c5d-426c-4f9f-86e2-ea8bd8501b89 has already been hosted by L3 agent c61ad671-73d6-4d5f-8e4d-62a9883df95c {{(pid=102963) _get_candidates /opt/stack/neutron/neutron/scheduler/l3_agent_scheduler.py:126}}
Mar 09 05:57:25.706626 dv-cinder-832750-1-iscsi neutron-server[102963]: DEBUG neutron_lib.callbacks.manager [None req-c89f7ffa-36f7-4c01-9f96-616df7e16013 admin admin] Publish callbacks [] for security_group (ab76d02c-cb1a-4614-9314-11360005a906), before_delete {{(pid=102963) _notify_loop /usr/local/lib/python3.8/dist-packages/neutron_lib/callbacks/manager.py:176}}
Mar 09 05:57:25.725539 dv-cinder-832750-1-iscsi neutron-server[102964]: DEBUG neutron.api.rpc.handlers.resources_rpc [None req-30b9d976-1651-4d4c-843e-58d29d72b462 tempest-AttachVolumeShelveTestJSON-663497413 tempest-AttachVolumeShelveTestJSON-663497413-project] Pushing event updated for resources: {'SecurityGroup': ['ID=f7c6d1fa-15f5-45d0-aecc-ad0c6bfd1991,revision_number=1']} {{(pid=102964) push /opt/stack/neutron/neutron/api/rpc/handlers/resources_rpc.py:237}}
Mar 09 05:57:25.732239 dv-cinder-832750-1-iscsi neutron-server[102964]: DEBUG neutron_lib.callbacks.manager [None req-30b9d976-1651-4d4c-843e-58d29d72b462 tempest-AttachVolumeShelveTestJSON-663497413 tempest-AttachVolumeShelveTestJSON-663497413-project] Publish callbacks [] for security_group (None), before_response {{(pid=102964) _notify_loop /usr/local/lib/python3.8/dist-packages/neutron_lib/callbacks/manager.py:176}}
Mar 09 05:57:25.733416 dv-cinder-832750-1-iscsi neutron-server[102964]: INFO neutron.wsgi [None req-30b9d976-1651-4d4c-843e-58d29d72b462 tempest-AttachVolumeShelveTestJSON-663497413 tempest-AttachVolumeShelveTestJSON-663497413-project] 10.222.0.13 "POST /v2.0/security-groups HTTP/1.1" status: 201 len: 1797 time: 0.6364300
Mar 09 05:57:25.735775 dv-cinder-832750-1-iscsi neutron-server[102964]: INFO neutron.wsgi [req-751c1885-82ea-4a3a-bd0d-e9d278c2394a req-97ac58b5-c7de-4ea1-91f1-bc06531937de service neutron] 10.222.0.55 "GET /v2.0/networks/bba1efcf-b199-426a-bff7-ead4b0ae1cda?fields=provider%3Aphysical_network&fields=provider%3Anetwork_type HTTP/1.1" status: 200 len: 281 time: 0.7490258
Mar 09 05:57:25.739955 dv-cinder-832750-1-iscsi neutron-server[102964]: DEBUG neutron.scheduler.dhcp_agent_scheduler [None req-aa0392a8-8183-43ff-bac0-c4290f823a1c tempest-AttachVolumeTestJSON-1296826858 tempest-AttachVolumeTestJSON-1296826858-project] Network 47b07b74-dff8-4b3d-bcc8-90097097e787 is already hosted by enough agents. {{(pid=102964) _get_dhcp_agents_hosting_network /opt/stack/neutron/neutron/scheduler/dhcp_agent_scheduler.py:275}}
Mar 09 05:57:25.745159 dv-cinder-832750-1-iscsi neutron-server[102964]: DEBUG neutron.wsgi [-] (102964) accepted ('10.222.0.13', 35358) {{(pid=102964) server /usr/local/lib/python3.8/dist-packages/eventlet/wsgi.py:1004}}
Mar 09 05:57:25.761283 dv-cinder-832750-1-iscsi neutron-server[102964]: DEBUG neutron.api.v2.base [None req-f35027ea-c6bf-4210-a0a7-17a19cd5b1a5 tempest-AttachVolumeShelveTestJSON-663497413 tempest-AttachVolumeShelveTestJSON-663497413-project] Request body: {'security_group_rule': {'security_group_id': 'f7c6d1fa-15f5-45d0-aecc-ad0c6bfd1991', 'protocol': 'tcp', 'ethertype': 'IPv4', 'port_range_min': 22, 'port_range_max': 22, 'direction': 'ingress'}} {{(pid=102964) prepare_request_body /opt/stack/neutron/neutron/api/v2/base.py:729}}
Mar 09 05:57:25.773580 dv-cinder-832750-1-iscsi neutron-server[102965]: DEBUG neutron_lib.callbacks.manager [None req-f09ba517-e91d-49a0-9963-e20b39007083 None None] Publish callbacks ['neutron.plugins.ml2.plugin.SecurityGroupServerNotifierRpcMixin._notify_sg_on_port_change-8209808', 'neutron.plugins.ml2.ovo_rpc._ObjectChangeHandler.handle_event-91933', 'neutron.api.rpc.agentnotifiers.dhcp_rpc_agent_api.DhcpAgentNotifyAPI._native_event_send_dhcp_notification-551206', 'neutron.db.l3_db.L3RpcNotifierMixin._notify_gateway_port_ip_changed-8758759378616', 'neutron.db.l3_dvrscheduler_db._notify_l3_agent_port_update-8758758806209', 'neutron.db.l3_hascheduler_db._notify_l3_agent_ha_port_update-8758758806227'] for port (f0ff39af-8c5b-4c1e-aa08-3deba6204a17), after_update {{(pid=102965) _notify_loop /usr/local/lib/python3.8/dist-packages/neutron_lib/callbacks/manager.py:176}}
Mar 09 05:57:25.809598 dv-cinder-832750-1-iscsi neutron-server[102964]: DEBUG neutron.scheduler.base_scheduler [None req-aa0392a8-8183-43ff-bac0-c4290f823a1c tempest-AttachVolumeTestJSON-1296826858 tempest-AttachVolumeTestJSON-1296826858-project] Resources bound (agent type, host, resource id): {{(pid=102964) schedule /opt/stack/neutron/neutron/scheduler/base_scheduler.py:57}}
Mar 09 05:57:25.828884 dv-cinder-832750-1-iscsi neutron-server[102964]: DEBUG neutron.db.l3_dvrscheduler_db [None req-aa0392a8-8183-43ff-bac0-c4290f823a1c tempest-AttachVolumeTestJSON-1296826858 tempest-AttachVolumeTestJSON-1296826858-project] Received port after_create {{(pid=102964) _notify_l3_agent_new_port /opt/stack/neutron/neutron/db/l3_dvrscheduler_db.py:536}}
Mar 09 05:57:25.863800 dv-cinder-832750-1-iscsi neutron-server[102964]: DEBUG neutron_lib.callbacks.manager [None req-f35027ea-c6bf-4210-a0a7-17a19cd5b1a5 tempest-AttachVolumeShelveTestJSON-663497413 tempest-AttachVolumeShelveTestJSON-663497413-project] Publish callbacks [] for security_group_rule (b04f1f5e-ce31-47cc-87b6-edae47d7aa2e), before_create {{(pid=102964) _notify_loop /usr/local/lib/python3.8/dist-packages/neutron_lib/callbacks/manager.py:176}}
Mar 09 05:57:25.901383 dv-cinder-832750-1-iscsi neutron-server[102963]: DEBUG neutron.api.rpc.agentnotifiers.l3_rpc_agent_api [None req-6524dcb1-87e0-43d3-99f9-52f0c14f32c4 admin admin] Notify agent at l3_agent.dv-cinder-832750-1-iscsi the message routers_updated {{(pid=102963) _agent_notification /opt/stack/neutron/neutron/api/rpc/agentnotifiers/l3_rpc_agent_api.py:65}}
Mar 09 05:57:25.908464 dv-cinder-832750-1-iscsi neutron-server[102965]: DEBUG neutron.api.rpc.handlers.resources_rpc [None req-8ac5fab7-117b-4fa3-b0ac-ef0c3071d772 None None] Pushing event updated for resources: {'Port': ['ID=f0ff39af-8c5b-4c1e-aa08-3deba6204a17,revision_number=3']} {{(pid=102965) push /opt/stack/neutron/neutron/api/rpc/handlers/resources_rpc.py:237}}
Mar 09 05:57:25.909838 dv-cinder-832750-1-iscsi neutron-server[102966]: DEBUG neutron.api.rpc.handlers.l3_rpc [None req-10c76c83-872c-4f3e-9139-057a1dabaf59 None None] Sync routers for ids ['4b028c5d-426c-4f9f-86e2-ea8bd8501b89'] in dv-cinder-832750-1-iscsi {{(pid=102966) sync_routers /opt/stack/neutron/neutron/api/rpc/handlers/l3_rpc.py:125}}
Mar 09 05:57:25.927121 dv-cinder-832750-1-iscsi neutron-server[102963]: INFO neutron.wsgi [None req-6524dcb1-87e0-43d3-99f9-52f0c14f32c4 admin admin] 10.222.0.13 "PUT /v2.0/routers/4b028c5d-426c-4f9f-86e2-ea8bd8501b89/add_router_interface HTTP/1.1" status: 200 len: 503 time: 13.8653095
Mar 09 05:57:25.927363 dv-cinder-832750-1-iscsi neutron-server[102966]: DEBUG neutron.db.l3_dvrscheduler_db [None req-10c76c83-872c-4f3e-9139-057a1dabaf59 None None] Routers {'4b028c5d-426c-4f9f-86e2-ea8bd8501b89'} bound to L3 agent in host dv-cinder-832750-1-iscsi {{(pid=102966) _get_router_ids_for_agent /opt/stack/neutron/neutron/db/l3_dvrscheduler_db.py:421}}
Mar 09 05:57:25.928339 dv-cinder-832750-1-iscsi neutron-server[102966]: DEBUG neutron.db.l3_hamode_db [None req-10c76c83-872c-4f3e-9139-057a1dabaf59 None None] neutron.services.l3_router.l3_router_plugin.L3RouterPlugin method get_ha_sync_data_for_host called with arguments (, 'dv-cinder-832750-1-iscsi', Agent(admin_state_up=True,agent_type='L3 agent',availability_zone='nova',binary='neutron-l3-agent',configurations={"agent_mode": "legacy", "ex_gw_ports": 1, "extensions": [], "floating_ips": 0, "handle_internal_only_routers": true, "interface_driver": "openvswitch", "interfaces": 1, "log_agent_heartbeats": false, "routers": 1},created_at=2022-03-09T05:49:00Z,description=,heartbeat_timestamp=2022-03-09T05:57:00Z,host='dv-cinder-832750-1-iscsi',id=c61ad671-73d6-4d5f-8e4d-62a9883df95c,load=0,resource_versions=,resources_synced=,started_at=2022-03-09T05:49:00Z,topic='l3_agent')) {'router_ids': ['4b028c5d-426c-4f9f-86e2-ea8bd8501b89'], 'active': True} {{(pid=102966) wrapper /usr/local/lib/python3.8/dist-packages/oslo_log/helpers.py:65}}
Mar 09 05:57:25.931643 dv-cinder-832750-1-iscsi neutron-server[102963]: DEBUG neutron_lib.callbacks.manager [None req-c89f7ffa-36f7-4c01-9f96-616df7e16013 admin admin] Publish callbacks [] for security_group (ab76d02c-cb1a-4614-9314-11360005a906), precommit_delete {{(pid=102963) _notify_loop /usr/local/lib/python3.8/dist-packages/neutron_lib/callbacks/manager.py:176}}
Mar 09 05:57:26.069038 dv-cinder-832750-1-iscsi neutron-server[102963]: DEBUG neutron.scheduler.l3_agent_scheduler [None req-74c12db2-4942-4b19-827c-d43bc28f8cd7 admin admin] Router 58389e04-38b9-4430-9f07-09e5a71dd2d1 has already been hosted by L3 agent c61ad671-73d6-4d5f-8e4d-62a9883df95c {{(pid=102963) _get_candidates /opt/stack/neutron/neutron/scheduler/l3_agent_scheduler.py:126}}
Mar 09 05:57:26.076484 dv-cinder-832750-1-iscsi neutron-server[102963]: DEBUG neutron_lib.callbacks.manager [None req-c89f7ffa-36f7-4c01-9f96-616df7e16013 admin admin] Publish callbacks ['neutron.plugins.ml2.ovo_rpc._ObjectChangeHandler.handle_event-1036276'] for security_group (ab76d02c-cb1a-4614-9314-11360005a906), after_delete {{(pid=102963) _notify_loop /usr/local/lib/python3.8/dist-packages/neutron_lib/callbacks/manager.py:176}}
Mar 09 05:57:26.079015 dv-cinder-832750-1-iscsi neutron-server[102963]: DEBUG neutron_lib.callbacks.manager [None req-c89f7ffa-36f7-4c01-9f96-616df7e16013 admin admin] Publish callbacks [] for security_group (None), before_response {{(pid=102963) _notify_loop /usr/local/lib/python3.8/dist-packages/neutron_lib/callbacks/manager.py:176}}
Mar 09 05:57:26.080384 dv-cinder-832750-1-iscsi neutron-server[102963]: INFO neutron.wsgi [None req-c89f7ffa-36f7-4c01-9f96-616df7e16013 admin admin] 10.222.0.13 "DELETE /v2.0/security-groups/ab76d02c-cb1a-4614-9314-11360005a906 HTTP/1.1" status: 204 len: 168 time: 0.4884882
Mar 09 05:57:26.144017 dv-cinder-832750-1-iscsi neutron-server[102964]: DEBUG neutron_lib.callbacks.manager [None req-c94ff622-bffc-4949-b89b-77cc518a3f9d admin admin] Publish callbacks [] for security_group (d4bcbd57-4a79-4705-9c00-0e3f0fe281f1), precommit_create {{(pid=102964) _notify_loop /usr/local/lib/python3.8/dist-packages/neutron_lib/callbacks/manager.py:176}}
Mar 09 05:57:26.195856 dv-cinder-832750-1-iscsi neutron-server[102965]: DEBUG neutron.plugins.ml2.plugin [None req-a96137f7-1375-4c3a-bd15-d68169d75dcc None None] Current status of the port e4f6314c-7b6a-4e59-9bae-69f58865277d is: ACTIVE; New status is: ACTIVE {{(pid=102965) _update_individual_port_db_status /opt/stack/neutron/neutron/plugins/ml2/plugin.py:2232}}
Mar 09 05:57:26.210772 dv-cinder-832750-1-iscsi neutron-server[102965]: DEBUG neutron.db.provisioning_blocks [None req-485b90f4-9843-4134-8642-3c584e226bb0 None None] Provisioning complete for port a22e4c1f-622b-4f20-bc4f-266404dfaa5f triggered by entity DHCP. {{(pid=102965) provisioning_complete /opt/stack/neutron/neutron/db/provisioning_blocks.py:140}}
Mar 09 05:57:26.211176 dv-cinder-832750-1-iscsi neutron-server[102965]: DEBUG neutron_lib.callbacks.manager [None req-485b90f4-9843-4134-8642-3c584e226bb0 None None] Publish callbacks ['neutron.plugins.ml2.plugin.Ml2Plugin._port_provisioned-8196328'] for port (a22e4c1f-622b-4f20-bc4f-266404dfaa5f), provisioning_complete {{(pid=102965) _notify_loop /usr/local/lib/python3.8/dist-packages/neutron_lib/callbacks/manager.py:176}}
Mar 09 05:57:26.281102 dv-cinder-832750-1-iscsi neutron-server[102964]: DEBUG neutron_lib.callbacks.manager [None req-c94ff622-bffc-4949-b89b-77cc518a3f9d admin admin] Publish callbacks ['neutron.plugins.ml2.ovo_rpc._ObjectChangeHandler.handle_event-1036276'] for security_group (d4bcbd57-4a79-4705-9c00-0e3f0fe281f1), after_create {{(pid=102964) _notify_loop /usr/local/lib/python3.8/dist-packages/neutron_lib/callbacks/manager.py:176}}
Mar 09 05:57:26.284004 dv-cinder-832750-1-iscsi neutron-server[102966]: DEBUG neutron.db.l3_dvr_db [None req-10c76c83-872c-4f3e-9139-057a1dabaf59 None None] Set router 4b028c5d-426c-4f9f-86e2-ea8bd8501b89 gateway port host: dv-cinder-832750-1-iscsi {{(pid=102966) _build_routers_list /opt/stack/neutron/neutron/db/l3_dvr_db.py:906}}
Mar 09 05:57:26.321769 dv-cinder-832750-1-iscsi neutron-server[102965]: DEBUG neutron.plugins.ml2.managers [None req-f09ba517-e91d-49a0-9963-e20b39007083 None None] Attempting to bind port f0ff39af-8c5b-4c1e-aa08-3deba6204a17 on host dv-cinder-832750-1-iscsi for vnic_type normal with profile {{(pid=102965) bind_port /opt/stack/neutron/neutron/plugins/ml2/managers.py:795}}
Mar 09 05:57:26.322150 dv-cinder-832750-1-iscsi neutron-server[102965]: DEBUG neutron.plugins.ml2.managers [None req-f09ba517-e91d-49a0-9963-e20b39007083 None None] Attempting to bind port f0ff39af-8c5b-4c1e-aa08-3deba6204a17 by drivers openvswitch,hyperv on host dv-cinder-832750-1-iscsi at level 0 using segments [{'id': 'ed977282-866f-4a73-a795-17a4fd5854da', 'network_type': 'vlan', 'physical_network': 'physnet1', 'segmentation_id': 428, 'network_id': 'e7916af6-242a-4be3-bfbd-df5f00fc9178'}] {{(pid=102965) _bind_port_level /opt/stack/neutron/neutron/plugins/ml2/managers.py:820}}
Mar 09 05:57:26.322514 dv-cinder-832750-1-iscsi neutron-server[102965]: DEBUG neutron.plugins.ml2.drivers.mech_agent [None req-f09ba517-e91d-49a0-9963-e20b39007083 None None] Attempting to bind port f0ff39af-8c5b-4c1e-aa08-3deba6204a17 on network e7916af6-242a-4be3-bfbd-df5f00fc9178 {{(pid=102965) bind_port /opt/stack/neutron/neutron/plugins/ml2/drivers/mech_agent.py:91}}
