Mar 09 14:19:40.231382 dv-cinder-832709-1-smb devstack@c-api.service[109955]: DEBUG cinder.api.openstack.wsgi [None req-0cd22abd-58d4-4e5f-b04a-f718b68a2ec6 tempest-VolumesListAdminTestJSON-527045716 tempest-VolumesListAdminTestJSON-527045716-project] Calling method 'show' {{(pid=109955) _process_stack /opt/stack/cinder/cinder/api/openstack/wsgi.py:868}}
Mar 09 14:19:40.246067 dv-cinder-832709-1-smb devstack@c-api.service[109955]: /usr/local/lib/python3.8/dist-packages/oslo_context/context.py:100: DeprecationWarning: Policy enforcement is depending on the value of is_admin. This key is deprecated. Please update your policy file to use the standard policy values.
Mar 09 14:19:40.246067 dv-cinder-832709-1-smb devstack@c-api.service[109955]: warnings.warn('Policy enforcement is depending on the value of '
Mar 09 14:19:40.256559 dv-cinder-832709-1-smb devstack@c-api.service[109955]: INFO cinder.volume.api [None req-0cd22abd-58d4-4e5f-b04a-f718b68a2ec6 tempest-VolumesListAdminTestJSON-527045716 tempest-VolumesListAdminTestJSON-527045716-project] Volume info retrieved successfully.
Mar 09 14:19:40.269796 dv-cinder-832709-1-smb devstack@c-api.service[109955]: INFO cinder.api.openstack.wsgi [None req-0cd22abd-58d4-4e5f-b04a-f718b68a2ec6 tempest-VolumesListAdminTestJSON-527045716 tempest-VolumesListAdminTestJSON-527045716-project] http://10.222.0.31/volume/v3/cc85a859ee1f42d29d38db6b05020183/volumes/bfba7542-1ca9-4781-a2fe-0d3c27962eca returned with HTTP 200
Mar 09 14:19:40.271129 dv-cinder-832709-1-smb devstack@c-api.service[109955]: [pid: 109955|app: 0|req: 209/403] 10.222.0.31 () {58 vars in 1324 bytes} [Wed Mar 9 14:19:40 2022] GET /volume/v3/cc85a859ee1f42d29d38db6b05020183/volumes/bfba7542-1ca9-4781-a2fe-0d3c27962eca => generated 891 bytes in 49 msecs (HTTP/1.1 200) 7 headers in 285 bytes (1 switches on core 0)
Mar 09 14:19:40.651520 dv-cinder-832709-1-smb devstack@c-api.service[109956]: DEBUG cinder.api.middleware.request_id [None req-c42c7c40-a77b-4e80-99cf-ec2858a966e7 None None] RequestId filter calling following filter/app {{(pid=109956) _context_setter /opt/stack/cinder/cinder/api/middleware/request_id.py:62}}
Mar 09 14:19:40.655748 dv-cinder-832709-1-smb devstack@c-api.service[109956]: INFO cinder.api.openstack.wsgi [None req-c42c7c40-a77b-4e80-99cf-ec2858a966e7 tempest-VolumesImageMetadata-291801085 tempest-VolumesImageMetadata-291801085-project] GET http://10.222.0.31/volume/v3/808dc555c29d4c3aaa4a1715a5361c59/volumes/2cf4f2d3-6b0d-49f6-b504-8dde62097aaa
Mar 09 14:19:40.656237 dv-cinder-832709-1-smb devstack@c-api.service[109956]: DEBUG cinder.api.openstack.wsgi [None req-c42c7c40-a77b-4e80-99cf-ec2858a966e7 tempest-VolumesImageMetadata-291801085 tempest-VolumesImageMetadata-291801085-project] Empty body provided in request {{(pid=109956) get_body /opt/stack/cinder/cinder/api/openstack/wsgi.py:715}}
Mar 09 14:19:40.656875 dv-cinder-832709-1-smb devstack@c-api.service[109956]: DEBUG cinder.api.openstack.wsgi [None req-c42c7c40-a77b-4e80-99cf-ec2858a966e7 tempest-VolumesImageMetadata-291801085 tempest-VolumesImageMetadata-291801085-project] Calling method 'show' {{(pid=109956) _process_stack /opt/stack/cinder/cinder/api/openstack/wsgi.py:868}}
Mar 09 14:19:40.670296 dv-cinder-832709-1-smb devstack@c-api.service[109956]: /usr/local/lib/python3.8/dist-packages/oslo_context/context.py:100: DeprecationWarning: Policy enforcement is depending on the value of is_admin. This key is deprecated. Please update your policy file to use the standard policy values.
Mar 09 14:19:40.670296 dv-cinder-832709-1-smb devstack@c-api.service[109956]: warnings.warn('Policy enforcement is depending on the value of '
Mar 09 14:19:40.677934 dv-cinder-832709-1-smb devstack@c-api.service[109956]: INFO cinder.volume.api [None req-c42c7c40-a77b-4e80-99cf-ec2858a966e7 tempest-VolumesImageMetadata-291801085 tempest-VolumesImageMetadata-291801085-project] Volume info retrieved successfully.
Mar 09 14:19:40.686575 dv-cinder-832709-1-smb devstack@c-api.service[109956]: INFO cinder.api.openstack.wsgi [None req-c42c7c40-a77b-4e80-99cf-ec2858a966e7 tempest-VolumesImageMetadata-291801085 tempest-VolumesImageMetadata-291801085-project] http://10.222.0.31/volume/v3/808dc555c29d4c3aaa4a1715a5361c59/volumes/2cf4f2d3-6b0d-49f6-b504-8dde62097aaa returned with HTTP 200
Mar 09 14:19:40.687302 dv-cinder-832709-1-smb devstack@c-api.service[109956]: [pid: 109956|app: 0|req: 195/404] 10.222.0.31 () {58 vars in 1324 bytes} [Wed Mar 9 14:19:40 2022] GET /volume/v3/808dc555c29d4c3aaa4a1715a5361c59/volumes/2cf4f2d3-6b0d-49f6-b504-8dde62097aaa => generated 912 bytes in 37 msecs (HTTP/1.1 200) 7 headers in 285 bytes (1 switches on core 0)
Mar 09 14:19:41.082753 dv-cinder-832709-1-smb devstack@c-api.service[109955]: DEBUG cinder.api.middleware.request_id [None req-24efe402-fd92-4af3-8968-c4ab0bef8c2a None None] RequestId filter calling following filter/app {{(pid=109955) _context_setter /opt/stack/cinder/cinder/api/middleware/request_id.py:62}}
Mar 09 14:19:41.086531 dv-cinder-832709-1-smb devstack@c-api.service[109955]: INFO cinder.api.openstack.wsgi [None req-24efe402-fd92-4af3-8968-c4ab0bef8c2a tempest-DeleteServersTestJSON-1261578997 tempest-DeleteServersTestJSON-1261578997-project] GET http://10.222.0.31/volume/v3/6b2a3be056db4aa7860196bf994227d6/volumes/2307d176-9d38-414a-b7bd-19fc0b9a188f
Mar 09 14:19:41.086976 dv-cinder-832709-1-smb devstack@c-api.service[109955]: DEBUG cinder.api.openstack.wsgi [None req-24efe402-fd92-4af3-8968-c4ab0bef8c2a tempest-DeleteServersTestJSON-1261578997 tempest-DeleteServersTestJSON-1261578997-project] Empty body provided in request {{(pid=109955) get_body /opt/stack/cinder/cinder/api/openstack/wsgi.py:715}}
Mar 09 14:19:41.087648 dv-cinder-832709-1-smb devstack@c-api.service[109955]: DEBUG cinder.api.openstack.wsgi [None req-24efe402-fd92-4af3-8968-c4ab0bef8c2a tempest-DeleteServersTestJSON-1261578997 tempest-DeleteServersTestJSON-1261578997-project] Calling method 'show' {{(pid=109955) _process_stack /opt/stack/cinder/cinder/api/openstack/wsgi.py:868}}
Mar 09 14:19:41.100188 dv-cinder-832709-1-smb devstack@c-api.service[109955]: INFO cinder.api.openstack.wsgi [None req-24efe402-fd92-4af3-8968-c4ab0bef8c2a tempest-DeleteServersTestJSON-1261578997 tempest-DeleteServersTestJSON-1261578997-project] http://10.222.0.31/volume/v3/6b2a3be056db4aa7860196bf994227d6/volumes/2307d176-9d38-414a-b7bd-19fc0b9a188f returned with HTTP 404
Mar 09 14:19:41.101246 dv-cinder-832709-1-smb devstack@c-api.service[109955]: [pid: 109955|app: 0|req: 210/405] 10.222.0.31 () {58 vars in 1324 bytes} [Wed Mar 9 14:19:41 2022] GET /volume/v3/6b2a3be056db4aa7860196bf994227d6/volumes/2307d176-9d38-414a-b7bd-19fc0b9a188f => generated 109 bytes in 20 msecs (HTTP/1.1 404) 7 headers in 292 bytes (1 switches on core 0)
Mar 09 14:19:41.123019 dv-cinder-832709-1-smb devstack@c-api.service[109956]: DEBUG cinder.api.middleware.request_id [None req-ac1766e9-f022-45a2-9bf7-112cf60adb56 None None] RequestId filter calling following filter/app {{(pid=109956) _context_setter /opt/stack/cinder/cinder/api/middleware/request_id.py:62}}
Mar 09 14:19:41.127563 dv-cinder-832709-1-smb devstack@c-api.service[109956]: INFO cinder.api.openstack.wsgi [None req-ac1766e9-f022-45a2-9bf7-112cf60adb56 tempest-VolumeSnapshotQuotasNegativeTestJSON-1056273246 tempest-VolumeSnapshotQuotasNegativeTestJSON-1056273246-project] GET http://10.222.0.31/volume/v3/37dc438b31f84b53beaee2fc1444d5f2/snapshots/03b89e35-a053-4801-8bb5-25e8590e8318
Mar 09 14:19:41.127988 dv-cinder-832709-1-smb devstack@c-api.service[109956]: DEBUG cinder.api.openstack.wsgi [None req-ac1766e9-f022-45a2-9bf7-112cf60adb56 tempest-VolumeSnapshotQuotasNegativeTestJSON-1056273246 tempest-VolumeSnapshotQuotasNegativeTestJSON-1056273246-project] Empty body provided in request {{(pid=109956) get_body /opt/stack/cinder/cinder/api/openstack/wsgi.py:715}}
Mar 09 14:19:41.128447 dv-cinder-832709-1-smb devstack@c-api.service[109956]: DEBUG cinder.api.openstack.wsgi [None req-ac1766e9-f022-45a2-9bf7-112cf60adb56 tempest-VolumeSnapshotQuotasNegativeTestJSON-1056273246 tempest-VolumeSnapshotQuotasNegativeTestJSON-1056273246-project] Calling method 'show' {{(pid=109956) _process_stack /opt/stack/cinder/cinder/api/openstack/wsgi.py:868}}
Mar 09 14:19:41.146489 dv-cinder-832709-1-smb devstack@c-api.service[109956]: /usr/local/lib/python3.8/dist-packages/oslo_context/context.py:100: DeprecationWarning: Policy enforcement is depending on the value of is_admin. This key is deprecated. Please update your policy file to use the standard policy values.
Mar 09 14:19:41.146489 dv-cinder-832709-1-smb devstack@c-api.service[109956]: warnings.warn('Policy enforcement is depending on the value of '
Mar 09 14:19:41.147601 dv-cinder-832709-1-smb devstack@c-api.service[109956]: INFO cinder.volume.api [None req-ac1766e9-f022-45a2-9bf7-112cf60adb56 tempest-VolumeSnapshotQuotasNegativeTestJSON-1056273246 tempest-VolumeSnapshotQuotasNegativeTestJSON-1056273246-project] Snapshot retrieved successfully.
Mar 09 14:19:41.149410 dv-cinder-832709-1-smb devstack@c-api.service[109956]: INFO cinder.api.openstack.wsgi [None req-ac1766e9-f022-45a2-9bf7-112cf60adb56 tempest-VolumeSnapshotQuotasNegativeTestJSON-1056273246 tempest-VolumeSnapshotQuotasNegativeTestJSON-1056273246-project] http://10.222.0.31/volume/v3/37dc438b31f84b53beaee2fc1444d5f2/snapshots/03b89e35-a053-4801-8bb5-25e8590e8318 returned with HTTP 200
Mar 09 14:19:41.150363 dv-cinder-832709-1-smb devstack@c-api.service[109956]: [pid: 109956|app: 0|req: 196/406] 10.222.0.31 () {58 vars in 1330 bytes} [Wed Mar 9 14:19:41 2022] GET /volume/v3/37dc438b31f84b53beaee2fc1444d5f2/snapshots/03b89e35-a053-4801-8bb5-25e8590e8318 => generated 548 bytes in 28 msecs (HTTP/1.1 200) 7 headers in 285 bytes (1 switches on core 0)
Mar 09 14:19:41.159099 dv-cinder-832709-1-smb devstack@c-api.service[109955]: DEBUG cinder.api.middleware.request_id [None req-06820342-a34b-411c-b255-9cbbc427fab6 None None] RequestId filter calling following filter/app {{(pid=109955) _context_setter /opt/stack/cinder/cinder/api/middleware/request_id.py:62}}
Mar 09 14:19:41.163743 dv-cinder-832709-1-smb devstack@c-api.service[109955]: INFO cinder.api.openstack.wsgi [None req-06820342-a34b-411c-b255-9cbbc427fab6 tempest-VolumeSnapshotQuotasNegativeTestJSON-887396027 tempest-VolumeSnapshotQuotasNegativeTestJSON-887396027-project-admin] PUT http://10.222.0.31/volume/v3/d082191a70104681b9f86077d0dba8f1/os-quota-sets/37dc438b31f84b53beaee2fc1444d5f2
Mar 09 14:19:41.164656 dv-cinder-832709-1-smb devstack@c-api.service[109955]: DEBUG cinder.api.openstack.wsgi [None req-06820342-a34b-411c-b255-9cbbc427fab6 tempest-VolumeSnapshotQuotasNegativeTestJSON-887396027 tempest-VolumeSnapshotQuotasNegativeTestJSON-887396027-project-admin] Action: 'update', calling method: update, body: {"quota_set": {"gigabytes": 2, "volumes": 1, "snapshots": 2}} {{(pid=109955) _process_stack /opt/stack/cinder/cinder/api/openstack/wsgi.py:866}}
Mar 09 14:19:41.284189 dv-cinder-832709-1-smb devstack@c-api.service[109956]: DEBUG cinder.api.middleware.request_id [None req-e6eb8adc-8f92-4e0b-a6b3-9a700db11e17 None None] RequestId filter calling following filter/app {{(pid=109956) _context_setter /opt/stack/cinder/cinder/api/middleware/request_id.py:62}}
Mar 09 14:19:41.289453 dv-cinder-832709-1-smb devstack@c-api.service[109956]: INFO cinder.api.openstack.wsgi [None req-e6eb8adc-8f92-4e0b-a6b3-9a700db11e17 tempest-VolumesListAdminTestJSON-527045716 tempest-VolumesListAdminTestJSON-527045716-project] GET http://10.222.0.31/volume/v3/cc85a859ee1f42d29d38db6b05020183/volumes/bfba7542-1ca9-4781-a2fe-0d3c27962eca
Mar 09 14:19:41.290423 dv-cinder-832709-1-smb devstack@c-api.service[109956]: DEBUG cinder.api.openstack.wsgi [None req-e6eb8adc-8f92-4e0b-a6b3-9a700db11e17 tempest-VolumesListAdminTestJSON-527045716 tempest-VolumesListAdminTestJSON-527045716-project] Empty body provided in request {{(pid=109956) get_body /opt/stack/cinder/cinder/api/openstack/wsgi.py:715}}
Mar 09 14:19:41.291072 dv-cinder-832709-1-smb devstack@c-api.service[109956]: DEBUG cinder.api.openstack.wsgi [None req-e6eb8adc-8f92-4e0b-a6b3-9a700db11e17 tempest-VolumesListAdminTestJSON-527045716 tempest-VolumesListAdminTestJSON-527045716-project] Calling method 'show' {{(pid=109956) _process_stack /opt/stack/cinder/cinder/api/openstack/wsgi.py:868}}
Mar 09 14:19:41.292352 dv-cinder-832709-1-smb devstack@c-api.service[109955]: INFO cinder.api.openstack.wsgi [None req-06820342-a34b-411c-b255-9cbbc427fab6 tempest-VolumeSnapshotQuotasNegativeTestJSON-887396027 tempest-VolumeSnapshotQuotasNegativeTestJSON-887396027-project-admin] http://10.222.0.31/volume/v3/d082191a70104681b9f86077d0dba8f1/os-quota-sets/37dc438b31f84b53beaee2fc1444d5f2 returned with HTTP 200
Mar 09 14:19:41.293450 dv-cinder-832709-1-smb devstack@c-api.service[109955]: [pid: 109955|app: 0|req: 211/407] 10.222.0.31 () {60 vars in 1350 bytes} [Wed Mar 9 14:19:41 2022] PUT /volume/v3/d082191a70104681b9f86077d0dba8f1/os-quota-sets/37dc438b31f84b53beaee2fc1444d5f2 => generated 314 bytes in 135 msecs (HTTP/1.1 200) 7 headers in 285 bytes (2 switches on core 0)
Mar 09 14:19:41.305009 dv-cinder-832709-1-smb devstack@c-api.service[109955]: DEBUG cinder.api.middleware.request_id [None req-03a1bfd7-a80d-4563-b052-59632958dd33 None None] RequestId filter calling following filter/app {{(pid=109955) _context_setter /opt/stack/cinder/cinder/api/middleware/request_id.py:62}}
Mar 09 14:19:41.311323 dv-cinder-832709-1-smb devstack@c-api.service[109955]: INFO cinder.api.openstack.wsgi [None req-03a1bfd7-a80d-4563-b052-59632958dd33 tempest-VolumeSnapshotQuotasNegativeTestJSON-1056273246 tempest-VolumeSnapshotQuotasNegativeTestJSON-1056273246-project] POST http://10.222.0.31/volume/v3/37dc438b31f84b53beaee2fc1444d5f2/snapshots
Mar 09 14:19:41.312396 dv-cinder-832709-1-smb devstack@c-api.service[109956]: /usr/local/lib/python3.8/dist-packages/oslo_context/context.py:100: DeprecationWarning: Policy enforcement is depending on the value of is_admin. This key is deprecated. Please update your policy file to use the standard policy values.
Mar 09 14:19:41.312396 dv-cinder-832709-1-smb devstack@c-api.service[109956]: warnings.warn('Policy enforcement is depending on the value of '
Mar 09 14:19:41.313425 dv-cinder-832709-1-smb devstack@c-api.service[109955]: DEBUG cinder.api.openstack.wsgi [None req-03a1bfd7-a80d-4563-b052-59632958dd33 tempest-VolumeSnapshotQuotasNegativeTestJSON-1056273246 tempest-VolumeSnapshotQuotasNegativeTestJSON-1056273246-project] Action: 'create', calling method: create, body: {"snapshot": {"volume_id": "4849427e-8f24-4c57-828d-0ef3496f824b"}} {{(pid=109955) _process_stack /opt/stack/cinder/cinder/api/openstack/wsgi.py:866}}
Mar 09 14:19:41.325575 dv-cinder-832709-1-smb devstack@c-api.service[109956]: INFO cinder.volume.api [None req-e6eb8adc-8f92-4e0b-a6b3-9a700db11e17 tempest-VolumesListAdminTestJSON-527045716 tempest-VolumesListAdminTestJSON-527045716-project] Volume info retrieved successfully.
Mar 09 14:19:41.335570 dv-cinder-832709-1-smb devstack@c-api.service[109955]: /usr/local/lib/python3.8/dist-packages/oslo_context/context.py:100: DeprecationWarning: Policy enforcement is depending on the value of is_admin. This key is deprecated. Please update your policy file to use the standard policy values.
Mar 09 14:19:41.335570 dv-cinder-832709-1-smb devstack@c-api.service[109955]: warnings.warn('Policy enforcement is depending on the value of '
Mar 09 14:19:41.337216 dv-cinder-832709-1-smb devstack@c-api.service[109955]: INFO cinder.volume.api [None req-03a1bfd7-a80d-4563-b052-59632958dd33 tempest-VolumeSnapshotQuotasNegativeTestJSON-1056273246 tempest-VolumeSnapshotQuotasNegativeTestJSON-1056273246-project] Volume info retrieved successfully.
Mar 09 14:19:41.337673 dv-cinder-832709-1-smb devstack@c-api.service[109955]: INFO cinder.api.v3.snapshots [None req-03a1bfd7-a80d-4563-b052-59632958dd33 tempest-VolumeSnapshotQuotasNegativeTestJSON-1056273246 tempest-VolumeSnapshotQuotasNegativeTestJSON-1056273246-project] Create snapshot from volume 4849427e-8f24-4c57-828d-0ef3496f824b
Mar 09 14:19:41.343951 dv-cinder-832709-1-smb devstack@c-api.service[109956]: INFO cinder.api.openstack.wsgi [None req-e6eb8adc-8f92-4e0b-a6b3-9a700db11e17 tempest-VolumesListAdminTestJSON-527045716 tempest-VolumesListAdminTestJSON-527045716-project] http://10.222.0.31/volume/v3/cc85a859ee1f42d29d38db6b05020183/volumes/bfba7542-1ca9-4781-a2fe-0d3c27962eca returned with HTTP 200
Mar 09 14:19:41.353291 dv-cinder-832709-1-smb devstack@c-api.service[109956]: [pid: 109956|app: 0|req: 197/408] 10.222.0.31 () {58 vars in 1324 bytes} [Wed Mar 9 14:19:41 2022] GET /volume/v3/cc85a859ee1f42d29d38db6b05020183/volumes/bfba7542-1ca9-4781-a2fe-0d3c27962eca => generated 916 bytes in 70 msecs (HTTP/1.1 200) 7 headers in 285 bytes (2 switches on core 0)
Mar 09 14:19:41.355981 dv-cinder-832709-1-smb devstack@c-api.service[109956]: DEBUG cinder.api.middleware.request_id [None req-7de2ba50-1e45-4931-aa17-4e1efa333086 None None] RequestId filter calling following filter/app {{(pid=109956) _context_setter /opt/stack/cinder/cinder/api/middleware/request_id.py:62}}
Mar 09 14:19:41.362175 dv-cinder-832709-1-smb devstack@c-api.service[109956]: INFO cinder.api.openstack.wsgi [None req-7de2ba50-1e45-4931-aa17-4e1efa333086 tempest-VolumesListAdminTestJSON-527045716 tempest-VolumesListAdminTestJSON-527045716-project] GET http://10.222.0.31/volume/v3/cc85a859ee1f42d29d38db6b05020183/volumes/bfba7542-1ca9-4781-a2fe-0d3c27962eca
Mar 09 14:19:41.362707 dv-cinder-832709-1-smb devstack@c-api.service[109956]: DEBUG cinder.api.openstack.wsgi [None req-7de2ba50-1e45-4931-aa17-4e1efa333086 tempest-VolumesListAdminTestJSON-527045716 tempest-VolumesListAdminTestJSON-527045716-project] Empty body provided in request {{(pid=109956) get_body /opt/stack/cinder/cinder/api/openstack/wsgi.py:715}}
Mar 09 14:19:41.363548 dv-cinder-832709-1-smb devstack@c-api.service[109956]: DEBUG cinder.api.openstack.wsgi [None req-7de2ba50-1e45-4931-aa17-4e1efa333086 tempest-VolumesListAdminTestJSON-527045716 tempest-VolumesListAdminTestJSON-527045716-project] Calling method 'show' {{(pid=109956) _process_stack /opt/stack/cinder/cinder/api/openstack/wsgi.py:868}}
Mar 09 14:19:41.374668 dv-cinder-832709-1-smb devstack@c-api.service[109955]: WARNING cinder.quota_utils [None req-03a1bfd7-a80d-4563-b052-59632958dd33 tempest-VolumeSnapshotQuotasNegativeTestJSON-1056273246 tempest-VolumeSnapshotQuotasNegativeTestJSON-1056273246-project] Quota exceeded for 37dc438b31f84b53beaee2fc1444d5f2, tried to create 1G snapshot (2G of 2G already consumed).: cinder.exception.OverQuota: Quota exceeded for resources: ['gigabytes']
Mar 09 14:19:41.375171 dv-cinder-832709-1-smb devstack@c-api.service[109955]: INFO cinder.api.middleware.fault [None req-03a1bfd7-a80d-4563-b052-59632958dd33 tempest-VolumeSnapshotQuotasNegativeTestJSON-1056273246 tempest-VolumeSnapshotQuotasNegativeTestJSON-1056273246-project] http://10.222.0.31/volume/v3/37dc438b31f84b53beaee2fc1444d5f2/snapshots returned with HTTP 413
Mar 09 14:19:41.376708 dv-cinder-832709-1-smb devstack@c-api.service[109955]: [pid: 109955|app: 0|req: 212/409] 10.222.0.31 () {60 vars in 1240 bytes} [Wed Mar 9 14:19:41 2022] POST /volume/v3/37dc438b31f84b53beaee2fc1444d5f2/snapshots => generated 208 bytes in 74 msecs (HTTP/1.1 413) 8 headers in 323 bytes (1 switches on core 0)
Mar 09 14:19:41.383075 dv-cinder-832709-1-smb devstack@c-api.service[109955]: DEBUG cinder.api.middleware.request_id [None req-804b771c-aeb5-4f16-876f-5eaf8a333115 None None] RequestId filter calling following filter/app {{(pid=109955) _context_setter /opt/stack/cinder/cinder/api/middleware/request_id.py:62}}
Mar 09 14:19:41.387128 dv-cinder-832709-1-smb devstack@c-api.service[109956]: /usr/local/lib/python3.8/dist-packages/oslo_context/context.py:100: DeprecationWarning: Policy enforcement is depending on the value of is_admin. This key is deprecated. Please update your policy file to use the standard policy values.
Mar 09 14:19:41.387128 dv-cinder-832709-1-smb devstack@c-api.service[109956]: warnings.warn('Policy enforcement is depending on the value of '
Mar 09 14:19:41.390775 dv-cinder-832709-1-smb devstack@c-api.service[109955]: INFO cinder.api.openstack.wsgi [None req-804b771c-aeb5-4f16-876f-5eaf8a333115 tempest-VolumeSnapshotQuotasNegativeTestJSON-887396027 tempest-VolumeSnapshotQuotasNegativeTestJSON-887396027-project-admin] PUT http://10.222.0.31/volume/v3/d082191a70104681b9f86077d0dba8f1/os-quota-sets/37dc438b31f84b53beaee2fc1444d5f2
Mar 09 14:19:41.391759 dv-cinder-832709-1-smb devstack@c-api.service[109955]: DEBUG cinder.api.openstack.wsgi [None req-804b771c-aeb5-4f16-876f-5eaf8a333115 tempest-VolumeSnapshotQuotasNegativeTestJSON-887396027 tempest-VolumeSnapshotQuotasNegativeTestJSON-887396027-project-admin] Action: 'update', calling method: update, body: {"quota_set": {"gigabytes": 3, "volumes": 1, "snapshots": 1}} {{(pid=109955) _process_stack /opt/stack/cinder/cinder/api/openstack/wsgi.py:866}}
Mar 09 14:19:41.395046 dv-cinder-832709-1-smb devstack@c-api.service[109956]: INFO cinder.volume.api [None req-7de2ba50-1e45-4931-aa17-4e1efa333086 tempest-VolumesListAdminTestJSON-527045716 tempest-VolumesListAdminTestJSON-527045716-project] Volume info retrieved successfully.
Mar 09 14:19:41.405421 dv-cinder-832709-1-smb devstack@c-api.service[109956]: INFO cinder.api.openstack.wsgi [None req-7de2ba50-1e45-4931-aa17-4e1efa333086 tempest-VolumesListAdminTestJSON-527045716 tempest-VolumesListAdminTestJSON-527045716-project] http://10.222.0.31/volume/v3/cc85a859ee1f42d29d38db6b05020183/volumes/bfba7542-1ca9-4781-a2fe-0d3c27962eca returned with HTTP 200
Mar 09 14:19:41.406751 dv-cinder-832709-1-smb devstack@c-api.service[109956]: [pid: 109956|app: 0|req: 198/410] 10.222.0.31 () {58 vars in 1324 bytes} [Wed Mar 9 14:19:41 2022] GET /volume/v3/cc85a859ee1f42d29d38db6b05020183/volumes/bfba7542-1ca9-4781-a2fe-0d3c27962eca => generated 916 bytes in 52 msecs (HTTP/1.1 200) 7 headers in 285 bytes (2 switches on core 0)
Mar 09 14:19:41.421774 dv-cinder-832709-1-smb devstack@c-api.service[109956]: DEBUG cinder.api.middleware.request_id [None req-7587f9ed-1942-4fd6-b37f-c804de9bd84d None None] RequestId filter calling following filter/app {{(pid=109956) _context_setter /opt/stack/cinder/cinder/api/middleware/request_id.py:62}}
Mar 09 14:19:41.516289 dv-cinder-832709-1-smb devstack@c-api.service[109955]: INFO cinder.api.openstack.wsgi [None req-804b771c-aeb5-4f16-876f-5eaf8a333115 tempest-VolumeSnapshotQuotasNegativeTestJSON-887396027 tempest-VolumeSnapshotQuotasNegativeTestJSON-887396027-project-admin] http://10.222.0.31/volume/v3/d082191a70104681b9f86077d0dba8f1/os-quota-sets/37dc438b31f84b53beaee2fc1444d5f2 returned with HTTP 200
Mar 09 14:19:41.523121 dv-cinder-832709-1-smb devstack@c-api.service[109955]: [pid: 109955|app: 0|req: 213/411] 10.222.0.31 () {60 vars in 1350 bytes} [Wed Mar 9 14:19:41 2022] PUT /volume/v3/d082191a70104681b9f86077d0dba8f1/os-quota-sets/37dc438b31f84b53beaee2fc1444d5f2 => generated 314 bytes in 142 msecs (HTTP/1.1 200) 7 headers in 285 bytes (1 switches on core 0)
Mar 09 14:19:41.524989 dv-cinder-832709-1-smb devstack@c-api.service[109955]: DEBUG cinder.api.middleware.request_id [None req-631f3e8e-e713-4239-ab71-79ba2bd9ca42 None None] RequestId filter calling following filter/app {{(pid=109955) _context_setter /opt/stack/cinder/cinder/api/middleware/request_id.py:62}}
Mar 09 14:19:41.532811 dv-cinder-832709-1-smb devstack@c-api.service[109955]: INFO cinder.api.openstack.wsgi [None req-631f3e8e-e713-4239-ab71-79ba2bd9ca42 tempest-VolumeSnapshotQuotasNegativeTestJSON-1056273246 tempest-VolumeSnapshotQuotasNegativeTestJSON-1056273246-project] POST http://10.222.0.31/volume/v3/37dc438b31f84b53beaee2fc1444d5f2/snapshots
Mar 09 14:19:41.533534 dv-cinder-832709-1-smb devstack@c-api.service[109955]: DEBUG cinder.api.openstack.wsgi [None req-631f3e8e-e713-4239-ab71-79ba2bd9ca42 tempest-VolumeSnapshotQuotasNegativeTestJSON-1056273246 tempest-VolumeSnapshotQuotasNegativeTestJSON-1056273246-project] Action: 'create', calling method: create, body: {"snapshot": {"volume_id": "4849427e-8f24-4c57-828d-0ef3496f824b"}} {{(pid=109955) _process_stack /opt/stack/cinder/cinder/api/openstack/wsgi.py:866}}
Mar 09 14:19:41.550084 dv-cinder-832709-1-smb devstack@c-api.service[109955]: /usr/local/lib/python3.8/dist-packages/oslo_context/context.py:100: DeprecationWarning: Policy enforcement is depending on the value of is_admin. This key is deprecated. Please update your policy file to use the standard policy values.
Mar 09 14:19:41.550084 dv-cinder-832709-1-smb devstack@c-api.service[109955]: warnings.warn('Policy enforcement is depending on the value of '
Mar 09 14:19:41.551229 dv-cinder-832709-1-smb devstack@c-api.service[109955]: INFO cinder.volume.api [None req-631f3e8e-e713-4239-ab71-79ba2bd9ca42 tempest-VolumeSnapshotQuotasNegativeTestJSON-1056273246 tempest-VolumeSnapshotQuotasNegativeTestJSON-1056273246-project] Volume info retrieved successfully.
Mar 09 14:19:41.551542 dv-cinder-832709-1-smb devstack@c-api.service[109955]: INFO cinder.api.v3.snapshots [None req-631f3e8e-e713-4239-ab71-79ba2bd9ca42 tempest-VolumeSnapshotQuotasNegativeTestJSON-1056273246 tempest-VolumeSnapshotQuotasNegativeTestJSON-1056273246-project] Create snapshot from volume 4849427e-8f24-4c57-828d-0ef3496f824b
Mar 09 14:19:41.587064 dv-cinder-832709-1-smb devstack@c-api.service[109955]: WARNING cinder.quota_utils [None req-631f3e8e-e713-4239-ab71-79ba2bd9ca42 tempest-VolumeSnapshotQuotasNegativeTestJSON-1056273246 tempest-VolumeSnapshotQuotasNegativeTestJSON-1056273246-project] Quota exceeded for 37dc438b31f84b53beaee2fc1444d5f2, tried to create snapshot (1 snapshots already consumed).: cinder.exception.OverQuota: Quota exceeded for resources: ['snapshots']
Mar 09 14:19:41.588415 dv-cinder-832709-1-smb devstack@c-api.service[109955]: INFO cinder.api.middleware.fault [None req-631f3e8e-e713-4239-ab71-79ba2bd9ca42 tempest-VolumeSnapshotQuotasNegativeTestJSON-1056273246 tempest-VolumeSnapshotQuotasNegativeTestJSON-1056273246-project] http://10.222.0.31/volume/v3/37dc438b31f84b53beaee2fc1444d5f2/snapshots returned with HTTP 413
Mar 09 14:19:41.590345 dv-cinder-832709-1-smb devstack@c-api.service[109955]: [pid: 109955|app: 0|req: 214/412] 10.222.0.31 () {60 vars in 1240 bytes} [Wed Mar 9 14:19:41 2022] POST /volume/v3/37dc438b31f84b53beaee2fc1444d5f2/snapshots => generated 133 bytes in 66 msecs (HTTP/1.1 413) 8 headers in 323 bytes (1 switches on core 0)
Mar 09 14:19:41.598936 dv-cinder-832709-1-smb devstack@c-api.service[109955]: DEBUG cinder.api.middleware.request_id [None req-c99c4717-2b5a-4e7e-89d4-9582be62de2b None None] RequestId filter calling following filter/app {{(pid=109955) _context_setter /opt/stack/cinder/cinder/api/middleware/request_id.py:62}}
Mar 09 14:19:41.603678 dv-cinder-832709-1-smb devstack@c-api.service[109955]: INFO cinder.api.openstack.wsgi [None req-c99c4717-2b5a-4e7e-89d4-9582be62de2b tempest-VolumeSnapshotQuotasNegativeTestJSON-1056273246 tempest-VolumeSnapshotQuotasNegativeTestJSON-1056273246-project] DELETE http://10.222.0.31/volume/v3/37dc438b31f84b53beaee2fc1444d5f2/snapshots/03b89e35-a053-4801-8bb5-25e8590e8318
Mar 09 14:19:41.604130 dv-cinder-832709-1-smb devstack@c-api.service[109955]: DEBUG cinder.api.openstack.wsgi [None req-c99c4717-2b5a-4e7e-89d4-9582be62de2b tempest-VolumeSnapshotQuotasNegativeTestJSON-1056273246 tempest-VolumeSnapshotQuotasNegativeTestJSON-1056273246-project] Empty body provided in request {{(pid=109955) get_body /opt/stack/cinder/cinder/api/openstack/wsgi.py:715}}
Mar 09 14:19:41.604586 dv-cinder-832709-1-smb devstack@c-api.service[109955]: DEBUG cinder.api.openstack.wsgi [None req-c99c4717-2b5a-4e7e-89d4-9582be62de2b tempest-VolumeSnapshotQuotasNegativeTestJSON-1056273246 tempest-VolumeSnapshotQuotasNegativeTestJSON-1056273246-project] Calling method 'delete' {{(pid=109955) _process_stack /opt/stack/cinder/cinder/api/openstack/wsgi.py:868}}
Mar 09 14:19:41.604940 dv-cinder-832709-1-smb devstack@c-api.service[109955]: INFO cinder.api.v2.snapshots [None req-c99c4717-2b5a-4e7e-89d4-9582be62de2b tempest-VolumeSnapshotQuotasNegativeTestJSON-1056273246 tempest-VolumeSnapshotQuotasNegativeTestJSON-1056273246-project] Delete snapshot with id: 03b89e35-a053-4801-8bb5-25e8590e8318
Mar 09 14:19:41.614726 dv-cinder-832709-1-smb devstack@c-api.service[109955]: /usr/local/lib/python3.8/dist-packages/oslo_context/context.py:100: DeprecationWarning: Policy enforcement is depending on the value of is_admin. This key is deprecated. Please update your policy file to use the standard policy values.
Mar 09 14:19:41.614726 dv-cinder-832709-1-smb devstack@c-api.service[109955]: warnings.warn('Policy enforcement is depending on the value of '
Mar 09 14:19:41.625651 dv-cinder-832709-1-smb devstack@c-api.service[109955]: INFO cinder.volume.api [None req-c99c4717-2b5a-4e7e-89d4-9582be62de2b tempest-VolumeSnapshotQuotasNegativeTestJSON-1056273246 tempest-VolumeSnapshotQuotasNegativeTestJSON-1056273246-project] Snapshot retrieved successfully.
Mar 09 14:19:41.661188 dv-cinder-832709-1-smb devstack@c-api.service[109955]: INFO cinder.volume.api [None req-c99c4717-2b5a-4e7e-89d4-9582be62de2b tempest-VolumeSnapshotQuotasNegativeTestJSON-1056273246 tempest-VolumeSnapshotQuotasNegativeTestJSON-1056273246-project] Snapshot delete request issued successfully.
Mar 09 14:19:41.661641 dv-cinder-832709-1-smb devstack@c-api.service[109955]: INFO cinder.api.openstack.wsgi [None req-c99c4717-2b5a-4e7e-89d4-9582be62de2b tempest-VolumeSnapshotQuotasNegativeTestJSON-1056273246 tempest-VolumeSnapshotQuotasNegativeTestJSON-1056273246-project] http://10.222.0.31/volume/v3/37dc438b31f84b53beaee2fc1444d5f2/snapshots/03b89e35-a053-4801-8bb5-25e8590e8318 returned with HTTP 202
Mar 09 14:19:41.663049 dv-cinder-832709-1-smb devstack@c-api.service[109955]: [pid: 109955|app: 0|req: 215/413] 10.222.0.31 () {58 vars in 1333 bytes} [Wed Mar 9 14:19:41 2022] DELETE /volume/v3/37dc438b31f84b53beaee2fc1444d5f2/snapshots/03b89e35-a053-4801-8bb5-25e8590e8318 => generated 0 bytes in 67 msecs (HTTP/1.1 202) 6 headers in 233 bytes (1 switches on core 0)
Mar 09 14:19:41.664007 dv-cinder-832709-1-smb devstack@c-api.service[109956]: INFO cinder.api.openstack.wsgi [None req-7587f9ed-1942-4fd6-b37f-c804de9bd84d tempest-VolumesListAdminTestJSON-35232400 tempest-VolumesListAdminTestJSON-35232400-project-admin] POST http://10.222.0.31/volume/v3/54b6e1ca601648cf852996143915259e/volumes
Mar 09 14:19:41.664870 dv-cinder-832709-1-smb devstack@c-api.service[109956]: DEBUG cinder.api.openstack.wsgi [None req-7587f9ed-1942-4fd6-b37f-c804de9bd84d tempest-VolumesListAdminTestJSON-35232400 tempest-VolumesListAdminTestJSON-35232400-project-admin] Action: 'create', calling method: create, body: {"volume": {"size": 1}} {{(pid=109956) _process_stack /opt/stack/cinder/cinder/api/openstack/wsgi.py:866}}
Mar 09 14:19:41.666291 dv-cinder-832709-1-smb devstack@c-api.service[109956]: DEBUG cinder.api.v3.volumes [None req-7587f9ed-1942-4fd6-b37f-c804de9bd84d tempest-VolumesListAdminTestJSON-35232400 tempest-VolumesListAdminTestJSON-35232400-project-admin] Create volume request body: {'volume': {'size': 1}} {{(pid=109956) create /opt/stack/cinder/cinder/api/v3/volumes.py:298}}
Mar 09 14:19:41.666656 dv-cinder-832709-1-smb devstack@c-api.service[109956]: INFO cinder.api.v3.volumes [None req-7587f9ed-1942-4fd6-b37f-c804de9bd84d tempest-VolumesListAdminTestJSON-35232400 tempest-VolumesListAdminTestJSON-35232400-project-admin] Create volume of 1 GB
Mar 09 14:19:41.667312 dv-cinder-832709-1-smb devstack@c-api.service[109955]: DEBUG cinder.api.middleware.request_id [None req-f9a2ceb3-3a5e-40b8-96d1-c8fe48ba0ab9 None None] RequestId filter calling following filter/app {{(pid=109955) _context_setter /opt/stack/cinder/cinder/api/middleware/request_id.py:62}}
Mar 09 14:19:41.675283 dv-cinder-832709-1-smb devstack@c-api.service[109955]: INFO cinder.api.openstack.wsgi [None req-f9a2ceb3-3a5e-40b8-96d1-c8fe48ba0ab9 tempest-VolumeSnapshotQuotasNegativeTestJSON-1056273246 tempest-VolumeSnapshotQuotasNegativeTestJSON-1056273246-project] GET http://10.222.0.31/volume/v3/37dc438b31f84b53beaee2fc1444d5f2/snapshots/03b89e35-a053-4801-8bb5-25e8590e8318
Mar 09 14:19:41.676729 dv-cinder-832709-1-smb devstack@c-api.service[109955]: DEBUG cinder.api.openstack.wsgi [None req-f9a2ceb3-3a5e-40b8-96d1-c8fe48ba0ab9 tempest-VolumeSnapshotQuotasNegativeTestJSON-1056273246 tempest-VolumeSnapshotQuotasNegativeTestJSON-1056273246-project] Empty body provided in request {{(pid=109955) get_body /opt/stack/cinder/cinder/api/openstack/wsgi.py:715}}
Mar 09 14:19:41.677193 dv-cinder-832709-1-smb devstack@c-api.service[109955]: DEBUG cinder.api.openstack.wsgi [None req-f9a2ceb3-3a5e-40b8-96d1-c8fe48ba0ab9 tempest-VolumeSnapshotQuotasNegativeTestJSON-1056273246 tempest-VolumeSnapshotQuotasNegativeTestJSON-1056273246-project] Calling method 'show' {{(pid=109955) _process_stack /opt/stack/cinder/cinder/api/openstack/wsgi.py:868}}
Mar 09 14:19:41.678060 dv-cinder-832709-1-smb devstack@c-api.service[109956]: INFO cinder.volume.api [None req-7587f9ed-1942-4fd6-b37f-c804de9bd84d tempest-VolumesListAdminTestJSON-35232400 tempest-VolumesListAdminTestJSON-35232400-project-admin] Availability Zones retrieved successfully.
Mar 09 14:19:41.688502 dv-cinder-832709-1-smb devstack@c-api.service[109955]: /usr/local/lib/python3.8/dist-packages/oslo_context/context.py:100: DeprecationWarning: Policy enforcement is depending on the value of is_admin. This key is deprecated. Please update your policy file to use the standard policy values.
Mar 09 14:19:41.688502 dv-cinder-832709-1-smb devstack@c-api.service[109955]: warnings.warn('Policy enforcement is depending on the value of '
Mar 09 14:19:41.690170 dv-cinder-832709-1-smb devstack@c-api.service[109955]: INFO cinder.volume.api [None req-f9a2ceb3-3a5e-40b8-96d1-c8fe48ba0ab9 tempest-VolumeSnapshotQuotasNegativeTestJSON-1056273246 tempest-VolumeSnapshotQuotasNegativeTestJSON-1056273246-project] Snapshot retrieved successfully.
Mar 09 14:19:41.692208 dv-cinder-832709-1-smb devstack@c-api.service[109955]: INFO cinder.api.openstack.wsgi [None req-f9a2ceb3-3a5e-40b8-96d1-c8fe48ba0ab9 tempest-VolumeSnapshotQuotasNegativeTestJSON-1056273246 tempest-VolumeSnapshotQuotasNegativeTestJSON-1056273246-project] http://10.222.0.31/volume/v3/37dc438b31f84b53beaee2fc1444d5f2/snapshots/03b89e35-a053-4801-8bb5-25e8590e8318 returned with HTTP 200
Mar 09 14:19:41.693626 dv-cinder-832709-1-smb devstack@c-api.service[109955]: [pid: 109955|app: 0|req: 216/414] 10.222.0.31 () {58 vars in 1330 bytes} [Wed Mar 9 14:19:41 2022] GET /volume/v3/37dc438b31f84b53beaee2fc1444d5f2/snapshots/03b89e35-a053-4801-8bb5-25e8590e8318 => generated 547 bytes in 28 msecs (HTTP/1.1 200) 7 headers in 285 bytes (2 switches on core 0)
Mar 09 14:19:41.694124 dv-cinder-832709-1-smb devstack@c-api.service[109956]: DEBUG cinder.volume.api [None req-7587f9ed-1942-4fd6-b37f-c804de9bd84d tempest-VolumesListAdminTestJSON-35232400 tempest-VolumesListAdminTestJSON-35232400-project-admin] Flow 'volume_create_api' (0009a580-8bfa-4a3b-9aa0-4f1da26071a3) transitioned into state 'RUNNING' from state 'PENDING' {{(pid=109956) _flow_receiver /usr/local/lib/python3.8/dist-packages/taskflow/listeners/logging.py:141}}
Mar 09 14:19:41.696706 dv-cinder-832709-1-smb devstack@c-api.service[109956]: DEBUG cinder.volume.api [None req-7587f9ed-1942-4fd6-b37f-c804de9bd84d tempest-VolumesListAdminTestJSON-35232400 tempest-VolumesListAdminTestJSON-35232400-project-admin] Task 'cinder.volume.flows.api.create_volume.ExtractVolumeRequestTask;volume:create' (66152bf3-b416-475c-b1d3-f3bc57b4336e) transitioned into state 'RUNNING' from state 'PENDING' {{(pid=109956) _task_receiver /usr/local/lib/python3.8/dist-packages/taskflow/listeners/logging.py:190}}
Mar 09 14:19:41.699294 dv-cinder-832709-1-smb devstack@c-api.service[109956]: DEBUG cinder.volume.flows.api.create_volume [None req-7587f9ed-1942-4fd6-b37f-c804de9bd84d tempest-VolumesListAdminTestJSON-35232400 tempest-VolumesListAdminTestJSON-35232400-project-admin] Validating volume size '1' using validate_int {{(pid=109956) _extract_size /opt/stack/cinder/cinder/volume/flows/api/create_volume.py:225}}
Mar 09 14:19:41.699503 dv-cinder-832709-1-smb devstack@c-api.service[109955]: DEBUG cinder.api.middleware.request_id [None req-b8af9dbc-1462-4412-88d4-b7f066419d58 None None] RequestId filter calling following filter/app {{(pid=109955) _context_setter /opt/stack/cinder/cinder/api/middleware/request_id.py:62}}
Mar 09 14:19:41.703481 dv-cinder-832709-1-smb devstack@c-api.service[109955]: INFO cinder.api.openstack.wsgi [None req-b8af9dbc-1462-4412-88d4-b7f066419d58 tempest-VolumesImageMetadata-291801085 tempest-VolumesImageMetadata-291801085-project] GET http://10.222.0.31/volume/v3/808dc555c29d4c3aaa4a1715a5361c59/volumes/2cf4f2d3-6b0d-49f6-b504-8dde62097aaa
Mar 09 14:19:41.703925 dv-cinder-832709-1-smb devstack@c-api.service[109955]: DEBUG cinder.api.openstack.wsgi [None req-b8af9dbc-1462-4412-88d4-b7f066419d58 tempest-VolumesImageMetadata-291801085 tempest-VolumesImageMetadata-291801085-project] Empty body provided in request {{(pid=109955) get_body /opt/stack/cinder/cinder/api/openstack/wsgi.py:715}}
Mar 09 14:19:41.704487 dv-cinder-832709-1-smb devstack@c-api.service[109955]: DEBUG cinder.api.openstack.wsgi [None req-b8af9dbc-1462-4412-88d4-b7f066419d58 tempest-VolumesImageMetadata-291801085 tempest-VolumesImageMetadata-291801085-project] Calling method 'show' {{(pid=109955) _process_stack /opt/stack/cinder/cinder/api/openstack/wsgi.py:868}}
Mar 09 14:19:41.721489 dv-cinder-832709-1-smb devstack@c-api.service[109955]: /usr/local/lib/python3.8/dist-packages/oslo_context/context.py:100: DeprecationWarning: Policy enforcement is depending on the value of is_admin. This key is deprecated. Please update your policy file to use the standard policy values.
Mar 09 14:19:41.721489 dv-cinder-832709-1-smb devstack@c-api.service[109955]: warnings.warn('Policy enforcement is depending on the value of '
Mar 09 14:19:41.728718 dv-cinder-832709-1-smb devstack@c-api.service[109955]: INFO cinder.volume.api [None req-b8af9dbc-1462-4412-88d4-b7f066419d58 tempest-VolumesImageMetadata-291801085 tempest-VolumesImageMetadata-291801085-project] Volume info retrieved successfully.
Mar 09 14:19:41.730643 dv-cinder-832709-1-smb devstack@c-api.service[109956]: DEBUG cinder.volume.api [None req-7587f9ed-1942-4fd6-b37f-c804de9bd84d tempest-VolumesListAdminTestJSON-35232400 tempest-VolumesListAdminTestJSON-35232400-project-admin] Task 'cinder.volume.flows.api.create_volume.ExtractVolumeRequestTask;volume:create' (66152bf3-b416-475c-b1d3-f3bc57b4336e) transitioned into state 'SUCCESS' from state 'RUNNING' with result '{'size': 1, 'snapshot_id': None, 'source_volid': None, 'volume_type': VolumeType(created_at=2022-03-09T14:08:41Z,deleted=False,deleted_at=None,description='Default Volume Type',extra_specs={},id=55d14a3d-d8d3-47af-bb71-5884d2629604,is_public=True,name='__DEFAULT__',projects=[],qos_specs=,qos_specs_id=None,updated_at=2022-03-09T14:08:41Z), 'volume_type_id': '55d14a3d-d8d3-47af-bb71-5884d2629604', 'encryption_key_id': None, 'qos_specs': None, 'consistencygroup_id': None, 'cgsnapshot_id': None, 'group_id': None, 'replication_status': 'disabled', 'refresh_az': False, 'backup_id': None, 'multiattach': False, 'availability_zones': ['nova']}' {{(pid=109956) _task_receiver /usr/local/lib/python3.8/dist-packages/taskflow/listeners/logging.py:178}}
Mar 09 14:19:41.732850 dv-cinder-832709-1-smb devstack@c-api.service[109956]: DEBUG cinder.volume.api [None req-7587f9ed-1942-4fd6-b37f-c804de9bd84d tempest-VolumesListAdminTestJSON-35232400 tempest-VolumesListAdminTestJSON-35232400-project-admin] Task 'cinder.volume.flows.api.create_volume.QuotaReserveTask;volume:create' (de26534a-2bc1-480c-a118-0718fec08645) transitioned into state 'RUNNING' from state 'PENDING' {{(pid=109956) _task_receiver /usr/local/lib/python3.8/dist-packages/taskflow/listeners/logging.py:190}}
Mar 09 14:19:41.738101 dv-cinder-832709-1-smb devstack@c-api.service[109955]: INFO cinder.api.openstack.wsgi [None req-b8af9dbc-1462-4412-88d4-b7f066419d58 tempest-VolumesImageMetadata-291801085 tempest-VolumesImageMetadata-291801085-project] http://10.222.0.31/volume/v3/808dc555c29d4c3aaa4a1715a5361c59/volumes/2cf4f2d3-6b0d-49f6-b504-8dde62097aaa returned with HTTP 200
Mar 09 14:19:41.738865 dv-cinder-832709-1-smb devstack@c-api.service[109955]: [pid: 109955|app: 0|req: 217/415] 10.222.0.31 () {58 vars in 1324 bytes} [Wed Mar 9 14:19:41 2022] GET /volume/v3/808dc555c29d4c3aaa4a1715a5361c59/volumes/2cf4f2d3-6b0d-49f6-b504-8dde62097aaa => generated 912 bytes in 41 msecs (HTTP/1.1 200) 7 headers in 285 bytes (2 switches on core 0)
Mar 09 14:19:41.814345 dv-cinder-832709-1-smb devstack@c-api.service[109956]: DEBUG cinder.quota [None req-7587f9ed-1942-4fd6-b37f-c804de9bd84d tempest-VolumesListAdminTestJSON-35232400 tempest-VolumesListAdminTestJSON-35232400-project-admin] Created reservations ['3ae34322-a2b6-4c2b-84e5-ee1a45d703be', '16b0bcea-8e19-402d-a023-d3934f4f6b14', '49f2e3ee-0d18-4579-befa-165d50fe2245', 'f4c1150f-c94a-46ac-b270-ad0a730e5985'] {{(pid=109956) reserve /opt/stack/cinder/cinder/quota.py:755}}
Mar 09 14:19:41.816065 dv-cinder-832709-1-smb devstack@c-api.service[109956]: DEBUG cinder.volume.api [None req-7587f9ed-1942-4fd6-b37f-c804de9bd84d tempest-VolumesListAdminTestJSON-35232400 tempest-VolumesListAdminTestJSON-35232400-project-admin] Task 'cinder.volume.flows.api.create_volume.QuotaReserveTask;volume:create' (de26534a-2bc1-480c-a118-0718fec08645) transitioned into state 'SUCCESS' from state 'RUNNING' with result '{'reservations': ['3ae34322-a2b6-4c2b-84e5-ee1a45d703be', '16b0bcea-8e19-402d-a023-d3934f4f6b14', '49f2e3ee-0d18-4579-befa-165d50fe2245', 'f4c1150f-c94a-46ac-b270-ad0a730e5985']}' {{(pid=109956) _task_receiver /usr/local/lib/python3.8/dist-packages/taskflow/listeners/logging.py:178}}
Mar 09 14:19:41.818027 dv-cinder-832709-1-smb devstack@c-api.service[109956]: DEBUG cinder.volume.api [None req-7587f9ed-1942-4fd6-b37f-c804de9bd84d tempest-VolumesListAdminTestJSON-35232400 tempest-VolumesListAdminTestJSON-35232400-project-admin] Task 'cinder.volume.flows.api.create_volume.EntryCreateTask;volume:create' (5c5a659e-5570-41a5-8995-46d4bff9195f) transitioned into state 'RUNNING' from state 'PENDING' {{(pid=109956) _task_receiver /usr/local/lib/python3.8/dist-packages/taskflow/listeners/logging.py:190}}
Mar 09 14:19:41.843254 dv-cinder-832709-1-smb devstack@c-api.service[109956]: DEBUG cinder.volume.api [None req-7587f9ed-1942-4fd6-b37f-c804de9bd84d tempest-VolumesListAdminTestJSON-35232400 tempest-VolumesListAdminTestJSON-35232400-project-admin] Task 'cinder.volume.flows.api.create_volume.EntryCreateTask;volume:create' (5c5a659e-5570-41a5-8995-46d4bff9195f) transitioned into state 'SUCCESS' from state 'RUNNING' with result '{'volume_id': '6092abe8-f634-412d-aeb2-a23568407fda', 'volume_properties': VolumeProperties(attach_status='detached',availability_zone='nova',cgsnapshot_id=None,consistencygroup_id=None,display_description=None,display_name=None,encryption_key_id=None,group_id=None,group_type_id=,metadata={},multiattach=False,project_id='54b6e1ca601648cf852996143915259e',qos_specs=None,replication_status=,reservations=['3ae34322-a2b6-4c2b-84e5-ee1a45d703be','16b0bcea-8e19-402d-a023-d3934f4f6b14','49f2e3ee-0d18-4579-befa-165d50fe2245','f4c1150f-c94a-46ac-b270-ad0a730e5985'],size=1,snapshot_id=None,source_replicaid=,source_volid=None,status='creating',user_id='7da8c6044b674acfb00d5da85ef1a2b6',volume_type_id=55d14a3d-d8d3-47af-bb71-5884d2629604), 'volume': Volume(_name_id=None,admin_metadata={},attach_status='detached',availability_zone='nova',bootable=False,cluster=,cluster_name=None,consistencygroup=,consistencygroup_id=None,created_at=2022-03-09T14:19:41Z,deleted=False,deleted_at=None,display_description=None,display_name=None,ec2_id=None,encryption_key_id=None,glance_metadata=,group=,group_id=None,host=None,id=6092abe8-f634-412d-aeb2-a23568407fda,launched_at=None,metadata={},migration_status=None,multiattach=False,previous_status=None,project_id='54b6e1ca601648cf852996143915259e',provider_auth=None,provider_geometry=None,provider_id=None,provider_location=None,replication_driver_data=None,replication_extended_status=None,replication_status=None,scheduled_at=None,service_uuid=None,shared_targets=True,size=1,snapshot_id=None,snapshots=,source_volid=None,status='creating',terminated_at=None,updated_at=None,use_quota=True,user_id='7da8c6044b674acfb00d5da85ef1a2b6',volume_attachment=VolumeAttachmentList,volume_type=VolumeType(55d14a3d-d8d3-47af-bb71-5884d2629604),volume_type_id=55d14a3d-d8d3-47af-bb71-5884d2629604)}' {{(pid=109956) _task_receiver /usr/local/lib/python3.8/dist-packages/taskflow/listeners/logging.py:178}}
Mar 09 14:19:41.845593 dv-cinder-832709-1-smb devstack@c-api.service[109956]: DEBUG cinder.volume.api [None req-7587f9ed-1942-4fd6-b37f-c804de9bd84d tempest-VolumesListAdminTestJSON-35232400 tempest-VolumesListAdminTestJSON-35232400-project-admin] Task 'cinder.volume.flows.api.create_volume.QuotaCommitTask;volume:create' (0cdd2169-fd75-468a-88f4-676603e86f81) transitioned into state 'RUNNING' from state 'PENDING' {{(pid=109956) _task_receiver /usr/local/lib/python3.8/dist-packages/taskflow/listeners/logging.py:190}}
Mar 09 14:19:41.869039 dv-cinder-832709-1-smb devstack@c-api.service[109956]: DEBUG cinder.volume.api [None req-7587f9ed-1942-4fd6-b37f-c804de9bd84d tempest-VolumesListAdminTestJSON-35232400 tempest-VolumesListAdminTestJSON-35232400-project-admin] Task 'cinder.volume.flows.api.create_volume.QuotaCommitTask;volume:create' (0cdd2169-fd75-468a-88f4-676603e86f81) transitioned into state 'SUCCESS' from state 'RUNNING' with result '{'volume_properties': VolumeProperties(attach_status='detached',availability_zone='nova',cgsnapshot_id=None,consistencygroup_id=None,display_description=None,display_name=None,encryption_key_id=None,group_id=None,group_type_id=,metadata={},multiattach=False,project_id='54b6e1ca601648cf852996143915259e',qos_specs=None,replication_status=,reservations=['3ae34322-a2b6-4c2b-84e5-ee1a45d703be','16b0bcea-8e19-402d-a023-d3934f4f6b14','49f2e3ee-0d18-4579-befa-165d50fe2245','f4c1150f-c94a-46ac-b270-ad0a730e5985'],size=1,snapshot_id=None,source_replicaid=,source_volid=None,status='creating',user_id='7da8c6044b674acfb00d5da85ef1a2b6',volume_type_id=55d14a3d-d8d3-47af-bb71-5884d2629604)}' {{(pid=109956) _task_receiver /usr/local/lib/python3.8/dist-packages/taskflow/listeners/logging.py:178}}
Mar 09 14:19:41.870896 dv-cinder-832709-1-smb devstack@c-api.service[109956]: DEBUG cinder.volume.api [None req-7587f9ed-1942-4fd6-b37f-c804de9bd84d tempest-VolumesListAdminTestJSON-35232400 tempest-VolumesListAdminTestJSON-35232400-project-admin] Task 'cinder.volume.flows.api.create_volume.VolumeCastTask;volume:create' (fa2a5475-6fd0-4fdb-a391-e29a05adc83a) transitioned into state 'RUNNING' from state 'PENDING' {{(pid=109956) _task_receiver /usr/local/lib/python3.8/dist-packages/taskflow/listeners/logging.py:190}}
Mar 09 14:19:41.891010 dv-cinder-832709-1-smb devstack@c-api.service[109956]: DEBUG cinder.volume.api [None req-7587f9ed-1942-4fd6-b37f-c804de9bd84d tempest-VolumesListAdminTestJSON-35232400 tempest-VolumesListAdminTestJSON-35232400-project-admin] Task 'cinder.volume.flows.api.create_volume.VolumeCastTask;volume:create' (fa2a5475-6fd0-4fdb-a391-e29a05adc83a) transitioned into state 'SUCCESS' from state 'RUNNING' with result 'None' {{(pid=109956) _task_receiver /usr/local/lib/python3.8/dist-packages/taskflow/listeners/logging.py:178}}
Mar 09 14:19:41.893475 dv-cinder-832709-1-smb devstack@c-api.service[109956]: DEBUG cinder.volume.api [None req-7587f9ed-1942-4fd6-b37f-c804de9bd84d tempest-VolumesListAdminTestJSON-35232400 tempest-VolumesListAdminTestJSON-35232400-project-admin] Flow 'volume_create_api' (0009a580-8bfa-4a3b-9aa0-4f1da26071a3) transitioned into state 'SUCCESS' from state 'RUNNING' {{(pid=109956) _flow_receiver /usr/local/lib/python3.8/dist-packages/taskflow/listeners/logging.py:141}}
Mar 09 14:19:41.894154 dv-cinder-832709-1-smb devstack@c-api.service[109956]: INFO cinder.volume.api [None req-7587f9ed-1942-4fd6-b37f-c804de9bd84d tempest-VolumesListAdminTestJSON-35232400 tempest-VolumesListAdminTestJSON-35232400-project-admin] Create volume request issued successfully.
Mar 09 14:19:41.895403 dv-cinder-832709-1-smb devstack@c-api.service[109956]: INFO cinder.api.openstack.wsgi [None req-7587f9ed-1942-4fd6-b37f-c804de9bd84d tempest-VolumesListAdminTestJSON-35232400 tempest-VolumesListAdminTestJSON-35232400-project-admin] http://10.222.0.31/volume/v3/54b6e1ca601648cf852996143915259e/volumes returned with HTTP 202
Mar 09 14:19:41.896403 dv-cinder-832709-1-smb devstack@c-api.service[109956]: [pid: 109956|app: 0|req: 199/416] 10.222.0.31 () {60 vars in 1234 bytes} [Wed Mar 9 14:19:41 2022] POST /volume/v3/54b6e1ca601648cf852996143915259e/volumes => generated 802 bytes in 478 msecs (HTTP/1.1 202) 7 headers in 291 bytes (1 switches on core 0)
Mar 09 14:19:41.908658 dv-cinder-832709-1-smb devstack@c-api.service[109955]: DEBUG cinder.api.middleware.request_id [None req-62bb3dce-ca35-49b9-8ad9-9b38013c27dd None None] RequestId filter calling following filter/app {{(pid=109955) _context_setter /opt/stack/cinder/cinder/api/middleware/request_id.py:62}}
Mar 09 14:19:41.913064 dv-cinder-832709-1-smb devstack@c-api.service[109955]: INFO cinder.api.openstack.wsgi [None req-62bb3dce-ca35-49b9-8ad9-9b38013c27dd tempest-VolumesListAdminTestJSON-35232400 tempest-VolumesListAdminTestJSON-35232400-project-admin] GET http://10.222.0.31/volume/v3/54b6e1ca601648cf852996143915259e/volumes/6092abe8-f634-412d-aeb2-a23568407fda
