Mar 09 14:19:10.963620 dv-cinder-832709-1-smb devstack@c-api.service[109956]: WARNING cinder.quota [None req-692f448c-3f4f-413e-8352-7edc0bea1f14 tempest-VolumeQuotasAdminTestJSON-110846260 tempest-VolumeQuotasAdminTestJSON-110846260-project-admin] Deprecated: Default quota for resource: volumes_tempest-GroupSnapshotsTest-volume-type-106451821 is set by the default quota flag: quota_volumes_tempest-GroupSnapshotsTest-volume-type-106451821, it is now deprecated. Please use the default quota class for default quota.
Mar 09 14:19:10.964380 dv-cinder-832709-1-smb devstack@c-api.service[109956]: WARNING cinder.quota [None req-692f448c-3f4f-413e-8352-7edc0bea1f14 tempest-VolumeQuotasAdminTestJSON-110846260 tempest-VolumeQuotasAdminTestJSON-110846260-project-admin] Deprecated: Default quota for resource: gigabytes_tempest-GroupSnapshotsTest-volume-type-106451821 is set by the default quota flag: quota_gigabytes_tempest-GroupSnapshotsTest-volume-type-106451821, it is now deprecated. Please use the default quota class for default quota.
Mar 09 14:19:10.965133 dv-cinder-832709-1-smb devstack@c-api.service[109956]: WARNING cinder.quota [None req-692f448c-3f4f-413e-8352-7edc0bea1f14 tempest-VolumeQuotasAdminTestJSON-110846260 tempest-VolumeQuotasAdminTestJSON-110846260-project-admin] Deprecated: Default quota for resource: snapshots_tempest-GroupSnapshotsTest-volume-type-106451821 is set by the default quota flag: quota_snapshots_tempest-GroupSnapshotsTest-volume-type-106451821, it is now deprecated. Please use the default quota class for default quota.
Mar 09 14:19:10.966478 dv-cinder-832709-1-smb devstack@c-api.service[109956]: WARNING cinder.quota [None req-692f448c-3f4f-413e-8352-7edc0bea1f14 tempest-VolumeQuotasAdminTestJSON-110846260 tempest-VolumeQuotasAdminTestJSON-110846260-project-admin] Deprecated: Default quota for resource: snapshots_tempest-GroupSnapshotsTest-volume-type-1663570335 is set by the default quota flag: quota_snapshots_tempest-GroupSnapshotsTest-volume-type-1663570335, it is now deprecated. Please use the default quota class for default quota.
Mar 09 14:19:10.967477 dv-cinder-832709-1-smb devstack@c-api.service[109956]: WARNING cinder.quota [None req-692f448c-3f4f-413e-8352-7edc0bea1f14 tempest-VolumeQuotasAdminTestJSON-110846260 tempest-VolumeQuotasAdminTestJSON-110846260-project-admin] Deprecated: Default quota for resource: volumes_lvmdriver-1 is set by the default quota flag: quota_volumes_lvmdriver-1, it is now deprecated. Please use the default quota class for default quota.
Mar 09 14:19:10.972433 dv-cinder-832709-1-smb devstack@c-api.service[109956]: WARNING cinder.quota [None req-692f448c-3f4f-413e-8352-7edc0bea1f14 tempest-VolumeQuotasAdminTestJSON-110846260 tempest-VolumeQuotasAdminTestJSON-110846260-project-admin] Deprecated: Default quota for resource: gigabytes_lvmdriver-1 is set by the default quota flag: quota_gigabytes_lvmdriver-1, it is now deprecated. Please use the default quota class for default quota.
Mar 09 14:19:10.975309 dv-cinder-832709-1-smb devstack@c-api.service[109956]: WARNING cinder.quota [None req-692f448c-3f4f-413e-8352-7edc0bea1f14 tempest-VolumeQuotasAdminTestJSON-110846260 tempest-VolumeQuotasAdminTestJSON-110846260-project-admin] Deprecated: Default quota for resource: snapshots_lvmdriver-1 is set by the default quota flag: quota_snapshots_lvmdriver-1, it is now deprecated. Please use the default quota class for default quota.
Mar 09 14:19:10.977910 dv-cinder-832709-1-smb devstack@c-api.service[109956]: WARNING cinder.quota [None req-692f448c-3f4f-413e-8352-7edc0bea1f14 tempest-VolumeQuotasAdminTestJSON-110846260 tempest-VolumeQuotasAdminTestJSON-110846260-project-admin] Deprecated: Default quota for resource: snapshots___DEFAULT__ is set by the default quota flag: quota_snapshots___DEFAULT__, it is now deprecated. Please use the default quota class for default quota.
Mar 09 14:19:10.994082 dv-cinder-832709-1-smb devstack@c-api.service[109956]: INFO cinder.api.openstack.wsgi [None req-692f448c-3f4f-413e-8352-7edc0bea1f14 tempest-VolumeQuotasAdminTestJSON-110846260 tempest-VolumeQuotasAdminTestJSON-110846260-project-admin] http://10.222.0.31/volume/v3/0198ffdd4437489f9c5a35acd49f4afb/os-quota-sets/b80551664c1f456eb1ce8f0402945bbb returned with HTTP 200
Mar 09 14:19:11.002865 dv-cinder-832709-1-smb devstack@c-api.service[109955]: DEBUG cinder.api.middleware.request_id [None req-e5ee2776-86f2-4ce0-9a0a-27cb62b62e82 None None] RequestId filter calling following filter/app {{(pid=109955) _context_setter /opt/stack/cinder/cinder/api/middleware/request_id.py:62}}
Mar 09 14:19:11.007824 dv-cinder-832709-1-smb devstack@c-api.service[109955]: INFO cinder.api.openstack.wsgi [None req-e5ee2776-86f2-4ce0-9a0a-27cb62b62e82 tempest-VolumeQuotasAdminTestJSON-110846260 tempest-VolumeQuotasAdminTestJSON-110846260-project-admin] GET http://10.222.0.31/volume/v3/0198ffdd4437489f9c5a35acd49f4afb/os-quota-sets/b80551664c1f456eb1ce8f0402945bbb/defaults
Mar 09 14:19:11.008452 dv-cinder-832709-1-smb devstack@c-api.service[109955]: DEBUG cinder.api.openstack.wsgi [None req-e5ee2776-86f2-4ce0-9a0a-27cb62b62e82 tempest-VolumeQuotasAdminTestJSON-110846260 tempest-VolumeQuotasAdminTestJSON-110846260-project-admin] Empty body provided in request {{(pid=109955) get_body /opt/stack/cinder/cinder/api/openstack/wsgi.py:715}}
Mar 09 14:19:11.009070 dv-cinder-832709-1-smb devstack@c-api.service[109955]: DEBUG cinder.api.openstack.wsgi [None req-e5ee2776-86f2-4ce0-9a0a-27cb62b62e82 tempest-VolumeQuotasAdminTestJSON-110846260 tempest-VolumeQuotasAdminTestJSON-110846260-project-admin] Calling method 'defaults' {{(pid=109955) _process_stack /opt/stack/cinder/cinder/api/openstack/wsgi.py:868}}
Mar 09 14:19:11.014839 dv-cinder-832709-1-smb devstack@c-api.service[109956]: [pid: 109956|app: 0|req: 90/183] 10.222.0.31 () {58 vars in 1330 bytes} [Wed Mar 9 14:19:10 2022] GET /volume/v3/0198ffdd4437489f9c5a35acd49f4afb/os-quota-sets/b80551664c1f456eb1ce8f0402945bbb => generated 756 bytes in 275 msecs (HTTP/1.1 200) 7 headers in 285 bytes (1 switches on core 0)
Mar 09 14:19:11.042097 dv-cinder-832709-1-smb devstack@c-api.service[109955]: WARNING cinder.quota [None req-e5ee2776-86f2-4ce0-9a0a-27cb62b62e82 tempest-VolumeQuotasAdminTestJSON-110846260 tempest-VolumeQuotasAdminTestJSON-110846260-project-admin] Deprecated: Default quota for resource: backups is set by the default quota flag: quota_backups, it is now deprecated. Please use the default quota class for default quota.
Mar 09 14:19:11.043257 dv-cinder-832709-1-smb devstack@c-api.service[109955]: WARNING cinder.quota [None req-e5ee2776-86f2-4ce0-9a0a-27cb62b62e82 tempest-VolumeQuotasAdminTestJSON-110846260 tempest-VolumeQuotasAdminTestJSON-110846260-project-admin] Deprecated: Default quota for resource: backup_gigabytes is set by the default quota flag: quota_backup_gigabytes, it is now deprecated. Please use the default quota class for default quota.
Mar 09 14:19:11.045904 dv-cinder-832709-1-smb devstack@c-api.service[109955]: WARNING cinder.quota [None req-e5ee2776-86f2-4ce0-9a0a-27cb62b62e82 tempest-VolumeQuotasAdminTestJSON-110846260 tempest-VolumeQuotasAdminTestJSON-110846260-project-admin] Deprecated: Default quota for resource: volumes_tempest-GroupSnapshotsTest-volume-type-106451821 is set by the default quota flag: quota_volumes_tempest-GroupSnapshotsTest-volume-type-106451821, it is now deprecated. Please use the default quota class for default quota.
Mar 09 14:19:11.048342 dv-cinder-832709-1-smb devstack@c-api.service[109955]: WARNING cinder.quota [None req-e5ee2776-86f2-4ce0-9a0a-27cb62b62e82 tempest-VolumeQuotasAdminTestJSON-110846260 tempest-VolumeQuotasAdminTestJSON-110846260-project-admin] Deprecated: Default quota for resource: gigabytes_tempest-GroupSnapshotsTest-volume-type-106451821 is set by the default quota flag: quota_gigabytes_tempest-GroupSnapshotsTest-volume-type-106451821, it is now deprecated. Please use the default quota class for default quota.
Mar 09 14:19:11.049932 dv-cinder-832709-1-smb devstack@c-api.service[109955]: WARNING cinder.quota [None req-e5ee2776-86f2-4ce0-9a0a-27cb62b62e82 tempest-VolumeQuotasAdminTestJSON-110846260 tempest-VolumeQuotasAdminTestJSON-110846260-project-admin] Deprecated: Default quota for resource: snapshots_tempest-GroupSnapshotsTest-volume-type-106451821 is set by the default quota flag: quota_snapshots_tempest-GroupSnapshotsTest-volume-type-106451821, it is now deprecated. Please use the default quota class for default quota.
Mar 09 14:19:11.055412 dv-cinder-832709-1-smb devstack@c-api.service[109955]: WARNING cinder.quota [None req-e5ee2776-86f2-4ce0-9a0a-27cb62b62e82 tempest-VolumeQuotasAdminTestJSON-110846260 tempest-VolumeQuotasAdminTestJSON-110846260-project-admin] Deprecated: Default quota for resource: volumes_lvmdriver-1 is set by the default quota flag: quota_volumes_lvmdriver-1, it is now deprecated. Please use the default quota class for default quota.
Mar 09 14:19:11.056336 dv-cinder-832709-1-smb devstack@c-api.service[109955]: WARNING cinder.quota [None req-e5ee2776-86f2-4ce0-9a0a-27cb62b62e82 tempest-VolumeQuotasAdminTestJSON-110846260 tempest-VolumeQuotasAdminTestJSON-110846260-project-admin] Deprecated: Default quota for resource: gigabytes_lvmdriver-1 is set by the default quota flag: quota_gigabytes_lvmdriver-1, it is now deprecated. Please use the default quota class for default quota.
Mar 09 14:19:11.057263 dv-cinder-832709-1-smb devstack@c-api.service[109955]: WARNING cinder.quota [None req-e5ee2776-86f2-4ce0-9a0a-27cb62b62e82 tempest-VolumeQuotasAdminTestJSON-110846260 tempest-VolumeQuotasAdminTestJSON-110846260-project-admin] Deprecated: Default quota for resource: snapshots_lvmdriver-1 is set by the default quota flag: quota_snapshots_lvmdriver-1, it is now deprecated. Please use the default quota class for default quota.
Mar 09 14:19:11.061288 dv-cinder-832709-1-smb devstack@c-api.service[109955]: WARNING cinder.quota [None req-e5ee2776-86f2-4ce0-9a0a-27cb62b62e82 tempest-VolumeQuotasAdminTestJSON-110846260 tempest-VolumeQuotasAdminTestJSON-110846260-project-admin] Deprecated: Default quota for resource: snapshots___DEFAULT__ is set by the default quota flag: quota_snapshots___DEFAULT__, it is now deprecated. Please use the default quota class for default quota.
Mar 09 14:19:11.073357 dv-cinder-832709-1-smb devstack@c-api.service[109955]: INFO cinder.api.openstack.wsgi [None req-e5ee2776-86f2-4ce0-9a0a-27cb62b62e82 tempest-VolumeQuotasAdminTestJSON-110846260 tempest-VolumeQuotasAdminTestJSON-110846260-project-admin] http://10.222.0.31/volume/v3/0198ffdd4437489f9c5a35acd49f4afb/os-quota-sets/b80551664c1f456eb1ce8f0402945bbb/defaults returned with HTTP 200
Mar 09 14:19:11.083418 dv-cinder-832709-1-smb devstack@c-api.service[109956]: DEBUG cinder.api.middleware.request_id [None req-e6502676-32a7-4616-a32f-a3dba61f6a30 None None] RequestId filter calling following filter/app {{(pid=109956) _context_setter /opt/stack/cinder/cinder/api/middleware/request_id.py:62}}
Mar 09 14:19:11.090532 dv-cinder-832709-1-smb devstack@c-api.service[109956]: INFO cinder.api.openstack.wsgi [None req-e6502676-32a7-4616-a32f-a3dba61f6a30 tempest-VolumeQuotasAdminTestJSON-110846260 tempest-VolumeQuotasAdminTestJSON-110846260-project-admin] PUT http://10.222.0.31/volume/v3/0198ffdd4437489f9c5a35acd49f4afb/os-quota-sets/b80551664c1f456eb1ce8f0402945bbb
Mar 09 14:19:11.091414 dv-cinder-832709-1-smb devstack@c-api.service[109956]: DEBUG cinder.api.openstack.wsgi [None req-e6502676-32a7-4616-a32f-a3dba61f6a30 tempest-VolumeQuotasAdminTestJSON-110846260 tempest-VolumeQuotasAdminTestJSON-110846260-project-admin] Action: 'update', calling method: update, body: {"quota_set": {"volumes": 15}} {{(pid=109956) _process_stack /opt/stack/cinder/cinder/api/openstack/wsgi.py:866}}
Mar 09 14:19:11.094354 dv-cinder-832709-1-smb devstack@c-api.service[109955]: [pid: 109955|app: 0|req: 94/184] 10.222.0.31 () {58 vars in 1357 bytes} [Wed Mar 9 14:19:11 2022] GET /volume/v3/0198ffdd4437489f9c5a35acd49f4afb/os-quota-sets/b80551664c1f456eb1ce8f0402945bbb/defaults => generated 756 bytes in 92 msecs (HTTP/1.1 200) 7 headers in 285 bytes (2 switches on core 0)
Mar 09 14:19:11.148318 dv-cinder-832709-1-smb devstack@c-api.service[109955]: DEBUG cinder.api.middleware.request_id [None req-4b341883-f717-4782-8d61-ac19a0141b4f None None] RequestId filter calling following filter/app {{(pid=109955) _context_setter /opt/stack/cinder/cinder/api/middleware/request_id.py:62}}
Mar 09 14:19:11.153921 dv-cinder-832709-1-smb devstack@c-api.service[109955]: INFO cinder.api.openstack.wsgi [None req-4b341883-f717-4782-8d61-ac19a0141b4f tempest-GroupSnapshotsTest-1565183580 tempest-GroupSnapshotsTest-1565183580-project] GET http://10.222.0.31/volume/v3/bf0979de67c84d719816312be25f3b38/groups/64de9d17-5d0c-46dc-b37c-9da0ff999ea3
Mar 09 14:19:11.154870 dv-cinder-832709-1-smb devstack@c-api.service[109955]: DEBUG cinder.api.openstack.wsgi [None req-4b341883-f717-4782-8d61-ac19a0141b4f tempest-GroupSnapshotsTest-1565183580 tempest-GroupSnapshotsTest-1565183580-project] Empty body provided in request {{(pid=109955) get_body /opt/stack/cinder/cinder/api/openstack/wsgi.py:715}}
Mar 09 14:19:11.155643 dv-cinder-832709-1-smb devstack@c-api.service[109955]: DEBUG cinder.api.openstack.wsgi [None req-4b341883-f717-4782-8d61-ac19a0141b4f tempest-GroupSnapshotsTest-1565183580 tempest-GroupSnapshotsTest-1565183580-project] Calling method 'version_select' {{(pid=109955) _process_stack /opt/stack/cinder/cinder/api/openstack/wsgi.py:868}}
Mar 09 14:19:11.156231 dv-cinder-832709-1-smb devstack@c-api.service[109955]: DEBUG cinder.api.v3.groups [None req-4b341883-f717-4782-8d61-ac19a0141b4f tempest-GroupSnapshotsTest-1565183580 tempest-GroupSnapshotsTest-1565183580-project] show called for member 64de9d17-5d0c-46dc-b37c-9da0ff999ea3 {{(pid=109955) show /opt/stack/cinder/cinder/api/v3/groups.py:58}}
Mar 09 14:19:11.168572 dv-cinder-832709-1-smb devstack@c-api.service[109955]: /usr/local/lib/python3.8/dist-packages/oslo_context/context.py:100: DeprecationWarning: Policy enforcement is depending on the value of is_admin. This key is deprecated. Please update your policy file to use the standard policy values.
Mar 09 14:19:11.168572 dv-cinder-832709-1-smb devstack@c-api.service[109955]: warnings.warn('Policy enforcement is depending on the value of '
Mar 09 14:19:11.207353 dv-cinder-832709-1-smb devstack@c-api.service[109955]: INFO cinder.api.openstack.wsgi [None req-4b341883-f717-4782-8d61-ac19a0141b4f tempest-GroupSnapshotsTest-1565183580 tempest-GroupSnapshotsTest-1565183580-project] http://10.222.0.31/volume/v3/bf0979de67c84d719816312be25f3b38/groups/64de9d17-5d0c-46dc-b37c-9da0ff999ea3 returned with HTTP 200
Mar 09 14:19:11.208487 dv-cinder-832709-1-smb devstack@c-api.service[109955]: [pid: 109955|app: 0|req: 95/185] 10.222.0.31 () {60 vars in 1362 bytes} [Wed Mar 9 14:19:11 2022] GET /volume/v3/bf0979de67c84d719816312be25f3b38/groups/64de9d17-5d0c-46dc-b37c-9da0ff999ea3 => generated 392 bytes in 61 msecs (HTTP/1.1 200) 7 headers in 286 bytes (2 switches on core 0)
Mar 09 14:19:11.219473 dv-cinder-832709-1-smb devstack@c-api.service[109955]: DEBUG cinder.api.middleware.request_id [None req-f6a65c2d-ad58-43aa-98c4-a8ba61ca880e None None] RequestId filter calling following filter/app {{(pid=109955) _context_setter /opt/stack/cinder/cinder/api/middleware/request_id.py:62}}
Mar 09 14:19:11.228659 dv-cinder-832709-1-smb devstack@c-api.service[109955]: INFO cinder.api.openstack.wsgi [None req-f6a65c2d-ad58-43aa-98c4-a8ba61ca880e tempest-GroupSnapshotsTest-1565183580 tempest-GroupSnapshotsTest-1565183580-project] POST http://10.222.0.31/volume/v3/bf0979de67c84d719816312be25f3b38/volumes
Mar 09 14:19:11.237392 dv-cinder-832709-1-smb devstack@c-api.service[109955]: DEBUG cinder.api.openstack.wsgi [None req-f6a65c2d-ad58-43aa-98c4-a8ba61ca880e tempest-GroupSnapshotsTest-1565183580 tempest-GroupSnapshotsTest-1565183580-project] Action: 'create', calling method: create, body: {"volume": {"volume_type": "0e48da38-6fd5-4c03-a4f7-df094702e7c9", "group_id": "64de9d17-5d0c-46dc-b37c-9da0ff999ea3", "size": 1, "name": "tempest-GroupSnapshotsTest-Volume-1967995504"}} {{(pid=109955) _process_stack /opt/stack/cinder/cinder/api/openstack/wsgi.py:866}}
Mar 09 14:19:11.240942 dv-cinder-832709-1-smb devstack@c-api.service[109955]: DEBUG cinder.api.v3.volumes [None req-f6a65c2d-ad58-43aa-98c4-a8ba61ca880e tempest-GroupSnapshotsTest-1565183580 tempest-GroupSnapshotsTest-1565183580-project] Create volume request body: {'volume': {'volume_type': '0e48da38-6fd5-4c03-a4f7-df094702e7c9', 'group_id': '64de9d17-5d0c-46dc-b37c-9da0ff999ea3', 'size': 1, 'name': 'tempest-GroupSnapshotsTest-Volume-1967995504'}} {{(pid=109955) create /opt/stack/cinder/cinder/api/v3/volumes.py:298}}
Mar 09 14:19:11.277942 dv-cinder-832709-1-smb devstack@c-api.service[109955]: /usr/local/lib/python3.8/dist-packages/oslo_context/context.py:100: DeprecationWarning: Policy enforcement is depending on the value of is_admin. This key is deprecated. Please update your policy file to use the standard policy values.
Mar 09 14:19:11.277942 dv-cinder-832709-1-smb devstack@c-api.service[109955]: warnings.warn('Policy enforcement is depending on the value of '
Mar 09 14:19:11.283517 dv-cinder-832709-1-smb devstack@c-api.service[109955]: INFO cinder.api.v3.volumes [None req-f6a65c2d-ad58-43aa-98c4-a8ba61ca880e tempest-GroupSnapshotsTest-1565183580 tempest-GroupSnapshotsTest-1565183580-project] Create volume of 1 GB
Mar 09 14:19:11.295408 dv-cinder-832709-1-smb devstack@c-api.service[109956]: INFO cinder.api.openstack.wsgi [None req-e6502676-32a7-4616-a32f-a3dba61f6a30 tempest-VolumeQuotasAdminTestJSON-110846260 tempest-VolumeQuotasAdminTestJSON-110846260-project-admin] http://10.222.0.31/volume/v3/0198ffdd4437489f9c5a35acd49f4afb/os-quota-sets/b80551664c1f456eb1ce8f0402945bbb returned with HTTP 200
Mar 09 14:19:11.296385 dv-cinder-832709-1-smb devstack@c-api.service[109956]: [pid: 109956|app: 0|req: 91/186] 10.222.0.31 () {60 vars in 1350 bytes} [Wed Mar 9 14:19:11 2022] PUT /volume/v3/0198ffdd4437489f9c5a35acd49f4afb/os-quota-sets/b80551664c1f456eb1ce8f0402945bbb => generated 714 bytes in 215 msecs (HTTP/1.1 200) 7 headers in 285 bytes (1 switches on core 0)
Mar 09 14:19:11.300249 dv-cinder-832709-1-smb devstack@c-api.service[109956]: DEBUG cinder.api.middleware.request_id [None req-170396bd-b8f3-4410-b362-2e520bdd9b1d None None] RequestId filter calling following filter/app {{(pid=109956) _context_setter /opt/stack/cinder/cinder/api/middleware/request_id.py:62}}
Mar 09 14:19:11.320639 dv-cinder-832709-1-smb devstack@c-api.service[109956]: INFO cinder.api.openstack.wsgi [None req-170396bd-b8f3-4410-b362-2e520bdd9b1d tempest-VolumesTestJSON-3317210 tempest-VolumesTestJSON-3317210-project] GET http://10.222.0.31/volume/v3/c36e6bf456354b1fa8d3fc3f8739a4f2/volumes/3d01964c-8ed8-440a-8379-055fb117ebae
Mar 09 14:19:11.323389 dv-cinder-832709-1-smb devstack@c-api.service[109956]: DEBUG cinder.api.openstack.wsgi [None req-170396bd-b8f3-4410-b362-2e520bdd9b1d tempest-VolumesTestJSON-3317210 tempest-VolumesTestJSON-3317210-project] Empty body provided in request {{(pid=109956) get_body /opt/stack/cinder/cinder/api/openstack/wsgi.py:715}}
Mar 09 14:19:11.327918 dv-cinder-832709-1-smb devstack@c-api.service[109956]: DEBUG cinder.api.openstack.wsgi [None req-170396bd-b8f3-4410-b362-2e520bdd9b1d tempest-VolumesTestJSON-3317210 tempest-VolumesTestJSON-3317210-project] Calling method 'show' {{(pid=109956) _process_stack /opt/stack/cinder/cinder/api/openstack/wsgi.py:868}}
Mar 09 14:19:11.334003 dv-cinder-832709-1-smb devstack@c-api.service[109955]: INFO cinder.volume.api [None req-f6a65c2d-ad58-43aa-98c4-a8ba61ca880e tempest-GroupSnapshotsTest-1565183580 tempest-GroupSnapshotsTest-1565183580-project] Availability Zones retrieved successfully.
Mar 09 14:19:11.360396 dv-cinder-832709-1-smb devstack@c-api.service[109956]: INFO cinder.api.openstack.wsgi [None req-170396bd-b8f3-4410-b362-2e520bdd9b1d tempest-VolumesTestJSON-3317210 tempest-VolumesTestJSON-3317210-project] http://10.222.0.31/volume/v3/c36e6bf456354b1fa8d3fc3f8739a4f2/volumes/3d01964c-8ed8-440a-8379-055fb117ebae returned with HTTP 404
Mar 09 14:19:11.365817 dv-cinder-832709-1-smb devstack@c-api.service[109956]: [pid: 109956|app: 0|req: 92/187] 10.222.0.31 () {58 vars in 1324 bytes} [Wed Mar 9 14:19:11 2022] GET /volume/v3/c36e6bf456354b1fa8d3fc3f8739a4f2/volumes/3d01964c-8ed8-440a-8379-055fb117ebae => generated 109 bytes in 65 msecs (HTTP/1.1 404) 7 headers in 292 bytes (1 switches on core 0)
Mar 09 14:19:11.366816 dv-cinder-832709-1-smb devstack@c-api.service[109956]: DEBUG cinder.api.middleware.request_id [None req-975ce09a-dba8-4d76-85cb-2fbd52c872fa None None] RequestId filter calling following filter/app {{(pid=109956) _context_setter /opt/stack/cinder/cinder/api/middleware/request_id.py:62}}
Mar 09 14:19:11.371439 dv-cinder-832709-1-smb devstack@c-api.service[109956]: INFO cinder.api.openstack.wsgi [None req-975ce09a-dba8-4d76-85cb-2fbd52c872fa tempest-VolumeQuotasAdminTestJSON-110846260 tempest-VolumeQuotasAdminTestJSON-110846260-project-admin] DELETE http://10.222.0.31/volume/v3/0198ffdd4437489f9c5a35acd49f4afb/os-quota-sets/b80551664c1f456eb1ce8f0402945bbb
Mar 09 14:19:11.371884 dv-cinder-832709-1-smb devstack@c-api.service[109956]: DEBUG cinder.api.openstack.wsgi [None req-975ce09a-dba8-4d76-85cb-2fbd52c872fa tempest-VolumeQuotasAdminTestJSON-110846260 tempest-VolumeQuotasAdminTestJSON-110846260-project-admin] Empty body provided in request {{(pid=109956) get_body /opt/stack/cinder/cinder/api/openstack/wsgi.py:715}}
Mar 09 14:19:11.372340 dv-cinder-832709-1-smb devstack@c-api.service[109956]: DEBUG cinder.api.openstack.wsgi [None req-975ce09a-dba8-4d76-85cb-2fbd52c872fa tempest-VolumeQuotasAdminTestJSON-110846260 tempest-VolumeQuotasAdminTestJSON-110846260-project-admin] Calling method 'delete' {{(pid=109956) _process_stack /opt/stack/cinder/cinder/api/openstack/wsgi.py:868}}
Mar 09 14:19:11.381987 dv-cinder-832709-1-smb devstack@c-api.service[109955]: DEBUG cinder.volume.api [None req-f6a65c2d-ad58-43aa-98c4-a8ba61ca880e tempest-GroupSnapshotsTest-1565183580 tempest-GroupSnapshotsTest-1565183580-project] Flow 'volume_create_api' (0adf7a7c-931a-42d2-8a62-4da069f4ba49) transitioned into state 'RUNNING' from state 'PENDING' {{(pid=109955) _flow_receiver /usr/local/lib/python3.8/dist-packages/taskflow/listeners/logging.py:141}}
Mar 09 14:19:11.385150 dv-cinder-832709-1-smb devstack@c-api.service[109955]: DEBUG cinder.volume.api [None req-f6a65c2d-ad58-43aa-98c4-a8ba61ca880e tempest-GroupSnapshotsTest-1565183580 tempest-GroupSnapshotsTest-1565183580-project] Task 'cinder.volume.flows.api.create_volume.ExtractVolumeRequestTask;volume:create' (521995b2-cc68-4976-a48e-af3e49fa4eaa) transitioned into state 'RUNNING' from state 'PENDING' {{(pid=109955) _task_receiver /usr/local/lib/python3.8/dist-packages/taskflow/listeners/logging.py:190}}
Mar 09 14:19:11.391888 dv-cinder-832709-1-smb devstack@c-api.service[109956]: INFO cinder.api.openstack.wsgi [None req-975ce09a-dba8-4d76-85cb-2fbd52c872fa tempest-VolumeQuotasAdminTestJSON-110846260 tempest-VolumeQuotasAdminTestJSON-110846260-project-admin] http://10.222.0.31/volume/v3/0198ffdd4437489f9c5a35acd49f4afb/os-quota-sets/b80551664c1f456eb1ce8f0402945bbb returned with HTTP 200
Mar 09 14:19:11.397722 dv-cinder-832709-1-smb devstack@c-api.service[109955]: /usr/local/lib/python3.8/dist-packages/oslo_context/context.py:100: DeprecationWarning: Policy enforcement is depending on the value of is_admin. This key is deprecated. Please update your policy file to use the standard policy values.
Mar 09 14:19:11.397722 dv-cinder-832709-1-smb devstack@c-api.service[109955]: warnings.warn('Policy enforcement is depending on the value of '
Mar 09 14:19:11.398017 dv-cinder-832709-1-smb devstack@c-api.service[109956]: [pid: 109956|app: 0|req: 93/188] 10.222.0.31 () {58 vars in 1333 bytes} [Wed Mar 9 14:19:11 2022] DELETE /volume/v3/0198ffdd4437489f9c5a35acd49f4afb/os-quota-sets/b80551664c1f456eb1ce8f0402945bbb => generated 0 bytes in 29 msecs (HTTP/1.1 200) 7 headers in 283 bytes (1 switches on core 0)
Mar 09 14:19:11.398482 dv-cinder-832709-1-smb devstack@c-api.service[109955]: DEBUG cinder.volume.flows.api.create_volume [None req-f6a65c2d-ad58-43aa-98c4-a8ba61ca880e tempest-GroupSnapshotsTest-1565183580 tempest-GroupSnapshotsTest-1565183580-project] Validating volume size '1' using validate_int {{(pid=109955) _extract_size /opt/stack/cinder/cinder/volume/flows/api/create_volume.py:225}}
Mar 09 14:19:11.399914 dv-cinder-832709-1-smb devstack@c-api.service[109956]: DEBUG cinder.api.middleware.request_id [None req-76b2d7ff-881b-4935-a199-9c74d9ee22ec None None] RequestId filter calling following filter/app {{(pid=109956) _context_setter /opt/stack/cinder/cinder/api/middleware/request_id.py:62}}
Mar 09 14:19:11.405945 dv-cinder-832709-1-smb devstack@c-api.service[109956]: INFO cinder.api.openstack.wsgi [None req-76b2d7ff-881b-4935-a199-9c74d9ee22ec tempest-VolumeQuotasAdminTestJSON-110846260 tempest-VolumeQuotasAdminTestJSON-110846260-project-admin] GET http://10.222.0.31/volume/v3/0198ffdd4437489f9c5a35acd49f4afb/os-quota-sets/b80551664c1f456eb1ce8f0402945bbb
Mar 09 14:19:11.406404 dv-cinder-832709-1-smb devstack@c-api.service[109956]: DEBUG cinder.api.openstack.wsgi [None req-76b2d7ff-881b-4935-a199-9c74d9ee22ec tempest-VolumeQuotasAdminTestJSON-110846260 tempest-VolumeQuotasAdminTestJSON-110846260-project-admin] Empty body provided in request {{(pid=109956) get_body /opt/stack/cinder/cinder/api/openstack/wsgi.py:715}}
Mar 09 14:19:11.406865 dv-cinder-832709-1-smb devstack@c-api.service[109956]: DEBUG cinder.api.openstack.wsgi [None req-76b2d7ff-881b-4935-a199-9c74d9ee22ec tempest-VolumeQuotasAdminTestJSON-110846260 tempest-VolumeQuotasAdminTestJSON-110846260-project-admin] Calling method 'show' {{(pid=109956) _process_stack /opt/stack/cinder/cinder/api/openstack/wsgi.py:868}}
Mar 09 14:19:11.456180 dv-cinder-832709-1-smb devstack@c-api.service[109955]: DEBUG cinder.volume.api [None req-f6a65c2d-ad58-43aa-98c4-a8ba61ca880e tempest-GroupSnapshotsTest-1565183580 tempest-GroupSnapshotsTest-1565183580-project] Task 'cinder.volume.flows.api.create_volume.ExtractVolumeRequestTask;volume:create' (521995b2-cc68-4976-a48e-af3e49fa4eaa) transitioned into state 'SUCCESS' from state 'RUNNING' with result '{'size': 1, 'snapshot_id': None, 'source_volid': None, 'volume_type': VolumeType(created_at=2022-03-09T14:19:10Z,deleted=False,deleted_at=None,description=None,extra_specs={},id=0e48da38-6fd5-4c03-a4f7-df094702e7c9,is_public=True,name='tempest-GroupSnapshotsTest-volume-type-106451821',projects=[],qos_specs=,qos_specs_id=None,updated_at=None), 'volume_type_id': '0e48da38-6fd5-4c03-a4f7-df094702e7c9', 'encryption_key_id': None, 'qos_specs': None, 'consistencygroup_id': None, 'cgsnapshot_id': None, 'group_id': '64de9d17-5d0c-46dc-b37c-9da0ff999ea3', 'replication_status': 'disabled', 'refresh_az': False, 'backup_id': None, 'multiattach': False, 'availability_zones': ['nova']}' {{(pid=109955) _task_receiver /usr/local/lib/python3.8/dist-packages/taskflow/listeners/logging.py:178}}
Mar 09 14:19:11.458239 dv-cinder-832709-1-smb devstack@c-api.service[109955]: DEBUG cinder.volume.api [None req-f6a65c2d-ad58-43aa-98c4-a8ba61ca880e tempest-GroupSnapshotsTest-1565183580 tempest-GroupSnapshotsTest-1565183580-project] Task 'cinder.volume.flows.api.create_volume.QuotaReserveTask;volume:create' (a12bdc88-1214-4eba-a99c-a56d3e1c657c) transitioned into state 'RUNNING' from state 'PENDING' {{(pid=109955) _task_receiver /usr/local/lib/python3.8/dist-packages/taskflow/listeners/logging.py:190}}
Mar 09 14:19:11.487447 dv-cinder-832709-1-smb devstack@c-api.service[109956]: INFO cinder.api.openstack.wsgi [None req-76b2d7ff-881b-4935-a199-9c74d9ee22ec tempest-VolumeQuotasAdminTestJSON-110846260 tempest-VolumeQuotasAdminTestJSON-110846260-project-admin] http://10.222.0.31/volume/v3/0198ffdd4437489f9c5a35acd49f4afb/os-quota-sets/b80551664c1f456eb1ce8f0402945bbb returned with HTTP 200
Mar 09 14:19:11.489222 dv-cinder-832709-1-smb devstack@c-api.service[109956]: [pid: 109956|app: 0|req: 94/189] 10.222.0.31 () {58 vars in 1330 bytes} [Wed Mar 9 14:19:11 2022] GET /volume/v3/0198ffdd4437489f9c5a35acd49f4afb/os-quota-sets/b80551664c1f456eb1ce8f0402945bbb => generated 756 bytes in 91 msecs (HTTP/1.1 200) 7 headers in 285 bytes (2 switches on core 0)
Mar 09 14:19:11.497051 dv-cinder-832709-1-smb devstack@c-api.service[109956]: DEBUG cinder.api.middleware.request_id [None req-598079ba-a9fd-4ce0-8acf-9a222745e836 None None] RequestId filter calling following filter/app {{(pid=109956) _context_setter /opt/stack/cinder/cinder/api/middleware/request_id.py:62}}
Mar 09 14:19:11.510096 dv-cinder-832709-1-smb devstack@c-api.service[109956]: INFO cinder.api.openstack.wsgi [None req-598079ba-a9fd-4ce0-8acf-9a222745e836 tempest-VolumeQuotasAdminTestJSON-110846260 tempest-VolumeQuotasAdminTestJSON-110846260-project-admin] PUT http://10.222.0.31/volume/v3/0198ffdd4437489f9c5a35acd49f4afb/os-quota-sets/b80551664c1f456eb1ce8f0402945bbb
Mar 09 14:19:11.511964 dv-cinder-832709-1-smb devstack@c-api.service[109956]: DEBUG cinder.api.openstack.wsgi [None req-598079ba-a9fd-4ce0-8acf-9a222745e836 tempest-VolumeQuotasAdminTestJSON-110846260 tempest-VolumeQuotasAdminTestJSON-110846260-project-admin] Action: 'update', calling method: update, body: {"quota_set": {"volumes": 10, "per_volume_gigabytes": -1, "snapshots": 10, "gigabytes": 1000, "backups": 10, "backup_gigabytes": 1000}} {{(pid=109956) _process_stack /opt/stack/cinder/cinder/api/openstack/wsgi.py:866}}
Mar 09 14:19:11.639029 dv-cinder-832709-1-smb devstack@c-api.service[109955]: DEBUG cinder.quota [None req-f6a65c2d-ad58-43aa-98c4-a8ba61ca880e tempest-GroupSnapshotsTest-1565183580 tempest-GroupSnapshotsTest-1565183580-project] Created reservations ['99bf3a7d-c4df-4dab-aeed-c2c1cf724529', 'a0899cbd-55de-4b73-8ae5-c77c17b01d0a', 'ebeb1e6f-b5aa-486a-a2e5-ff91e941700d', 'acfbc46d-e4d1-40a9-ad2f-0485b34a6444'] {{(pid=109955) reserve /opt/stack/cinder/cinder/quota.py:755}}
Mar 09 14:19:11.643283 dv-cinder-832709-1-smb devstack@c-api.service[109955]: DEBUG cinder.volume.api [None req-f6a65c2d-ad58-43aa-98c4-a8ba61ca880e tempest-GroupSnapshotsTest-1565183580 tempest-GroupSnapshotsTest-1565183580-project] Task 'cinder.volume.flows.api.create_volume.QuotaReserveTask;volume:create' (a12bdc88-1214-4eba-a99c-a56d3e1c657c) transitioned into state 'SUCCESS' from state 'RUNNING' with result '{'reservations': ['99bf3a7d-c4df-4dab-aeed-c2c1cf724529', 'a0899cbd-55de-4b73-8ae5-c77c17b01d0a', 'ebeb1e6f-b5aa-486a-a2e5-ff91e941700d', 'acfbc46d-e4d1-40a9-ad2f-0485b34a6444']}' {{(pid=109955) _task_receiver /usr/local/lib/python3.8/dist-packages/taskflow/listeners/logging.py:178}}
Mar 09 14:19:11.648108 dv-cinder-832709-1-smb devstack@c-api.service[109955]: DEBUG cinder.volume.api [None req-f6a65c2d-ad58-43aa-98c4-a8ba61ca880e tempest-GroupSnapshotsTest-1565183580 tempest-GroupSnapshotsTest-1565183580-project] Task 'cinder.volume.flows.api.create_volume.EntryCreateTask;volume:create' (a5ae9f0f-9791-48fa-a7d0-faa89db42cdf) transitioned into state 'RUNNING' from state 'PENDING' {{(pid=109955) _task_receiver /usr/local/lib/python3.8/dist-packages/taskflow/listeners/logging.py:190}}
Mar 09 14:19:11.686359 dv-cinder-832709-1-smb devstack@c-api.service[109955]: DEBUG cinder.volume.api [None req-f6a65c2d-ad58-43aa-98c4-a8ba61ca880e tempest-GroupSnapshotsTest-1565183580 tempest-GroupSnapshotsTest-1565183580-project] Task 'cinder.volume.flows.api.create_volume.EntryCreateTask;volume:create' (a5ae9f0f-9791-48fa-a7d0-faa89db42cdf) transitioned into state 'SUCCESS' from state 'RUNNING' with result '{'volume_id': 'df8cd1a6-9d6e-41f4-903e-686ed0f9e948', 'volume_properties': VolumeProperties(attach_status='detached',availability_zone='nova',cgsnapshot_id=None,consistencygroup_id=None,display_description=None,display_name='tempest-GroupSnapshotsTest-Volume-1967995504',encryption_key_id=None,group_id=64de9d17-5d0c-46dc-b37c-9da0ff999ea3,group_type_id=,metadata={},multiattach=False,project_id='bf0979de67c84d719816312be25f3b38',qos_specs=None,replication_status=,reservations=['99bf3a7d-c4df-4dab-aeed-c2c1cf724529','a0899cbd-55de-4b73-8ae5-c77c17b01d0a','ebeb1e6f-b5aa-486a-a2e5-ff91e941700d','acfbc46d-e4d1-40a9-ad2f-0485b34a6444'],size=1,snapshot_id=None,source_replicaid=,source_volid=None,status='creating',user_id='ddece026954e48f285b5aaade9f2b827',volume_type_id=0e48da38-6fd5-4c03-a4f7-df094702e7c9), 'volume': Volume(_name_id=None,admin_metadata=,attach_status='detached',availability_zone='nova',bootable=False,cluster=,cluster_name=None,consistencygroup=,consistencygroup_id=None,created_at=2022-03-09T14:19:11Z,deleted=False,deleted_at=None,display_description=None,display_name='tempest-GroupSnapshotsTest-Volume-1967995504',ec2_id=None,encryption_key_id=None,glance_metadata=,group=,group_id=64de9d17-5d0c-46dc-b37c-9da0ff999ea3,host=None,id=df8cd1a6-9d6e-41f4-903e-686ed0f9e948,launched_at=None,metadata={},migration_status=None,multiattach=False,previous_status=None,project_id='bf0979de67c84d719816312be25f3b38',provider_auth=None,provider_geometry=None,provider_id=None,provider_location=None,replication_driver_data=None,replication_extended_status=None,replication_status=None,scheduled_at=None,service_uuid=None,shared_targets=True,size=1,snapshot_id=None,snapshots=,source_volid=None,status='creating',terminated_at=None,updated_at=None,use_quota=True,user_id='ddece026954e48f285b5aaade9f2b827',volume_attachment=VolumeAttachmentList,volume_type=VolumeType(0e48da38-6fd5-4c03-a4f7-df094702e7c9),volume_type_id=0e48da38-6fd5-4c03-a4f7-df094702e7c9)}' {{(pid=109955) _task_receiver /usr/local/lib/python3.8/dist-packages/taskflow/listeners/logging.py:178}}
Mar 09 14:19:11.692147 dv-cinder-832709-1-smb devstack@c-api.service[109955]: DEBUG cinder.volume.api [None req-f6a65c2d-ad58-43aa-98c4-a8ba61ca880e tempest-GroupSnapshotsTest-1565183580 tempest-GroupSnapshotsTest-1565183580-project] Task 'cinder.volume.flows.api.create_volume.QuotaCommitTask;volume:create' (a65c1402-3cf2-4b96-b4ae-ba095c0c120a) transitioned into state 'RUNNING' from state 'PENDING' {{(pid=109955) _task_receiver /usr/local/lib/python3.8/dist-packages/taskflow/listeners/logging.py:190}}
Mar 09 14:19:11.730123 dv-cinder-832709-1-smb devstack@c-api.service[109955]: DEBUG cinder.volume.api [None req-f6a65c2d-ad58-43aa-98c4-a8ba61ca880e tempest-GroupSnapshotsTest-1565183580 tempest-GroupSnapshotsTest-1565183580-project] Task 'cinder.volume.flows.api.create_volume.QuotaCommitTask;volume:create' (a65c1402-3cf2-4b96-b4ae-ba095c0c120a) transitioned into state 'SUCCESS' from state 'RUNNING' with result '{'volume_properties': VolumeProperties(attach_status='detached',availability_zone='nova',cgsnapshot_id=None,consistencygroup_id=None,display_description=None,display_name='tempest-GroupSnapshotsTest-Volume-1967995504',encryption_key_id=None,group_id=64de9d17-5d0c-46dc-b37c-9da0ff999ea3,group_type_id=,metadata={},multiattach=False,project_id='bf0979de67c84d719816312be25f3b38',qos_specs=None,replication_status=,reservations=['99bf3a7d-c4df-4dab-aeed-c2c1cf724529','a0899cbd-55de-4b73-8ae5-c77c17b01d0a','ebeb1e6f-b5aa-486a-a2e5-ff91e941700d','acfbc46d-e4d1-40a9-ad2f-0485b34a6444'],size=1,snapshot_id=None,source_replicaid=,source_volid=None,status='creating',user_id='ddece026954e48f285b5aaade9f2b827',volume_type_id=0e48da38-6fd5-4c03-a4f7-df094702e7c9)}' {{(pid=109955) _task_receiver /usr/local/lib/python3.8/dist-packages/taskflow/listeners/logging.py:178}}
Mar 09 14:19:11.732750 dv-cinder-832709-1-smb devstack@c-api.service[109955]: DEBUG cinder.volume.api [None req-f6a65c2d-ad58-43aa-98c4-a8ba61ca880e tempest-GroupSnapshotsTest-1565183580 tempest-GroupSnapshotsTest-1565183580-project] Task 'cinder.volume.flows.api.create_volume.VolumeCastTask;volume:create' (3bdc7cae-3570-4d45-bb39-a62f3e18f6a1) transitioned into state 'RUNNING' from state 'PENDING' {{(pid=109955) _task_receiver /usr/local/lib/python3.8/dist-packages/taskflow/listeners/logging.py:190}}
Mar 09 14:19:11.780615 dv-cinder-832709-1-smb devstack@c-api.service[109956]: INFO cinder.api.openstack.wsgi [None req-598079ba-a9fd-4ce0-8acf-9a222745e836 tempest-VolumeQuotasAdminTestJSON-110846260 tempest-VolumeQuotasAdminTestJSON-110846260-project-admin] http://10.222.0.31/volume/v3/0198ffdd4437489f9c5a35acd49f4afb/os-quota-sets/b80551664c1f456eb1ce8f0402945bbb returned with HTTP 200
Mar 09 14:19:11.785199 dv-cinder-832709-1-smb devstack@c-api.service[109956]: [pid: 109956|app: 0|req: 95/190] 10.222.0.31 () {60 vars in 1351 bytes} [Wed Mar 9 14:19:11 2022] PUT /volume/v3/0198ffdd4437489f9c5a35acd49f4afb/os-quota-sets/b80551664c1f456eb1ce8f0402945bbb => generated 714 bytes in 290 msecs (HTTP/1.1 200) 7 headers in 285 bytes (1 switches on core 0)
Mar 09 14:19:11.793472 dv-cinder-832709-1-smb devstack@c-api.service[109956]: DEBUG cinder.api.middleware.request_id [None req-a1d952cc-e43b-4f63-bc5a-30ae4c076b94 None None] RequestId filter calling following filter/app {{(pid=109956) _context_setter /opt/stack/cinder/cinder/api/middleware/request_id.py:62}}
Mar 09 14:19:11.800461 dv-cinder-832709-1-smb devstack@c-api.service[109956]: INFO cinder.api.openstack.wsgi [None req-a1d952cc-e43b-4f63-bc5a-30ae4c076b94 tempest-VolumeQuotasAdminTestJSON-110846260 tempest-VolumeQuotasAdminTestJSON-110846260-project-admin] GET http://10.222.0.31/volume/v3/0198ffdd4437489f9c5a35acd49f4afb/os-quota-sets/b80551664c1f456eb1ce8f0402945bbb/defaults
Mar 09 14:19:11.806309 dv-cinder-832709-1-smb devstack@c-api.service[109956]: DEBUG cinder.api.openstack.wsgi [None req-a1d952cc-e43b-4f63-bc5a-30ae4c076b94 tempest-VolumeQuotasAdminTestJSON-110846260 tempest-VolumeQuotasAdminTestJSON-110846260-project-admin] Empty body provided in request {{(pid=109956) get_body /opt/stack/cinder/cinder/api/openstack/wsgi.py:715}}
Mar 09 14:19:11.807550 dv-cinder-832709-1-smb devstack@c-api.service[109956]: DEBUG cinder.api.openstack.wsgi [None req-a1d952cc-e43b-4f63-bc5a-30ae4c076b94 tempest-VolumeQuotasAdminTestJSON-110846260 tempest-VolumeQuotasAdminTestJSON-110846260-project-admin] Calling method 'defaults' {{(pid=109956) _process_stack /opt/stack/cinder/cinder/api/openstack/wsgi.py:868}}
Mar 09 14:19:11.811557 dv-cinder-832709-1-smb devstack@c-api.service[109955]: DEBUG cinder.volume.api [None req-f6a65c2d-ad58-43aa-98c4-a8ba61ca880e tempest-GroupSnapshotsTest-1565183580 tempest-GroupSnapshotsTest-1565183580-project] Task 'cinder.volume.flows.api.create_volume.VolumeCastTask;volume:create' (3bdc7cae-3570-4d45-bb39-a62f3e18f6a1) transitioned into state 'SUCCESS' from state 'RUNNING' with result 'None' {{(pid=109955) _task_receiver /usr/local/lib/python3.8/dist-packages/taskflow/listeners/logging.py:178}}
Mar 09 14:19:11.819149 dv-cinder-832709-1-smb devstack@c-api.service[109955]: DEBUG cinder.volume.api [None req-f6a65c2d-ad58-43aa-98c4-a8ba61ca880e tempest-GroupSnapshotsTest-1565183580 tempest-GroupSnapshotsTest-1565183580-project] Flow 'volume_create_api' (0adf7a7c-931a-42d2-8a62-4da069f4ba49) transitioned into state 'SUCCESS' from state 'RUNNING' {{(pid=109955) _flow_receiver /usr/local/lib/python3.8/dist-packages/taskflow/listeners/logging.py:141}}
Mar 09 14:19:11.820066 dv-cinder-832709-1-smb devstack@c-api.service[109955]: INFO cinder.volume.api [None req-f6a65c2d-ad58-43aa-98c4-a8ba61ca880e tempest-GroupSnapshotsTest-1565183580 tempest-GroupSnapshotsTest-1565183580-project] Create volume request issued successfully.
Mar 09 14:19:11.823827 dv-cinder-832709-1-smb devstack@c-api.service[109955]: WARNING stevedore.named [None req-f6a65c2d-ad58-43aa-98c4-a8ba61ca880e tempest-GroupSnapshotsTest-1565183580 tempest-GroupSnapshotsTest-1565183580-project] Could not load cinder.keymgr.conf_key_mgr.ConfKeyManager
Mar 09 14:19:11.826393 dv-cinder-832709-1-smb devstack@c-api.service[109955]: WARNING castellan.key_manager [None req-f6a65c2d-ad58-43aa-98c4-a8ba61ca880e tempest-GroupSnapshotsTest-1565183580 tempest-GroupSnapshotsTest-1565183580-project] Deprecation Warning : cinder.keymgr.conf_key_mgr.ConfKeyManager is not a stevedore based driver, trying to load it as a class: stevedore.exception.NoMatches: No 'castellan.drivers' driver found, looking for 'cinder.keymgr.conf_key_mgr.ConfKeyManager'
Mar 09 14:19:11.841836 dv-cinder-832709-1-smb devstack@c-api.service[109955]: DEBUG oslo_db.sqlalchemy.engines [None req-f6a65c2d-ad58-43aa-98c4-a8ba61ca880e tempest-GroupSnapshotsTest-1565183580 tempest-GroupSnapshotsTest-1565183580-project] MySQL server mode set to STRICT_TRANS_TABLES,STRICT_ALL_TABLES,NO_ZERO_IN_DATE,NO_ZERO_DATE,ERROR_FOR_DIVISION_BY_ZERO,TRADITIONAL,NO_ENGINE_SUBSTITUTION {{(pid=109955) _check_effective_sql_mode /usr/local/lib/python3.8/dist-packages/oslo_db/sqlalchemy/engines.py:314}}
Mar 09 14:19:11.857387 dv-cinder-832709-1-smb devstack@c-api.service[109955]: /usr/local/lib/python3.8/dist-packages/oslo_context/context.py:100: DeprecationWarning: Policy enforcement is depending on the value of is_admin. This key is deprecated. Please update your policy file to use the standard policy values.
Mar 09 14:19:11.857387 dv-cinder-832709-1-smb devstack@c-api.service[109955]: warnings.warn('Policy enforcement is depending on the value of '
Mar 09 14:19:11.859576 dv-cinder-832709-1-smb devstack@c-api.service[109956]: INFO cinder.api.openstack.wsgi [None req-a1d952cc-e43b-4f63-bc5a-30ae4c076b94 tempest-VolumeQuotasAdminTestJSON-110846260 tempest-VolumeQuotasAdminTestJSON-110846260-project-admin] http://10.222.0.31/volume/v3/0198ffdd4437489f9c5a35acd49f4afb/os-quota-sets/b80551664c1f456eb1ce8f0402945bbb/defaults returned with HTTP 200
Mar 09 14:19:11.870295 dv-cinder-832709-1-smb devstack@c-api.service[109955]: INFO cinder.api.openstack.wsgi [None req-f6a65c2d-ad58-43aa-98c4-a8ba61ca880e tempest-GroupSnapshotsTest-1565183580 tempest-GroupSnapshotsTest-1565183580-project] http://10.222.0.31/volume/v3/bf0979de67c84d719816312be25f3b38/volumes returned with HTTP 202
Mar 09 14:19:11.877594 dv-cinder-832709-1-smb devstack@c-api.service[109956]: [pid: 109956|app: 0|req: 96/191] 10.222.0.31 () {58 vars in 1357 bytes} [Wed Mar 9 14:19:11 2022] GET /volume/v3/0198ffdd4437489f9c5a35acd49f4afb/os-quota-sets/b80551664c1f456eb1ce8f0402945bbb/defaults => generated 756 bytes in 85 msecs (HTTP/1.1 200) 7 headers in 285 bytes (2 switches on core 0)
Mar 09 14:19:11.883614 dv-cinder-832709-1-smb devstack@c-api.service[109955]: [pid: 109955|app: 0|req: 96/192] 10.222.0.31 () {62 vars in 1276 bytes} [Wed Mar 9 14:19:11 2022] POST /volume/v3/bf0979de67c84d719816312be25f3b38/volumes => generated 907 bytes in 668 msecs (HTTP/1.1 202) 7 headers in 292 bytes (2 switches on core 0)
Mar 09 14:19:11.885433 dv-cinder-832709-1-smb devstack@c-api.service[109955]: DEBUG cinder.api.middleware.request_id [None req-f2d5bdf7-09db-4729-8632-9cc059583315 None None] RequestId filter calling following filter/app {{(pid=109955) _context_setter /opt/stack/cinder/cinder/api/middleware/request_id.py:62}}
Mar 09 14:19:11.885728 dv-cinder-832709-1-smb devstack@c-api.service[109956]: DEBUG cinder.api.middleware.request_id [None req-64301f19-604d-47bb-a6e3-1c53da2ac9b1 None None] RequestId filter calling following filter/app {{(pid=109956) _context_setter /opt/stack/cinder/cinder/api/middleware/request_id.py:62}}
Mar 09 14:19:11.889942 dv-cinder-832709-1-smb devstack@c-api.service[109955]: INFO cinder.api.openstack.wsgi [None req-f2d5bdf7-09db-4729-8632-9cc059583315 tempest-GroupSnapshotsTest-1565183580 tempest-GroupSnapshotsTest-1565183580-project] GET http://10.222.0.31/volume/v3/bf0979de67c84d719816312be25f3b38/volumes/df8cd1a6-9d6e-41f4-903e-686ed0f9e948
Mar 09 14:19:11.890649 dv-cinder-832709-1-smb devstack@c-api.service[109955]: DEBUG cinder.api.openstack.wsgi [None req-f2d5bdf7-09db-4729-8632-9cc059583315 tempest-GroupSnapshotsTest-1565183580 tempest-GroupSnapshotsTest-1565183580-project] Empty body provided in request {{(pid=109955) get_body /opt/stack/cinder/cinder/api/openstack/wsgi.py:715}}
Mar 09 14:19:11.891406 dv-cinder-832709-1-smb devstack@c-api.service[109955]: DEBUG cinder.api.openstack.wsgi [None req-f2d5bdf7-09db-4729-8632-9cc059583315 tempest-GroupSnapshotsTest-1565183580 tempest-GroupSnapshotsTest-1565183580-project] Calling method 'show' {{(pid=109955) _process_stack /opt/stack/cinder/cinder/api/openstack/wsgi.py:868}}
Mar 09 14:19:11.900301 dv-cinder-832709-1-smb devstack@c-api.service[109956]: INFO cinder.api.openstack.wsgi [None req-64301f19-604d-47bb-a6e3-1c53da2ac9b1 tempest-VolumeQuotasAdminTestJSON-110846260 tempest-VolumeQuotasAdminTestJSON-110846260-project-admin] GET http://10.222.0.31/volume/v3/0198ffdd4437489f9c5a35acd49f4afb/os-quota-sets/b80551664c1f456eb1ce8f0402945bbb
Mar 09 14:19:11.900941 dv-cinder-832709-1-smb devstack@c-api.service[109956]: DEBUG cinder.api.openstack.wsgi [None req-64301f19-604d-47bb-a6e3-1c53da2ac9b1 tempest-VolumeQuotasAdminTestJSON-110846260 tempest-VolumeQuotasAdminTestJSON-110846260-project-admin] Empty body provided in request {{(pid=109956) get_body /opt/stack/cinder/cinder/api/openstack/wsgi.py:715}}
Mar 09 14:19:11.901326 dv-cinder-832709-1-smb devstack@c-api.service[109956]: DEBUG cinder.api.openstack.wsgi [None req-64301f19-604d-47bb-a6e3-1c53da2ac9b1 tempest-VolumeQuotasAdminTestJSON-110846260 tempest-VolumeQuotasAdminTestJSON-110846260-project-admin] Calling method 'show' {{(pid=109956) _process_stack /opt/stack/cinder/cinder/api/openstack/wsgi.py:868}}
Mar 09 14:19:11.926844 dv-cinder-832709-1-smb devstack@c-api.service[109955]: /usr/local/lib/python3.8/dist-packages/oslo_context/context.py:100: DeprecationWarning: Policy enforcement is depending on the value of is_admin. This key is deprecated. Please update your policy file to use the standard policy values.
Mar 09 14:19:11.926844 dv-cinder-832709-1-smb devstack@c-api.service[109955]: warnings.warn('Policy enforcement is depending on the value of '
Mar 09 14:19:11.963884 dv-cinder-832709-1-smb devstack@c-api.service[109955]: INFO cinder.volume.api [None req-f2d5bdf7-09db-4729-8632-9cc059583315 tempest-GroupSnapshotsTest-1565183580 tempest-GroupSnapshotsTest-1565183580-project] Volume info retrieved successfully.
Mar 09 14:19:11.967320 dv-cinder-832709-1-smb devstack@c-api.service[109955]: WARNING stevedore.named [None req-f2d5bdf7-09db-4729-8632-9cc059583315 tempest-GroupSnapshotsTest-1565183580 tempest-GroupSnapshotsTest-1565183580-project] Could not load cinder.keymgr.conf_key_mgr.ConfKeyManager
Mar 09 14:19:11.967912 dv-cinder-832709-1-smb devstack@c-api.service[109955]: WARNING castellan.key_manager [None req-f2d5bdf7-09db-4729-8632-9cc059583315 tempest-GroupSnapshotsTest-1565183580 tempest-GroupSnapshotsTest-1565183580-project] Deprecation Warning : cinder.keymgr.conf_key_mgr.ConfKeyManager is not a stevedore based driver, trying to load it as a class: stevedore.exception.NoMatches: No 'castellan.drivers' driver found, looking for 'cinder.keymgr.conf_key_mgr.ConfKeyManager'
Mar 09 14:19:11.979348 dv-cinder-832709-1-smb devstack@c-api.service[109955]: DEBUG oslo_db.sqlalchemy.engines [None req-f2d5bdf7-09db-4729-8632-9cc059583315 tempest-GroupSnapshotsTest-1565183580 tempest-GroupSnapshotsTest-1565183580-project] MySQL server mode set to STRICT_TRANS_TABLES,STRICT_ALL_TABLES,NO_ZERO_IN_DATE,NO_ZERO_DATE,ERROR_FOR_DIVISION_BY_ZERO,TRADITIONAL,NO_ENGINE_SUBSTITUTION {{(pid=109955) _check_effective_sql_mode /usr/local/lib/python3.8/dist-packages/oslo_db/sqlalchemy/engines.py:314}}
Mar 09 14:19:11.997754 dv-cinder-832709-1-smb devstack@c-api.service[109955]: /usr/local/lib/python3.8/dist-packages/oslo_context/context.py:100: DeprecationWarning: Policy enforcement is depending on the value of is_admin. This key is deprecated. Please update your policy file to use the standard policy values.
Mar 09 14:19:11.997754 dv-cinder-832709-1-smb devstack@c-api.service[109955]: warnings.warn('Policy enforcement is depending on the value of '
Mar 09 14:19:12.014342 dv-cinder-832709-1-smb devstack@c-api.service[109956]: INFO cinder.api.openstack.wsgi [None req-64301f19-604d-47bb-a6e3-1c53da2ac9b1 tempest-VolumeQuotasAdminTestJSON-110846260 tempest-VolumeQuotasAdminTestJSON-110846260-project-admin] http://10.222.0.31/volume/v3/0198ffdd4437489f9c5a35acd49f4afb/os-quota-sets/b80551664c1f456eb1ce8f0402945bbb returned with HTTP 200
Mar 09 14:19:12.015509 dv-cinder-832709-1-smb devstack@c-api.service[109956]: [pid: 109956|app: 0|req: 97/193] 10.222.0.31 () {58 vars in 1330 bytes} [Wed Mar 9 14:19:11 2022] GET /volume/v3/0198ffdd4437489f9c5a35acd49f4afb/os-quota-sets/b80551664c1f456eb1ce8f0402945bbb => generated 756 bytes in 131 msecs (HTTP/1.1 200) 7 headers in 285 bytes (1 switches on core 0)
Mar 09 14:19:12.023884 dv-cinder-832709-1-smb devstack@c-api.service[109956]: DEBUG cinder.api.middleware.request_id [None req-d2605245-71d7-4e16-b5ad-3a725106848e None None] RequestId filter calling following filter/app {{(pid=109956) _context_setter /opt/stack/cinder/cinder/api/middleware/request_id.py:62}}
Mar 09 14:19:12.028821 dv-cinder-832709-1-smb devstack@c-api.service[109956]: INFO cinder.api.openstack.wsgi [None req-d2605245-71d7-4e16-b5ad-3a725106848e tempest-VolumeQuotasAdminTestJSON-110846260 tempest-VolumeQuotasAdminTestJSON-110846260-project-admin] GET http://10.222.0.31/volume/v3/0198ffdd4437489f9c5a35acd49f4afb/os-quota-sets/b80551664c1f456eb1ce8f0402945bbb?usage=True
Mar 09 14:19:12.029276 dv-cinder-832709-1-smb devstack@c-api.service[109956]: DEBUG cinder.api.openstack.wsgi [None req-d2605245-71d7-4e16-b5ad-3a725106848e tempest-VolumeQuotasAdminTestJSON-110846260 tempest-VolumeQuotasAdminTestJSON-110846260-project-admin] Empty body provided in request {{(pid=109956) get_body /opt/stack/cinder/cinder/api/openstack/wsgi.py:715}}
