Mar 08 22:19:21.031500 dv-cinder-832696-1-smb devstack@n-api.service[102698]: DEBUG nova.api.openstack.wsgi [None req-0bdc4b08-d533-4a9e-bac4-730efa0068cb admin admin] Calling method '>' {{(pid=102698) _process_stack /opt/stack/nova/nova/api/openstack/wsgi.py:513}}
Mar 08 22:19:21.032547 dv-cinder-832696-1-smb devstack@n-api.service[102698]: INFO nova.api.openstack.requestlog [None req-0bdc4b08-d533-4a9e-bac4-730efa0068cb admin admin] 10.222.0.13 "GET /compute/v2.1" status: 200 len: 388 microversion: 2.1 time: 0.001475
Mar 08 22:19:21.032971 dv-cinder-832696-1-smb devstack@n-api.service[102698]: [pid: 102698|app: 0|req: 16/30] 10.222.0.13 () {54 vars in 930 bytes} [Tue Mar 8 22:19:21 2022] GET /compute/v2.1 => generated 388 bytes in 2 msecs (HTTP/1.1 200) 9 headers in 357 bytes (1 switches on core 0)
Mar 08 22:19:21.101604 dv-cinder-832696-1-smb devstack@n-api.service[102699]: DEBUG nova.api.openstack.wsgi [None req-1f1f0291-3791-455d-9b91-0a71aefc6549 admin admin] Action: 'create', calling method: >, body: {"flavor": {"swap": 0, "os-flavor-access:is_public": true, "vcpus": 4, "name": "m1.large", "OS-FLV-EXT-DATA:ephemeral": 0, "rxtx_factor": 1.0, "disk": 80, "id": "4", "ram": 8192}} {{(pid=102699) _process_stack /opt/stack/nova/nova/api/openstack/wsgi.py:511}}
Mar 08 22:19:21.646276 dv-cinder-832696-1-smb devstack@n-api.service[102699]: INFO nova.api.openstack.requestlog [None req-1f1f0291-3791-455d-9b91-0a71aefc6549 admin admin] 10.222.0.13 "POST /compute/v2.1/flavors" status: 200 len: 405 microversion: 2.61 time: 0.606771
Mar 08 22:19:21.646870 dv-cinder-832696-1-smb devstack@n-api.service[102699]: [pid: 102699|app: 0|req: 15/31] 10.222.0.13 () {64 vars in 1282 bytes} [Tue Mar 8 22:19:21 2022] POST /compute/v2.1/flavors => generated 405 bytes in 608 msecs (HTTP/1.1 200) 9 headers in 359 bytes (2 switches on core 0)
Mar 08 22:19:21.658307 dv-cinder-832696-1-smb devstack@n-api.service[102698]: DEBUG nova.api.openstack.wsgi [None req-fb97de09-021b-40a9-bb10-0b26aa875765 admin admin] Action: 'create', calling method: >, body: {"extra_specs": {"hw_rng:allowed": "True"}} {{(pid=102698) _process_stack /opt/stack/nova/nova/api/openstack/wsgi.py:511}}
Mar 08 22:19:21.733875 dv-cinder-832696-1-smb devstack@n-api.service[102698]: INFO nova.api.openstack.requestlog [None req-fb97de09-021b-40a9-bb10-0b26aa875765 admin admin] 10.222.0.13 "POST /compute/v2.1/flavors/4/os-extra_specs" status: 200 len: 43 microversion: 2.61 time: 0.079140
Mar 08 22:19:21.734453 dv-cinder-832696-1-smb devstack@n-api.service[102698]: [pid: 102698|app: 0|req: 17/32] 10.222.0.13 () {64 vars in 1332 bytes} [Tue Mar 8 22:19:21 2022] POST /compute/v2.1/flavors/4/os-extra_specs => generated 43 bytes in 80 msecs (HTTP/1.1 200) 9 headers in 358 bytes (2 switches on core 0)
Mar 08 22:19:24.102848 dv-cinder-832696-1-smb devstack@n-api.service[102699]: DEBUG nova.api.openstack.wsgi [None req-1f1f0291-3791-455d-9b91-0a71aefc6549 admin admin] Calling method '>' {{(pid=102699) _process_stack /opt/stack/nova/nova/api/openstack/wsgi.py:513}}
Mar 08 22:19:24.104602 dv-cinder-832696-1-smb devstack@n-api.service[102699]: INFO nova.api.openstack.requestlog [None req-1f1f0291-3791-455d-9b91-0a71aefc6549 admin admin] 10.222.0.13 "GET /compute/v2.1" status: 200 len: 388 microversion: 2.1 time: 0.002111
Mar 08 22:19:24.105181 dv-cinder-832696-1-smb devstack@n-api.service[102699]: [pid: 102699|app: 0|req: 16/33] 10.222.0.13 () {54 vars in 930 bytes} [Tue Mar 8 22:19:24 2022] GET /compute/v2.1 => generated 388 bytes in 3 msecs (HTTP/1.1 200) 9 headers in 357 bytes (1 switches on core 0)
Mar 08 22:19:24.169360 dv-cinder-832696-1-smb devstack@n-api.service[102698]: DEBUG nova.api.openstack.wsgi [None req-d9aa7db9-b95e-4f7b-b856-1eeeac73223a admin admin] Action: 'create', calling method: >, body: {"flavor": {"id": "5", "name": "m1.xlarge", "vcpus": 8, "OS-FLV-EXT-DATA:ephemeral": 0, "os-flavor-access:is_public": true, "rxtx_factor": 1.0, "ram": 16384, "disk": 160, "swap": 0}} {{(pid=102698) _process_stack /opt/stack/nova/nova/api/openstack/wsgi.py:511}}
Mar 08 22:19:24.243290 dv-cinder-832696-1-smb devstack@n-api.service[102698]: INFO nova.api.openstack.requestlog [None req-d9aa7db9-b95e-4f7b-b856-1eeeac73223a admin admin] 10.222.0.13 "POST /compute/v2.1/flavors" status: 200 len: 408 microversion: 2.61 time: 0.129382
Mar 08 22:19:24.244396 dv-cinder-832696-1-smb devstack@n-api.service[102698]: [pid: 102698|app: 0|req: 18/34] 10.222.0.13 () {64 vars in 1282 bytes} [Tue Mar 8 22:19:24 2022] POST /compute/v2.1/flavors => generated 408 bytes in 132 msecs (HTTP/1.1 200) 9 headers in 359 bytes (1 switches on core 0)
Mar 08 22:19:24.259162 dv-cinder-832696-1-smb devstack@n-api.service[102699]: DEBUG nova.api.openstack.wsgi [None req-b21770da-9018-47fb-a800-f633e4f6e021 admin admin] Action: 'create', calling method: >, body: {"extra_specs": {"hw_rng:allowed": "True"}} {{(pid=102699) _process_stack /opt/stack/nova/nova/api/openstack/wsgi.py:511}}
Mar 08 22:19:24.324075 dv-cinder-832696-1-smb devstack@n-api.service[102699]: INFO nova.api.openstack.requestlog [None req-b21770da-9018-47fb-a800-f633e4f6e021 admin admin] 10.222.0.13 "POST /compute/v2.1/flavors/5/os-extra_specs" status: 200 len: 43 microversion: 2.61 time: 0.068537
Mar 08 22:19:24.325138 dv-cinder-832696-1-smb devstack@n-api.service[102699]: [pid: 102699|app: 0|req: 17/35] 10.222.0.13 () {64 vars in 1332 bytes} [Tue Mar 8 22:19:24 2022] POST /compute/v2.1/flavors/5/os-extra_specs => generated 43 bytes in 70 msecs (HTTP/1.1 200) 9 headers in 358 bytes (1 switches on core 0)
Mar 08 22:19:48.189226 dv-cinder-832696-1-smb devstack@n-api.service[102698]: DEBUG nova.api.openstack.wsgi [None req-d9aa7db9-b95e-4f7b-b856-1eeeac73223a admin admin] Calling method '>' {{(pid=102698) _process_stack /opt/stack/nova/nova/api/openstack/wsgi.py:513}}
Mar 08 22:19:48.190787 dv-cinder-832696-1-smb devstack@n-api.service[102698]: INFO nova.api.openstack.requestlog [None req-d9aa7db9-b95e-4f7b-b856-1eeeac73223a admin admin] 10.222.0.13 "GET /compute/v2.1" status: 200 len: 388 microversion: 2.1 time: 0.001423
Mar 08 22:19:48.191183 dv-cinder-832696-1-smb devstack@n-api.service[102698]: [pid: 102698|app: 0|req: 19/36] 10.222.0.13 () {54 vars in 930 bytes} [Tue Mar 8 22:19:48 2022] GET /compute/v2.1 => generated 388 bytes in 3 msecs (HTTP/1.1 200) 9 headers in 357 bytes (1 switches on core 0)
Mar 08 22:19:48.246821 dv-cinder-832696-1-smb devstack@n-api.service[102699]: DEBUG nova.api.openstack.wsgi [None req-c5d39f9e-8eec-42f9-939d-bfe5efbccc7d admin admin] Calling method '>' {{(pid=102699) _process_stack /opt/stack/nova/nova/api/openstack/wsgi.py:513}}
Mar 08 22:19:48.263516 dv-cinder-832696-1-smb devstack@n-api.service[102699]: INFO nova.api.openstack.requestlog [None req-c5d39f9e-8eec-42f9-939d-bfe5efbccc7d admin admin] 10.222.0.13 "GET /compute/v2.1/flavors/detail?is_public=True" status: 200 len: 4202 microversion: 2.61 time: 0.066620
Mar 08 22:19:48.264036 dv-cinder-832696-1-smb devstack@n-api.service[102699]: [pid: 102699|app: 0|req: 18/37] 10.222.0.13 () {60 vars in 1291 bytes} [Tue Mar 8 22:19:48 2022] GET /compute/v2.1/flavors/detail?is_public=True => generated 4202 bytes in 68 msecs (HTTP/1.1 200) 9 headers in 360 bytes (2 switches on core 0)
Mar 08 22:19:49.625750 dv-cinder-832696-1-smb devstack@n-api.service[102698]: DEBUG nova.api.openstack.wsgi [None req-d9aa7db9-b95e-4f7b-b856-1eeeac73223a admin admin] Calling method '>' {{(pid=102698) _process_stack /opt/stack/nova/nova/api/openstack/wsgi.py:513}}
Mar 08 22:19:49.626745 dv-cinder-832696-1-smb devstack@n-api.service[102698]: INFO nova.api.openstack.requestlog [None req-d9aa7db9-b95e-4f7b-b856-1eeeac73223a admin admin] 10.222.0.13 "GET /compute/v2.1" status: 200 len: 388 microversion: 2.1 time: 0.001412
Mar 08 22:19:49.627138 dv-cinder-832696-1-smb devstack@n-api.service[102698]: [pid: 102698|app: 0|req: 20/38] 10.222.0.13 () {56 vars in 1074 bytes} [Tue Mar 8 22:19:49 2022] GET /compute/v2.1 => generated 388 bytes in 2 msecs (HTTP/1.1 200) 9 headers in 357 bytes (1 switches on core 0)
Mar 08 22:19:49.832762 dv-cinder-832696-1-smb devstack@n-api.service[102699]: DEBUG nova.api.openstack.wsgi [None req-40d6755d-9d12-45d9-acf4-7dfe36c788d2 admin admin] Calling method '>' {{(pid=102699) _process_stack /opt/stack/nova/nova/api/openstack/wsgi.py:513}}
Mar 08 22:19:49.838057 dv-cinder-832696-1-smb devstack@n-api.service[102699]: INFO nova.api.openstack.wsgi [None req-40d6755d-9d12-45d9-acf4-7dfe36c788d2 admin admin] HTTP exception thrown: Flavor 42 could not be found.
Mar 08 22:19:49.838559 dv-cinder-832696-1-smb devstack@n-api.service[102699]: DEBUG nova.api.openstack.wsgi [None req-40d6755d-9d12-45d9-acf4-7dfe36c788d2 admin admin] Returning 404 to user: Flavor 42 could not be found. {{(pid=102699) __call__ /opt/stack/nova/nova/api/openstack/wsgi.py:936}}
Mar 08 22:19:49.839337 dv-cinder-832696-1-smb devstack@n-api.service[102699]: INFO nova.api.openstack.requestlog [None req-40d6755d-9d12-45d9-acf4-7dfe36c788d2 admin admin] 10.222.0.13 "GET /compute/v2.1/flavors/42" status: 404 len: 75 microversion: 2.90 time: 0.056730
Mar 08 22:19:49.839833 dv-cinder-832696-1-smb devstack@n-api.service[102699]: [pid: 102699|app: 0|req: 19/39] 10.222.0.13 () {60 vars in 1190 bytes} [Tue Mar 8 22:19:49 2022] GET /compute/v2.1/flavors/42 => generated 75 bytes in 58 msecs (HTTP/1.1 404) 9 headers in 380 bytes (1 switches on core 0)
Mar 08 22:19:49.849140 dv-cinder-832696-1-smb devstack@n-api.service[102698]: DEBUG nova.api.openstack.wsgi [None req-e60cddf8-5dda-460c-acef-ae8f55bf1e00 admin admin] Calling method '>' {{(pid=102698) _process_stack /opt/stack/nova/nova/api/openstack/wsgi.py:513}}
Mar 08 22:19:49.869394 dv-cinder-832696-1-smb devstack@n-api.service[102698]: INFO nova.api.openstack.requestlog [None req-e60cddf8-5dda-460c-acef-ae8f55bf1e00 admin admin] 10.222.0.13 "GET /compute/v2.1/flavors?is_public=None" status: 200 len: 2056 microversion: 2.90 time: 0.023913
Mar 08 22:19:49.869912 dv-cinder-832696-1-smb devstack@n-api.service[102698]: [pid: 102698|app: 0|req: 21/40] 10.222.0.13 () {60 vars in 1210 bytes} [Tue Mar 8 22:19:49 2022] GET /compute/v2.1/flavors?is_public=None => generated 2056 bytes in 25 msecs (HTTP/1.1 200) 9 headers in 360 bytes (1 switches on core 0)
Mar 08 22:19:49.879392 dv-cinder-832696-1-smb devstack@n-api.service[102699]: DEBUG nova.api.openstack.wsgi [None req-6817e9d2-1285-4e67-8202-4fcea1e481cd admin admin] Calling method '>' {{(pid=102699) _process_stack /opt/stack/nova/nova/api/openstack/wsgi.py:513}}
Mar 08 22:19:49.900123 dv-cinder-832696-1-smb devstack@n-api.service[102699]: INFO nova.api.openstack.requestlog [None req-6817e9d2-1285-4e67-8202-4fcea1e481cd admin admin] 10.222.0.13 "GET /compute/v2.1/flavors?is_public=None" status: 200 len: 2056 microversion: 2.90 time: 0.024606
Mar 08 22:19:49.900676 dv-cinder-832696-1-smb devstack@n-api.service[102699]: [pid: 102699|app: 0|req: 20/41] 10.222.0.13 () {60 vars in 1210 bytes} [Tue Mar 8 22:19:49 2022] GET /compute/v2.1/flavors?is_public=None => generated 2056 bytes in 26 msecs (HTTP/1.1 200) 9 headers in 360 bytes (1 switches on core 0)
Mar 08 22:19:49.909561 dv-cinder-832696-1-smb devstack@n-api.service[102698]: DEBUG nova.api.openstack.wsgi [None req-b52ac21f-fcb8-4976-a01a-516de8672401 admin admin] Calling method '>' {{(pid=102698) _process_stack /opt/stack/nova/nova/api/openstack/wsgi.py:513}}
Mar 08 22:19:49.914810 dv-cinder-832696-1-smb devstack@n-api.service[102698]: INFO nova.api.openstack.wsgi [None req-b52ac21f-fcb8-4976-a01a-516de8672401 admin admin] HTTP exception thrown: Flavor 42 could not be found.
Mar 08 22:19:49.915376 dv-cinder-832696-1-smb devstack@n-api.service[102698]: DEBUG nova.api.openstack.wsgi [None req-b52ac21f-fcb8-4976-a01a-516de8672401 admin admin] Returning 404 to user: Flavor 42 could not be found. {{(pid=102698) __call__ /opt/stack/nova/nova/api/openstack/wsgi.py:936}}
Mar 08 22:19:49.916157 dv-cinder-832696-1-smb devstack@n-api.service[102698]: INFO nova.api.openstack.requestlog [None req-b52ac21f-fcb8-4976-a01a-516de8672401 admin admin] 10.222.0.13 "GET /compute/v2.1/flavors/42" status: 404 len: 75 microversion: 2.90 time: 0.010089
Mar 08 22:19:49.916663 dv-cinder-832696-1-smb devstack@n-api.service[102698]: [pid: 102698|app: 0|req: 22/42] 10.222.0.13 () {60 vars in 1190 bytes} [Tue Mar 8 22:19:49 2022] GET /compute/v2.1/flavors/42 => generated 75 bytes in 11 msecs (HTTP/1.1 404) 9 headers in 380 bytes (1 switches on core 0)
Mar 08 22:19:51.182774 dv-cinder-832696-1-smb devstack@n-api.service[102699]: DEBUG nova.api.openstack.wsgi [None req-6817e9d2-1285-4e67-8202-4fcea1e481cd admin admin] Calling method '>' {{(pid=102699) _process_stack /opt/stack/nova/nova/api/openstack/wsgi.py:513}}
Mar 08 22:19:51.183783 dv-cinder-832696-1-smb devstack@n-api.service[102699]: INFO nova.api.openstack.requestlog [None req-6817e9d2-1285-4e67-8202-4fcea1e481cd admin admin] 10.222.0.13 "GET /compute/v2.1" status: 200 len: 388 microversion: 2.1 time: 0.001420
Mar 08 22:19:51.184332 dv-cinder-832696-1-smb devstack@n-api.service[102699]: [pid: 102699|app: 0|req: 21/43] 10.222.0.13 () {56 vars in 1074 bytes} [Tue Mar 8 22:19:51 2022] GET /compute/v2.1 => generated 388 bytes in 2 msecs (HTTP/1.1 200) 9 headers in 357 bytes (1 switches on core 0)
Mar 08 22:19:51.371234 dv-cinder-832696-1-smb devstack@n-api.service[102698]: DEBUG nova.api.openstack.wsgi [None req-79241c3c-74b6-4ec6-8e3b-6b56ee3c2ca4 admin admin] Calling method '>' {{(pid=102698) _process_stack /opt/stack/nova/nova/api/openstack/wsgi.py:513}}
Mar 08 22:19:51.376435 dv-cinder-832696-1-smb devstack@n-api.service[102698]: INFO nova.api.openstack.wsgi [None req-79241c3c-74b6-4ec6-8e3b-6b56ee3c2ca4 admin admin] HTTP exception thrown: Flavor 84 could not be found.
Mar 08 22:19:51.376984 dv-cinder-832696-1-smb devstack@n-api.service[102698]: DEBUG nova.api.openstack.wsgi [None req-79241c3c-74b6-4ec6-8e3b-6b56ee3c2ca4 admin admin] Returning 404 to user: Flavor 84 could not be found. {{(pid=102698) __call__ /opt/stack/nova/nova/api/openstack/wsgi.py:936}}
Mar 08 22:19:51.378254 dv-cinder-832696-1-smb devstack@n-api.service[102698]: INFO nova.api.openstack.requestlog [None req-79241c3c-74b6-4ec6-8e3b-6b56ee3c2ca4 admin admin] 10.222.0.13 "GET /compute/v2.1/flavors/84" status: 404 len: 75 microversion: 2.90 time: 0.057330
Mar 08 22:19:51.378752 dv-cinder-832696-1-smb devstack@n-api.service[102698]: [pid: 102698|app: 0|req: 23/44] 10.222.0.13 () {60 vars in 1190 bytes} [Tue Mar 8 22:19:51 2022] GET /compute/v2.1/flavors/84 => generated 75 bytes in 59 msecs (HTTP/1.1 404) 9 headers in 380 bytes (1 switches on core 0)
Mar 08 22:19:51.387875 dv-cinder-832696-1-smb devstack@n-api.service[102699]: DEBUG nova.api.openstack.wsgi [None req-e5ae30ab-1f8e-47fe-a82b-5fa1c8753ab0 admin admin] Calling method '>' {{(pid=102699) _process_stack /opt/stack/nova/nova/api/openstack/wsgi.py:513}}
Mar 08 22:19:51.401859 dv-cinder-832696-1-smb devstack@n-api.service[102699]: INFO nova.api.openstack.requestlog [None req-e5ae30ab-1f8e-47fe-a82b-5fa1c8753ab0 admin admin] 10.222.0.13 "GET /compute/v2.1/flavors?is_public=None" status: 200 len: 2056 microversion: 2.90 time: 0.017507
Mar 08 22:19:51.402370 dv-cinder-832696-1-smb devstack@n-api.service[102699]: [pid: 102699|app: 0|req: 22/45] 10.222.0.13 () {60 vars in 1210 bytes} [Tue Mar 8 22:19:51 2022] GET /compute/v2.1/flavors?is_public=None => generated 2056 bytes in 19 msecs (HTTP/1.1 200) 9 headers in 360 bytes (2 switches on core 0)
Mar 08 22:19:51.411316 dv-cinder-832696-1-smb devstack@n-api.service[102698]: DEBUG nova.api.openstack.wsgi [None req-7f62ed9b-3e9c-40cd-be99-e019463890ac admin admin] Calling method '>' {{(pid=102698) _process_stack /opt/stack/nova/nova/api/openstack/wsgi.py:513}}
Mar 08 22:19:51.424549 dv-cinder-832696-1-smb devstack@n-api.service[102698]: INFO nova.api.openstack.requestlog [None req-7f62ed9b-3e9c-40cd-be99-e019463890ac admin admin] 10.222.0.13 "GET /compute/v2.1/flavors?is_public=None" status: 200 len: 2056 microversion: 2.90 time: 0.016606
Mar 08 22:19:51.425061 dv-cinder-832696-1-smb devstack@n-api.service[102698]: [pid: 102698|app: 0|req: 24/46] 10.222.0.13 () {60 vars in 1210 bytes} [Tue Mar 8 22:19:51 2022] GET /compute/v2.1/flavors?is_public=None => generated 2056 bytes in 18 msecs (HTTP/1.1 200) 9 headers in 360 bytes (1 switches on core 0)
Mar 08 22:19:51.433632 dv-cinder-832696-1-smb devstack@n-api.service[102699]: DEBUG nova.api.openstack.wsgi [None req-aa432d82-ff72-41c0-99e3-5b57b2c84698 admin admin] Calling method '>' {{(pid=102699) _process_stack /opt/stack/nova/nova/api/openstack/wsgi.py:513}}
Mar 08 22:19:51.438559 dv-cinder-832696-1-smb devstack@n-api.service[102699]: INFO nova.api.openstack.wsgi [None req-aa432d82-ff72-41c0-99e3-5b57b2c84698 admin admin] HTTP exception thrown: Flavor 84 could not be found.
Mar 08 22:19:51.439113 dv-cinder-832696-1-smb devstack@n-api.service[102699]: DEBUG nova.api.openstack.wsgi [None req-aa432d82-ff72-41c0-99e3-5b57b2c84698 admin admin] Returning 404 to user: Flavor 84 could not be found. {{(pid=102699) __call__ /opt/stack/nova/nova/api/openstack/wsgi.py:936}}
Mar 08 22:19:51.439880 dv-cinder-832696-1-smb devstack@n-api.service[102699]: INFO nova.api.openstack.requestlog [None req-aa432d82-ff72-41c0-99e3-5b57b2c84698 admin admin] 10.222.0.13 "GET /compute/v2.1/flavors/84" status: 404 len: 75 microversion: 2.90 time: 0.009676
Mar 08 22:19:51.440909 dv-cinder-832696-1-smb devstack@n-api.service[102699]: [pid: 102699|app: 0|req: 23/47] 10.222.0.13 () {60 vars in 1190 bytes} [Tue Mar 8 22:19:51 2022] GET /compute/v2.1/flavors/84 => generated 75 bytes in 11 msecs (HTTP/1.1 404) 9 headers in 380 bytes (1 switches on core 0)
Mar 08 22:19:52.693331 dv-cinder-832696-1-smb devstack@n-api.service[102698]: DEBUG nova.api.openstack.wsgi [None req-7f62ed9b-3e9c-40cd-be99-e019463890ac admin admin] Calling method '>' {{(pid=102698) _process_stack /opt/stack/nova/nova/api/openstack/wsgi.py:513}}
Mar 08 22:19:52.694366 dv-cinder-832696-1-smb devstack@n-api.service[102698]: INFO nova.api.openstack.requestlog [None req-7f62ed9b-3e9c-40cd-be99-e019463890ac admin admin] 10.222.0.13 "GET /compute/v2.1" status: 200 len: 388 microversion: 2.1 time: 0.001416
Mar 08 22:19:52.694765 dv-cinder-832696-1-smb devstack@n-api.service[102698]: [pid: 102698|app: 0|req: 25/48] 10.222.0.13 () {56 vars in 1074 bytes} [Tue Mar 8 22:19:52 2022] GET /compute/v2.1 => generated 388 bytes in 2 msecs (HTTP/1.1 200) 9 headers in 357 bytes (1 switches on core 0)
Mar 08 22:19:52.885517 dv-cinder-832696-1-smb devstack@n-api.service[102699]: DEBUG nova.api.openstack.wsgi [None req-ff978c32-81a0-4d1b-8043-d701aeff5a91 admin admin] Calling method '>' {{(pid=102699) _process_stack /opt/stack/nova/nova/api/openstack/wsgi.py:513}}
Mar 08 22:19:52.890580 dv-cinder-832696-1-smb devstack@n-api.service[102699]: INFO nova.api.openstack.wsgi [None req-ff978c32-81a0-4d1b-8043-d701aeff5a91 admin admin] HTTP exception thrown: Flavor 451 could not be found.
Mar 08 22:19:52.891140 dv-cinder-832696-1-smb devstack@n-api.service[102699]: DEBUG nova.api.openstack.wsgi [None req-ff978c32-81a0-4d1b-8043-d701aeff5a91 admin admin] Returning 404 to user: Flavor 451 could not be found. {{(pid=102699) __call__ /opt/stack/nova/nova/api/openstack/wsgi.py:936}}
Mar 08 22:19:52.891925 dv-cinder-832696-1-smb devstack@n-api.service[102699]: INFO nova.api.openstack.requestlog [None req-ff978c32-81a0-4d1b-8043-d701aeff5a91 admin admin] 10.222.0.13 "GET /compute/v2.1/flavors/451" status: 404 len: 76 microversion: 2.90 time: 0.056444
Mar 08 22:19:52.892463 dv-cinder-832696-1-smb devstack@n-api.service[102699]: [pid: 102699|app: 0|req: 24/49] 10.222.0.13 () {60 vars in 1193 bytes} [Tue Mar 8 22:19:52 2022] GET /compute/v2.1/flavors/451 => generated 76 bytes in 58 msecs (HTTP/1.1 404) 9 headers in 380 bytes (1 switches on core 0)
Mar 08 22:19:52.902193 dv-cinder-832696-1-smb devstack@n-api.service[102698]: DEBUG nova.api.openstack.wsgi [None req-62fa0845-a1aa-43c3-9fef-e17a4c1aecdf admin admin] Calling method '>' {{(pid=102698) _process_stack /opt/stack/nova/nova/api/openstack/wsgi.py:513}}
Mar 08 22:19:52.915358 dv-cinder-832696-1-smb devstack@n-api.service[102698]: INFO nova.api.openstack.requestlog [None req-62fa0845-a1aa-43c3-9fef-e17a4c1aecdf admin admin] 10.222.0.13 "GET /compute/v2.1/flavors?is_public=None" status: 200 len: 2056 microversion: 2.90 time: 0.016646
Mar 08 22:19:52.915819 dv-cinder-832696-1-smb devstack@n-api.service[102698]: [pid: 102698|app: 0|req: 26/50] 10.222.0.13 () {60 vars in 1210 bytes} [Tue Mar 8 22:19:52 2022] GET /compute/v2.1/flavors?is_public=None => generated 2056 bytes in 18 msecs (HTTP/1.1 200) 9 headers in 360 bytes (1 switches on core 0)
Mar 08 22:19:52.926406 dv-cinder-832696-1-smb devstack@n-api.service[102699]: DEBUG nova.api.openstack.wsgi [None req-9a463a97-9095-4ffa-85cc-f52f8cf8b79c admin admin] Calling method '>' {{(pid=102699) _process_stack /opt/stack/nova/nova/api/openstack/wsgi.py:513}}
Mar 08 22:19:52.938991 dv-cinder-832696-1-smb devstack@n-api.service[102699]: INFO nova.api.openstack.requestlog [None req-9a463a97-9095-4ffa-85cc-f52f8cf8b79c admin admin] 10.222.0.13 "GET /compute/v2.1/flavors?is_public=None" status: 200 len: 2056 microversion: 2.90 time: 0.017732
Mar 08 22:19:52.939507 dv-cinder-832696-1-smb devstack@n-api.service[102699]: [pid: 102699|app: 0|req: 25/51] 10.222.0.13 () {60 vars in 1210 bytes} [Tue Mar 8 22:19:52 2022] GET /compute/v2.1/flavors?is_public=None => generated 2056 bytes in 19 msecs (HTTP/1.1 200) 9 headers in 360 bytes (1 switches on core 0)
Mar 08 22:19:52.948887 dv-cinder-832696-1-smb devstack@n-api.service[102698]: DEBUG nova.api.openstack.wsgi [None req-d2973e9e-f9ae-4ef3-b066-664f4814811d admin admin] Calling method '>' {{(pid=102698) _process_stack /opt/stack/nova/nova/api/openstack/wsgi.py:513}}
Mar 08 22:19:52.953910 dv-cinder-832696-1-smb devstack@n-api.service[102698]: INFO nova.api.openstack.wsgi [None req-d2973e9e-f9ae-4ef3-b066-664f4814811d admin admin] HTTP exception thrown: Flavor 451 could not be found.
Mar 08 22:19:52.954489 dv-cinder-832696-1-smb devstack@n-api.service[102698]: DEBUG nova.api.openstack.wsgi [None req-d2973e9e-f9ae-4ef3-b066-664f4814811d admin admin] Returning 404 to user: Flavor 451 could not be found. {{(pid=102698) __call__ /opt/stack/nova/nova/api/openstack/wsgi.py:936}}
Mar 08 22:19:52.955260 dv-cinder-832696-1-smb devstack@n-api.service[102698]: INFO nova.api.openstack.requestlog [None req-d2973e9e-f9ae-4ef3-b066-664f4814811d admin admin] 10.222.0.13 "GET /compute/v2.1/flavors/451" status: 404 len: 76 microversion: 2.90 time: 0.009847
Mar 08 22:19:52.956362 dv-cinder-832696-1-smb devstack@n-api.service[102698]: [pid: 102698|app: 0|req: 27/52] 10.222.0.13 () {60 vars in 1193 bytes} [Tue Mar 8 22:19:52 2022] GET /compute/v2.1/flavors/451 => generated 76 bytes in 11 msecs (HTTP/1.1 404) 9 headers in 380 bytes (2 switches on core 0)
Mar 08 22:19:54.208410 dv-cinder-832696-1-smb devstack@n-api.service[102699]: DEBUG nova.api.openstack.wsgi [None req-9a463a97-9095-4ffa-85cc-f52f8cf8b79c admin admin] Calling method '>' {{(pid=102699) _process_stack /opt/stack/nova/nova/api/openstack/wsgi.py:513}}
Mar 08 22:19:54.209408 dv-cinder-832696-1-smb devstack@n-api.service[102699]: INFO nova.api.openstack.requestlog [None req-9a463a97-9095-4ffa-85cc-f52f8cf8b79c admin admin] 10.222.0.13 "GET /compute/v2.1" status: 200 len: 388 microversion: 2.1 time: 0.001465
Mar 08 22:19:54.209803 dv-cinder-832696-1-smb devstack@n-api.service[102699]: [pid: 102699|app: 0|req: 26/53] 10.222.0.13 () {56 vars in 1074 bytes} [Tue Mar 8 22:19:54 2022] GET /compute/v2.1 => generated 388 bytes in 2 msecs (HTTP/1.1 200) 9 headers in 357 bytes (1 switches on core 0)
Mar 08 22:19:54.396111 dv-cinder-832696-1-smb devstack@n-api.service[102698]: DEBUG nova.api.openstack.wsgi [None req-30eccdba-4c85-4e28-ab80-f4a83df3ff09 admin admin] Action: 'create', calling method: >, body: {"flavor": {"name": "m1.nano", "ram": 256, "vcpus": 1, "disk": 1, "id": "42", "swap": 0, "OS-FLV-EXT-DATA:ephemeral": 0, "rxtx_factor": 1.0, "os-flavor-access:is_public": true}} {{(pid=102698) _process_stack /opt/stack/nova/nova/api/openstack/wsgi.py:511}}
Mar 08 22:19:54.474078 dv-cinder-832696-1-smb devstack@n-api.service[102698]: INFO nova.api.openstack.requestlog [None req-30eccdba-4c85-4e28-ab80-f4a83df3ff09 admin admin] 10.222.0.13 "POST /compute/v2.1/flavors" status: 200 len: 404 microversion: 2.90 time: 0.128904
Mar 08 22:19:54.474601 dv-cinder-832696-1-smb devstack@n-api.service[102698]: [pid: 102698|app: 0|req: 28/54] 10.222.0.13 () {64 vars in 1235 bytes} [Tue Mar 8 22:19:54 2022] POST /compute/v2.1/flavors => generated 404 bytes in 130 msecs (HTTP/1.1 200) 9 headers in 359 bytes (2 switches on core 0)
Mar 08 22:19:55.745896 dv-cinder-832696-1-smb devstack@n-api.service[102699]: DEBUG nova.api.openstack.wsgi [None req-9a463a97-9095-4ffa-85cc-f52f8cf8b79c admin admin] Calling method '>' {{(pid=102699) _process_stack /opt/stack/nova/nova/api/openstack/wsgi.py:513}}
Mar 08 22:19:55.746942 dv-cinder-832696-1-smb devstack@n-api.service[102699]: INFO nova.api.openstack.requestlog [None req-9a463a97-9095-4ffa-85cc-f52f8cf8b79c admin admin] 10.222.0.13 "GET /compute/v2.1" status: 200 len: 388 microversion: 2.1 time: 0.001429
Mar 08 22:19:55.747338 dv-cinder-832696-1-smb devstack@n-api.service[102699]: [pid: 102699|app: 0|req: 27/55] 10.222.0.13 () {56 vars in 1074 bytes} [Tue Mar 8 22:19:55 2022] GET /compute/v2.1 => generated 388 bytes in 2 msecs (HTTP/1.1 200) 9 headers in 357 bytes (1 switches on core 0)
Mar 08 22:19:55.936074 dv-cinder-832696-1-smb devstack@n-api.service[102698]: DEBUG nova.api.openstack.wsgi [None req-d12bed01-a92b-4871-9480-e5bf379309dd admin admin] Action: 'create', calling method: >, body: {"flavor": {"name": "m1.micro", "ram": 256, "vcpus": 1, "disk": 2, "id": "84", "swap": 0, "OS-FLV-EXT-DATA:ephemeral": 0, "rxtx_factor": 1.0, "os-flavor-access:is_public": true}} {{(pid=102698) _process_stack /opt/stack/nova/nova/api/openstack/wsgi.py:511}}
Mar 08 22:19:56.027227 dv-cinder-832696-1-smb devstack@n-api.service[102698]: INFO nova.api.openstack.requestlog [None req-d12bed01-a92b-4871-9480-e5bf379309dd admin admin] 10.222.0.13 "POST /compute/v2.1/flavors" status: 200 len: 405 microversion: 2.90 time: 0.141799
Mar 08 22:19:56.027770 dv-cinder-832696-1-smb devstack@n-api.service[102698]: [pid: 102698|app: 0|req: 29/56] 10.222.0.13 () {64 vars in 1235 bytes} [Tue Mar 8 22:19:55 2022] POST /compute/v2.1/flavors => generated 405 bytes in 143 msecs (HTTP/1.1 200) 9 headers in 359 bytes (2 switches on core 0)
Mar 08 22:19:57.281734 dv-cinder-832696-1-smb devstack@n-api.service[102699]: DEBUG nova.api.openstack.wsgi [None req-9a463a97-9095-4ffa-85cc-f52f8cf8b79c admin admin] Calling method '>' {{(pid=102699) _process_stack /opt/stack/nova/nova/api/openstack/wsgi.py:513}}
Mar 08 22:19:57.282845 dv-cinder-832696-1-smb devstack@n-api.service[102699]: INFO nova.api.openstack.requestlog [None req-9a463a97-9095-4ffa-85cc-f52f8cf8b79c admin admin] 10.222.0.13 "GET /compute/v2.1" status: 200 len: 388 microversion: 2.1 time: 0.001497
Mar 08 22:19:57.283236 dv-cinder-832696-1-smb devstack@n-api.service[102699]: [pid: 102699|app: 0|req: 28/57] 10.222.0.13 () {56 vars in 1074 bytes} [Tue Mar 8 22:19:57 2022] GET /compute/v2.1 => generated 388 bytes in 2 msecs (HTTP/1.1 200) 9 headers in 357 bytes (1 switches on core 0)
Mar 08 22:19:57.473807 dv-cinder-832696-1-smb devstack@n-api.service[102698]: DEBUG nova.api.openstack.wsgi [None req-2a958312-401f-4564-ac11-1115da6ab987 admin admin] Action: 'create', calling method: >, body: {"flavor": {"name": "m1.heat", "ram": 512, "vcpus": 1, "disk": 1, "id": "451", "swap": 0, "OS-FLV-EXT-DATA:ephemeral": 0, "rxtx_factor": 1.0, "os-flavor-access:is_public": true}} {{(pid=102698) _process_stack /opt/stack/nova/nova/api/openstack/wsgi.py:511}}
Mar 08 22:19:57.541549 dv-cinder-832696-1-smb devstack@n-api.service[102698]: INFO nova.api.openstack.requestlog [None req-2a958312-401f-4564-ac11-1115da6ab987 admin admin] 10.222.0.13 "POST /compute/v2.1/flavors" status: 200 len: 407 microversion: 2.90 time: 0.118205
Mar 08 22:19:57.542114 dv-cinder-832696-1-smb devstack@n-api.service[102698]: [pid: 102698|app: 0|req: 30/58] 10.222.0.13 () {64 vars in 1235 bytes} [Tue Mar 8 22:19:57 2022] POST /compute/v2.1/flavors => generated 407 bytes in 119 msecs (HTTP/1.1 200) 9 headers in 359 bytes (1 switches on core 0)
Mar 08 22:19:58.803595 dv-cinder-832696-1-smb devstack@n-api.service[102699]: DEBUG nova.api.openstack.wsgi [None req-9a463a97-9095-4ffa-85cc-f52f8cf8b79c admin admin] Calling method '>' {{(pid=102699) _process_stack /opt/stack/nova/nova/api/openstack/wsgi.py:513}}
Mar 08 22:19:58.804625 dv-cinder-832696-1-smb devstack@n-api.service[102699]: INFO nova.api.openstack.requestlog [None req-9a463a97-9095-4ffa-85cc-f52f8cf8b79c admin admin] 10.222.0.13 "GET /compute/v2.1" status: 200 len: 388 microversion: 2.1 time: 0.001439
Mar 08 22:19:58.805021 dv-cinder-832696-1-smb devstack@n-api.service[102699]: [pid: 102699|app: 0|req: 29/59] 10.222.0.13 () {56 vars in 1074 bytes} [Tue Mar 8 22:19:58 2022] GET /compute/v2.1 => generated 388 bytes in 2 msecs (HTTP/1.1 200) 9 headers in 357 bytes (1 switches on core 0)
Mar 08 22:19:58.992486 dv-cinder-832696-1-smb devstack@n-api.service[102698]: DEBUG nova.api.openstack.wsgi [None req-84e98814-253c-4768-abe0-56ab0b1e5583 admin admin] Action: 'create', calling method: >, body: {"flavor": {"name": "m1.heat2", "ram": 1024, "vcpus": 1, "disk": 1, "id": "452", "swap": 0, "OS-FLV-EXT-DATA:ephemeral": 0, "rxtx_factor": 1.0, "os-flavor-access:is_public": true}} {{(pid=102698) _process_stack /opt/stack/nova/nova/api/openstack/wsgi.py:511}}
Mar 08 22:19:59.055487 dv-cinder-832696-1-smb devstack@n-api.service[102698]: INFO nova.api.openstack.requestlog [None req-84e98814-253c-4768-abe0-56ab0b1e5583 admin admin] 10.222.0.13 "POST /compute/v2.1/flavors" status: 200 len: 409 microversion: 2.90 time: 0.114312
Mar 08 22:19:59.055957 dv-cinder-832696-1-smb devstack@n-api.service[102698]: [pid: 102698|app: 0|req: 31/60] 10.222.0.13 () {64 vars in 1235 bytes} [Tue Mar 8 22:19:58 2022] POST /compute/v2.1/flavors => generated 409 bytes in 115 msecs (HTTP/1.1 200) 9 headers in 359 bytes (1 switches on core 0)
Mar 08 22:20:00.311027 dv-cinder-832696-1-smb devstack@n-api.service[102699]: DEBUG nova.api.openstack.wsgi [None req-9a463a97-9095-4ffa-85cc-f52f8cf8b79c admin admin] Calling method '>' {{(pid=102699) _process_stack /opt/stack/nova/nova/api/openstack/wsgi.py:513}}
Mar 08 22:20:00.312010 dv-cinder-832696-1-smb devstack@n-api.service[102699]: INFO nova.api.openstack.requestlog [None req-9a463a97-9095-4ffa-85cc-f52f8cf8b79c admin admin] 10.222.0.13 "GET /compute/v2.1" status: 200 len: 388 microversion: 2.1 time: 0.001412
Mar 08 22:20:00.312458 dv-cinder-832696-1-smb devstack@n-api.service[102699]: [pid: 102699|app: 0|req: 30/61] 10.222.0.13 () {56 vars in 1074 bytes} [Tue Mar 8 22:20:00 2022] GET /compute/v2.1 => generated 388 bytes in 2 msecs (HTTP/1.1 200) 9 headers in 357 bytes (1 switches on core 0)
Mar 08 22:20:00.500599 dv-cinder-832696-1-smb devstack@n-api.service[102698]: DEBUG nova.api.openstack.wsgi [None req-9096a206-bf17-4683-b96a-e13a20f1ce3e admin admin] Calling method '>' {{(pid=102698) _process_stack /opt/stack/nova/nova/api/openstack/wsgi.py:513}}
Mar 08 22:20:00.520009 dv-cinder-832696-1-smb devstack@n-api.service[102698]: INFO nova.api.openstack.requestlog [None req-9096a206-bf17-4683-b96a-e13a20f1ce3e admin admin] 10.222.0.13 "GET /compute/v2.1/flavors/detail" status: 200 len: 5777 microversion: 2.90 time: 0.070798
Mar 08 22:20:00.520509 dv-cinder-832696-1-smb devstack@n-api.service[102698]: [pid: 102698|app: 0|req: 32/62] 10.222.0.13 () {60 vars in 1202 bytes} [Tue Mar 8 22:20:00 2022] GET /compute/v2.1/flavors/detail => generated 5777 bytes in 72 msecs (HTTP/1.1 200) 9 headers in 360 bytes (1 switches on core 0)
Mar 08 22:20:50.936026 dv-cinder-832696-1-smb devstack@n-api.service[102699]: DEBUG nova.api.openstack.wsgi [None req-9a463a97-9095-4ffa-85cc-f52f8cf8b79c admin admin] Calling method '>' {{(pid=102699) _process_stack /opt/stack/nova/nova/api/openstack/wsgi.py:513}}
Mar 08 22:20:50.937040 dv-cinder-832696-1-smb devstack@n-api.service[102699]: INFO nova.api.openstack.requestlog [None req-9a463a97-9095-4ffa-85cc-f52f8cf8b79c admin admin] 10.222.0.13 "GET /compute/v2.1" status: 200 len: 388 microversion: 2.1 time: 0.001460
Mar 08 22:20:50.937428 dv-cinder-832696-1-smb devstack@n-api.service[102699]: [pid: 102699|app: 0|req: 31/63] 10.222.0.13 () {54 vars in 930 bytes} [Tue Mar 8 22:20:50 2022] GET /compute/v2.1 => generated 388 bytes in 2 msecs (HTTP/1.1 200) 9 headers in 357 bytes (1 switches on core 0)
Mar 08 22:20:50.995775 dv-cinder-832696-1-smb devstack@n-api.service[102698]: DEBUG nova.api.openstack.wsgi [None req-a3cb8f1e-1c9c-4986-8b09-a0ba82ce1f3c admin admin] Calling method '>' {{(pid=102698) _process_stack /opt/stack/nova/nova/api/openstack/wsgi.py:513}}
Mar 08 22:20:51.014903 dv-cinder-832696-1-smb devstack@n-api.service[102698]: INFO nova.api.openstack.requestlog [None req-a3cb8f1e-1c9c-4986-8b09-a0ba82ce1f3c admin admin] 10.222.0.13 "GET /compute/v2.1/flavors/detail?is_public=True" status: 200 len: 5791 microversion: 2.61 time: 0.071166
Mar 08 22:20:51.015435 dv-cinder-832696-1-smb devstack@n-api.service[102698]: [pid: 102698|app: 0|req: 33/64] 10.222.0.13 () {60 vars in 1291 bytes} [Tue Mar 8 22:20:50 2022] GET /compute/v2.1/flavors/detail?is_public=True => generated 5791 bytes in 72 msecs (HTTP/1.1 200) 9 headers in 360 bytes (1 switches on core 0)
Mar 08 22:20:51.036760 dv-cinder-832696-1-smb devstack@n-api.service[102699]: DEBUG nova.api.openstack.wsgi [None req-4f3da417-fe96-4c0b-a016-e57388272cf5 admin admin] Calling method '>' {{(pid=102699) _process_stack /opt/stack/nova/nova/api/openstack/wsgi.py:513}}
Mar 08 22:20:51.044203 dv-cinder-832696-1-smb devstack@n-api.service[102699]: INFO nova.api.openstack.requestlog [None req-4f3da417-fe96-4c0b-a016-e57388272cf5 admin admin] 10.222.0.13 "GET /compute/v2.1/flavors/42/os-extra_specs" status: 200 len: 19 microversion: 2.61 time: 0.011025
Mar 08 22:20:51.044724 dv-cinder-832696-1-smb devstack@n-api.service[102699]: [pid: 102699|app: 0|req: 32/65] 10.222.0.13 () {60 vars in 1282 bytes} [Tue Mar 8 22:20:51 2022] GET /compute/v2.1/flavors/42/os-extra_specs => generated 19 bytes in 12 msecs (HTTP/1.1 200) 9 headers in 358 bytes (2 switches on core 0)
Mar 08 22:20:51.056663 dv-cinder-832696-1-smb devstack@n-api.service[102698]: DEBUG nova.api.openstack.wsgi [None req-a98fd009-ab0a-4bd9-833b-4f76f0d0f382 admin admin] Calling method '>' {{(pid=102698) _process_stack /opt/stack/nova/nova/api/openstack/wsgi.py:513}}
Mar 08 22:20:51.064892 dv-cinder-832696-1-smb devstack@n-api.service[102698]: INFO nova.api.openstack.requestlog [None req-a98fd009-ab0a-4bd9-833b-4f76f0d0f382 admin admin] 10.222.0.13 "GET /compute/v2.1/flavors/451/os-extra_specs" status: 200 len: 19 microversion: 2.61 time: 0.011745
Mar 08 22:20:51.065408 dv-cinder-832696-1-smb devstack@n-api.service[102698]: [pid: 102698|app: 0|req: 34/66] 10.222.0.13 () {60 vars in 1285 bytes} [Tue Mar 8 22:20:51 2022] GET /compute/v2.1/flavors/451/os-extra_specs => generated 19 bytes in 13 msecs (HTTP/1.1 200) 9 headers in 358 bytes (2 switches on core 0)
Mar 08 22:20:51.076339 dv-cinder-832696-1-smb devstack@n-api.service[102699]: DEBUG nova.api.openstack.wsgi [None req-c5afb5e1-ffeb-49d6-a4f8-76664e6fd1b3 admin admin] Calling method '>' {{(pid=102699) _process_stack /opt/stack/nova/nova/api/openstack/wsgi.py:513}}
Mar 08 22:20:51.083693 dv-cinder-832696-1-smb devstack@n-api.service[102699]: INFO nova.api.openstack.requestlog [None req-c5afb5e1-ffeb-49d6-a4f8-76664e6fd1b3 admin admin] 10.222.0.13 "GET /compute/v2.1/flavors/452/os-extra_specs" status: 200 len: 19 microversion: 2.61 time: 0.010852
Mar 08 22:20:51.084224 dv-cinder-832696-1-smb devstack@n-api.service[102699]: [pid: 102699|app: 0|req: 33/67] 10.222.0.13 () {60 vars in 1285 bytes} [Tue Mar 8 22:20:51 2022] GET /compute/v2.1/flavors/452/os-extra_specs => generated 19 bytes in 12 msecs (HTTP/1.1 200) 9 headers in 358 bytes (2 switches on core 0)
Mar 08 22:20:51.094890 dv-cinder-832696-1-smb devstack@n-api.service[102698]: DEBUG nova.api.openstack.wsgi [None req-dbea0951-bbdf-410d-bc39-d1125e79d740 admin admin] Calling method '>' {{(pid=102698) _process_stack /opt/stack/nova/nova/api/openstack/wsgi.py:513}}
Mar 08 22:20:51.102130 dv-cinder-832696-1-smb devstack@n-api.service[102698]: INFO nova.api.openstack.requestlog [None req-dbea0951-bbdf-410d-bc39-d1125e79d740 admin admin] 10.222.0.13 "GET /compute/v2.1/flavors/84/os-extra_specs" status: 200 len: 19 microversion: 2.61 time: 0.010671
Mar 08 22:20:51.102638 dv-cinder-832696-1-smb devstack@n-api.service[102698]: [pid: 102698|app: 0|req: 35/68] 10.222.0.13 () {60 vars in 1282 bytes} [Tue Mar 8 22:20:51 2022] GET /compute/v2.1/flavors/84/os-extra_specs => generated 19 bytes in 12 msecs (HTTP/1.1 200) 9 headers in 358 bytes (1 switches on core 0)
Mar 08 22:22:33.331099 dv-cinder-832696-1-smb devstack@n-api.service[102699]: DEBUG nova.api.openstack.wsgi [None req-f8ee84be-a59d-43a1-9189-c8a51b412b0f tempest-verify_tempest_config-875323683 tempest-verify_tempest_config-875323683-project] Calling method '>' {{(pid=102699) _process_stack /opt/stack/nova/nova/api/openstack/wsgi.py:513}}
Mar 08 22:22:33.333085 dv-cinder-832696-1-smb devstack@n-api.service[102699]: INFO nova.api.openstack.requestlog [None req-f8ee84be-a59d-43a1-9189-c8a51b412b0f tempest-verify_tempest_config-875323683 tempest-verify_tempest_config-875323683-project] 10.222.0.13 "GET /compute/v2.1/extensions" status: 200 len: 22700 microversion: 2.1 time: 0.103249
Mar 08 22:22:33.333615 dv-cinder-832696-1-smb devstack@n-api.service[102699]: [pid: 102699|app: 0|req: 34/69] 10.222.0.13 () {58 vars in 1133 bytes} [Tue Mar 8 22:22:33 2022] GET /compute/v2.1/extensions => generated 22700 bytes in 104 msecs (HTTP/1.1 200) 9 headers in 359 bytes (1 switches on core 0)
Mar 08 22:24:16.959662 dv-cinder-832696-1-smb devstack@n-api.service[102698]: DEBUG nova.api.openstack.wsgi [None req-dbea0951-bbdf-410d-bc39-d1125e79d740 admin admin] Calling method '>' {{(pid=102698) _process_stack /opt/stack/nova/nova/api/openstack/wsgi.py:513}}
Mar 08 22:24:16.960748 dv-cinder-832696-1-smb devstack@n-api.service[102698]: INFO nova.api.openstack.requestlog [None req-dbea0951-bbdf-410d-bc39-d1125e79d740 admin admin] 10.222.0.13 "GET /compute/v2.1" status: 200 len: 388 microversion: 2.1 time: 0.001473
Mar 08 22:24:16.961317 dv-cinder-832696-1-smb devstack@n-api.service[102698]: [pid: 102698|app: 0|req: 36/70] 10.222.0.13 () {56 vars in 1074 bytes} [Tue Mar 8 22:24:16 2022] GET /compute/v2.1 => generated 388 bytes in 2 msecs (HTTP/1.1 200) 9 headers in 357 bytes (1 switches on core 0)
Mar 08 22:24:17.212988 dv-cinder-832696-1-smb devstack@n-api.service[102699]: DEBUG nova.api.openstack.wsgi [None req-6e811131-f632-4c13-a4ce-3fd64a29a133 admin admin] Calling method '>' {{(pid=102699) _process_stack /opt/stack/nova/nova/api/openstack/wsgi.py:513}}
Mar 08 22:24:17.214128 dv-cinder-832696-1-smb devstack@n-api.service[102699]: /usr/local/lib/python3.8/dist-packages/oslo_policy/policy.py:1119: UserWarning: Policy "os_compute_api:os-services:list": "rule:context_is_admin" failed scope check. The token used to make the request was project scoped but the policy requires ['system'] scope. This behavior may change in the future where using the intended scope is required
Mar 08 22:24:17.214128 dv-cinder-832696-1-smb devstack@n-api.service[102699]: warnings.warn(msg)
Mar 08 22:24:17.215317 dv-cinder-832696-1-smb devstack@n-api.service[102699]: DEBUG oslo_concurrency.lockutils [None req-6e811131-f632-4c13-a4ce-3fd64a29a133 admin admin] Lock "00000000-0000-0000-0000-000000000000" acquired by "nova.context.set_target_cell..get_or_set_cached_cell_and_set_connections" :: waited 0.000s {{(pid=102699) inner /usr/local/lib/python3.8/dist-packages/oslo_concurrency/lockutils.py:386}}
Mar 08 22:24:17.215752 dv-cinder-832696-1-smb devstack@n-api.service[102699]: DEBUG oslo_concurrency.lockutils [None req-6e811131-f632-4c13-a4ce-3fd64a29a133 admin admin] Lock "00000000-0000-0000-0000-000000000000" "released" by "nova.context.set_target_cell..get_or_set_cached_cell_and_set_connections" :: held 0.000s {{(pid=102699) inner /usr/local/lib/python3.8/dist-packages/oslo_concurrency/lockutils.py:400}}
Mar 08 22:24:17.216647 dv-cinder-832696-1-smb devstack@n-api.service[102699]: DEBUG oslo_concurrency.lockutils [None req-6e811131-f632-4c13-a4ce-3fd64a29a133 admin admin] Lock "6faee264-58e8-4d88-9125-d3b31721ec94" acquired by "nova.context.set_target_cell..get_or_set_cached_cell_and_set_connections" :: waited 0.000s {{(pid=102699) inner /usr/local/lib/python3.8/dist-packages/oslo_concurrency/lockutils.py:386}}
Mar 08 22:24:17.217783 dv-cinder-832696-1-smb devstack@n-api.service[102699]: DEBUG oslo_concurrency.lockutils [None req-6e811131-f632-4c13-a4ce-3fd64a29a133 admin admin] Lock "6faee264-58e8-4d88-9125-d3b31721ec94" "released" by "nova.context.set_target_cell..get_or_set_cached_cell_and_set_connections" :: held 0.001s {{(pid=102699) inner /usr/local/lib/python3.8/dist-packages/oslo_concurrency/lockutils.py:400}}
Mar 08 22:24:17.250612 dv-cinder-832696-1-smb devstack@n-api.service[102699]: INFO nova.api.openstack.requestlog [None req-6e811131-f632-4c13-a4ce-3fd64a29a133 admin admin] 10.222.0.13 "GET /compute/v2.1/os-services" status: 200 len: 785 microversion: 2.90 time: 0.150564
Mar 08 22:24:17.251160 dv-cinder-832696-1-smb devstack@n-api.service[102699]: [pid: 102699|app: 0|req: 35/71] 10.222.0.13 () {60 vars in 1193 bytes} [Tue Mar 8 22:24:17 2022] GET /compute/v2.1/os-services => generated 785 bytes in 152 msecs (HTTP/1.1 200) 9 headers in 359 bytes (1 switches on core 0)
Mar 08 22:24:18.540473 dv-cinder-832696-1-smb devstack@n-api.service[102698]: DEBUG nova.api.openstack.wsgi [None req-dbea0951-bbdf-410d-bc39-d1125e79d740 admin admin] Calling method '>' {{(pid=102698) _process_stack /opt/stack/nova/nova/api/openstack/wsgi.py:513}}
Mar 08 22:24:18.541465 dv-cinder-832696-1-smb devstack@n-api.service[102698]: INFO nova.api.openstack.requestlog [None req-dbea0951-bbdf-410d-bc39-d1125e79d740 admin admin] 10.222.0.13 "GET /compute/v2.1" status: 200 len: 388 microversion: 2.1 time: 0.001443
Mar 08 22:24:18.541860 dv-cinder-832696-1-smb devstack@n-api.service[102698]: [pid: 102698|app: 0|req: 37/72] 10.222.0.13 () {56 vars in 1074 bytes} [Tue Mar 8 22:24:18 2022] GET /compute/v2.1 => generated 388 bytes in 2 msecs (HTTP/1.1 200) 9 headers in 357 bytes (1 switches on core 0)
Mar 08 22:24:18.735856 dv-cinder-832696-1-smb devstack@n-api.service[102699]: DEBUG nova.api.openstack.wsgi [None req-3c8ef17e-5f54-4817-9142-1b6041c386e9 admin admin] Calling method '>' {{(pid=102699) _process_stack /opt/stack/nova/nova/api/openstack/wsgi.py:513}}
Mar 08 22:24:18.737050 dv-cinder-832696-1-smb devstack@n-api.service[102699]: /usr/local/lib/python3.8/dist-packages/oslo_policy/policy.py:1119: UserWarning: Policy "os_compute_api:os-services:list": "rule:context_is_admin" failed scope check. The token used to make the request was project scoped but the policy requires ['system'] scope. This behavior may change in the future where using the intended scope is required
Mar 08 22:24:18.737050 dv-cinder-832696-1-smb devstack@n-api.service[102699]: warnings.warn(msg)
Mar 08 22:24:18.738241 dv-cinder-832696-1-smb devstack@n-api.service[102699]: DEBUG oslo_concurrency.lockutils [None req-3c8ef17e-5f54-4817-9142-1b6041c386e9 admin admin] Lock "00000000-0000-0000-0000-000000000000" acquired by "nova.context.set_target_cell..get_or_set_cached_cell_and_set_connections" :: waited 0.000s {{(pid=102699) inner /usr/local/lib/python3.8/dist-packages/oslo_concurrency/lockutils.py:386}}
Mar 08 22:24:18.738682 dv-cinder-832696-1-smb devstack@n-api.service[102699]: DEBUG oslo_concurrency.lockutils [None req-3c8ef17e-5f54-4817-9142-1b6041c386e9 admin admin] Lock "00000000-0000-0000-0000-000000000000" "released" by "nova.context.set_target_cell..get_or_set_cached_cell_and_set_connections" :: held 0.000s {{(pid=102699) inner /usr/local/lib/python3.8/dist-packages/oslo_concurrency/lockutils.py:400}}
Mar 08 22:24:18.739532 dv-cinder-832696-1-smb devstack@n-api.service[102699]: DEBUG oslo_concurrency.lockutils [None req-3c8ef17e-5f54-4817-9142-1b6041c386e9 admin admin] Lock "6faee264-58e8-4d88-9125-d3b31721ec94" acquired by "nova.context.set_target_cell..get_or_set_cached_cell_and_set_connections" :: waited 0.000s {{(pid=102699) inner /usr/local/lib/python3.8/dist-packages/oslo_concurrency/lockutils.py:386}}
Mar 08 22:24:18.739962 dv-cinder-832696-1-smb devstack@n-api.service[102699]: DEBUG oslo_concurrency.lockutils [None req-3c8ef17e-5f54-4817-9142-1b6041c386e9 admin admin] Lock "6faee264-58e8-4d88-9125-d3b31721ec94" "released" by "nova.context.set_target_cell..get_or_set_cached_cell_and_set_connections" :: held 0.000s {{(pid=102699) inner /usr/local/lib/python3.8/dist-packages/oslo_concurrency/lockutils.py:400}}
Mar 08 22:24:18.759613 dv-cinder-832696-1-smb devstack@n-api.service[102699]: INFO nova.api.openstack.requestlog [None req-3c8ef17e-5f54-4817-9142-1b6041c386e9 admin admin] 10.222.0.13 "GET /compute/v2.1/os-services" status: 200 len: 785 microversion: 2.90 time: 0.077417
Mar 08 22:24:18.760114 dv-cinder-832696-1-smb devstack@n-api.service[102699]: [pid: 102699|app: 0|req: 36/73] 10.222.0.13 () {60 vars in 1193 bytes} [Tue Mar 8 22:24:18 2022] GET /compute/v2.1/os-services => generated 785 bytes in 79 msecs (HTTP/1.1 200) 9 headers in 359 bytes (1 switches on core 0)
Mar 08 22:24:30.464061 dv-cinder-832696-1-smb devstack@n-api.service[102698]: DEBUG nova.api.openstack.wsgi [None req-dbea0951-bbdf-410d-bc39-d1125e79d740 admin admin] Calling method '>' {{(pid=102698) _process_stack /opt/stack/nova/nova/api/openstack/wsgi.py:513}}
Mar 08 22:24:30.465098 dv-cinder-832696-1-smb devstack@n-api.service[102698]: INFO nova.api.openstack.requestlog [None req-dbea0951-bbdf-410d-bc39-d1125e79d740 admin admin] 10.222.0.13 "GET /compute/v2.1" status: 200 len: 388 microversion: 2.1 time: 0.001483
Mar 08 22:24:30.465499 dv-cinder-832696-1-smb devstack@n-api.service[102698]: [pid: 102698|app: 0|req: 38/74] 10.222.0.13 () {56 vars in 1074 bytes} [Tue Mar 8 22:24:30 2022] GET /compute/v2.1 => generated 388 bytes in 2 msecs (HTTP/1.1 200) 9 headers in 357 bytes (1 switches on core 0)
Mar 08 22:24:30.664537 dv-cinder-832696-1-smb devstack@n-api.service[102699]: DEBUG nova.api.openstack.wsgi [None req-c07e4921-0d33-4b8c-b675-26a656a7760c admin admin] Calling method '>' {{(pid=102699) _process_stack /opt/stack/nova/nova/api/openstack/wsgi.py:513}}
Mar 08 22:24:30.665688 dv-cinder-832696-1-smb devstack@n-api.service[102699]: /usr/local/lib/python3.8/dist-packages/oslo_policy/policy.py:1119: UserWarning: Policy "os_compute_api:os-services:list": "rule:context_is_admin" failed scope check. The token used to make the request was project scoped but the policy requires ['system'] scope. This behavior may change in the future where using the intended scope is required
Mar 08 22:24:30.665688 dv-cinder-832696-1-smb devstack@n-api.service[102699]: warnings.warn(msg)
Mar 08 22:24:30.666884 dv-cinder-832696-1-smb devstack@n-api.service[102699]: DEBUG oslo_concurrency.lockutils [None req-c07e4921-0d33-4b8c-b675-26a656a7760c admin admin] Lock "00000000-0000-0000-0000-000000000000" acquired by "nova.context.set_target_cell..get_or_set_cached_cell_and_set_connections" :: waited 0.000s {{(pid=102699) inner /usr/local/lib/python3.8/dist-packages/oslo_concurrency/lockutils.py:386}}
Mar 08 22:24:30.667323 dv-cinder-832696-1-smb devstack@n-api.service[102699]: DEBUG oslo_concurrency.lockutils [None req-c07e4921-0d33-4b8c-b675-26a656a7760c admin admin] Lock "00000000-0000-0000-0000-000000000000" "released" by "nova.context.set_target_cell..get_or_set_cached_cell_and_set_connections" :: held 0.000s {{(pid=102699) inner /usr/local/lib/python3.8/dist-packages/oslo_concurrency/lockutils.py:400}}
Mar 08 22:24:30.668140 dv-cinder-832696-1-smb devstack@n-api.service[102699]: DEBUG oslo_concurrency.lockutils [None req-c07e4921-0d33-4b8c-b675-26a656a7760c admin admin] Lock "6faee264-58e8-4d88-9125-d3b31721ec94" acquired by "nova.context.set_target_cell..get_or_set_cached_cell_and_set_connections" :: waited 0.000s {{(pid=102699) inner /usr/local/lib/python3.8/dist-packages/oslo_concurrency/lockutils.py:386}}
Mar 08 22:24:30.668603 dv-cinder-832696-1-smb devstack@n-api.service[102699]: DEBUG oslo_concurrency.lockutils [None req-c07e4921-0d33-4b8c-b675-26a656a7760c admin admin] Lock "6faee264-58e8-4d88-9125-d3b31721ec94" "released" by "nova.context.set_target_cell..get_or_set_cached_cell_and_set_connections" :: held 0.000s {{(pid=102699) inner /usr/local/lib/python3.8/dist-packages/oslo_concurrency/lockutils.py:400}}
Mar 08 22:24:30.695990 dv-cinder-832696-1-smb devstack@n-api.service[102699]: INFO nova.api.openstack.requestlog [None req-c07e4921-0d33-4b8c-b675-26a656a7760c admin admin] 10.222.0.13 "GET /compute/v2.1/os-services" status: 200 len: 1029 microversion: 2.90 time: 0.083164
Mar 08 22:24:30.696508 dv-cinder-832696-1-smb devstack@n-api.service[102699]: [pid: 102699|app: 0|req: 37/75] 10.222.0.13 () {60 vars in 1193 bytes} [Tue Mar 8 22:24:30 2022] GET /compute/v2.1/os-services => generated 1029 bytes in 84 msecs (HTTP/1.1 200) 9 headers in 360 bytes (1 switches on core 0)
Mar 08 22:24:31.970571 dv-cinder-832696-1-smb devstack@n-api.service[102698]: DEBUG nova.api.openstack.wsgi [None req-dbea0951-bbdf-410d-bc39-d1125e79d740 admin admin] Calling method '>' {{(pid=102698) _process_stack /opt/stack/nova/nova/api/openstack/wsgi.py:513}}
