Mar 08 08:22:55.559656 dv-cinder-832499-1-smb devstack@c-api.service[109767]: DEBUG cinder.api.middleware.request_id [None req-4e9bb413-2ac2-4ad1-87c1-8fe9e57bb586 None None] RequestId filter calling following filter/app {{(pid=109767) _context_setter /opt/stack/cinder/cinder/api/middleware/request_id.py:62}}
Mar 08 08:22:55.563220 dv-cinder-832499-1-smb devstack@c-api.service[109767]: INFO cinder.api.openstack.wsgi [None req-4e9bb413-2ac2-4ad1-87c1-8fe9e57bb586 tempest-GroupsTest-961529925 tempest-GroupsTest-961529925-project] POST http://10.222.0.20/volume/v3/b3d631a8bb59450d992c1da737888e85/groups
Mar 08 08:22:55.564004 dv-cinder-832499-1-smb devstack@c-api.service[109767]: DEBUG cinder.api.openstack.wsgi [None req-4e9bb413-2ac2-4ad1-87c1-8fe9e57bb586 tempest-GroupsTest-961529925 tempest-GroupsTest-961529925-project] Action: 'create', calling method: version_select, body: {"group": {"group_type": "5b55e895-dcd1-4501-958b-dcd109294776", "volume_types": ["5d565d95-795e-4ba6-84d3-f9562f724a73"], "name": "tempest-Group2-1481579873"}} {{(pid=109767) _process_stack /opt/stack/cinder/cinder/api/openstack/wsgi.py:866}}
Mar 08 08:22:55.564923 dv-cinder-832499-1-smb devstack@c-api.service[109767]: DEBUG cinder.api.v3.groups [None req-4e9bb413-2ac2-4ad1-87c1-8fe9e57bb586 tempest-GroupsTest-961529925 tempest-GroupsTest-961529925-project] Creating new group {'group': {'group_type': '5b55e895-dcd1-4501-958b-dcd109294776', 'volume_types': ['5d565d95-795e-4ba6-84d3-f9562f724a73'], 'name': 'tempest-Group2-1481579873'}} {{(pid=109767) create /opt/stack/cinder/cinder/api/v3/groups.py:190}}
Mar 08 08:22:55.568387 dv-cinder-832499-1-smb devstack@c-api.service[109768]: [pid: 109768|app: 0|req: 20/38] 10.222.0.20 () {60 vars in 1362 bytes} [Tue Mar 8 08:22:55 2022] GET /volume/v3/b3d631a8bb59450d992c1da737888e85/groups/39db794b-3f83-4e64-aa26-30b1d499a075 => generated 323 bytes in 77 msecs (HTTP/1.1 200) 7 headers in 286 bytes (1 switches on core 0)
Mar 08 08:22:55.570644 dv-cinder-832499-1-smb devstack@c-api.service[109767]: INFO cinder.api.v3.groups [None req-4e9bb413-2ac2-4ad1-87c1-8fe9e57bb586 tempest-GroupsTest-961529925 tempest-GroupsTest-961529925-project] Creating group tempest-Group2-1481579873.
Mar 08 08:22:55.594769 dv-cinder-832499-1-smb devstack@c-api.service[109767]: DEBUG cinder.volume.api [None req-4e9bb413-2ac2-4ad1-87c1-8fe9e57bb586 tempest-GroupsTest-961529925 tempest-GroupsTest-961529925-project] Availability zone cache updated, next update will occur around 2022-03-08 09:22:55.594247. {{(pid=109767) list_availability_zones /opt/stack/cinder/cinder/volume/api.py:152}}
Mar 08 08:22:55.595346 dv-cinder-832499-1-smb devstack@c-api.service[109767]: INFO cinder.volume.api [None req-4e9bb413-2ac2-4ad1-87c1-8fe9e57bb586 tempest-GroupsTest-961529925 tempest-GroupsTest-961529925-project] Availability Zones retrieved successfully.
Mar 08 08:22:55.621063 dv-cinder-832499-1-smb devstack@c-api.service[109767]: DEBUG cinder.quota [None req-4e9bb413-2ac2-4ad1-87c1-8fe9e57bb586 tempest-GroupsTest-961529925 tempest-GroupsTest-961529925-project] Created reservations ['0a8d8b40-d8c8-4bb3-9d3d-6011c37f9316'] {{(pid=109767) reserve /opt/stack/cinder/cinder/quota.py:755}}
Mar 08 08:22:55.694305 dv-cinder-832499-1-smb devstack@c-api.service[109767]: INFO cinder.api.openstack.wsgi [None req-4e9bb413-2ac2-4ad1-87c1-8fe9e57bb586 tempest-GroupsTest-961529925 tempest-GroupsTest-961529925-project] http://10.222.0.20/volume/v3/b3d631a8bb59450d992c1da737888e85/groups returned with HTTP 202
Mar 08 08:22:55.715574 dv-cinder-832499-1-smb devstack@c-api.service[109768]: DEBUG cinder.api.middleware.request_id [None req-00506832-3216-4f27-8b26-5b2ff63b58f2 None None] RequestId filter calling following filter/app {{(pid=109768) _context_setter /opt/stack/cinder/cinder/api/middleware/request_id.py:62}}
Mar 08 08:22:55.715994 dv-cinder-832499-1-smb devstack@c-api.service[109767]: [pid: 109767|app: 0|req: 19/39] 10.222.0.20 () {62 vars in 1273 bytes} [Tue Mar 8 08:22:55 2022] POST /volume/v3/b3d631a8bb59450d992c1da737888e85/groups => generated 94 bytes in 154 msecs (HTTP/1.1 202) 7 headers in 291 bytes (1 switches on core 0)
Mar 08 08:22:55.719235 dv-cinder-832499-1-smb devstack@c-api.service[109768]: INFO cinder.api.openstack.wsgi [None req-00506832-3216-4f27-8b26-5b2ff63b58f2 tempest-GroupsTest-961529925 tempest-GroupsTest-961529925-project] GET http://10.222.0.20/volume/v3/b3d631a8bb59450d992c1da737888e85/groups/933c8950-a6a5-41af-bca5-7e172ed62b9e
Mar 08 08:22:55.720279 dv-cinder-832499-1-smb devstack@c-api.service[109768]: DEBUG cinder.api.openstack.wsgi [None req-00506832-3216-4f27-8b26-5b2ff63b58f2 tempest-GroupsTest-961529925 tempest-GroupsTest-961529925-project] Empty body provided in request {{(pid=109768) get_body /opt/stack/cinder/cinder/api/openstack/wsgi.py:715}}
Mar 08 08:22:55.721363 dv-cinder-832499-1-smb devstack@c-api.service[109768]: DEBUG cinder.api.openstack.wsgi [None req-00506832-3216-4f27-8b26-5b2ff63b58f2 tempest-GroupsTest-961529925 tempest-GroupsTest-961529925-project] Calling method 'version_select' {{(pid=109768) _process_stack /opt/stack/cinder/cinder/api/openstack/wsgi.py:868}}
Mar 08 08:22:55.722558 dv-cinder-832499-1-smb devstack@c-api.service[109768]: DEBUG cinder.api.v3.groups [None req-00506832-3216-4f27-8b26-5b2ff63b58f2 tempest-GroupsTest-961529925 tempest-GroupsTest-961529925-project] show called for member 933c8950-a6a5-41af-bca5-7e172ed62b9e {{(pid=109768) show /opt/stack/cinder/cinder/api/v3/groups.py:58}}
Mar 08 08:22:55.730645 dv-cinder-832499-1-smb devstack@c-api.service[109767]: DEBUG cinder.api.middleware.request_id [req-3b4bf359-b331-4ea5-b004-b494fda225b9 req-e77c8a4e-1dac-412c-ad6a-82efcb77ce50 None None] RequestId filter calling following filter/app {{(pid=109767) _context_setter /opt/stack/cinder/cinder/api/middleware/request_id.py:62}}
Mar 08 08:22:55.735857 dv-cinder-832499-1-smb devstack@c-api.service[109768]: /usr/local/lib/python3.8/dist-packages/oslo_context/context.py:100: DeprecationWarning: Policy enforcement is depending on the value of is_admin. This key is deprecated. Please update your policy file to use the standard policy values.
Mar 08 08:22:55.735857 dv-cinder-832499-1-smb devstack@c-api.service[109768]: warnings.warn('Policy enforcement is depending on the value of '
Mar 08 08:22:55.743276 dv-cinder-832499-1-smb devstack@c-api.service[109767]: INFO cinder.api.openstack.wsgi [req-3b4bf359-b331-4ea5-b004-b494fda225b9 req-e77c8a4e-1dac-412c-ad6a-82efcb77ce50 tempest-VolumesSnapshotsTestJSON-1633875116 tempest-VolumesSnapshotsTestJSON-1633875116-project] GET http://10.222.0.20/volume/v3/a33dfe689ca94ba5b9e692bf360bc74a/volumes/992e9ce8-6fab-44ea-a92c-7c298e2d92e2
Mar 08 08:22:55.745249 dv-cinder-832499-1-smb devstack@c-api.service[109767]: DEBUG cinder.api.openstack.wsgi [req-3b4bf359-b331-4ea5-b004-b494fda225b9 req-e77c8a4e-1dac-412c-ad6a-82efcb77ce50 tempest-VolumesSnapshotsTestJSON-1633875116 tempest-VolumesSnapshotsTestJSON-1633875116-project] Empty body provided in request {{(pid=109767) get_body /opt/stack/cinder/cinder/api/openstack/wsgi.py:715}}
Mar 08 08:22:55.745750 dv-cinder-832499-1-smb devstack@c-api.service[109767]: DEBUG cinder.api.openstack.wsgi [req-3b4bf359-b331-4ea5-b004-b494fda225b9 req-e77c8a4e-1dac-412c-ad6a-82efcb77ce50 tempest-VolumesSnapshotsTestJSON-1633875116 tempest-VolumesSnapshotsTestJSON-1633875116-project] Calling method 'show' {{(pid=109767) _process_stack /opt/stack/cinder/cinder/api/openstack/wsgi.py:868}}
Mar 08 08:22:55.771135 dv-cinder-832499-1-smb devstack@c-api.service[109768]: INFO cinder.api.openstack.wsgi [None req-00506832-3216-4f27-8b26-5b2ff63b58f2 tempest-GroupsTest-961529925 tempest-GroupsTest-961529925-project] http://10.222.0.20/volume/v3/b3d631a8bb59450d992c1da737888e85/groups/933c8950-a6a5-41af-bca5-7e172ed62b9e returned with HTTP 200
Mar 08 08:22:55.779576 dv-cinder-832499-1-smb devstack@c-api.service[109768]: [pid: 109768|app: 0|req: 21/40] 10.222.0.20 () {60 vars in 1362 bytes} [Tue Mar 8 08:22:55 2022] GET /volume/v3/b3d631a8bb59450d992c1da737888e85/groups/933c8950-a6a5-41af-bca5-7e172ed62b9e => generated 322 bytes in 65 msecs (HTTP/1.1 200) 7 headers in 286 bytes (1 switches on core 0)
Mar 08 08:22:55.782237 dv-cinder-832499-1-smb devstack@c-api.service[109767]: /usr/local/lib/python3.8/dist-packages/oslo_context/context.py:100: DeprecationWarning: Policy enforcement is depending on the value of is_admin. This key is deprecated. Please update your policy file to use the standard policy values.
Mar 08 08:22:55.782237 dv-cinder-832499-1-smb devstack@c-api.service[109767]: warnings.warn('Policy enforcement is depending on the value of '
Mar 08 08:22:55.792045 dv-cinder-832499-1-smb devstack@c-api.service[109767]: INFO cinder.volume.api [req-3b4bf359-b331-4ea5-b004-b494fda225b9 req-e77c8a4e-1dac-412c-ad6a-82efcb77ce50 tempest-VolumesSnapshotsTestJSON-1633875116 tempest-VolumesSnapshotsTestJSON-1633875116-project] Volume info retrieved successfully.
Mar 08 08:22:55.802671 dv-cinder-832499-1-smb devstack@c-api.service[109767]: INFO cinder.api.openstack.wsgi [req-3b4bf359-b331-4ea5-b004-b494fda225b9 req-e77c8a4e-1dac-412c-ad6a-82efcb77ce50 tempest-VolumesSnapshotsTestJSON-1633875116 tempest-VolumesSnapshotsTestJSON-1633875116-project] http://10.222.0.20/volume/v3/a33dfe689ca94ba5b9e692bf360bc74a/volumes/992e9ce8-6fab-44ea-a92c-7c298e2d92e2 returned with HTTP 200
Mar 08 08:22:55.803550 dv-cinder-832499-1-smb devstack@c-api.service[109767]: [pid: 109767|app: 0|req: 20/41] 10.222.0.20 () {60 vars in 1578 bytes} [Tue Mar 8 08:22:55 2022] GET /volume/v3/a33dfe689ca94ba5b9e692bf360bc74a/volumes/992e9ce8-6fab-44ea-a92c-7c298e2d92e2 => generated 916 bytes in 79 msecs (HTTP/1.1 200) 7 headers in 285 bytes (1 switches on core 0)
Mar 08 08:22:55.832782 dv-cinder-832499-1-smb devstack@c-api.service[109768]: DEBUG cinder.api.middleware.request_id [req-ac34f4f7-6715-42c7-9195-9d79b9fe5254 req-13da457e-0ce7-4b6e-8ac9-9f4b504e2083 None None] RequestId filter calling following filter/app {{(pid=109768) _context_setter /opt/stack/cinder/cinder/api/middleware/request_id.py:62}}
Mar 08 08:22:55.838968 dv-cinder-832499-1-smb devstack@c-api.service[109768]: INFO cinder.api.openstack.wsgi [req-ac34f4f7-6715-42c7-9195-9d79b9fe5254 req-13da457e-0ce7-4b6e-8ac9-9f4b504e2083 tempest-VolumesSnapshotsTestJSON-1633875116 tempest-VolumesSnapshotsTestJSON-1633875116-project] POST http://10.222.0.20/volume/v3/a33dfe689ca94ba5b9e692bf360bc74a/snapshots
Mar 08 08:22:55.839999 dv-cinder-832499-1-smb devstack@c-api.service[109768]: DEBUG cinder.api.openstack.wsgi [req-ac34f4f7-6715-42c7-9195-9d79b9fe5254 req-13da457e-0ce7-4b6e-8ac9-9f4b504e2083 tempest-VolumesSnapshotsTestJSON-1633875116 tempest-VolumesSnapshotsTestJSON-1633875116-project] Action: 'create', calling method: create, body: {"snapshot": {"volume_id": "992e9ce8-6fab-44ea-a92c-7c298e2d92e2", "force": false, "name": "tempest-VolumesSnapshotsTestJSON-Snapshot-1411727012", "description": null, "metadata": {}}} {{(pid=109768) _process_stack /opt/stack/cinder/cinder/api/openstack/wsgi.py:866}}
Mar 08 08:22:55.884515 dv-cinder-832499-1-smb devstack@c-api.service[109768]: /usr/local/lib/python3.8/dist-packages/oslo_context/context.py:100: DeprecationWarning: Policy enforcement is depending on the value of is_admin. This key is deprecated. Please update your policy file to use the standard policy values.
Mar 08 08:22:55.884515 dv-cinder-832499-1-smb devstack@c-api.service[109768]: warnings.warn('Policy enforcement is depending on the value of '
Mar 08 08:22:55.885649 dv-cinder-832499-1-smb devstack@c-api.service[109768]: INFO cinder.volume.api [req-ac34f4f7-6715-42c7-9195-9d79b9fe5254 req-13da457e-0ce7-4b6e-8ac9-9f4b504e2083 tempest-VolumesSnapshotsTestJSON-1633875116 tempest-VolumesSnapshotsTestJSON-1633875116-project] Volume info retrieved successfully.
Mar 08 08:22:55.886094 dv-cinder-832499-1-smb devstack@c-api.service[109768]: INFO cinder.api.v3.snapshots [req-ac34f4f7-6715-42c7-9195-9d79b9fe5254 req-13da457e-0ce7-4b6e-8ac9-9f4b504e2083 tempest-VolumesSnapshotsTestJSON-1633875116 tempest-VolumesSnapshotsTestJSON-1633875116-project] Create snapshot from volume 992e9ce8-6fab-44ea-a92c-7c298e2d92e2
Mar 08 08:22:56.001197 dv-cinder-832499-1-smb devstack@c-api.service[109768]: WARNING cinder.quota [req-ac34f4f7-6715-42c7-9195-9d79b9fe5254 req-13da457e-0ce7-4b6e-8ac9-9f4b504e2083 tempest-VolumesSnapshotsTestJSON-1633875116 tempest-VolumesSnapshotsTestJSON-1633875116-project] Deprecated: Default quota for resource: gigabytes___DEFAULT__ is set by the default quota flag: quota_gigabytes___DEFAULT__, it is now deprecated. Please use the default quota class for default quota.
Mar 08 08:22:56.001955 dv-cinder-832499-1-smb devstack@c-api.service[109768]: WARNING cinder.quota [req-ac34f4f7-6715-42c7-9195-9d79b9fe5254 req-13da457e-0ce7-4b6e-8ac9-9f4b504e2083 tempest-VolumesSnapshotsTestJSON-1633875116 tempest-VolumesSnapshotsTestJSON-1633875116-project] Deprecated: Default quota for resource: snapshots___DEFAULT__ is set by the default quota flag: quota_snapshots___DEFAULT__, it is now deprecated. Please use the default quota class for default quota.
Mar 08 08:22:56.094753 dv-cinder-832499-1-smb devstack@c-api.service[109768]: DEBUG cinder.quota [req-ac34f4f7-6715-42c7-9195-9d79b9fe5254 req-13da457e-0ce7-4b6e-8ac9-9f4b504e2083 tempest-VolumesSnapshotsTestJSON-1633875116 tempest-VolumesSnapshotsTestJSON-1633875116-project] Created reservations ['128504ed-29d9-4236-921a-c3b80b7b98c4', '78ad2494-c661-49f5-9ffe-1e8d7b6593df', 'cdf13c12-6c59-4658-affa-b2b96632dffe', '4b5051d7-e738-46a6-a10f-e144065841bb'] {{(pid=109768) reserve /opt/stack/cinder/cinder/quota.py:755}}
Mar 08 08:22:56.271356 dv-cinder-832499-1-smb devstack@c-api.service[109768]: INFO cinder.volume.api [req-ac34f4f7-6715-42c7-9195-9d79b9fe5254 req-13da457e-0ce7-4b6e-8ac9-9f4b504e2083 tempest-VolumesSnapshotsTestJSON-1633875116 tempest-VolumesSnapshotsTestJSON-1633875116-project] Snapshot create request issued successfully.
Mar 08 08:22:56.273622 dv-cinder-832499-1-smb devstack@c-api.service[109768]: INFO cinder.api.openstack.wsgi [req-ac34f4f7-6715-42c7-9195-9d79b9fe5254 req-13da457e-0ce7-4b6e-8ac9-9f4b504e2083 tempest-VolumesSnapshotsTestJSON-1633875116 tempest-VolumesSnapshotsTestJSON-1633875116-project] http://10.222.0.20/volume/v3/a33dfe689ca94ba5b9e692bf360bc74a/snapshots returned with HTTP 202
Mar 08 08:22:56.282203 dv-cinder-832499-1-smb devstack@c-api.service[109768]: [pid: 109768|app: 0|req: 22/42] 10.222.0.20 () {64 vars in 1527 bytes} [Tue Mar 8 08:22:55 2022] POST /volume/v3/a33dfe689ca94ba5b9e692bf360bc74a/snapshots => generated 311 bytes in 450 msecs (HTTP/1.1 202) 7 headers in 291 bytes (1 switches on core 0)
Mar 08 08:22:56.337817 dv-cinder-832499-1-smb devstack@c-api.service[109767]: DEBUG cinder.api.middleware.request_id [req-e0cb2831-ae99-4661-8904-7118a70f74c5 req-333b9378-ef4a-4fed-8603-5f5ea64631e4 None None] RequestId filter calling following filter/app {{(pid=109767) _context_setter /opt/stack/cinder/cinder/api/middleware/request_id.py:62}}
Mar 08 08:22:56.347882 dv-cinder-832499-1-smb devstack@c-api.service[109767]: INFO cinder.api.openstack.wsgi [req-e0cb2831-ae99-4661-8904-7118a70f74c5 req-333b9378-ef4a-4fed-8603-5f5ea64631e4 tempest-VolumesSnapshotsTestJSON-1633875116 tempest-VolumesSnapshotsTestJSON-1633875116-project] GET http://10.222.0.20/volume/v3/a33dfe689ca94ba5b9e692bf360bc74a/snapshots/9d49f82c-13bd-4d83-a04a-f95ff957b511
Mar 08 08:22:56.348785 dv-cinder-832499-1-smb devstack@c-api.service[109767]: DEBUG cinder.api.openstack.wsgi [req-e0cb2831-ae99-4661-8904-7118a70f74c5 req-333b9378-ef4a-4fed-8603-5f5ea64631e4 tempest-VolumesSnapshotsTestJSON-1633875116 tempest-VolumesSnapshotsTestJSON-1633875116-project] Empty body provided in request {{(pid=109767) get_body /opt/stack/cinder/cinder/api/openstack/wsgi.py:715}}
Mar 08 08:22:56.349554 dv-cinder-832499-1-smb devstack@c-api.service[109767]: DEBUG cinder.api.openstack.wsgi [req-e0cb2831-ae99-4661-8904-7118a70f74c5 req-333b9378-ef4a-4fed-8603-5f5ea64631e4 tempest-VolumesSnapshotsTestJSON-1633875116 tempest-VolumesSnapshotsTestJSON-1633875116-project] Calling method 'show' {{(pid=109767) _process_stack /opt/stack/cinder/cinder/api/openstack/wsgi.py:868}}
Mar 08 08:22:56.420967 dv-cinder-832499-1-smb devstack@c-api.service[109767]: /usr/local/lib/python3.8/dist-packages/oslo_context/context.py:100: DeprecationWarning: Policy enforcement is depending on the value of is_admin. This key is deprecated. Please update your policy file to use the standard policy values.
Mar 08 08:22:56.420967 dv-cinder-832499-1-smb devstack@c-api.service[109767]: warnings.warn('Policy enforcement is depending on the value of '
Mar 08 08:22:56.422358 dv-cinder-832499-1-smb devstack@c-api.service[109767]: INFO cinder.volume.api [req-e0cb2831-ae99-4661-8904-7118a70f74c5 req-333b9378-ef4a-4fed-8603-5f5ea64631e4 tempest-VolumesSnapshotsTestJSON-1633875116 tempest-VolumesSnapshotsTestJSON-1633875116-project] Snapshot retrieved successfully.
Mar 08 08:22:56.424597 dv-cinder-832499-1-smb devstack@c-api.service[109767]: INFO cinder.api.openstack.wsgi [req-e0cb2831-ae99-4661-8904-7118a70f74c5 req-333b9378-ef4a-4fed-8603-5f5ea64631e4 tempest-VolumesSnapshotsTestJSON-1633875116 tempest-VolumesSnapshotsTestJSON-1633875116-project] http://10.222.0.20/volume/v3/a33dfe689ca94ba5b9e692bf360bc74a/snapshots/9d49f82c-13bd-4d83-a04a-f95ff957b511 returned with HTTP 200
Mar 08 08:22:56.426245 dv-cinder-832499-1-smb devstack@c-api.service[109767]: [pid: 109767|app: 0|req: 21/43] 10.222.0.20 () {60 vars in 1584 bytes} [Tue Mar 8 08:22:56 2022] GET /volume/v3/a33dfe689ca94ba5b9e692bf360bc74a/snapshots/9d49f82c-13bd-4d83-a04a-f95ff957b511 => generated 443 bytes in 89 msecs (HTTP/1.1 200) 7 headers in 285 bytes (1 switches on core 0)
Mar 08 08:22:56.472459 dv-cinder-832499-1-smb devstack@c-api.service[109768]: DEBUG cinder.api.middleware.request_id [req-708f5f83-13fa-4c64-bbc6-8be50b6930a0 req-ead6be48-625e-4727-b3bb-a1c7b0af520a None None] RequestId filter calling following filter/app {{(pid=109768) _context_setter /opt/stack/cinder/cinder/api/middleware/request_id.py:62}}
Mar 08 08:22:56.484561 dv-cinder-832499-1-smb devstack@c-api.service[109768]: INFO cinder.api.openstack.wsgi [req-708f5f83-13fa-4c64-bbc6-8be50b6930a0 req-ead6be48-625e-4727-b3bb-a1c7b0af520a tempest-VolumesSnapshotsTestJSON-1633875116 tempest-VolumesSnapshotsTestJSON-1633875116-project] GET http://10.222.0.20/volume/v3/a33dfe689ca94ba5b9e692bf360bc74a/snapshots/detail
Mar 08 08:22:56.485906 dv-cinder-832499-1-smb devstack@c-api.service[109768]: DEBUG cinder.api.openstack.wsgi [req-708f5f83-13fa-4c64-bbc6-8be50b6930a0 req-ead6be48-625e-4727-b3bb-a1c7b0af520a tempest-VolumesSnapshotsTestJSON-1633875116 tempest-VolumesSnapshotsTestJSON-1633875116-project] Empty body provided in request {{(pid=109768) get_body /opt/stack/cinder/cinder/api/openstack/wsgi.py:715}}
Mar 08 08:22:56.487516 dv-cinder-832499-1-smb devstack@c-api.service[109768]: DEBUG cinder.api.openstack.wsgi [req-708f5f83-13fa-4c64-bbc6-8be50b6930a0 req-ead6be48-625e-4727-b3bb-a1c7b0af520a tempest-VolumesSnapshotsTestJSON-1633875116 tempest-VolumesSnapshotsTestJSON-1633875116-project] Calling method 'detail' {{(pid=109768) _process_stack /opt/stack/cinder/cinder/api/openstack/wsgi.py:868}}
Mar 08 08:22:56.489655 dv-cinder-832499-1-smb devstack@c-api.service[109768]: DEBUG cinder.api.api_utils [req-708f5f83-13fa-4c64-bbc6-8be50b6930a0 req-ead6be48-625e-4727-b3bb-a1c7b0af520a tempest-VolumesSnapshotsTestJSON-1633875116 tempest-VolumesSnapshotsTestJSON-1633875116-project] Removing options '' from query. {{(pid=109768) remove_invalid_filter_options /opt/stack/cinder/cinder/api/api_utils.py:73}}
Mar 08 08:22:56.491191 dv-cinder-832499-1-smb devstack@c-api.service[109768]: /usr/local/lib/python3.8/dist-packages/oslo_context/context.py:100: DeprecationWarning: Policy enforcement is depending on the value of is_admin. This key is deprecated. Please update your policy file to use the standard policy values.
Mar 08 08:22:56.491191 dv-cinder-832499-1-smb devstack@c-api.service[109768]: warnings.warn('Policy enforcement is depending on the value of '
Mar 08 08:22:56.495170 dv-cinder-832499-1-smb devstack@c-api.service[109768]: DEBUG cinder.db.sqlalchemy.api [req-708f5f83-13fa-4c64-bbc6-8be50b6930a0 req-ead6be48-625e-4727-b3bb-a1c7b0af520a tempest-VolumesSnapshotsTestJSON-1633875116 tempest-VolumesSnapshotsTestJSON-1633875116-project] Building query based on filter {{(pid=109768) _process_snaps_filters /opt/stack/cinder/cinder/db/sqlalchemy/api.py:3159}}
Mar 08 08:22:56.557785 dv-cinder-832499-1-smb devstack@c-api.service[109768]: INFO cinder.volume.api [req-708f5f83-13fa-4c64-bbc6-8be50b6930a0 req-ead6be48-625e-4727-b3bb-a1c7b0af520a tempest-VolumesSnapshotsTestJSON-1633875116 tempest-VolumesSnapshotsTestJSON-1633875116-project] Get all snapshots completed successfully.
Mar 08 08:22:56.558864 dv-cinder-832499-1-smb devstack@c-api.service[109768]: /usr/local/lib/python3.8/dist-packages/oslo_context/context.py:100: DeprecationWarning: Policy enforcement is depending on the value of is_admin. This key is deprecated. Please update your policy file to use the standard policy values.
Mar 08 08:22:56.558864 dv-cinder-832499-1-smb devstack@c-api.service[109768]: warnings.warn('Policy enforcement is depending on the value of '
Mar 08 08:22:56.561513 dv-cinder-832499-1-smb devstack@c-api.service[109768]: INFO cinder.api.openstack.wsgi [req-708f5f83-13fa-4c64-bbc6-8be50b6930a0 req-ead6be48-625e-4727-b3bb-a1c7b0af520a tempest-VolumesSnapshotsTestJSON-1633875116 tempest-VolumesSnapshotsTestJSON-1633875116-project] http://10.222.0.20/volume/v3/a33dfe689ca94ba5b9e692bf360bc74a/snapshots/detail returned with HTTP 200
Mar 08 08:22:56.566943 dv-cinder-832499-1-smb devstack@c-api.service[109768]: [pid: 109768|app: 0|req: 23/44] 10.222.0.20 () {60 vars in 1494 bytes} [Tue Mar 8 08:22:56 2022] GET /volume/v3/a33dfe689ca94ba5b9e692bf360bc74a/snapshots/detail => generated 536 bytes in 96 msecs (HTTP/1.1 200) 7 headers in 285 bytes (1 switches on core 0)
Mar 08 08:22:56.611523 dv-cinder-832499-1-smb devstack@c-api.service[109767]: DEBUG cinder.api.middleware.request_id [req-4346839d-9df6-4b66-85e0-743d3a22e0e0 req-cfdf7b63-572c-4e76-bc74-5235b3041b80 None None] RequestId filter calling following filter/app {{(pid=109767) _context_setter /opt/stack/cinder/cinder/api/middleware/request_id.py:62}}
Mar 08 08:22:56.618254 dv-cinder-832499-1-smb devstack@c-api.service[109767]: INFO cinder.api.openstack.wsgi [req-4346839d-9df6-4b66-85e0-743d3a22e0e0 req-cfdf7b63-572c-4e76-bc74-5235b3041b80 tempest-VolumesSnapshotsTestJSON-1633875116 tempest-VolumesSnapshotsTestJSON-1633875116-project] GET http://10.222.0.20/volume/v3/a33dfe689ca94ba5b9e692bf360bc74a/snapshots/9d49f82c-13bd-4d83-a04a-f95ff957b511
Mar 08 08:22:56.619082 dv-cinder-832499-1-smb devstack@c-api.service[109767]: DEBUG cinder.api.openstack.wsgi [req-4346839d-9df6-4b66-85e0-743d3a22e0e0 req-cfdf7b63-572c-4e76-bc74-5235b3041b80 tempest-VolumesSnapshotsTestJSON-1633875116 tempest-VolumesSnapshotsTestJSON-1633875116-project] Empty body provided in request {{(pid=109767) get_body /opt/stack/cinder/cinder/api/openstack/wsgi.py:715}}
Mar 08 08:22:56.620646 dv-cinder-832499-1-smb devstack@c-api.service[109767]: DEBUG cinder.api.openstack.wsgi [req-4346839d-9df6-4b66-85e0-743d3a22e0e0 req-cfdf7b63-572c-4e76-bc74-5235b3041b80 tempest-VolumesSnapshotsTestJSON-1633875116 tempest-VolumesSnapshotsTestJSON-1633875116-project] Calling method 'show' {{(pid=109767) _process_stack /opt/stack/cinder/cinder/api/openstack/wsgi.py:868}}
Mar 08 08:22:56.665881 dv-cinder-832499-1-smb devstack@c-api.service[109767]: /usr/local/lib/python3.8/dist-packages/oslo_context/context.py:100: DeprecationWarning: Policy enforcement is depending on the value of is_admin. This key is deprecated. Please update your policy file to use the standard policy values.
Mar 08 08:22:56.665881 dv-cinder-832499-1-smb devstack@c-api.service[109767]: warnings.warn('Policy enforcement is depending on the value of '
Mar 08 08:22:56.669067 dv-cinder-832499-1-smb devstack@c-api.service[109767]: INFO cinder.volume.api [req-4346839d-9df6-4b66-85e0-743d3a22e0e0 req-cfdf7b63-572c-4e76-bc74-5235b3041b80 tempest-VolumesSnapshotsTestJSON-1633875116 tempest-VolumesSnapshotsTestJSON-1633875116-project] Snapshot retrieved successfully.
Mar 08 08:22:56.676566 dv-cinder-832499-1-smb devstack@c-api.service[109767]: INFO cinder.api.openstack.wsgi [req-4346839d-9df6-4b66-85e0-743d3a22e0e0 req-cfdf7b63-572c-4e76-bc74-5235b3041b80 tempest-VolumesSnapshotsTestJSON-1633875116 tempest-VolumesSnapshotsTestJSON-1633875116-project] http://10.222.0.20/volume/v3/a33dfe689ca94ba5b9e692bf360bc74a/snapshots/9d49f82c-13bd-4d83-a04a-f95ff957b511 returned with HTTP 200
Mar 08 08:22:56.684243 dv-cinder-832499-1-smb devstack@c-api.service[109767]: [pid: 109767|app: 0|req: 22/45] 10.222.0.20 () {60 vars in 1584 bytes} [Tue Mar 8 08:22:56 2022] GET /volume/v3/a33dfe689ca94ba5b9e692bf360bc74a/snapshots/9d49f82c-13bd-4d83-a04a-f95ff957b511 => generated 536 bytes in 69 msecs (HTTP/1.1 200) 7 headers in 285 bytes (1 switches on core 0)
Mar 08 08:22:56.710722 dv-cinder-832499-1-smb devstack@c-api.service[109768]: DEBUG cinder.api.middleware.request_id [req-3d039992-58c0-4626-9fcc-2335a0d97f68 req-fa3a5117-ad9b-4dbd-8658-cd5027af586a None None] RequestId filter calling following filter/app {{(pid=109768) _context_setter /opt/stack/cinder/cinder/api/middleware/request_id.py:62}}
Mar 08 08:22:56.716254 dv-cinder-832499-1-smb devstack@c-api.service[109768]: INFO cinder.api.openstack.wsgi [req-3d039992-58c0-4626-9fcc-2335a0d97f68 req-fa3a5117-ad9b-4dbd-8658-cd5027af586a tempest-VolumesSnapshotsTestJSON-1633875116 tempest-VolumesSnapshotsTestJSON-1633875116-project] DELETE http://10.222.0.20/volume/v3/a33dfe689ca94ba5b9e692bf360bc74a/snapshots/9d49f82c-13bd-4d83-a04a-f95ff957b511
Mar 08 08:22:56.716663 dv-cinder-832499-1-smb devstack@c-api.service[109768]: DEBUG cinder.api.openstack.wsgi [req-3d039992-58c0-4626-9fcc-2335a0d97f68 req-fa3a5117-ad9b-4dbd-8658-cd5027af586a tempest-VolumesSnapshotsTestJSON-1633875116 tempest-VolumesSnapshotsTestJSON-1633875116-project] Empty body provided in request {{(pid=109768) get_body /opt/stack/cinder/cinder/api/openstack/wsgi.py:715}}
Mar 08 08:22:56.717191 dv-cinder-832499-1-smb devstack@c-api.service[109768]: DEBUG cinder.api.openstack.wsgi [req-3d039992-58c0-4626-9fcc-2335a0d97f68 req-fa3a5117-ad9b-4dbd-8658-cd5027af586a tempest-VolumesSnapshotsTestJSON-1633875116 tempest-VolumesSnapshotsTestJSON-1633875116-project] Calling method 'delete' {{(pid=109768) _process_stack /opt/stack/cinder/cinder/api/openstack/wsgi.py:868}}
Mar 08 08:22:56.717714 dv-cinder-832499-1-smb devstack@c-api.service[109768]: INFO cinder.api.v2.snapshots [req-3d039992-58c0-4626-9fcc-2335a0d97f68 req-fa3a5117-ad9b-4dbd-8658-cd5027af586a tempest-VolumesSnapshotsTestJSON-1633875116 tempest-VolumesSnapshotsTestJSON-1633875116-project] Delete snapshot with id: 9d49f82c-13bd-4d83-a04a-f95ff957b511
Mar 08 08:22:56.753002 dv-cinder-832499-1-smb devstack@c-api.service[109768]: /usr/local/lib/python3.8/dist-packages/oslo_context/context.py:100: DeprecationWarning: Policy enforcement is depending on the value of is_admin. This key is deprecated. Please update your policy file to use the standard policy values.
Mar 08 08:22:56.753002 dv-cinder-832499-1-smb devstack@c-api.service[109768]: warnings.warn('Policy enforcement is depending on the value of '
Mar 08 08:22:56.768863 dv-cinder-832499-1-smb devstack@c-api.service[109768]: INFO cinder.volume.api [req-3d039992-58c0-4626-9fcc-2335a0d97f68 req-fa3a5117-ad9b-4dbd-8658-cd5027af586a tempest-VolumesSnapshotsTestJSON-1633875116 tempest-VolumesSnapshotsTestJSON-1633875116-project] Snapshot retrieved successfully.
Mar 08 08:22:56.783777 dv-cinder-832499-1-smb devstack@c-api.service[109767]: DEBUG cinder.api.middleware.request_id [None req-acc970fd-cc23-40b3-9748-daf9b68f9821 None None] RequestId filter calling following filter/app {{(pid=109767) _context_setter /opt/stack/cinder/cinder/api/middleware/request_id.py:62}}
Mar 08 08:22:56.788211 dv-cinder-832499-1-smb devstack@c-api.service[109767]: INFO cinder.api.openstack.wsgi [None req-acc970fd-cc23-40b3-9748-daf9b68f9821 tempest-GroupsTest-961529925 tempest-GroupsTest-961529925-project] GET http://10.222.0.20/volume/v3/b3d631a8bb59450d992c1da737888e85/groups/933c8950-a6a5-41af-bca5-7e172ed62b9e
Mar 08 08:22:56.788849 dv-cinder-832499-1-smb devstack@c-api.service[109767]: DEBUG cinder.api.openstack.wsgi [None req-acc970fd-cc23-40b3-9748-daf9b68f9821 tempest-GroupsTest-961529925 tempest-GroupsTest-961529925-project] Empty body provided in request {{(pid=109767) get_body /opt/stack/cinder/cinder/api/openstack/wsgi.py:715}}
Mar 08 08:22:56.789818 dv-cinder-832499-1-smb devstack@c-api.service[109767]: DEBUG cinder.api.openstack.wsgi [None req-acc970fd-cc23-40b3-9748-daf9b68f9821 tempest-GroupsTest-961529925 tempest-GroupsTest-961529925-project] Calling method 'version_select' {{(pid=109767) _process_stack /opt/stack/cinder/cinder/api/openstack/wsgi.py:868}}
Mar 08 08:22:56.790305 dv-cinder-832499-1-smb devstack@c-api.service[109767]: DEBUG cinder.api.v3.groups [None req-acc970fd-cc23-40b3-9748-daf9b68f9821 tempest-GroupsTest-961529925 tempest-GroupsTest-961529925-project] show called for member 933c8950-a6a5-41af-bca5-7e172ed62b9e {{(pid=109767) show /opt/stack/cinder/cinder/api/v3/groups.py:58}}
Mar 08 08:22:56.803663 dv-cinder-832499-1-smb devstack@c-api.service[109767]: /usr/local/lib/python3.8/dist-packages/oslo_context/context.py:100: DeprecationWarning: Policy enforcement is depending on the value of is_admin. This key is deprecated. Please update your policy file to use the standard policy values.
Mar 08 08:22:56.803663 dv-cinder-832499-1-smb devstack@c-api.service[109767]: warnings.warn('Policy enforcement is depending on the value of '
Mar 08 08:22:56.861966 dv-cinder-832499-1-smb devstack@c-api.service[109767]: INFO cinder.api.openstack.wsgi [None req-acc970fd-cc23-40b3-9748-daf9b68f9821 tempest-GroupsTest-961529925 tempest-GroupsTest-961529925-project] http://10.222.0.20/volume/v3/b3d631a8bb59450d992c1da737888e85/groups/933c8950-a6a5-41af-bca5-7e172ed62b9e returned with HTTP 200
Mar 08 08:22:56.863198 dv-cinder-832499-1-smb devstack@c-api.service[109767]: [pid: 109767|app: 0|req: 23/46] 10.222.0.20 () {60 vars in 1362 bytes} [Tue Mar 8 08:22:56 2022] GET /volume/v3/b3d631a8bb59450d992c1da737888e85/groups/933c8950-a6a5-41af-bca5-7e172ed62b9e => generated 323 bytes in 82 msecs (HTTP/1.1 200) 7 headers in 286 bytes (2 switches on core 0)
Mar 08 08:22:56.872495 dv-cinder-832499-1-smb devstack@c-api.service[109767]: DEBUG cinder.api.middleware.request_id [None req-ee83c3fa-16d9-4675-a779-62f06bc5caae None None] RequestId filter calling following filter/app {{(pid=109767) _context_setter /opt/stack/cinder/cinder/api/middleware/request_id.py:62}}
Mar 08 08:22:56.876476 dv-cinder-832499-1-smb devstack@c-api.service[109767]: INFO cinder.api.openstack.wsgi [None req-ee83c3fa-16d9-4675-a779-62f06bc5caae tempest-GroupsTest-961529925 tempest-GroupsTest-961529925-project] POST http://10.222.0.20/volume/v3/b3d631a8bb59450d992c1da737888e85/volumes
Mar 08 08:22:56.877492 dv-cinder-832499-1-smb devstack@c-api.service[109767]: DEBUG cinder.api.openstack.wsgi [None req-ee83c3fa-16d9-4675-a779-62f06bc5caae tempest-GroupsTest-961529925 tempest-GroupsTest-961529925-project] Action: 'create', calling method: create, body: {"volume": {"name": "tempest-volume-833983258", "volume_type": "5d565d95-795e-4ba6-84d3-f9562f724a73", "group_id": "39db794b-3f83-4e64-aa26-30b1d499a075", "size": 1}} {{(pid=109767) _process_stack /opt/stack/cinder/cinder/api/openstack/wsgi.py:866}}
Mar 08 08:22:56.878729 dv-cinder-832499-1-smb devstack@c-api.service[109767]: DEBUG cinder.api.v3.volumes [None req-ee83c3fa-16d9-4675-a779-62f06bc5caae tempest-GroupsTest-961529925 tempest-GroupsTest-961529925-project] Create volume request body: {'volume': {'name': 'tempest-volume-833983258', 'volume_type': '5d565d95-795e-4ba6-84d3-f9562f724a73', 'group_id': '39db794b-3f83-4e64-aa26-30b1d499a075', 'size': 1}} {{(pid=109767) create /opt/stack/cinder/cinder/api/v3/volumes.py:298}}
Mar 08 08:22:56.882982 dv-cinder-832499-1-smb devstack@c-api.service[109768]: INFO cinder.volume.api [req-3d039992-58c0-4626-9fcc-2335a0d97f68 req-fa3a5117-ad9b-4dbd-8658-cd5027af586a tempest-VolumesSnapshotsTestJSON-1633875116 tempest-VolumesSnapshotsTestJSON-1633875116-project] Snapshot delete request issued successfully.
Mar 08 08:22:56.883491 dv-cinder-832499-1-smb devstack@c-api.service[109768]: INFO cinder.api.openstack.wsgi [req-3d039992-58c0-4626-9fcc-2335a0d97f68 req-fa3a5117-ad9b-4dbd-8658-cd5027af586a tempest-VolumesSnapshotsTestJSON-1633875116 tempest-VolumesSnapshotsTestJSON-1633875116-project] http://10.222.0.20/volume/v3/a33dfe689ca94ba5b9e692bf360bc74a/snapshots/9d49f82c-13bd-4d83-a04a-f95ff957b511 returned with HTTP 202
Mar 08 08:22:56.884338 dv-cinder-832499-1-smb devstack@c-api.service[109768]: [pid: 109768|app: 0|req: 24/47] 10.222.0.20 () {62 vars in 1606 bytes} [Tue Mar 8 08:22:56 2022] DELETE /volume/v3/a33dfe689ca94ba5b9e692bf360bc74a/snapshots/9d49f82c-13bd-4d83-a04a-f95ff957b511 => generated 0 bytes in 175 msecs (HTTP/1.1 202) 6 headers in 233 bytes (1 switches on core 0)
Mar 08 08:22:56.909591 dv-cinder-832499-1-smb devstack@c-api.service[109768]: DEBUG cinder.api.middleware.request_id [req-9ace0327-e481-4d51-b771-3fe5eb86c0fd req-9971d685-a667-4e6c-b3af-e5b6779dc60f None None] RequestId filter calling following filter/app {{(pid=109768) _context_setter /opt/stack/cinder/cinder/api/middleware/request_id.py:62}}
Mar 08 08:22:56.912234 dv-cinder-832499-1-smb devstack@c-api.service[109767]: /usr/local/lib/python3.8/dist-packages/oslo_context/context.py:100: DeprecationWarning: Policy enforcement is depending on the value of is_admin. This key is deprecated. Please update your policy file to use the standard policy values.
Mar 08 08:22:56.912234 dv-cinder-832499-1-smb devstack@c-api.service[109767]: warnings.warn('Policy enforcement is depending on the value of '
Mar 08 08:22:56.913281 dv-cinder-832499-1-smb devstack@c-api.service[109767]: INFO cinder.api.v3.volumes [None req-ee83c3fa-16d9-4675-a779-62f06bc5caae tempest-GroupsTest-961529925 tempest-GroupsTest-961529925-project] Create volume of 1 GB
Mar 08 08:22:56.914542 dv-cinder-832499-1-smb devstack@c-api.service[109768]: INFO cinder.api.openstack.wsgi [req-9ace0327-e481-4d51-b771-3fe5eb86c0fd req-9971d685-a667-4e6c-b3af-e5b6779dc60f tempest-VolumesSnapshotsTestJSON-1633875116 tempest-VolumesSnapshotsTestJSON-1633875116-project] GET http://10.222.0.20/volume/v3/a33dfe689ca94ba5b9e692bf360bc74a/snapshots/9d49f82c-13bd-4d83-a04a-f95ff957b511
Mar 08 08:22:56.914996 dv-cinder-832499-1-smb devstack@c-api.service[109768]: DEBUG cinder.api.openstack.wsgi [req-9ace0327-e481-4d51-b771-3fe5eb86c0fd req-9971d685-a667-4e6c-b3af-e5b6779dc60f tempest-VolumesSnapshotsTestJSON-1633875116 tempest-VolumesSnapshotsTestJSON-1633875116-project] Empty body provided in request {{(pid=109768) get_body /opt/stack/cinder/cinder/api/openstack/wsgi.py:715}}
Mar 08 08:22:56.915478 dv-cinder-832499-1-smb devstack@c-api.service[109768]: DEBUG cinder.api.openstack.wsgi [req-9ace0327-e481-4d51-b771-3fe5eb86c0fd req-9971d685-a667-4e6c-b3af-e5b6779dc60f tempest-VolumesSnapshotsTestJSON-1633875116 tempest-VolumesSnapshotsTestJSON-1633875116-project] Calling method 'show' {{(pid=109768) _process_stack /opt/stack/cinder/cinder/api/openstack/wsgi.py:868}}
Mar 08 08:22:56.937770 dv-cinder-832499-1-smb devstack@c-api.service[109767]: INFO cinder.volume.api [None req-ee83c3fa-16d9-4675-a779-62f06bc5caae tempest-GroupsTest-961529925 tempest-GroupsTest-961529925-project] Availability Zones retrieved successfully.
Mar 08 08:22:56.943182 dv-cinder-832499-1-smb devstack@c-api.service[109768]: /usr/local/lib/python3.8/dist-packages/oslo_context/context.py:100: DeprecationWarning: Policy enforcement is depending on the value of is_admin. This key is deprecated. Please update your policy file to use the standard policy values.
Mar 08 08:22:56.943182 dv-cinder-832499-1-smb devstack@c-api.service[109768]: warnings.warn('Policy enforcement is depending on the value of '
Mar 08 08:22:56.957667 dv-cinder-832499-1-smb devstack@c-api.service[109768]: INFO cinder.volume.api [req-9ace0327-e481-4d51-b771-3fe5eb86c0fd req-9971d685-a667-4e6c-b3af-e5b6779dc60f tempest-VolumesSnapshotsTestJSON-1633875116 tempest-VolumesSnapshotsTestJSON-1633875116-project] Snapshot retrieved successfully.
Mar 08 08:22:56.959842 dv-cinder-832499-1-smb devstack@c-api.service[109768]: INFO cinder.api.openstack.wsgi [req-9ace0327-e481-4d51-b771-3fe5eb86c0fd req-9971d685-a667-4e6c-b3af-e5b6779dc60f tempest-VolumesSnapshotsTestJSON-1633875116 tempest-VolumesSnapshotsTestJSON-1633875116-project] http://10.222.0.20/volume/v3/a33dfe689ca94ba5b9e692bf360bc74a/snapshots/9d49f82c-13bd-4d83-a04a-f95ff957b511 returned with HTTP 200
Mar 08 08:22:56.968689 dv-cinder-832499-1-smb devstack@c-api.service[109768]: [pid: 109768|app: 0|req: 25/48] 10.222.0.20 () {60 vars in 1584 bytes} [Tue Mar 8 08:22:56 2022] GET /volume/v3/a33dfe689ca94ba5b9e692bf360bc74a/snapshots/9d49f82c-13bd-4d83-a04a-f95ff957b511 => generated 535 bytes in 59 msecs (HTTP/1.1 200) 7 headers in 285 bytes (1 switches on core 0)
Mar 08 08:22:57.007238 dv-cinder-832499-1-smb devstack@c-api.service[109767]: DEBUG cinder.volume.api [None req-ee83c3fa-16d9-4675-a779-62f06bc5caae tempest-GroupsTest-961529925 tempest-GroupsTest-961529925-project] Flow 'volume_create_api' (5859d72a-4460-4ac1-8e65-5a104c38b63c) transitioned into state 'RUNNING' from state 'PENDING' {{(pid=109767) _flow_receiver /usr/local/lib/python3.8/dist-packages/taskflow/listeners/logging.py:141}}
Mar 08 08:22:57.012491 dv-cinder-832499-1-smb devstack@c-api.service[109767]: DEBUG cinder.volume.api [None req-ee83c3fa-16d9-4675-a779-62f06bc5caae tempest-GroupsTest-961529925 tempest-GroupsTest-961529925-project] Task 'cinder.volume.flows.api.create_volume.ExtractVolumeRequestTask;volume:create' (6b004355-06e0-4c82-97fb-2091db8aea27) transitioned into state 'RUNNING' from state 'PENDING' {{(pid=109767) _task_receiver /usr/local/lib/python3.8/dist-packages/taskflow/listeners/logging.py:190}}
Mar 08 08:22:57.019228 dv-cinder-832499-1-smb devstack@c-api.service[109767]: /usr/local/lib/python3.8/dist-packages/oslo_context/context.py:100: DeprecationWarning: Policy enforcement is depending on the value of is_admin. This key is deprecated. Please update your policy file to use the standard policy values.
Mar 08 08:22:57.019228 dv-cinder-832499-1-smb devstack@c-api.service[109767]: warnings.warn('Policy enforcement is depending on the value of '
Mar 08 08:22:57.020461 dv-cinder-832499-1-smb devstack@c-api.service[109767]: DEBUG cinder.volume.flows.api.create_volume [None req-ee83c3fa-16d9-4675-a779-62f06bc5caae tempest-GroupsTest-961529925 tempest-GroupsTest-961529925-project] Validating volume size '1' using validate_int {{(pid=109767) _extract_size /opt/stack/cinder/cinder/volume/flows/api/create_volume.py:225}}
Mar 08 08:22:57.099889 dv-cinder-832499-1-smb devstack@c-api.service[109767]: DEBUG cinder.volume.api [None req-ee83c3fa-16d9-4675-a779-62f06bc5caae tempest-GroupsTest-961529925 tempest-GroupsTest-961529925-project] Task 'cinder.volume.flows.api.create_volume.ExtractVolumeRequestTask;volume:create' (6b004355-06e0-4c82-97fb-2091db8aea27) transitioned into state 'SUCCESS' from state 'RUNNING' with result '{'size': 1, 'snapshot_id': None, 'source_volid': None, 'volume_type': VolumeType(created_at=2022-03-08T08:22:53Z,deleted=False,deleted_at=None,description=None,extra_specs={},id=5d565d95-795e-4ba6-84d3-f9562f724a73,is_public=True,name='tempest-GroupsTest-volume-type-1950344126',projects=[],qos_specs=,qos_specs_id=None,updated_at=None), 'volume_type_id': '5d565d95-795e-4ba6-84d3-f9562f724a73', 'encryption_key_id': None, 'qos_specs': None, 'consistencygroup_id': None, 'cgsnapshot_id': None, 'group_id': '39db794b-3f83-4e64-aa26-30b1d499a075', 'replication_status': 'disabled', 'refresh_az': False, 'backup_id': None, 'multiattach': False, 'availability_zones': ['nova']}' {{(pid=109767) _task_receiver /usr/local/lib/python3.8/dist-packages/taskflow/listeners/logging.py:178}}
Mar 08 08:22:57.106701 dv-cinder-832499-1-smb devstack@c-api.service[109767]: DEBUG cinder.volume.api [None req-ee83c3fa-16d9-4675-a779-62f06bc5caae tempest-GroupsTest-961529925 tempest-GroupsTest-961529925-project] Task 'cinder.volume.flows.api.create_volume.QuotaReserveTask;volume:create' (ac60b468-8e53-41dc-b4ad-7b5e0865f5f3) transitioned into state 'RUNNING' from state 'PENDING' {{(pid=109767) _task_receiver /usr/local/lib/python3.8/dist-packages/taskflow/listeners/logging.py:190}}
Mar 08 08:22:57.209855 dv-cinder-832499-1-smb devstack@c-api.service[109767]: WARNING cinder.quota [None req-ee83c3fa-16d9-4675-a779-62f06bc5caae tempest-GroupsTest-961529925 tempest-GroupsTest-961529925-project] Deprecated: Default quota for resource: volumes_tempest-GroupsTest-volume-type-1950344126 is set by the default quota flag: quota_volumes_tempest-GroupsTest-volume-type-1950344126, it is now deprecated. Please use the default quota class for default quota.
Mar 08 08:22:57.210830 dv-cinder-832499-1-smb devstack@c-api.service[109767]: WARNING cinder.quota [None req-ee83c3fa-16d9-4675-a779-62f06bc5caae tempest-GroupsTest-961529925 tempest-GroupsTest-961529925-project] Deprecated: Default quota for resource: gigabytes_tempest-GroupsTest-volume-type-1950344126 is set by the default quota flag: quota_gigabytes_tempest-GroupsTest-volume-type-1950344126, it is now deprecated. Please use the default quota class for default quota.
Mar 08 08:22:57.310231 dv-cinder-832499-1-smb devstack@c-api.service[109767]: DEBUG cinder.quota [None req-ee83c3fa-16d9-4675-a779-62f06bc5caae tempest-GroupsTest-961529925 tempest-GroupsTest-961529925-project] Created reservations ['2246e67b-9ab4-4d81-8bfd-660e06c8ca21', 'c675ace6-5226-45c4-a7ce-f1f565a83c67', 'd16da38a-00cf-4b7a-a073-b2142084ad0f', 'd221ce0a-c0ec-4310-9e59-65dea406c156'] {{(pid=109767) reserve /opt/stack/cinder/cinder/quota.py:755}}
Mar 08 08:22:57.313105 dv-cinder-832499-1-smb devstack@c-api.service[109767]: DEBUG cinder.volume.api [None req-ee83c3fa-16d9-4675-a779-62f06bc5caae tempest-GroupsTest-961529925 tempest-GroupsTest-961529925-project] Task 'cinder.volume.flows.api.create_volume.QuotaReserveTask;volume:create' (ac60b468-8e53-41dc-b4ad-7b5e0865f5f3) transitioned into state 'SUCCESS' from state 'RUNNING' with result '{'reservations': ['2246e67b-9ab4-4d81-8bfd-660e06c8ca21', 'c675ace6-5226-45c4-a7ce-f1f565a83c67', 'd16da38a-00cf-4b7a-a073-b2142084ad0f', 'd221ce0a-c0ec-4310-9e59-65dea406c156']}' {{(pid=109767) _task_receiver /usr/local/lib/python3.8/dist-packages/taskflow/listeners/logging.py:178}}
Mar 08 08:22:57.315873 dv-cinder-832499-1-smb devstack@c-api.service[109767]: DEBUG cinder.volume.api [None req-ee83c3fa-16d9-4675-a779-62f06bc5caae tempest-GroupsTest-961529925 tempest-GroupsTest-961529925-project] Task 'cinder.volume.flows.api.create_volume.EntryCreateTask;volume:create' (c074f0f2-a27a-4f43-a290-1c5958a5da66) transitioned into state 'RUNNING' from state 'PENDING' {{(pid=109767) _task_receiver /usr/local/lib/python3.8/dist-packages/taskflow/listeners/logging.py:190}}
Mar 08 08:22:57.372762 dv-cinder-832499-1-smb devstack@c-api.service[109767]: DEBUG cinder.volume.api [None req-ee83c3fa-16d9-4675-a779-62f06bc5caae tempest-GroupsTest-961529925 tempest-GroupsTest-961529925-project] Task 'cinder.volume.flows.api.create_volume.EntryCreateTask;volume:create' (c074f0f2-a27a-4f43-a290-1c5958a5da66) transitioned into state 'SUCCESS' from state 'RUNNING' with result '{'volume_id': 'c0059a0e-129d-4f17-a44d-6a7109a4177d', 'volume_properties': VolumeProperties(attach_status='detached',availability_zone='nova',cgsnapshot_id=None,consistencygroup_id=None,display_description=None,display_name='tempest-volume-833983258',encryption_key_id=None,group_id=39db794b-3f83-4e64-aa26-30b1d499a075,group_type_id=,metadata={},multiattach=False,project_id='b3d631a8bb59450d992c1da737888e85',qos_specs=None,replication_status=,reservations=['2246e67b-9ab4-4d81-8bfd-660e06c8ca21','c675ace6-5226-45c4-a7ce-f1f565a83c67','d16da38a-00cf-4b7a-a073-b2142084ad0f','d221ce0a-c0ec-4310-9e59-65dea406c156'],size=1,snapshot_id=None,source_replicaid=,source_volid=None,status='creating',user_id='6bd5b3561e704a3780db4d7138520213',volume_type_id=5d565d95-795e-4ba6-84d3-f9562f724a73), 'volume': Volume(_name_id=None,admin_metadata=,attach_status='detached',availability_zone='nova',bootable=False,cluster=,cluster_name=None,consistencygroup=,consistencygroup_id=None,created_at=2022-03-08T08:22:57Z,deleted=False,deleted_at=None,display_description=None,display_name='tempest-volume-833983258',ec2_id=None,encryption_key_id=None,glance_metadata=,group=,group_id=39db794b-3f83-4e64-aa26-30b1d499a075,host=None,id=c0059a0e-129d-4f17-a44d-6a7109a4177d,launched_at=None,metadata={},migration_status=None,multiattach=False,previous_status=None,project_id='b3d631a8bb59450d992c1da737888e85',provider_auth=None,provider_geometry=None,provider_id=None,provider_location=None,replication_driver_data=None,replication_extended_status=None,replication_status=None,scheduled_at=None,service_uuid=None,shared_targets=True,size=1,snapshot_id=None,snapshots=,source_volid=None,status='creating',terminated_at=None,updated_at=None,use_quota=True,user_id='6bd5b3561e704a3780db4d7138520213',volume_attachment=VolumeAttachmentList,volume_type=VolumeType(5d565d95-795e-4ba6-84d3-f9562f724a73),volume_type_id=5d565d95-795e-4ba6-84d3-f9562f724a73)}' {{(pid=109767) _task_receiver /usr/local/lib/python3.8/dist-packages/taskflow/listeners/logging.py:178}}
Mar 08 08:22:57.379030 dv-cinder-832499-1-smb devstack@c-api.service[109767]: DEBUG cinder.volume.api [None req-ee83c3fa-16d9-4675-a779-62f06bc5caae tempest-GroupsTest-961529925 tempest-GroupsTest-961529925-project] Task 'cinder.volume.flows.api.create_volume.QuotaCommitTask;volume:create' (e85c2bfe-ab7b-4696-b6f2-0aa60590222c) transitioned into state 'RUNNING' from state 'PENDING' {{(pid=109767) _task_receiver /usr/local/lib/python3.8/dist-packages/taskflow/listeners/logging.py:190}}
Mar 08 08:22:57.444660 dv-cinder-832499-1-smb devstack@c-api.service[109767]: DEBUG cinder.volume.api [None req-ee83c3fa-16d9-4675-a779-62f06bc5caae tempest-GroupsTest-961529925 tempest-GroupsTest-961529925-project] Task 'cinder.volume.flows.api.create_volume.QuotaCommitTask;volume:create' (e85c2bfe-ab7b-4696-b6f2-0aa60590222c) transitioned into state 'SUCCESS' from state 'RUNNING' with result '{'volume_properties': VolumeProperties(attach_status='detached',availability_zone='nova',cgsnapshot_id=None,consistencygroup_id=None,display_description=None,display_name='tempest-volume-833983258',encryption_key_id=None,group_id=39db794b-3f83-4e64-aa26-30b1d499a075,group_type_id=,metadata={},multiattach=False,project_id='b3d631a8bb59450d992c1da737888e85',qos_specs=None,replication_status=,reservations=['2246e67b-9ab4-4d81-8bfd-660e06c8ca21','c675ace6-5226-45c4-a7ce-f1f565a83c67','d16da38a-00cf-4b7a-a073-b2142084ad0f','d221ce0a-c0ec-4310-9e59-65dea406c156'],size=1,snapshot_id=None,source_replicaid=,source_volid=None,status='creating',user_id='6bd5b3561e704a3780db4d7138520213',volume_type_id=5d565d95-795e-4ba6-84d3-f9562f724a73)}' {{(pid=109767) _task_receiver /usr/local/lib/python3.8/dist-packages/taskflow/listeners/logging.py:178}}
Mar 08 08:22:57.446873 dv-cinder-832499-1-smb devstack@c-api.service[109767]: DEBUG cinder.volume.api [None req-ee83c3fa-16d9-4675-a779-62f06bc5caae tempest-GroupsTest-961529925 tempest-GroupsTest-961529925-project] Task 'cinder.volume.flows.api.create_volume.VolumeCastTask;volume:create' (b24e1b45-57ec-4a1a-bd8f-5558b79d6b7d) transitioned into state 'RUNNING' from state 'PENDING' {{(pid=109767) _task_receiver /usr/local/lib/python3.8/dist-packages/taskflow/listeners/logging.py:190}}
Mar 08 08:22:57.505135 dv-cinder-832499-1-smb devstack@c-api.service[109767]: DEBUG cinder.volume.api [None req-ee83c3fa-16d9-4675-a779-62f06bc5caae tempest-GroupsTest-961529925 tempest-GroupsTest-961529925-project] Task 'cinder.volume.flows.api.create_volume.VolumeCastTask;volume:create' (b24e1b45-57ec-4a1a-bd8f-5558b79d6b7d) transitioned into state 'SUCCESS' from state 'RUNNING' with result 'None' {{(pid=109767) _task_receiver /usr/local/lib/python3.8/dist-packages/taskflow/listeners/logging.py:178}}
Mar 08 08:22:57.516735 dv-cinder-832499-1-smb devstack@c-api.service[109767]: DEBUG cinder.volume.api [None req-ee83c3fa-16d9-4675-a779-62f06bc5caae tempest-GroupsTest-961529925 tempest-GroupsTest-961529925-project] Flow 'volume_create_api' (5859d72a-4460-4ac1-8e65-5a104c38b63c) transitioned into state 'SUCCESS' from state 'RUNNING' {{(pid=109767) _flow_receiver /usr/local/lib/python3.8/dist-packages/taskflow/listeners/logging.py:141}}
Mar 08 08:22:57.518906 dv-cinder-832499-1-smb devstack@c-api.service[109767]: INFO cinder.volume.api [None req-ee83c3fa-16d9-4675-a779-62f06bc5caae tempest-GroupsTest-961529925 tempest-GroupsTest-961529925-project] Create volume request issued successfully.
Mar 08 08:22:57.533348 dv-cinder-832499-1-smb devstack@c-api.service[109767]: WARNING stevedore.named [None req-ee83c3fa-16d9-4675-a779-62f06bc5caae tempest-GroupsTest-961529925 tempest-GroupsTest-961529925-project] Could not load cinder.keymgr.conf_key_mgr.ConfKeyManager
