Mar 08 08:23:41.829397 dv-cinder-832499-1-smb devstack@c-api.service[109767]: INFO cinder.volume.api [None req-fb1a8e0f-4ee4-4656-b8cb-2cd3ba2bd218 tempest-VolumesListAdminTestJSON-1196986374 tempest-VolumesListAdminTestJSON-1196986374-project] Volume info retrieved successfully.
Mar 08 08:23:41.839662 dv-cinder-832499-1-smb devstack@c-api.service[109768]: INFO cinder.api.openstack.wsgi [None req-7a82f2e6-0ec8-4869-8f55-2b0bdb254415 tempest-QosSpecsTestJSON-751927393 tempest-QosSpecsTestJSON-751927393-project-admin] GET http://10.222.0.20/volume/v3/5a4634f4c3d8479d949d308c8f21ae9d/qos-specs/a00e9d89-db9e-4488-b0d7-6a0ef3de3157
Mar 08 08:23:41.840436 dv-cinder-832499-1-smb devstack@c-api.service[109768]: DEBUG cinder.api.openstack.wsgi [None req-7a82f2e6-0ec8-4869-8f55-2b0bdb254415 tempest-QosSpecsTestJSON-751927393 tempest-QosSpecsTestJSON-751927393-project-admin] Empty body provided in request {{(pid=109768) get_body /opt/stack/cinder/cinder/api/openstack/wsgi.py:715}}
Mar 08 08:23:41.841328 dv-cinder-832499-1-smb devstack@c-api.service[109768]: DEBUG cinder.api.openstack.wsgi [None req-7a82f2e6-0ec8-4869-8f55-2b0bdb254415 tempest-QosSpecsTestJSON-751927393 tempest-QosSpecsTestJSON-751927393-project-admin] Calling method 'show' {{(pid=109768) _process_stack /opt/stack/cinder/cinder/api/openstack/wsgi.py:868}}
Mar 08 08:23:41.843141 dv-cinder-832499-1-smb devstack@c-api.service[109768]: /usr/local/lib/python3.8/dist-packages/oslo_context/context.py:100: DeprecationWarning: Policy enforcement is depending on the value of is_admin. This key is deprecated. Please update your policy file to use the standard policy values.
Mar 08 08:23:41.843141 dv-cinder-832499-1-smb devstack@c-api.service[109768]: warnings.warn('Policy enforcement is depending on the value of '
Mar 08 08:23:41.850223 dv-cinder-832499-1-smb devstack@c-api.service[109767]: INFO cinder.api.openstack.wsgi [None req-fb1a8e0f-4ee4-4656-b8cb-2cd3ba2bd218 tempest-VolumesListAdminTestJSON-1196986374 tempest-VolumesListAdminTestJSON-1196986374-project] http://10.222.0.20/volume/v3/99be46c3a7cc4f6a9e4c8d4750a55186/volumes/bc5d9365-e654-4540-960c-36e8ab6c0fb0 returned with HTTP 200
Mar 08 08:23:41.856250 dv-cinder-832499-1-smb devstack@c-api.service[109768]: INFO cinder.api.openstack.wsgi [None req-7a82f2e6-0ec8-4869-8f55-2b0bdb254415 tempest-QosSpecsTestJSON-751927393 tempest-QosSpecsTestJSON-751927393-project-admin] http://10.222.0.20/volume/v3/5a4634f4c3d8479d949d308c8f21ae9d/qos-specs/a00e9d89-db9e-4488-b0d7-6a0ef3de3157 returned with HTTP 200
Mar 08 08:23:41.856464 dv-cinder-832499-1-smb devstack@c-api.service[109767]: [pid: 109767|app: 0|req: 190/377] 10.222.0.20 () {58 vars in 1324 bytes} [Tue Mar 8 08:23:41 2022] GET /volume/v3/99be46c3a7cc4f6a9e4c8d4750a55186/volumes/bc5d9365-e654-4540-960c-36e8ab6c0fb0 => generated 917 bytes in 108 msecs (HTTP/1.1 200) 7 headers in 285 bytes (2 switches on core 0)
Mar 08 08:23:41.863133 dv-cinder-832499-1-smb devstack@c-api.service[109768]: [pid: 109768|app: 0|req: 188/378] 10.222.0.20 () {58 vars in 1330 bytes} [Tue Mar 8 08:23:41 2022] GET /volume/v3/5a4634f4c3d8479d949d308c8f21ae9d/qos-specs/a00e9d89-db9e-4488-b0d7-6a0ef3de3157 => generated 459 bytes in 39 msecs (HTTP/1.1 200) 7 headers in 285 bytes (1 switches on core 0)
Mar 08 08:23:41.865968 dv-cinder-832499-1-smb devstack@c-api.service[109767]: DEBUG cinder.api.middleware.request_id [None req-9a2f63e6-ee83-435e-bb8b-429e2041c711 None None] RequestId filter calling following filter/app {{(pid=109767) _context_setter /opt/stack/cinder/cinder/api/middleware/request_id.py:62}}
Mar 08 08:23:41.870091 dv-cinder-832499-1-smb devstack@c-api.service[109768]: DEBUG cinder.api.middleware.request_id [None req-0d0e798b-d04e-4743-8e5d-af2f3f7b170c None None] RequestId filter calling following filter/app {{(pid=109768) _context_setter /opt/stack/cinder/cinder/api/middleware/request_id.py:62}}
Mar 08 08:23:41.874342 dv-cinder-832499-1-smb devstack@c-api.service[109767]: INFO cinder.api.openstack.wsgi [None req-9a2f63e6-ee83-435e-bb8b-429e2041c711 tempest-QosSpecsTestJSON-751927393 tempest-QosSpecsTestJSON-751927393-project-admin] GET http://10.222.0.20/volume/v3/5a4634f4c3d8479d949d308c8f21ae9d/qos-specs/a00e9d89-db9e-4488-b0d7-6a0ef3de3157
Mar 08 08:23:41.875715 dv-cinder-832499-1-smb devstack@c-api.service[109767]: DEBUG cinder.api.openstack.wsgi [None req-9a2f63e6-ee83-435e-bb8b-429e2041c711 tempest-QosSpecsTestJSON-751927393 tempest-QosSpecsTestJSON-751927393-project-admin] Empty body provided in request {{(pid=109767) get_body /opt/stack/cinder/cinder/api/openstack/wsgi.py:715}}
Mar 08 08:23:41.876480 dv-cinder-832499-1-smb devstack@c-api.service[109767]: DEBUG cinder.api.openstack.wsgi [None req-9a2f63e6-ee83-435e-bb8b-429e2041c711 tempest-QosSpecsTestJSON-751927393 tempest-QosSpecsTestJSON-751927393-project-admin] Calling method 'show' {{(pid=109767) _process_stack /opt/stack/cinder/cinder/api/openstack/wsgi.py:868}}
Mar 08 08:23:41.880644 dv-cinder-832499-1-smb devstack@c-api.service[109768]: INFO cinder.api.openstack.wsgi [None req-0d0e798b-d04e-4743-8e5d-af2f3f7b170c tempest-VolumesListAdminTestJSON-1196986374 tempest-VolumesListAdminTestJSON-1196986374-project] GET http://10.222.0.20/volume/v3/99be46c3a7cc4f6a9e4c8d4750a55186/volumes/bc5d9365-e654-4540-960c-36e8ab6c0fb0
Mar 08 08:23:41.883883 dv-cinder-832499-1-smb devstack@c-api.service[109768]: DEBUG cinder.api.openstack.wsgi [None req-0d0e798b-d04e-4743-8e5d-af2f3f7b170c tempest-VolumesListAdminTestJSON-1196986374 tempest-VolumesListAdminTestJSON-1196986374-project] Empty body provided in request {{(pid=109768) get_body /opt/stack/cinder/cinder/api/openstack/wsgi.py:715}}
Mar 08 08:23:41.884023 dv-cinder-832499-1-smb devstack@c-api.service[109767]: INFO cinder.api.openstack.wsgi [None req-9a2f63e6-ee83-435e-bb8b-429e2041c711 tempest-QosSpecsTestJSON-751927393 tempest-QosSpecsTestJSON-751927393-project-admin] http://10.222.0.20/volume/v3/5a4634f4c3d8479d949d308c8f21ae9d/qos-specs/a00e9d89-db9e-4488-b0d7-6a0ef3de3157 returned with HTTP 200
Mar 08 08:23:41.884619 dv-cinder-832499-1-smb devstack@c-api.service[109768]: DEBUG cinder.api.openstack.wsgi [None req-0d0e798b-d04e-4743-8e5d-af2f3f7b170c tempest-VolumesListAdminTestJSON-1196986374 tempest-VolumesListAdminTestJSON-1196986374-project] Calling method 'show' {{(pid=109768) _process_stack /opt/stack/cinder/cinder/api/openstack/wsgi.py:868}}
Mar 08 08:23:41.887485 dv-cinder-832499-1-smb devstack@c-api.service[109767]: [pid: 109767|app: 0|req: 191/379] 10.222.0.20 () {58 vars in 1330 bytes} [Tue Mar 8 08:23:41 2022] GET /volume/v3/5a4634f4c3d8479d949d308c8f21ae9d/qos-specs/a00e9d89-db9e-4488-b0d7-6a0ef3de3157 => generated 459 bytes in 20 msecs (HTTP/1.1 200) 7 headers in 285 bytes (1 switches on core 0)
Mar 08 08:23:41.892197 dv-cinder-832499-1-smb devstack@c-api.service[109767]: DEBUG cinder.api.middleware.request_id [None req-152a46de-4619-4799-bd47-9c8a3ead785d None None] RequestId filter calling following filter/app {{(pid=109767) _context_setter /opt/stack/cinder/cinder/api/middleware/request_id.py:62}}
Mar 08 08:23:41.901887 dv-cinder-832499-1-smb devstack@c-api.service[109767]: INFO cinder.api.openstack.wsgi [None req-152a46de-4619-4799-bd47-9c8a3ead785d tempest-QosSpecsTestJSON-751927393 tempest-QosSpecsTestJSON-751927393-project-admin] DELETE http://10.222.0.20/volume/v3/5a4634f4c3d8479d949d308c8f21ae9d/qos-specs/e8473f85-0720-4139-bd97-1565ef6498ff?force=False
Mar 08 08:23:41.905757 dv-cinder-832499-1-smb devstack@c-api.service[109768]: /usr/local/lib/python3.8/dist-packages/oslo_context/context.py:100: DeprecationWarning: Policy enforcement is depending on the value of is_admin. This key is deprecated. Please update your policy file to use the standard policy values.
Mar 08 08:23:41.905757 dv-cinder-832499-1-smb devstack@c-api.service[109768]: warnings.warn('Policy enforcement is depending on the value of '
Mar 08 08:23:41.906123 dv-cinder-832499-1-smb devstack@c-api.service[109767]: DEBUG cinder.api.openstack.wsgi [None req-152a46de-4619-4799-bd47-9c8a3ead785d tempest-QosSpecsTestJSON-751927393 tempest-QosSpecsTestJSON-751927393-project-admin] Empty body provided in request {{(pid=109767) get_body /opt/stack/cinder/cinder/api/openstack/wsgi.py:715}}
Mar 08 08:23:41.906607 dv-cinder-832499-1-smb devstack@c-api.service[109767]: DEBUG cinder.api.openstack.wsgi [None req-152a46de-4619-4799-bd47-9c8a3ead785d tempest-QosSpecsTestJSON-751927393 tempest-QosSpecsTestJSON-751927393-project-admin] Calling method 'delete' {{(pid=109767) _process_stack /opt/stack/cinder/cinder/api/openstack/wsgi.py:868}}
Mar 08 08:23:41.908205 dv-cinder-832499-1-smb devstack@c-api.service[109767]: /usr/local/lib/python3.8/dist-packages/oslo_context/context.py:100: DeprecationWarning: Policy enforcement is depending on the value of is_admin. This key is deprecated. Please update your policy file to use the standard policy values.
Mar 08 08:23:41.908205 dv-cinder-832499-1-smb devstack@c-api.service[109767]: warnings.warn('Policy enforcement is depending on the value of '
Mar 08 08:23:41.908982 dv-cinder-832499-1-smb devstack@c-api.service[109767]: DEBUG cinder.api.contrib.qos_specs_manage [None req-152a46de-4619-4799-bd47-9c8a3ead785d tempest-QosSpecsTestJSON-751927393 tempest-QosSpecsTestJSON-751927393-project-admin] Delete qos_spec: e8473f85-0720-4139-bd97-1565ef6498ff, force: False {{(pid=109767) delete /opt/stack/cinder/cinder/api/contrib/qos_specs_manage.py:168}}
Mar 08 08:23:41.914786 dv-cinder-832499-1-smb devstack@c-api.service[109768]: INFO cinder.volume.api [None req-0d0e798b-d04e-4743-8e5d-af2f3f7b170c tempest-VolumesListAdminTestJSON-1196986374 tempest-VolumesListAdminTestJSON-1196986374-project] Volume info retrieved successfully.
Mar 08 08:23:41.922875 dv-cinder-832499-1-smb devstack@c-api.service[109767]: INFO cinder.api.openstack.wsgi [None req-152a46de-4619-4799-bd47-9c8a3ead785d tempest-QosSpecsTestJSON-751927393 tempest-QosSpecsTestJSON-751927393-project-admin] http://10.222.0.20/volume/v3/5a4634f4c3d8479d949d308c8f21ae9d/qos-specs/e8473f85-0720-4139-bd97-1565ef6498ff?force=False returned with HTTP 404
Mar 08 08:23:41.930285 dv-cinder-832499-1-smb devstack@c-api.service[109767]: [pid: 109767|app: 0|req: 192/380] 10.222.0.20 () {58 vars in 1356 bytes} [Tue Mar 8 08:23:41 2022] DELETE /volume/v3/5a4634f4c3d8479d949d308c8f21ae9d/qos-specs/e8473f85-0720-4139-bd97-1565ef6498ff?force=False => generated 100 bytes in 39 msecs (HTTP/1.1 404) 7 headers in 292 bytes (1 switches on core 0)
Mar 08 08:23:41.935073 dv-cinder-832499-1-smb devstack@c-api.service[109767]: DEBUG cinder.api.middleware.request_id [None req-ad8b7b84-0ab2-463f-9b2d-3eaba53ee08d None None] RequestId filter calling following filter/app {{(pid=109767) _context_setter /opt/stack/cinder/cinder/api/middleware/request_id.py:62}}
Mar 08 08:23:41.935777 dv-cinder-832499-1-smb devstack@c-api.service[109768]: INFO cinder.api.openstack.wsgi [None req-0d0e798b-d04e-4743-8e5d-af2f3f7b170c tempest-VolumesListAdminTestJSON-1196986374 tempest-VolumesListAdminTestJSON-1196986374-project] http://10.222.0.20/volume/v3/99be46c3a7cc4f6a9e4c8d4750a55186/volumes/bc5d9365-e654-4540-960c-36e8ab6c0fb0 returned with HTTP 200
Mar 08 08:23:41.938386 dv-cinder-832499-1-smb devstack@c-api.service[109768]: [pid: 109768|app: 0|req: 189/381] 10.222.0.20 () {58 vars in 1324 bytes} [Tue Mar 8 08:23:41 2022] GET /volume/v3/99be46c3a7cc4f6a9e4c8d4750a55186/volumes/bc5d9365-e654-4540-960c-36e8ab6c0fb0 => generated 917 bytes in 71 msecs (HTTP/1.1 200) 7 headers in 285 bytes (1 switches on core 0)
Mar 08 08:23:41.943580 dv-cinder-832499-1-smb devstack@c-api.service[109767]: INFO cinder.api.openstack.wsgi [None req-ad8b7b84-0ab2-463f-9b2d-3eaba53ee08d tempest-QosSpecsTestJSON-751927393 tempest-QosSpecsTestJSON-751927393-project-admin] GET http://10.222.0.20/volume/v3/5a4634f4c3d8479d949d308c8f21ae9d/qos-specs/e8473f85-0720-4139-bd97-1565ef6498ff
Mar 08 08:23:41.943580 dv-cinder-832499-1-smb devstack@c-api.service[109767]: DEBUG cinder.api.openstack.wsgi [None req-ad8b7b84-0ab2-463f-9b2d-3eaba53ee08d tempest-QosSpecsTestJSON-751927393 tempest-QosSpecsTestJSON-751927393-project-admin] Empty body provided in request {{(pid=109767) get_body /opt/stack/cinder/cinder/api/openstack/wsgi.py:715}}
Mar 08 08:23:41.943873 dv-cinder-832499-1-smb devstack@c-api.service[109767]: DEBUG cinder.api.openstack.wsgi [None req-ad8b7b84-0ab2-463f-9b2d-3eaba53ee08d tempest-QosSpecsTestJSON-751927393 tempest-QosSpecsTestJSON-751927393-project-admin] Calling method 'show' {{(pid=109767) _process_stack /opt/stack/cinder/cinder/api/openstack/wsgi.py:868}}
Mar 08 08:23:41.952055 dv-cinder-832499-1-smb devstack@c-api.service[109768]: DEBUG cinder.api.middleware.request_id [None req-7adb71bd-783c-4ea9-ace1-3b39fdb9f8eb None None] RequestId filter calling following filter/app {{(pid=109768) _context_setter /opt/stack/cinder/cinder/api/middleware/request_id.py:62}}
Mar 08 08:23:41.955791 dv-cinder-832499-1-smb devstack@c-api.service[109768]: INFO cinder.api.openstack.wsgi [None req-7adb71bd-783c-4ea9-ace1-3b39fdb9f8eb tempest-VolumesListAdminTestJSON-1196986374 tempest-VolumesListAdminTestJSON-1196986374-project] POST http://10.222.0.20/volume/v3/99be46c3a7cc4f6a9e4c8d4750a55186/volumes
Mar 08 08:23:41.956598 dv-cinder-832499-1-smb devstack@c-api.service[109768]: DEBUG cinder.api.openstack.wsgi [None req-7adb71bd-783c-4ea9-ace1-3b39fdb9f8eb tempest-VolumesListAdminTestJSON-1196986374 tempest-VolumesListAdminTestJSON-1196986374-project] Action: 'create', calling method: create, body: {"volume": {"size": 1, "name": "tempest-VolumesListAdminTestJSON-Volume-1426557742"}} {{(pid=109768) _process_stack /opt/stack/cinder/cinder/api/openstack/wsgi.py:866}}
Mar 08 08:23:41.957836 dv-cinder-832499-1-smb devstack@c-api.service[109768]: DEBUG cinder.api.v3.volumes [None req-7adb71bd-783c-4ea9-ace1-3b39fdb9f8eb tempest-VolumesListAdminTestJSON-1196986374 tempest-VolumesListAdminTestJSON-1196986374-project] Create volume request body: {'volume': {'size': 1, 'name': 'tempest-VolumesListAdminTestJSON-Volume-1426557742'}} {{(pid=109768) create /opt/stack/cinder/cinder/api/v3/volumes.py:298}}
Mar 08 08:23:41.958235 dv-cinder-832499-1-smb devstack@c-api.service[109768]: INFO cinder.api.v3.volumes [None req-7adb71bd-783c-4ea9-ace1-3b39fdb9f8eb tempest-VolumesListAdminTestJSON-1196986374 tempest-VolumesListAdminTestJSON-1196986374-project] Create volume of 1 GB
Mar 08 08:23:41.960926 dv-cinder-832499-1-smb devstack@c-api.service[109767]: INFO cinder.api.openstack.wsgi [None req-ad8b7b84-0ab2-463f-9b2d-3eaba53ee08d tempest-QosSpecsTestJSON-751927393 tempest-QosSpecsTestJSON-751927393-project-admin] http://10.222.0.20/volume/v3/5a4634f4c3d8479d949d308c8f21ae9d/qos-specs/e8473f85-0720-4139-bd97-1565ef6498ff returned with HTTP 404
Mar 08 08:23:41.963202 dv-cinder-832499-1-smb devstack@c-api.service[109767]: [pid: 109767|app: 0|req: 193/382] 10.222.0.20 () {58 vars in 1330 bytes} [Tue Mar 8 08:23:41 2022] GET /volume/v3/5a4634f4c3d8479d949d308c8f21ae9d/qos-specs/e8473f85-0720-4139-bd97-1565ef6498ff => generated 100 bytes in 32 msecs (HTTP/1.1 404) 7 headers in 292 bytes (1 switches on core 0)
Mar 08 08:23:41.967895 dv-cinder-832499-1-smb devstack@c-api.service[109767]: DEBUG cinder.api.middleware.request_id [None req-5736dc67-308c-45d3-830c-9dd08dfa771c None None] RequestId filter calling following filter/app {{(pid=109767) _context_setter /opt/stack/cinder/cinder/api/middleware/request_id.py:62}}
Mar 08 08:23:41.968677 dv-cinder-832499-1-smb devstack@c-api.service[109768]: INFO cinder.volume.api [None req-7adb71bd-783c-4ea9-ace1-3b39fdb9f8eb tempest-VolumesListAdminTestJSON-1196986374 tempest-VolumesListAdminTestJSON-1196986374-project] Availability Zones retrieved successfully.
Mar 08 08:23:41.973458 dv-cinder-832499-1-smb devstack@c-api.service[109767]: INFO cinder.api.openstack.wsgi [None req-5736dc67-308c-45d3-830c-9dd08dfa771c tempest-QosSpecsTestJSON-751927393 tempest-QosSpecsTestJSON-751927393-project-admin] DELETE http://10.222.0.20/volume/v3/5a4634f4c3d8479d949d308c8f21ae9d/qos-specs/9a4454b7-a197-4d78-8807-e7c7cc7edea5?force=False
Mar 08 08:23:41.974000 dv-cinder-832499-1-smb devstack@c-api.service[109767]: DEBUG cinder.api.openstack.wsgi [None req-5736dc67-308c-45d3-830c-9dd08dfa771c tempest-QosSpecsTestJSON-751927393 tempest-QosSpecsTestJSON-751927393-project-admin] Empty body provided in request {{(pid=109767) get_body /opt/stack/cinder/cinder/api/openstack/wsgi.py:715}}
Mar 08 08:23:41.974548 dv-cinder-832499-1-smb devstack@c-api.service[109767]: DEBUG cinder.api.openstack.wsgi [None req-5736dc67-308c-45d3-830c-9dd08dfa771c tempest-QosSpecsTestJSON-751927393 tempest-QosSpecsTestJSON-751927393-project-admin] Calling method 'delete' {{(pid=109767) _process_stack /opt/stack/cinder/cinder/api/openstack/wsgi.py:868}}
Mar 08 08:23:41.975959 dv-cinder-832499-1-smb devstack@c-api.service[109767]: DEBUG cinder.api.contrib.qos_specs_manage [None req-5736dc67-308c-45d3-830c-9dd08dfa771c tempest-QosSpecsTestJSON-751927393 tempest-QosSpecsTestJSON-751927393-project-admin] Delete qos_spec: 9a4454b7-a197-4d78-8807-e7c7cc7edea5, force: False {{(pid=109767) delete /opt/stack/cinder/cinder/api/contrib/qos_specs_manage.py:168}}
Mar 08 08:23:41.981848 dv-cinder-832499-1-smb devstack@c-api.service[109767]: INFO cinder.api.openstack.wsgi [None req-5736dc67-308c-45d3-830c-9dd08dfa771c tempest-QosSpecsTestJSON-751927393 tempest-QosSpecsTestJSON-751927393-project-admin] http://10.222.0.20/volume/v3/5a4634f4c3d8479d949d308c8f21ae9d/qos-specs/9a4454b7-a197-4d78-8807-e7c7cc7edea5?force=False returned with HTTP 404
Mar 08 08:23:41.982997 dv-cinder-832499-1-smb devstack@c-api.service[109767]: [pid: 109767|app: 0|req: 194/383] 10.222.0.20 () {58 vars in 1356 bytes} [Tue Mar 8 08:23:41 2022] DELETE /volume/v3/5a4634f4c3d8479d949d308c8f21ae9d/qos-specs/9a4454b7-a197-4d78-8807-e7c7cc7edea5?force=False => generated 100 bytes in 16 msecs (HTTP/1.1 404) 7 headers in 292 bytes (1 switches on core 0)
Mar 08 08:23:41.987798 dv-cinder-832499-1-smb devstack@c-api.service[109767]: DEBUG cinder.api.middleware.request_id [None req-c59bc368-abb4-488e-8d00-5676cdeeb60b None None] RequestId filter calling following filter/app {{(pid=109767) _context_setter /opt/stack/cinder/cinder/api/middleware/request_id.py:62}}
Mar 08 08:23:41.996835 dv-cinder-832499-1-smb devstack@c-api.service[109767]: INFO cinder.api.openstack.wsgi [None req-c59bc368-abb4-488e-8d00-5676cdeeb60b tempest-QosSpecsTestJSON-751927393 tempest-QosSpecsTestJSON-751927393-project-admin] GET http://10.222.0.20/volume/v3/5a4634f4c3d8479d949d308c8f21ae9d/qos-specs/9a4454b7-a197-4d78-8807-e7c7cc7edea5
Mar 08 08:23:41.997989 dv-cinder-832499-1-smb devstack@c-api.service[109767]: DEBUG cinder.api.openstack.wsgi [None req-c59bc368-abb4-488e-8d00-5676cdeeb60b tempest-QosSpecsTestJSON-751927393 tempest-QosSpecsTestJSON-751927393-project-admin] Empty body provided in request {{(pid=109767) get_body /opt/stack/cinder/cinder/api/openstack/wsgi.py:715}}
Mar 08 08:23:41.998978 dv-cinder-832499-1-smb devstack@c-api.service[109767]: DEBUG cinder.api.openstack.wsgi [None req-c59bc368-abb4-488e-8d00-5676cdeeb60b tempest-QosSpecsTestJSON-751927393 tempest-QosSpecsTestJSON-751927393-project-admin] Calling method 'show' {{(pid=109767) _process_stack /opt/stack/cinder/cinder/api/openstack/wsgi.py:868}}
Mar 08 08:23:42.004859 dv-cinder-832499-1-smb devstack@c-api.service[109768]: DEBUG cinder.volume.api [None req-7adb71bd-783c-4ea9-ace1-3b39fdb9f8eb tempest-VolumesListAdminTestJSON-1196986374 tempest-VolumesListAdminTestJSON-1196986374-project] Flow 'volume_create_api' (8e286879-89a2-4730-9f07-799c2b49716f) transitioned into state 'RUNNING' from state 'PENDING' {{(pid=109768) _flow_receiver /usr/local/lib/python3.8/dist-packages/taskflow/listeners/logging.py:141}}
Mar 08 08:23:42.006378 dv-cinder-832499-1-smb devstack@c-api.service[109767]: INFO cinder.api.openstack.wsgi [None req-c59bc368-abb4-488e-8d00-5676cdeeb60b tempest-QosSpecsTestJSON-751927393 tempest-QosSpecsTestJSON-751927393-project-admin] http://10.222.0.20/volume/v3/5a4634f4c3d8479d949d308c8f21ae9d/qos-specs/9a4454b7-a197-4d78-8807-e7c7cc7edea5 returned with HTTP 404
Mar 08 08:23:42.011160 dv-cinder-832499-1-smb devstack@c-api.service[109767]: [pid: 109767|app: 0|req: 195/384] 10.222.0.20 () {58 vars in 1330 bytes} [Tue Mar 8 08:23:41 2022] GET /volume/v3/5a4634f4c3d8479d949d308c8f21ae9d/qos-specs/9a4454b7-a197-4d78-8807-e7c7cc7edea5 => generated 100 bytes in 24 msecs (HTTP/1.1 404) 7 headers in 292 bytes (1 switches on core 0)
Mar 08 08:23:42.012819 dv-cinder-832499-1-smb devstack@c-api.service[109767]: DEBUG cinder.api.middleware.request_id [None req-e625c897-7b6e-4080-a4d6-c820da4f756d None None] RequestId filter calling following filter/app {{(pid=109767) _context_setter /opt/stack/cinder/cinder/api/middleware/request_id.py:62}}
Mar 08 08:23:42.013038 dv-cinder-832499-1-smb devstack@c-api.service[109768]: DEBUG cinder.volume.api [None req-7adb71bd-783c-4ea9-ace1-3b39fdb9f8eb tempest-VolumesListAdminTestJSON-1196986374 tempest-VolumesListAdminTestJSON-1196986374-project] Task 'cinder.volume.flows.api.create_volume.ExtractVolumeRequestTask;volume:create' (7938e379-2e77-4b04-b843-b70048e948ca) transitioned into state 'RUNNING' from state 'PENDING' {{(pid=109768) _task_receiver /usr/local/lib/python3.8/dist-packages/taskflow/listeners/logging.py:190}}
Mar 08 08:23:42.018694 dv-cinder-832499-1-smb devstack@c-api.service[109767]: INFO cinder.api.openstack.wsgi [None req-e625c897-7b6e-4080-a4d6-c820da4f756d tempest-QosSpecsTestJSON-751927393 tempest-QosSpecsTestJSON-751927393-project-admin] DELETE http://10.222.0.20/volume/v3/5a4634f4c3d8479d949d308c8f21ae9d/qos-specs/9db929dd-88d9-47db-8a66-d472989422a0?force=False
Mar 08 08:23:42.019223 dv-cinder-832499-1-smb devstack@c-api.service[109768]: DEBUG cinder.volume.flows.api.create_volume [None req-7adb71bd-783c-4ea9-ace1-3b39fdb9f8eb tempest-VolumesListAdminTestJSON-1196986374 tempest-VolumesListAdminTestJSON-1196986374-project] Validating volume size '1' using validate_int {{(pid=109768) _extract_size /opt/stack/cinder/cinder/volume/flows/api/create_volume.py:225}}
Mar 08 08:23:42.019702 dv-cinder-832499-1-smb devstack@c-api.service[109767]: DEBUG cinder.api.openstack.wsgi [None req-e625c897-7b6e-4080-a4d6-c820da4f756d tempest-QosSpecsTestJSON-751927393 tempest-QosSpecsTestJSON-751927393-project-admin] Empty body provided in request {{(pid=109767) get_body /opt/stack/cinder/cinder/api/openstack/wsgi.py:715}}
Mar 08 08:23:42.020774 dv-cinder-832499-1-smb devstack@c-api.service[109767]: DEBUG cinder.api.openstack.wsgi [None req-e625c897-7b6e-4080-a4d6-c820da4f756d tempest-QosSpecsTestJSON-751927393 tempest-QosSpecsTestJSON-751927393-project-admin] Calling method 'delete' {{(pid=109767) _process_stack /opt/stack/cinder/cinder/api/openstack/wsgi.py:868}}
Mar 08 08:23:42.023658 dv-cinder-832499-1-smb devstack@c-api.service[109767]: DEBUG cinder.api.contrib.qos_specs_manage [None req-e625c897-7b6e-4080-a4d6-c820da4f756d tempest-QosSpecsTestJSON-751927393 tempest-QosSpecsTestJSON-751927393-project-admin] Delete qos_spec: 9db929dd-88d9-47db-8a66-d472989422a0, force: False {{(pid=109767) delete /opt/stack/cinder/cinder/api/contrib/qos_specs_manage.py:168}}
Mar 08 08:23:42.032727 dv-cinder-832499-1-smb devstack@c-api.service[109767]: INFO cinder.api.openstack.wsgi [None req-e625c897-7b6e-4080-a4d6-c820da4f756d tempest-QosSpecsTestJSON-751927393 tempest-QosSpecsTestJSON-751927393-project-admin] http://10.222.0.20/volume/v3/5a4634f4c3d8479d949d308c8f21ae9d/qos-specs/9db929dd-88d9-47db-8a66-d472989422a0?force=False returned with HTTP 404
Mar 08 08:23:42.050053 dv-cinder-832499-1-smb devstack@c-api.service[109767]: [pid: 109767|app: 0|req: 196/385] 10.222.0.20 () {58 vars in 1356 bytes} [Tue Mar 8 08:23:42 2022] DELETE /volume/v3/5a4634f4c3d8479d949d308c8f21ae9d/qos-specs/9db929dd-88d9-47db-8a66-d472989422a0?force=False => generated 100 bytes in 38 msecs (HTTP/1.1 404) 7 headers in 292 bytes (1 switches on core 0)
Mar 08 08:23:42.052008 dv-cinder-832499-1-smb devstack@c-api.service[109767]: DEBUG cinder.api.middleware.request_id [None req-528579ea-fef8-4b43-aa41-c4f97e2c8ab7 None None] RequestId filter calling following filter/app {{(pid=109767) _context_setter /opt/stack/cinder/cinder/api/middleware/request_id.py:62}}
Mar 08 08:23:42.060150 dv-cinder-832499-1-smb devstack@c-api.service[109767]: INFO cinder.api.openstack.wsgi [None req-528579ea-fef8-4b43-aa41-c4f97e2c8ab7 tempest-QosSpecsTestJSON-751927393 tempest-QosSpecsTestJSON-751927393-project-admin] GET http://10.222.0.20/volume/v3/5a4634f4c3d8479d949d308c8f21ae9d/qos-specs/9db929dd-88d9-47db-8a66-d472989422a0
Mar 08 08:23:42.060991 dv-cinder-832499-1-smb devstack@c-api.service[109767]: DEBUG cinder.api.openstack.wsgi [None req-528579ea-fef8-4b43-aa41-c4f97e2c8ab7 tempest-QosSpecsTestJSON-751927393 tempest-QosSpecsTestJSON-751927393-project-admin] Empty body provided in request {{(pid=109767) get_body /opt/stack/cinder/cinder/api/openstack/wsgi.py:715}}
Mar 08 08:23:42.061693 dv-cinder-832499-1-smb devstack@c-api.service[109767]: DEBUG cinder.api.openstack.wsgi [None req-528579ea-fef8-4b43-aa41-c4f97e2c8ab7 tempest-QosSpecsTestJSON-751927393 tempest-QosSpecsTestJSON-751927393-project-admin] Calling method 'show' {{(pid=109767) _process_stack /opt/stack/cinder/cinder/api/openstack/wsgi.py:868}}
Mar 08 08:23:42.073193 dv-cinder-832499-1-smb devstack@c-api.service[109767]: INFO cinder.api.openstack.wsgi [None req-528579ea-fef8-4b43-aa41-c4f97e2c8ab7 tempest-QosSpecsTestJSON-751927393 tempest-QosSpecsTestJSON-751927393-project-admin] http://10.222.0.20/volume/v3/5a4634f4c3d8479d949d308c8f21ae9d/qos-specs/9db929dd-88d9-47db-8a66-d472989422a0 returned with HTTP 404
Mar 08 08:23:42.074511 dv-cinder-832499-1-smb devstack@c-api.service[109767]: [pid: 109767|app: 0|req: 197/386] 10.222.0.20 () {58 vars in 1330 bytes} [Tue Mar 8 08:23:42 2022] GET /volume/v3/5a4634f4c3d8479d949d308c8f21ae9d/qos-specs/9db929dd-88d9-47db-8a66-d472989422a0 => generated 100 bytes in 24 msecs (HTTP/1.1 404) 7 headers in 292 bytes (1 switches on core 0)
Mar 08 08:23:42.079248 dv-cinder-832499-1-smb devstack@c-api.service[109767]: DEBUG cinder.api.middleware.request_id [None req-df166ab5-f48d-4e75-b664-855500d05413 None None] RequestId filter calling following filter/app {{(pid=109767) _context_setter /opt/stack/cinder/cinder/api/middleware/request_id.py:62}}
Mar 08 08:23:42.083859 dv-cinder-832499-1-smb devstack@c-api.service[109767]: INFO cinder.api.openstack.wsgi [None req-df166ab5-f48d-4e75-b664-855500d05413 tempest-QosSpecsTestJSON-751927393 tempest-QosSpecsTestJSON-751927393-project-admin] DELETE http://10.222.0.20/volume/v3/5a4634f4c3d8479d949d308c8f21ae9d/types/8d34a5af-65a3-4335-9209-19c90c9c083a
Mar 08 08:23:42.084585 dv-cinder-832499-1-smb devstack@c-api.service[109767]: DEBUG cinder.api.openstack.wsgi [None req-df166ab5-f48d-4e75-b664-855500d05413 tempest-QosSpecsTestJSON-751927393 tempest-QosSpecsTestJSON-751927393-project-admin] Empty body provided in request {{(pid=109767) get_body /opt/stack/cinder/cinder/api/openstack/wsgi.py:715}}
Mar 08 08:23:42.085272 dv-cinder-832499-1-smb devstack@c-api.service[109767]: DEBUG cinder.api.openstack.wsgi [None req-df166ab5-f48d-4e75-b664-855500d05413 tempest-QosSpecsTestJSON-751927393 tempest-QosSpecsTestJSON-751927393-project-admin] Calling method '_delete' {{(pid=109767) _process_stack /opt/stack/cinder/cinder/api/openstack/wsgi.py:868}}
Mar 08 08:23:42.092933 dv-cinder-832499-1-smb devstack@c-api.service[109768]: DEBUG cinder.volume.api [None req-7adb71bd-783c-4ea9-ace1-3b39fdb9f8eb tempest-VolumesListAdminTestJSON-1196986374 tempest-VolumesListAdminTestJSON-1196986374-project] Task 'cinder.volume.flows.api.create_volume.ExtractVolumeRequestTask;volume:create' (7938e379-2e77-4b04-b843-b70048e948ca) transitioned into state 'SUCCESS' from state 'RUNNING' with result '{'size': 1, 'snapshot_id': None, 'source_volid': None, 'volume_type': VolumeType(created_at=2022-03-08T08:13:02Z,deleted=False,deleted_at=None,description='Default Volume Type',extra_specs={},id=a769f2d4-c6eb-4de8-97c6-873816c05066,is_public=True,name='__DEFAULT__',projects=[],qos_specs=,qos_specs_id=None,updated_at=2022-03-08T08:13:02Z), 'volume_type_id': 'a769f2d4-c6eb-4de8-97c6-873816c05066', 'encryption_key_id': None, 'qos_specs': None, 'consistencygroup_id': None, 'cgsnapshot_id': None, 'group_id': None, 'replication_status': 'disabled', 'refresh_az': False, 'backup_id': None, 'multiattach': False, 'availability_zones': ['nova']}' {{(pid=109768) _task_receiver /usr/local/lib/python3.8/dist-packages/taskflow/listeners/logging.py:178}}
Mar 08 08:23:42.095268 dv-cinder-832499-1-smb devstack@c-api.service[109768]: DEBUG cinder.volume.api [None req-7adb71bd-783c-4ea9-ace1-3b39fdb9f8eb tempest-VolumesListAdminTestJSON-1196986374 tempest-VolumesListAdminTestJSON-1196986374-project] Task 'cinder.volume.flows.api.create_volume.QuotaReserveTask;volume:create' (5b7febdc-4b9e-4e4d-9ad2-68f69e65523d) transitioned into state 'RUNNING' from state 'PENDING' {{(pid=109768) _task_receiver /usr/local/lib/python3.8/dist-packages/taskflow/listeners/logging.py:190}}
Mar 08 08:23:42.135921 dv-cinder-832499-1-smb devstack@c-api.service[109767]: INFO cinder.api.openstack.wsgi [None req-df166ab5-f48d-4e75-b664-855500d05413 tempest-QosSpecsTestJSON-751927393 tempest-QosSpecsTestJSON-751927393-project-admin] http://10.222.0.20/volume/v3/5a4634f4c3d8479d949d308c8f21ae9d/types/8d34a5af-65a3-4335-9209-19c90c9c083a returned with HTTP 202
Mar 08 08:23:42.141049 dv-cinder-832499-1-smb devstack@c-api.service[109767]: [pid: 109767|app: 0|req: 198/387] 10.222.0.20 () {58 vars in 1321 bytes} [Tue Mar 8 08:23:42 2022] DELETE /volume/v3/5a4634f4c3d8479d949d308c8f21ae9d/types/8d34a5af-65a3-4335-9209-19c90c9c083a => generated 0 bytes in 62 msecs (HTTP/1.1 202) 6 headers in 233 bytes (2 switches on core 0)
Mar 08 08:23:42.143884 dv-cinder-832499-1-smb devstack@c-api.service[109767]: DEBUG cinder.api.middleware.request_id [None req-79805a57-ed9d-4061-844b-3cedcabd8a33 None None] RequestId filter calling following filter/app {{(pid=109767) _context_setter /opt/stack/cinder/cinder/api/middleware/request_id.py:62}}
Mar 08 08:23:42.149148 dv-cinder-832499-1-smb devstack@c-api.service[109767]: INFO cinder.api.openstack.wsgi [None req-79805a57-ed9d-4061-844b-3cedcabd8a33 tempest-QosSpecsTestJSON-751927393 tempest-QosSpecsTestJSON-751927393-project-admin] GET http://10.222.0.20/volume/v3/5a4634f4c3d8479d949d308c8f21ae9d/types/8d34a5af-65a3-4335-9209-19c90c9c083a
Mar 08 08:23:42.150463 dv-cinder-832499-1-smb devstack@c-api.service[109767]: DEBUG cinder.api.openstack.wsgi [None req-79805a57-ed9d-4061-844b-3cedcabd8a33 tempest-QosSpecsTestJSON-751927393 tempest-QosSpecsTestJSON-751927393-project-admin] Empty body provided in request {{(pid=109767) get_body /opt/stack/cinder/cinder/api/openstack/wsgi.py:715}}
Mar 08 08:23:42.151400 dv-cinder-832499-1-smb devstack@c-api.service[109767]: DEBUG cinder.api.openstack.wsgi [None req-79805a57-ed9d-4061-844b-3cedcabd8a33 tempest-QosSpecsTestJSON-751927393 tempest-QosSpecsTestJSON-751927393-project-admin] Calling method 'show' {{(pid=109767) _process_stack /opt/stack/cinder/cinder/api/openstack/wsgi.py:868}}
Mar 08 08:23:42.158844 dv-cinder-832499-1-smb devstack@c-api.service[109767]: INFO cinder.api.openstack.wsgi [None req-79805a57-ed9d-4061-844b-3cedcabd8a33 tempest-QosSpecsTestJSON-751927393 tempest-QosSpecsTestJSON-751927393-project-admin] http://10.222.0.20/volume/v3/5a4634f4c3d8479d949d308c8f21ae9d/types/8d34a5af-65a3-4335-9209-19c90c9c083a returned with HTTP 404
Mar 08 08:23:42.163475 dv-cinder-832499-1-smb devstack@c-api.service[109767]: [pid: 109767|app: 0|req: 199/388] 10.222.0.20 () {58 vars in 1318 bytes} [Tue Mar 8 08:23:42 2022] GET /volume/v3/5a4634f4c3d8479d949d308c8f21ae9d/types/8d34a5af-65a3-4335-9209-19c90c9c083a => generated 114 bytes in 21 msecs (HTTP/1.1 404) 7 headers in 292 bytes (1 switches on core 0)
Mar 08 08:23:42.165938 dv-cinder-832499-1-smb devstack@c-api.service[109767]: DEBUG cinder.api.middleware.request_id [None req-f5f4ae78-59c6-43de-a6ff-712374f34f4e None None] RequestId filter calling following filter/app {{(pid=109767) _context_setter /opt/stack/cinder/cinder/api/middleware/request_id.py:62}}
Mar 08 08:23:42.170211 dv-cinder-832499-1-smb devstack@c-api.service[109767]: INFO cinder.api.openstack.wsgi [None req-f5f4ae78-59c6-43de-a6ff-712374f34f4e tempest-QosSpecsTestJSON-751927393 tempest-QosSpecsTestJSON-751927393-project-admin] DELETE http://10.222.0.20/volume/v3/5a4634f4c3d8479d949d308c8f21ae9d/types/d51e768b-602a-43de-958e-6904bfece2fb
Mar 08 08:23:42.170927 dv-cinder-832499-1-smb devstack@c-api.service[109767]: DEBUG cinder.api.openstack.wsgi [None req-f5f4ae78-59c6-43de-a6ff-712374f34f4e tempest-QosSpecsTestJSON-751927393 tempest-QosSpecsTestJSON-751927393-project-admin] Empty body provided in request {{(pid=109767) get_body /opt/stack/cinder/cinder/api/openstack/wsgi.py:715}}
Mar 08 08:23:42.171687 dv-cinder-832499-1-smb devstack@c-api.service[109767]: DEBUG cinder.api.openstack.wsgi [None req-f5f4ae78-59c6-43de-a6ff-712374f34f4e tempest-QosSpecsTestJSON-751927393 tempest-QosSpecsTestJSON-751927393-project-admin] Calling method '_delete' {{(pid=109767) _process_stack /opt/stack/cinder/cinder/api/openstack/wsgi.py:868}}
Mar 08 08:23:42.220310 dv-cinder-832499-1-smb devstack@c-api.service[109768]: DEBUG cinder.quota [None req-7adb71bd-783c-4ea9-ace1-3b39fdb9f8eb tempest-VolumesListAdminTestJSON-1196986374 tempest-VolumesListAdminTestJSON-1196986374-project] Created reservations ['29cc4649-9ca5-4d62-a8fb-bc0a2c27fbc9', '104761dc-bc44-404d-8cbb-7cc0253223d0', '6b3e62e5-a3c5-4a99-b9ec-3200c7481f6e', '61aa65bc-eb76-48fa-91df-79209971f33e'] {{(pid=109768) reserve /opt/stack/cinder/cinder/quota.py:755}}
Mar 08 08:23:42.222870 dv-cinder-832499-1-smb devstack@c-api.service[109768]: DEBUG cinder.volume.api [None req-7adb71bd-783c-4ea9-ace1-3b39fdb9f8eb tempest-VolumesListAdminTestJSON-1196986374 tempest-VolumesListAdminTestJSON-1196986374-project] Task 'cinder.volume.flows.api.create_volume.QuotaReserveTask;volume:create' (5b7febdc-4b9e-4e4d-9ad2-68f69e65523d) transitioned into state 'SUCCESS' from state 'RUNNING' with result '{'reservations': ['29cc4649-9ca5-4d62-a8fb-bc0a2c27fbc9', '104761dc-bc44-404d-8cbb-7cc0253223d0', '6b3e62e5-a3c5-4a99-b9ec-3200c7481f6e', '61aa65bc-eb76-48fa-91df-79209971f33e']}' {{(pid=109768) _task_receiver /usr/local/lib/python3.8/dist-packages/taskflow/listeners/logging.py:178}}
Mar 08 08:23:42.225478 dv-cinder-832499-1-smb devstack@c-api.service[109768]: DEBUG cinder.volume.api [None req-7adb71bd-783c-4ea9-ace1-3b39fdb9f8eb tempest-VolumesListAdminTestJSON-1196986374 tempest-VolumesListAdminTestJSON-1196986374-project] Task 'cinder.volume.flows.api.create_volume.EntryCreateTask;volume:create' (90b9e8e3-2d2a-425e-b66b-9d3060c20a2a) transitioned into state 'RUNNING' from state 'PENDING' {{(pid=109768) _task_receiver /usr/local/lib/python3.8/dist-packages/taskflow/listeners/logging.py:190}}
Mar 08 08:23:42.229685 dv-cinder-832499-1-smb devstack@c-api.service[109767]: INFO cinder.api.openstack.wsgi [None req-f5f4ae78-59c6-43de-a6ff-712374f34f4e tempest-QosSpecsTestJSON-751927393 tempest-QosSpecsTestJSON-751927393-project-admin] http://10.222.0.20/volume/v3/5a4634f4c3d8479d949d308c8f21ae9d/types/d51e768b-602a-43de-958e-6904bfece2fb returned with HTTP 202
Mar 08 08:23:42.233346 dv-cinder-832499-1-smb devstack@c-api.service[109767]: [pid: 109767|app: 0|req: 200/389] 10.222.0.20 () {58 vars in 1321 bytes} [Tue Mar 8 08:23:42 2022] DELETE /volume/v3/5a4634f4c3d8479d949d308c8f21ae9d/types/d51e768b-602a-43de-958e-6904bfece2fb => generated 0 bytes in 69 msecs (HTTP/1.1 202) 6 headers in 233 bytes (1 switches on core 0)
Mar 08 08:23:42.238166 dv-cinder-832499-1-smb devstack@c-api.service[109767]: DEBUG cinder.api.middleware.request_id [None req-f93e7dca-4dcc-4706-aa85-71bab5a48733 None None] RequestId filter calling following filter/app {{(pid=109767) _context_setter /opt/stack/cinder/cinder/api/middleware/request_id.py:62}}
Mar 08 08:23:42.245330 dv-cinder-832499-1-smb devstack@c-api.service[109767]: INFO cinder.api.openstack.wsgi [None req-f93e7dca-4dcc-4706-aa85-71bab5a48733 tempest-QosSpecsTestJSON-751927393 tempest-QosSpecsTestJSON-751927393-project-admin] GET http://10.222.0.20/volume/v3/5a4634f4c3d8479d949d308c8f21ae9d/types/d51e768b-602a-43de-958e-6904bfece2fb
Mar 08 08:23:42.246192 dv-cinder-832499-1-smb devstack@c-api.service[109767]: DEBUG cinder.api.openstack.wsgi [None req-f93e7dca-4dcc-4706-aa85-71bab5a48733 tempest-QosSpecsTestJSON-751927393 tempest-QosSpecsTestJSON-751927393-project-admin] Empty body provided in request {{(pid=109767) get_body /opt/stack/cinder/cinder/api/openstack/wsgi.py:715}}
Mar 08 08:23:42.247359 dv-cinder-832499-1-smb devstack@c-api.service[109767]: DEBUG cinder.api.openstack.wsgi [None req-f93e7dca-4dcc-4706-aa85-71bab5a48733 tempest-QosSpecsTestJSON-751927393 tempest-QosSpecsTestJSON-751927393-project-admin] Calling method 'show' {{(pid=109767) _process_stack /opt/stack/cinder/cinder/api/openstack/wsgi.py:868}}
Mar 08 08:23:42.266379 dv-cinder-832499-1-smb devstack@c-api.service[109767]: INFO cinder.api.openstack.wsgi [None req-f93e7dca-4dcc-4706-aa85-71bab5a48733 tempest-QosSpecsTestJSON-751927393 tempest-QosSpecsTestJSON-751927393-project-admin] http://10.222.0.20/volume/v3/5a4634f4c3d8479d949d308c8f21ae9d/types/d51e768b-602a-43de-958e-6904bfece2fb returned with HTTP 404
Mar 08 08:23:42.276056 dv-cinder-832499-1-smb devstack@c-api.service[109767]: [pid: 109767|app: 0|req: 201/390] 10.222.0.20 () {58 vars in 1318 bytes} [Tue Mar 8 08:23:42 2022] GET /volume/v3/5a4634f4c3d8479d949d308c8f21ae9d/types/d51e768b-602a-43de-958e-6904bfece2fb => generated 114 bytes in 35 msecs (HTTP/1.1 404) 7 headers in 292 bytes (1 switches on core 0)
Mar 08 08:23:42.278024 dv-cinder-832499-1-smb devstack@c-api.service[109767]: DEBUG cinder.api.middleware.request_id [None req-fd021429-6a3b-4513-adaf-c5782f7cb0d5 None None] RequestId filter calling following filter/app {{(pid=109767) _context_setter /opt/stack/cinder/cinder/api/middleware/request_id.py:62}}
Mar 08 08:23:42.280320 dv-cinder-832499-1-smb devstack@c-api.service[109768]: DEBUG cinder.volume.api [None req-7adb71bd-783c-4ea9-ace1-3b39fdb9f8eb tempest-VolumesListAdminTestJSON-1196986374 tempest-VolumesListAdminTestJSON-1196986374-project] Task 'cinder.volume.flows.api.create_volume.EntryCreateTask;volume:create' (90b9e8e3-2d2a-425e-b66b-9d3060c20a2a) transitioned into state 'SUCCESS' from state 'RUNNING' with result '{'volume_id': '11a7529a-faea-4969-a667-ccdf06004928', 'volume_properties': VolumeProperties(attach_status='detached',availability_zone='nova',cgsnapshot_id=None,consistencygroup_id=None,display_description=None,display_name='tempest-VolumesListAdminTestJSON-Volume-1426557742',encryption_key_id=None,group_id=None,group_type_id=,metadata={},multiattach=False,project_id='99be46c3a7cc4f6a9e4c8d4750a55186',qos_specs=None,replication_status=,reservations=['29cc4649-9ca5-4d62-a8fb-bc0a2c27fbc9','104761dc-bc44-404d-8cbb-7cc0253223d0','6b3e62e5-a3c5-4a99-b9ec-3200c7481f6e','61aa65bc-eb76-48fa-91df-79209971f33e'],size=1,snapshot_id=None,source_replicaid=,source_volid=None,status='creating',user_id='f1468742585c4e8ca66819f26a6809ef',volume_type_id=a769f2d4-c6eb-4de8-97c6-873816c05066), 'volume': Volume(_name_id=None,admin_metadata=,attach_status='detached',availability_zone='nova',bootable=False,cluster=,cluster_name=None,consistencygroup=,consistencygroup_id=None,created_at=2022-03-08T08:23:42Z,deleted=False,deleted_at=None,display_description=None,display_name='tempest-VolumesListAdminTestJSON-Volume-1426557742',ec2_id=None,encryption_key_id=None,glance_metadata=,group=,group_id=None,host=None,id=11a7529a-faea-4969-a667-ccdf06004928,launched_at=None,metadata={},migration_status=None,multiattach=False,previous_status=None,project_id='99be46c3a7cc4f6a9e4c8d4750a55186',provider_auth=None,provider_geometry=None,provider_id=None,provider_location=None,replication_driver_data=None,replication_extended_status=None,replication_status=None,scheduled_at=None,service_uuid=None,shared_targets=True,size=1,snapshot_id=None,snapshots=,source_volid=None,status='creating',terminated_at=None,updated_at=None,use_quota=True,user_id='f1468742585c4e8ca66819f26a6809ef',volume_attachment=VolumeAttachmentList,volume_type=VolumeType(a769f2d4-c6eb-4de8-97c6-873816c05066),volume_type_id=a769f2d4-c6eb-4de8-97c6-873816c05066)}' {{(pid=109768) _task_receiver /usr/local/lib/python3.8/dist-packages/taskflow/listeners/logging.py:178}}
Mar 08 08:23:42.283690 dv-cinder-832499-1-smb devstack@c-api.service[109767]: INFO cinder.api.openstack.wsgi [None req-fd021429-6a3b-4513-adaf-c5782f7cb0d5 tempest-QosSpecsTestJSON-751927393 tempest-QosSpecsTestJSON-751927393-project-admin] DELETE http://10.222.0.20/volume/v3/5a4634f4c3d8479d949d308c8f21ae9d/types/b7b8c16f-ad99-4a02-985c-1e446a621195
Mar 08 08:23:42.285670 dv-cinder-832499-1-smb devstack@c-api.service[109767]: DEBUG cinder.api.openstack.wsgi [None req-fd021429-6a3b-4513-adaf-c5782f7cb0d5 tempest-QosSpecsTestJSON-751927393 tempest-QosSpecsTestJSON-751927393-project-admin] Empty body provided in request {{(pid=109767) get_body /opt/stack/cinder/cinder/api/openstack/wsgi.py:715}}
Mar 08 08:23:42.287122 dv-cinder-832499-1-smb devstack@c-api.service[109767]: DEBUG cinder.api.openstack.wsgi [None req-fd021429-6a3b-4513-adaf-c5782f7cb0d5 tempest-QosSpecsTestJSON-751927393 tempest-QosSpecsTestJSON-751927393-project-admin] Calling method '_delete' {{(pid=109767) _process_stack /opt/stack/cinder/cinder/api/openstack/wsgi.py:868}}
Mar 08 08:23:42.289662 dv-cinder-832499-1-smb devstack@c-api.service[109768]: DEBUG cinder.volume.api [None req-7adb71bd-783c-4ea9-ace1-3b39fdb9f8eb tempest-VolumesListAdminTestJSON-1196986374 tempest-VolumesListAdminTestJSON-1196986374-project] Task 'cinder.volume.flows.api.create_volume.QuotaCommitTask;volume:create' (587985c0-065e-4915-91d3-9a9c087bf002) transitioned into state 'RUNNING' from state 'PENDING' {{(pid=109768) _task_receiver /usr/local/lib/python3.8/dist-packages/taskflow/listeners/logging.py:190}}
Mar 08 08:23:42.342989 dv-cinder-832499-1-smb devstack@c-api.service[109768]: DEBUG cinder.volume.api [None req-7adb71bd-783c-4ea9-ace1-3b39fdb9f8eb tempest-VolumesListAdminTestJSON-1196986374 tempest-VolumesListAdminTestJSON-1196986374-project] Task 'cinder.volume.flows.api.create_volume.QuotaCommitTask;volume:create' (587985c0-065e-4915-91d3-9a9c087bf002) transitioned into state 'SUCCESS' from state 'RUNNING' with result '{'volume_properties': VolumeProperties(attach_status='detached',availability_zone='nova',cgsnapshot_id=None,consistencygroup_id=None,display_description=None,display_name='tempest-VolumesListAdminTestJSON-Volume-1426557742',encryption_key_id=None,group_id=None,group_type_id=,metadata={},multiattach=False,project_id='99be46c3a7cc4f6a9e4c8d4750a55186',qos_specs=None,replication_status=,reservations=['29cc4649-9ca5-4d62-a8fb-bc0a2c27fbc9','104761dc-bc44-404d-8cbb-7cc0253223d0','6b3e62e5-a3c5-4a99-b9ec-3200c7481f6e','61aa65bc-eb76-48fa-91df-79209971f33e'],size=1,snapshot_id=None,source_replicaid=,source_volid=None,status='creating',user_id='f1468742585c4e8ca66819f26a6809ef',volume_type_id=a769f2d4-c6eb-4de8-97c6-873816c05066)}' {{(pid=109768) _task_receiver /usr/local/lib/python3.8/dist-packages/taskflow/listeners/logging.py:178}}
Mar 08 08:23:42.350369 dv-cinder-832499-1-smb devstack@c-api.service[109768]: DEBUG cinder.volume.api [None req-7adb71bd-783c-4ea9-ace1-3b39fdb9f8eb tempest-VolumesListAdminTestJSON-1196986374 tempest-VolumesListAdminTestJSON-1196986374-project] Task 'cinder.volume.flows.api.create_volume.VolumeCastTask;volume:create' (7743cead-083e-40ab-8644-125c02aee498) transitioned into state 'RUNNING' from state 'PENDING' {{(pid=109768) _task_receiver /usr/local/lib/python3.8/dist-packages/taskflow/listeners/logging.py:190}}
Mar 08 08:23:42.378267 dv-cinder-832499-1-smb devstack@c-api.service[109767]: INFO cinder.api.openstack.wsgi [None req-fd021429-6a3b-4513-adaf-c5782f7cb0d5 tempest-QosSpecsTestJSON-751927393 tempest-QosSpecsTestJSON-751927393-project-admin] http://10.222.0.20/volume/v3/5a4634f4c3d8479d949d308c8f21ae9d/types/b7b8c16f-ad99-4a02-985c-1e446a621195 returned with HTTP 202
Mar 08 08:23:42.382705 dv-cinder-832499-1-smb devstack@c-api.service[109767]: [pid: 109767|app: 0|req: 202/391] 10.222.0.20 () {58 vars in 1321 bytes} [Tue Mar 8 08:23:42 2022] DELETE /volume/v3/5a4634f4c3d8479d949d308c8f21ae9d/types/b7b8c16f-ad99-4a02-985c-1e446a621195 => generated 0 bytes in 103 msecs (HTTP/1.1 202) 6 headers in 233 bytes (1 switches on core 0)
Mar 08 08:23:42.385840 dv-cinder-832499-1-smb devstack@c-api.service[109767]: DEBUG cinder.api.middleware.request_id [None req-c42ede22-dbce-4f2c-8b5e-072f15422ce6 None None] RequestId filter calling following filter/app {{(pid=109767) _context_setter /opt/stack/cinder/cinder/api/middleware/request_id.py:62}}
Mar 08 08:23:42.393358 dv-cinder-832499-1-smb devstack@c-api.service[109767]: INFO cinder.api.openstack.wsgi [None req-c42ede22-dbce-4f2c-8b5e-072f15422ce6 tempest-QosSpecsTestJSON-751927393 tempest-QosSpecsTestJSON-751927393-project-admin] GET http://10.222.0.20/volume/v3/5a4634f4c3d8479d949d308c8f21ae9d/types/b7b8c16f-ad99-4a02-985c-1e446a621195
Mar 08 08:23:42.393871 dv-cinder-832499-1-smb devstack@c-api.service[109767]: DEBUG cinder.api.openstack.wsgi [None req-c42ede22-dbce-4f2c-8b5e-072f15422ce6 tempest-QosSpecsTestJSON-751927393 tempest-QosSpecsTestJSON-751927393-project-admin] Empty body provided in request {{(pid=109767) get_body /opt/stack/cinder/cinder/api/openstack/wsgi.py:715}}
Mar 08 08:23:42.394463 dv-cinder-832499-1-smb devstack@c-api.service[109767]: DEBUG cinder.api.openstack.wsgi [None req-c42ede22-dbce-4f2c-8b5e-072f15422ce6 tempest-QosSpecsTestJSON-751927393 tempest-QosSpecsTestJSON-751927393-project-admin] Calling method 'show' {{(pid=109767) _process_stack /opt/stack/cinder/cinder/api/openstack/wsgi.py:868}}
Mar 08 08:23:42.400011 dv-cinder-832499-1-smb devstack@c-api.service[109768]: DEBUG cinder.volume.api [None req-7adb71bd-783c-4ea9-ace1-3b39fdb9f8eb tempest-VolumesListAdminTestJSON-1196986374 tempest-VolumesListAdminTestJSON-1196986374-project] Task 'cinder.volume.flows.api.create_volume.VolumeCastTask;volume:create' (7743cead-083e-40ab-8644-125c02aee498) transitioned into state 'SUCCESS' from state 'RUNNING' with result 'None' {{(pid=109768) _task_receiver /usr/local/lib/python3.8/dist-packages/taskflow/listeners/logging.py:178}}
Mar 08 08:23:42.402154 dv-cinder-832499-1-smb devstack@c-api.service[109767]: INFO cinder.api.openstack.wsgi [None req-c42ede22-dbce-4f2c-8b5e-072f15422ce6 tempest-QosSpecsTestJSON-751927393 tempest-QosSpecsTestJSON-751927393-project-admin] http://10.222.0.20/volume/v3/5a4634f4c3d8479d949d308c8f21ae9d/types/b7b8c16f-ad99-4a02-985c-1e446a621195 returned with HTTP 404
Mar 08 08:23:42.406099 dv-cinder-832499-1-smb devstack@c-api.service[109767]: [pid: 109767|app: 0|req: 203/392] 10.222.0.20 () {58 vars in 1318 bytes} [Tue Mar 8 08:23:42 2022] GET /volume/v3/5a4634f4c3d8479d949d308c8f21ae9d/types/b7b8c16f-ad99-4a02-985c-1e446a621195 => generated 114 bytes in 19 msecs (HTTP/1.1 404) 7 headers in 292 bytes (1 switches on core 0)
Mar 08 08:23:42.408708 dv-cinder-832499-1-smb devstack@c-api.service[109767]: DEBUG cinder.api.middleware.request_id [None req-578b6258-c9a5-49d1-98c6-0d4f3dca9414 None None] RequestId filter calling following filter/app {{(pid=109767) _context_setter /opt/stack/cinder/cinder/api/middleware/request_id.py:62}}
Mar 08 08:23:42.412992 dv-cinder-832499-1-smb devstack@c-api.service[109768]: DEBUG cinder.volume.api [None req-7adb71bd-783c-4ea9-ace1-3b39fdb9f8eb tempest-VolumesListAdminTestJSON-1196986374 tempest-VolumesListAdminTestJSON-1196986374-project] Flow 'volume_create_api' (8e286879-89a2-4730-9f07-799c2b49716f) transitioned into state 'SUCCESS' from state 'RUNNING' {{(pid=109768) _flow_receiver /usr/local/lib/python3.8/dist-packages/taskflow/listeners/logging.py:141}}
Mar 08 08:23:42.417021 dv-cinder-832499-1-smb devstack@c-api.service[109768]: INFO cinder.volume.api [None req-7adb71bd-783c-4ea9-ace1-3b39fdb9f8eb tempest-VolumesListAdminTestJSON-1196986374 tempest-VolumesListAdminTestJSON-1196986374-project] Create volume request issued successfully.
Mar 08 08:23:42.418298 dv-cinder-832499-1-smb devstack@c-api.service[109767]: INFO cinder.api.openstack.wsgi [None req-578b6258-c9a5-49d1-98c6-0d4f3dca9414 tempest-QosSpecsTestJSON-751927393 tempest-QosSpecsTestJSON-751927393-project-admin] DELETE http://10.222.0.20/volume/v3/5a4634f4c3d8479d949d308c8f21ae9d/qos-specs/a00e9d89-db9e-4488-b0d7-6a0ef3de3157?force=False
Mar 08 08:23:42.418799 dv-cinder-832499-1-smb devstack@c-api.service[109767]: DEBUG cinder.api.openstack.wsgi [None req-578b6258-c9a5-49d1-98c6-0d4f3dca9414 tempest-QosSpecsTestJSON-751927393 tempest-QosSpecsTestJSON-751927393-project-admin] Empty body provided in request {{(pid=109767) get_body /opt/stack/cinder/cinder/api/openstack/wsgi.py:715}}
Mar 08 08:23:42.419305 dv-cinder-832499-1-smb devstack@c-api.service[109767]: DEBUG cinder.api.openstack.wsgi [None req-578b6258-c9a5-49d1-98c6-0d4f3dca9414 tempest-QosSpecsTestJSON-751927393 tempest-QosSpecsTestJSON-751927393-project-admin] Calling method 'delete' {{(pid=109767) _process_stack /opt/stack/cinder/cinder/api/openstack/wsgi.py:868}}
Mar 08 08:23:42.419802 dv-cinder-832499-1-smb devstack@c-api.service[109768]: INFO cinder.api.openstack.wsgi [None req-7adb71bd-783c-4ea9-ace1-3b39fdb9f8eb tempest-VolumesListAdminTestJSON-1196986374 tempest-VolumesListAdminTestJSON-1196986374-project] http://10.222.0.20/volume/v3/99be46c3a7cc4f6a9e4c8d4750a55186/volumes returned with HTTP 202
