Mar 08 08:34:11.945902 dv-cinder-832499-1-iscsi devstack@c-api.service[110431]: WARNING cinder.quota [None req-20bff0f3-ebc8-4e15-b426-23a181efd398 tempest-VolumeQuotasNegativeTestJSON-7378222 tempest-VolumeQuotasNegativeTestJSON-7378222-project-admin] Deprecated: Default quota for resource: snapshots_tempest-GroupsV320Test-volume-type-2135752085 is set by the default quota flag: quota_snapshots_tempest-GroupsV320Test-volume-type-2135752085, it is now deprecated. Please use the default quota class for default quota.
Mar 08 08:34:11.946876 dv-cinder-832499-1-iscsi devstack@c-api.service[110431]: WARNING cinder.quota [None req-20bff0f3-ebc8-4e15-b426-23a181efd398 tempest-VolumeQuotasNegativeTestJSON-7378222 tempest-VolumeQuotasNegativeTestJSON-7378222-project-admin] Deprecated: Default quota for resource: volumes_lvmdriver-1 is set by the default quota flag: quota_volumes_lvmdriver-1, it is now deprecated. Please use the default quota class for default quota.
Mar 08 08:34:11.948587 dv-cinder-832499-1-iscsi devstack@c-api.service[110431]: WARNING cinder.quota [None req-20bff0f3-ebc8-4e15-b426-23a181efd398 tempest-VolumeQuotasNegativeTestJSON-7378222 tempest-VolumeQuotasNegativeTestJSON-7378222-project-admin] Deprecated: Default quota for resource: gigabytes_lvmdriver-1 is set by the default quota flag: quota_gigabytes_lvmdriver-1, it is now deprecated. Please use the default quota class for default quota.
Mar 08 08:34:11.949563 dv-cinder-832499-1-iscsi devstack@c-api.service[110431]: WARNING cinder.quota [None req-20bff0f3-ebc8-4e15-b426-23a181efd398 tempest-VolumeQuotasNegativeTestJSON-7378222 tempest-VolumeQuotasNegativeTestJSON-7378222-project-admin] Deprecated: Default quota for resource: snapshots_lvmdriver-1 is set by the default quota flag: quota_snapshots_lvmdriver-1, it is now deprecated. Please use the default quota class for default quota.
Mar 08 08:34:11.951593 dv-cinder-832499-1-iscsi devstack@c-api.service[110431]: WARNING cinder.quota [None req-20bff0f3-ebc8-4e15-b426-23a181efd398 tempest-VolumeQuotasNegativeTestJSON-7378222 tempest-VolumeQuotasNegativeTestJSON-7378222-project-admin] Deprecated: Default quota for resource: snapshots___DEFAULT__ is set by the default quota flag: quota_snapshots___DEFAULT__, it is now deprecated. Please use the default quota class for default quota.
Mar 08 08:34:11.960049 dv-cinder-832499-1-iscsi devstack@c-api.service[110431]: INFO cinder.api.openstack.wsgi [None req-20bff0f3-ebc8-4e15-b426-23a181efd398 tempest-VolumeQuotasNegativeTestJSON-7378222 tempest-VolumeQuotasNegativeTestJSON-7378222-project-admin] http://10.222.0.21/volume/v3/d257fcaa2f0646a4af467d2f95021996/os-quota-sets/4a803622451c43a198c131fe93eac716 returned with HTTP 200
Mar 08 08:34:11.961537 dv-cinder-832499-1-iscsi devstack@c-api.service[110431]: [pid: 110431|app: 0|req: 83/176] 10.222.0.21 () {58 vars in 1330 bytes} [Tue Mar 8 08:34:11 2022] GET /volume/v3/d257fcaa2f0646a4af467d2f95021996/os-quota-sets/4a803622451c43a198c131fe93eac716 => generated 928 bytes in 199 msecs (HTTP/1.1 200) 7 headers in 285 bytes (1 switches on core 0)
Mar 08 08:34:11.963792 dv-cinder-832499-1-iscsi devstack@c-api.service[110431]: DEBUG cinder.api.middleware.request_id [None req-af051ad1-ed5a-4d8b-9515-7cb840f0aa0b None None] RequestId filter calling following filter/app {{(pid=110431) _context_setter /opt/stack/cinder/cinder/api/middleware/request_id.py:62}}
Mar 08 08:34:11.968452 dv-cinder-832499-1-iscsi devstack@c-api.service[110431]: INFO cinder.api.openstack.wsgi [None req-af051ad1-ed5a-4d8b-9515-7cb840f0aa0b tempest-GroupsV320Test-484382718 tempest-GroupsV320Test-484382718-project] GET http://10.222.0.21/volume/v3/26e8d2f954b0468e90eb656ec4450d90/groups/0cffdf3a-5213-494b-a1a7-4ad57a6a9675
Mar 08 08:34:11.969154 dv-cinder-832499-1-iscsi devstack@c-api.service[110431]: DEBUG cinder.api.openstack.wsgi [None req-af051ad1-ed5a-4d8b-9515-7cb840f0aa0b tempest-GroupsV320Test-484382718 tempest-GroupsV320Test-484382718-project] Empty body provided in request {{(pid=110431) get_body /opt/stack/cinder/cinder/api/openstack/wsgi.py:715}}
Mar 08 08:34:11.969787 dv-cinder-832499-1-iscsi devstack@c-api.service[110431]: DEBUG cinder.api.openstack.wsgi [None req-af051ad1-ed5a-4d8b-9515-7cb840f0aa0b tempest-GroupsV320Test-484382718 tempest-GroupsV320Test-484382718-project] Calling method 'version_select' {{(pid=110431) _process_stack /opt/stack/cinder/cinder/api/openstack/wsgi.py:868}}
Mar 08 08:34:11.970299 dv-cinder-832499-1-iscsi devstack@c-api.service[110431]: DEBUG cinder.api.v3.groups [None req-af051ad1-ed5a-4d8b-9515-7cb840f0aa0b tempest-GroupsV320Test-484382718 tempest-GroupsV320Test-484382718-project] show called for member 0cffdf3a-5213-494b-a1a7-4ad57a6a9675 {{(pid=110431) show /opt/stack/cinder/cinder/api/v3/groups.py:58}}
Mar 08 08:34:11.976661 dv-cinder-832499-1-iscsi devstack@c-api.service[110431]: /usr/local/lib/python3.8/dist-packages/oslo_context/context.py:100: DeprecationWarning: Policy enforcement is depending on the value of is_admin. This key is deprecated. Please update your policy file to use the standard policy values.
Mar 08 08:34:11.976661 dv-cinder-832499-1-iscsi devstack@c-api.service[110431]: warnings.warn('Policy enforcement is depending on the value of '
Mar 08 08:34:11.993829 dv-cinder-832499-1-iscsi devstack@c-api.service[110431]: INFO cinder.api.openstack.wsgi [None req-af051ad1-ed5a-4d8b-9515-7cb840f0aa0b tempest-GroupsV320Test-484382718 tempest-GroupsV320Test-484382718-project] http://10.222.0.21/volume/v3/26e8d2f954b0468e90eb656ec4450d90/groups/0cffdf3a-5213-494b-a1a7-4ad57a6a9675 returned with HTTP 200
Mar 08 08:34:11.994823 dv-cinder-832499-1-iscsi devstack@c-api.service[110431]: [pid: 110431|app: 0|req: 84/177] 10.222.0.21 () {60 vars in 1362 bytes} [Tue Mar 8 08:34:11 2022] GET /volume/v3/26e8d2f954b0468e90eb656ec4450d90/groups/0cffdf3a-5213-494b-a1a7-4ad57a6a9675 => generated 388 bytes in 32 msecs (HTTP/1.1 200) 7 headers in 286 bytes (1 switches on core 0)
Mar 08 08:34:11.996073 dv-cinder-832499-1-iscsi devstack@c-api.service[110431]: DEBUG cinder.api.middleware.request_id [None req-84b63cda-aa05-41e8-977c-03142661463a None None] RequestId filter calling following filter/app {{(pid=110431) _context_setter /opt/stack/cinder/cinder/api/middleware/request_id.py:62}}
Mar 08 08:34:12.029287 dv-cinder-832499-1-iscsi devstack@c-api.service[110432]: INFO cinder.api.openstack.wsgi [None req-7b576997-afb3-4303-95d9-5956cc4404d6 tempest-VolumeTypesTest-1772808627 tempest-VolumeTypesTest-1772808627-project] POST http://10.222.0.21/volume/v3/7131a8484ac34a13b43fe04de59d08b5/volumes
Mar 08 08:34:12.032749 dv-cinder-832499-1-iscsi devstack@c-api.service[110432]: DEBUG cinder.api.openstack.wsgi [None req-7b576997-afb3-4303-95d9-5956cc4404d6 tempest-VolumeTypesTest-1772808627 tempest-VolumeTypesTest-1772808627-project] Action: 'create', calling method: create, body: {"volume": {"name": "tempest-VolumeTypesTest-volume-1767952423", "volume_type": "245d7db3-ad55-4b0f-88ed-111e5cfac037", "size": 1}} {{(pid=110432) _process_stack /opt/stack/cinder/cinder/api/openstack/wsgi.py:866}}
Mar 08 08:34:12.032749 dv-cinder-832499-1-iscsi devstack@c-api.service[110432]: DEBUG cinder.api.v3.volumes [None req-7b576997-afb3-4303-95d9-5956cc4404d6 tempest-VolumeTypesTest-1772808627 tempest-VolumeTypesTest-1772808627-project] Create volume request body: {'volume': {'name': 'tempest-VolumeTypesTest-volume-1767952423', 'volume_type': '245d7db3-ad55-4b0f-88ed-111e5cfac037', 'size': 1}} {{(pid=110432) create /opt/stack/cinder/cinder/api/v3/volumes.py:298}}
Mar 08 08:34:12.038368 dv-cinder-832499-1-iscsi devstack@c-api.service[110432]: INFO cinder.api.v3.volumes [None req-7b576997-afb3-4303-95d9-5956cc4404d6 tempest-VolumeTypesTest-1772808627 tempest-VolumeTypesTest-1772808627-project] Create volume of 1 GB
Mar 08 08:34:12.039037 dv-cinder-832499-1-iscsi devstack@c-api.service[110432]: /usr/local/lib/python3.8/dist-packages/oslo_context/context.py:100: DeprecationWarning: Policy enforcement is depending on the value of is_admin. This key is deprecated. Please update your policy file to use the standard policy values.
Mar 08 08:34:12.039037 dv-cinder-832499-1-iscsi devstack@c-api.service[110432]: warnings.warn('Policy enforcement is depending on the value of '
Mar 08 08:34:12.039992 dv-cinder-832499-1-iscsi devstack@c-api.service[110432]: INFO cinder.volume.api [None req-7b576997-afb3-4303-95d9-5956cc4404d6 tempest-VolumeTypesTest-1772808627 tempest-VolumeTypesTest-1772808627-project] Availability Zones retrieved successfully.
Mar 08 08:34:12.056476 dv-cinder-832499-1-iscsi devstack@c-api.service[110432]: DEBUG cinder.volume.api [None req-7b576997-afb3-4303-95d9-5956cc4404d6 tempest-VolumeTypesTest-1772808627 tempest-VolumeTypesTest-1772808627-project] Flow 'volume_create_api' (7bbd5146-f041-4c30-974a-f2bae1f0445b) transitioned into state 'RUNNING' from state 'PENDING' {{(pid=110432) _flow_receiver /usr/local/lib/python3.8/dist-packages/taskflow/listeners/logging.py:141}}
Mar 08 08:34:12.059055 dv-cinder-832499-1-iscsi devstack@c-api.service[110432]: DEBUG cinder.volume.api [None req-7b576997-afb3-4303-95d9-5956cc4404d6 tempest-VolumeTypesTest-1772808627 tempest-VolumeTypesTest-1772808627-project] Task 'cinder.volume.flows.api.create_volume.ExtractVolumeRequestTask;volume:create' (3d2630ed-461b-4e7b-b38b-a3714717d036) transitioned into state 'RUNNING' from state 'PENDING' {{(pid=110432) _task_receiver /usr/local/lib/python3.8/dist-packages/taskflow/listeners/logging.py:190}}
Mar 08 08:34:12.061441 dv-cinder-832499-1-iscsi devstack@c-api.service[110432]: DEBUG cinder.volume.flows.api.create_volume [None req-7b576997-afb3-4303-95d9-5956cc4404d6 tempest-VolumeTypesTest-1772808627 tempest-VolumeTypesTest-1772808627-project] Validating volume size '1' using validate_int {{(pid=110432) _extract_size /opt/stack/cinder/cinder/volume/flows/api/create_volume.py:225}}
Mar 08 08:34:12.086178 dv-cinder-832499-1-iscsi devstack@c-api.service[110432]: DEBUG cinder.volume.api [None req-7b576997-afb3-4303-95d9-5956cc4404d6 tempest-VolumeTypesTest-1772808627 tempest-VolumeTypesTest-1772808627-project] Task 'cinder.volume.flows.api.create_volume.ExtractVolumeRequestTask;volume:create' (3d2630ed-461b-4e7b-b38b-a3714717d036) transitioned into state 'SUCCESS' from state 'RUNNING' with result '{'size': 1, 'snapshot_id': None, 'source_volid': None, 'volume_type': VolumeType(created_at=2022-03-08T08:34:11Z,deleted=False,deleted_at=None,description=None,extra_specs={storage_protocol='iSCSI',vendor_name='Microsoft'},id=245d7db3-ad55-4b0f-88ed-111e5cfac037,is_public=True,name='tempest-VolumeTypesTest-volume-type-1924552227',projects=[],qos_specs=,qos_specs_id=None,updated_at=None), 'volume_type_id': '245d7db3-ad55-4b0f-88ed-111e5cfac037', 'encryption_key_id': None, 'qos_specs': None, 'consistencygroup_id': None, 'cgsnapshot_id': None, 'group_id': None, 'replication_status': 'disabled', 'refresh_az': False, 'backup_id': None, 'multiattach': False, 'availability_zones': ['nova']}' {{(pid=110432) _task_receiver /usr/local/lib/python3.8/dist-packages/taskflow/listeners/logging.py:178}}
Mar 08 08:34:12.088334 dv-cinder-832499-1-iscsi devstack@c-api.service[110432]: DEBUG cinder.volume.api [None req-7b576997-afb3-4303-95d9-5956cc4404d6 tempest-VolumeTypesTest-1772808627 tempest-VolumeTypesTest-1772808627-project] Task 'cinder.volume.flows.api.create_volume.QuotaReserveTask;volume:create' (78243fdc-ab9f-4e74-9b48-3d5a6a6d37c2) transitioned into state 'RUNNING' from state 'PENDING' {{(pid=110432) _task_receiver /usr/local/lib/python3.8/dist-packages/taskflow/listeners/logging.py:190}}
Mar 08 08:34:12.095896 dv-cinder-832499-1-iscsi devstack@c-api.service[110431]: INFO cinder.api.openstack.wsgi [None req-84b63cda-aa05-41e8-977c-03142661463a tempest-VolumeQuotasNegativeTestJSON-1300711121 tempest-VolumeQuotasNegativeTestJSON-1300711121-project] POST http://10.222.0.21/volume/v3/4a803622451c43a198c131fe93eac716/volumes
Mar 08 08:34:12.096798 dv-cinder-832499-1-iscsi devstack@c-api.service[110431]: DEBUG cinder.api.openstack.wsgi [None req-84b63cda-aa05-41e8-977c-03142661463a tempest-VolumeQuotasNegativeTestJSON-1300711121 tempest-VolumeQuotasNegativeTestJSON-1300711121-project] Action: 'create', calling method: create, body: {"volume": {"size": 1, "name": "tempest-VolumeQuotasNegativeTestJSON-Volume-2012213532"}} {{(pid=110431) _process_stack /opt/stack/cinder/cinder/api/openstack/wsgi.py:866}}
Mar 08 08:34:12.102147 dv-cinder-832499-1-iscsi devstack@c-api.service[110431]: DEBUG cinder.api.v3.volumes [None req-84b63cda-aa05-41e8-977c-03142661463a tempest-VolumeQuotasNegativeTestJSON-1300711121 tempest-VolumeQuotasNegativeTestJSON-1300711121-project] Create volume request body: {'volume': {'size': 1, 'name': 'tempest-VolumeQuotasNegativeTestJSON-Volume-2012213532'}} {{(pid=110431) create /opt/stack/cinder/cinder/api/v3/volumes.py:298}}
Mar 08 08:34:12.102147 dv-cinder-832499-1-iscsi devstack@c-api.service[110431]: INFO cinder.api.v3.volumes [None req-84b63cda-aa05-41e8-977c-03142661463a tempest-VolumeQuotasNegativeTestJSON-1300711121 tempest-VolumeQuotasNegativeTestJSON-1300711121-project] Create volume of 1 GB
Mar 08 08:34:12.102147 dv-cinder-832499-1-iscsi devstack@c-api.service[110431]: /usr/local/lib/python3.8/dist-packages/oslo_context/context.py:100: DeprecationWarning: Policy enforcement is depending on the value of is_admin. This key is deprecated. Please update your policy file to use the standard policy values.
Mar 08 08:34:12.102147 dv-cinder-832499-1-iscsi devstack@c-api.service[110431]: warnings.warn('Policy enforcement is depending on the value of '
Mar 08 08:34:12.108979 dv-cinder-832499-1-iscsi devstack@c-api.service[110431]: INFO cinder.volume.api [None req-84b63cda-aa05-41e8-977c-03142661463a tempest-VolumeQuotasNegativeTestJSON-1300711121 tempest-VolumeQuotasNegativeTestJSON-1300711121-project] Availability Zones retrieved successfully.
Mar 08 08:34:12.130769 dv-cinder-832499-1-iscsi devstack@c-api.service[110431]: DEBUG cinder.volume.api [None req-84b63cda-aa05-41e8-977c-03142661463a tempest-VolumeQuotasNegativeTestJSON-1300711121 tempest-VolumeQuotasNegativeTestJSON-1300711121-project] Flow 'volume_create_api' (6c92d401-ebef-42ea-87a1-7aa8bc83f4e1) transitioned into state 'RUNNING' from state 'PENDING' {{(pid=110431) _flow_receiver /usr/local/lib/python3.8/dist-packages/taskflow/listeners/logging.py:141}}
Mar 08 08:34:12.132557 dv-cinder-832499-1-iscsi devstack@c-api.service[110432]: WARNING cinder.quota [None req-7b576997-afb3-4303-95d9-5956cc4404d6 tempest-VolumeTypesTest-1772808627 tempest-VolumeTypesTest-1772808627-project] Deprecated: Default quota for resource: volumes_tempest-VolumeTypesTest-volume-type-1924552227 is set by the default quota flag: quota_volumes_tempest-VolumeTypesTest-volume-type-1924552227, it is now deprecated. Please use the default quota class for default quota.
Mar 08 08:34:12.133381 dv-cinder-832499-1-iscsi devstack@c-api.service[110432]: WARNING cinder.quota [None req-7b576997-afb3-4303-95d9-5956cc4404d6 tempest-VolumeTypesTest-1772808627 tempest-VolumeTypesTest-1772808627-project] Deprecated: Default quota for resource: gigabytes_tempest-VolumeTypesTest-volume-type-1924552227 is set by the default quota flag: quota_gigabytes_tempest-VolumeTypesTest-volume-type-1924552227, it is now deprecated. Please use the default quota class for default quota.
Mar 08 08:34:12.143632 dv-cinder-832499-1-iscsi devstack@c-api.service[110431]: DEBUG cinder.volume.api [None req-84b63cda-aa05-41e8-977c-03142661463a tempest-VolumeQuotasNegativeTestJSON-1300711121 tempest-VolumeQuotasNegativeTestJSON-1300711121-project] Task 'cinder.volume.flows.api.create_volume.ExtractVolumeRequestTask;volume:create' (591e3fa5-0a72-4153-98cc-64a05472a5d4) transitioned into state 'RUNNING' from state 'PENDING' {{(pid=110431) _task_receiver /usr/local/lib/python3.8/dist-packages/taskflow/listeners/logging.py:190}}
Mar 08 08:34:12.147018 dv-cinder-832499-1-iscsi devstack@c-api.service[110431]: DEBUG cinder.volume.flows.api.create_volume [None req-84b63cda-aa05-41e8-977c-03142661463a tempest-VolumeQuotasNegativeTestJSON-1300711121 tempest-VolumeQuotasNegativeTestJSON-1300711121-project] Validating volume size '1' using validate_int {{(pid=110431) _extract_size /opt/stack/cinder/cinder/volume/flows/api/create_volume.py:225}}
Mar 08 08:34:12.186007 dv-cinder-832499-1-iscsi devstack@c-api.service[110431]: DEBUG cinder.volume.api [None req-84b63cda-aa05-41e8-977c-03142661463a tempest-VolumeQuotasNegativeTestJSON-1300711121 tempest-VolumeQuotasNegativeTestJSON-1300711121-project] Task 'cinder.volume.flows.api.create_volume.ExtractVolumeRequestTask;volume:create' (591e3fa5-0a72-4153-98cc-64a05472a5d4) transitioned into state 'SUCCESS' from state 'RUNNING' with result '{'size': 1, 'snapshot_id': None, 'source_volid': None, 'volume_type': VolumeType(created_at=2022-03-08T08:18:45Z,deleted=False,deleted_at=None,description='Default Volume Type',extra_specs={},id=2de2b37d-1914-42a5-b4b8-551a7e4e9c93,is_public=True,name='__DEFAULT__',projects=[],qos_specs=,qos_specs_id=None,updated_at=2022-03-08T08:18:45Z), 'volume_type_id': '2de2b37d-1914-42a5-b4b8-551a7e4e9c93', 'encryption_key_id': None, 'qos_specs': None, 'consistencygroup_id': None, 'cgsnapshot_id': None, 'group_id': None, 'replication_status': 'disabled', 'refresh_az': False, 'backup_id': None, 'multiattach': False, 'availability_zones': ['nova']}' {{(pid=110431) _task_receiver /usr/local/lib/python3.8/dist-packages/taskflow/listeners/logging.py:178}}
Mar 08 08:34:12.188315 dv-cinder-832499-1-iscsi devstack@c-api.service[110431]: DEBUG cinder.volume.api [None req-84b63cda-aa05-41e8-977c-03142661463a tempest-VolumeQuotasNegativeTestJSON-1300711121 tempest-VolumeQuotasNegativeTestJSON-1300711121-project] Task 'cinder.volume.flows.api.create_volume.QuotaReserveTask;volume:create' (6c9ec4d0-41dd-43a6-81fc-83ced30fa968) transitioned into state 'RUNNING' from state 'PENDING' {{(pid=110431) _task_receiver /usr/local/lib/python3.8/dist-packages/taskflow/listeners/logging.py:190}}
Mar 08 08:34:12.309047 dv-cinder-832499-1-iscsi devstack@c-api.service[110432]: DEBUG cinder.quota [None req-7b576997-afb3-4303-95d9-5956cc4404d6 tempest-VolumeTypesTest-1772808627 tempest-VolumeTypesTest-1772808627-project] Created reservations ['d2b41b96-22f9-4cc1-8682-6c6822d41968', '5c49b082-d3a0-41e7-a03a-48d905af9777', 'e1d2b285-66b3-4152-b458-cad3db20eb4e', '63c99f46-8365-496d-9f4c-7dc35f5584fc'] {{(pid=110432) reserve /opt/stack/cinder/cinder/quota.py:755}}
Mar 08 08:34:12.310953 dv-cinder-832499-1-iscsi devstack@c-api.service[110432]: DEBUG cinder.volume.api [None req-7b576997-afb3-4303-95d9-5956cc4404d6 tempest-VolumeTypesTest-1772808627 tempest-VolumeTypesTest-1772808627-project] Task 'cinder.volume.flows.api.create_volume.QuotaReserveTask;volume:create' (78243fdc-ab9f-4e74-9b48-3d5a6a6d37c2) transitioned into state 'SUCCESS' from state 'RUNNING' with result '{'reservations': ['d2b41b96-22f9-4cc1-8682-6c6822d41968', '5c49b082-d3a0-41e7-a03a-48d905af9777', 'e1d2b285-66b3-4152-b458-cad3db20eb4e', '63c99f46-8365-496d-9f4c-7dc35f5584fc']}' {{(pid=110432) _task_receiver /usr/local/lib/python3.8/dist-packages/taskflow/listeners/logging.py:178}}
Mar 08 08:34:12.312941 dv-cinder-832499-1-iscsi devstack@c-api.service[110432]: DEBUG cinder.volume.api [None req-7b576997-afb3-4303-95d9-5956cc4404d6 tempest-VolumeTypesTest-1772808627 tempest-VolumeTypesTest-1772808627-project] Task 'cinder.volume.flows.api.create_volume.EntryCreateTask;volume:create' (4835ed22-a33c-4206-8a13-78a7e03f4d58) transitioned into state 'RUNNING' from state 'PENDING' {{(pid=110432) _task_receiver /usr/local/lib/python3.8/dist-packages/taskflow/listeners/logging.py:190}}
Mar 08 08:34:12.466144 dv-cinder-832499-1-iscsi devstack@c-api.service[110431]: DEBUG cinder.quota [None req-84b63cda-aa05-41e8-977c-03142661463a tempest-VolumeQuotasNegativeTestJSON-1300711121 tempest-VolumeQuotasNegativeTestJSON-1300711121-project] Created reservations ['57ea5b80-94f9-4a56-8799-d72bcf222b95', 'd37d1bb7-63b8-451a-b154-cb5d182dbc11', '011a33b6-b792-4788-a283-63dacae84264', '7e4f6793-524d-4e57-bc22-6008cd2afcbc'] {{(pid=110431) reserve /opt/stack/cinder/cinder/quota.py:755}}
Mar 08 08:34:12.468019 dv-cinder-832499-1-iscsi devstack@c-api.service[110431]: DEBUG cinder.volume.api [None req-84b63cda-aa05-41e8-977c-03142661463a tempest-VolumeQuotasNegativeTestJSON-1300711121 tempest-VolumeQuotasNegativeTestJSON-1300711121-project] Task 'cinder.volume.flows.api.create_volume.QuotaReserveTask;volume:create' (6c9ec4d0-41dd-43a6-81fc-83ced30fa968) transitioned into state 'SUCCESS' from state 'RUNNING' with result '{'reservations': ['57ea5b80-94f9-4a56-8799-d72bcf222b95', 'd37d1bb7-63b8-451a-b154-cb5d182dbc11', '011a33b6-b792-4788-a283-63dacae84264', '7e4f6793-524d-4e57-bc22-6008cd2afcbc']}' {{(pid=110431) _task_receiver /usr/local/lib/python3.8/dist-packages/taskflow/listeners/logging.py:178}}
Mar 08 08:34:12.470059 dv-cinder-832499-1-iscsi devstack@c-api.service[110431]: DEBUG cinder.volume.api [None req-84b63cda-aa05-41e8-977c-03142661463a tempest-VolumeQuotasNegativeTestJSON-1300711121 tempest-VolumeQuotasNegativeTestJSON-1300711121-project] Task 'cinder.volume.flows.api.create_volume.EntryCreateTask;volume:create' (8dea16de-d0ba-4d42-a9fe-a39eebf893b7) transitioned into state 'RUNNING' from state 'PENDING' {{(pid=110431) _task_receiver /usr/local/lib/python3.8/dist-packages/taskflow/listeners/logging.py:190}}
Mar 08 08:34:12.535674 dv-cinder-832499-1-iscsi devstack@c-api.service[110432]: DEBUG cinder.volume.api [None req-7b576997-afb3-4303-95d9-5956cc4404d6 tempest-VolumeTypesTest-1772808627 tempest-VolumeTypesTest-1772808627-project] Task 'cinder.volume.flows.api.create_volume.EntryCreateTask;volume:create' (4835ed22-a33c-4206-8a13-78a7e03f4d58) transitioned into state 'SUCCESS' from state 'RUNNING' with result '{'volume_id': '4da26219-f064-4898-a95c-4fd0dff13c8f', 'volume_properties': VolumeProperties(attach_status='detached',availability_zone='nova',cgsnapshot_id=None,consistencygroup_id=None,display_description=None,display_name='tempest-VolumeTypesTest-volume-1767952423',encryption_key_id=None,group_id=None,group_type_id=,metadata={},multiattach=False,project_id='7131a8484ac34a13b43fe04de59d08b5',qos_specs=None,replication_status=,reservations=['d2b41b96-22f9-4cc1-8682-6c6822d41968','5c49b082-d3a0-41e7-a03a-48d905af9777','e1d2b285-66b3-4152-b458-cad3db20eb4e','63c99f46-8365-496d-9f4c-7dc35f5584fc'],size=1,snapshot_id=None,source_replicaid=,source_volid=None,status='creating',user_id='e559e93e80f543b3bfc816f1c863b0f2',volume_type_id=245d7db3-ad55-4b0f-88ed-111e5cfac037), 'volume': Volume(_name_id=None,admin_metadata=,attach_status='detached',availability_zone='nova',bootable=False,cluster=,cluster_name=None,consistencygroup=,consistencygroup_id=None,created_at=2022-03-08T08:34:12Z,deleted=False,deleted_at=None,display_description=None,display_name='tempest-VolumeTypesTest-volume-1767952423',ec2_id=None,encryption_key_id=None,glance_metadata=,group=,group_id=None,host=None,id=4da26219-f064-4898-a95c-4fd0dff13c8f,launched_at=None,metadata={},migration_status=None,multiattach=False,previous_status=None,project_id='7131a8484ac34a13b43fe04de59d08b5',provider_auth=None,provider_geometry=None,provider_id=None,provider_location=None,replication_driver_data=None,replication_extended_status=None,replication_status=None,scheduled_at=None,service_uuid=None,shared_targets=True,size=1,snapshot_id=None,snapshots=,source_volid=None,status='creating',terminated_at=None,updated_at=None,use_quota=True,user_id='e559e93e80f543b3bfc816f1c863b0f2',volume_attachment=VolumeAttachmentList,volume_type=VolumeType(245d7db3-ad55-4b0f-88ed-111e5cfac037),volume_type_id=245d7db3-ad55-4b0f-88ed-111e5cfac037)}' {{(pid=110432) _task_receiver /usr/local/lib/python3.8/dist-packages/taskflow/listeners/logging.py:178}}
Mar 08 08:34:12.541411 dv-cinder-832499-1-iscsi devstack@c-api.service[110432]: DEBUG cinder.volume.api [None req-7b576997-afb3-4303-95d9-5956cc4404d6 tempest-VolumeTypesTest-1772808627 tempest-VolumeTypesTest-1772808627-project] Task 'cinder.volume.flows.api.create_volume.QuotaCommitTask;volume:create' (b757636b-0864-47f5-8bf9-68e300686b75) transitioned into state 'RUNNING' from state 'PENDING' {{(pid=110432) _task_receiver /usr/local/lib/python3.8/dist-packages/taskflow/listeners/logging.py:190}}
Mar 08 08:34:12.575379 dv-cinder-832499-1-iscsi devstack@c-api.service[110431]: DEBUG cinder.volume.api [None req-84b63cda-aa05-41e8-977c-03142661463a tempest-VolumeQuotasNegativeTestJSON-1300711121 tempest-VolumeQuotasNegativeTestJSON-1300711121-project] Task 'cinder.volume.flows.api.create_volume.EntryCreateTask;volume:create' (8dea16de-d0ba-4d42-a9fe-a39eebf893b7) transitioned into state 'SUCCESS' from state 'RUNNING' with result '{'volume_id': '8edc379c-8483-4f7f-b870-8cb422f27f67', 'volume_properties': VolumeProperties(attach_status='detached',availability_zone='nova',cgsnapshot_id=None,consistencygroup_id=None,display_description=None,display_name='tempest-VolumeQuotasNegativeTestJSON-Volume-2012213532',encryption_key_id=None,group_id=None,group_type_id=,metadata={},multiattach=False,project_id='4a803622451c43a198c131fe93eac716',qos_specs=None,replication_status=,reservations=['57ea5b80-94f9-4a56-8799-d72bcf222b95','d37d1bb7-63b8-451a-b154-cb5d182dbc11','011a33b6-b792-4788-a283-63dacae84264','7e4f6793-524d-4e57-bc22-6008cd2afcbc'],size=1,snapshot_id=None,source_replicaid=,source_volid=None,status='creating',user_id='5c5d9c0485ce4ed786c5800e6a126cca',volume_type_id=2de2b37d-1914-42a5-b4b8-551a7e4e9c93), 'volume': Volume(_name_id=None,admin_metadata=,attach_status='detached',availability_zone='nova',bootable=False,cluster=,cluster_name=None,consistencygroup=,consistencygroup_id=None,created_at=2022-03-08T08:34:12Z,deleted=False,deleted_at=None,display_description=None,display_name='tempest-VolumeQuotasNegativeTestJSON-Volume-2012213532',ec2_id=None,encryption_key_id=None,glance_metadata=,group=,group_id=None,host=None,id=8edc379c-8483-4f7f-b870-8cb422f27f67,launched_at=None,metadata={},migration_status=None,multiattach=False,previous_status=None,project_id='4a803622451c43a198c131fe93eac716',provider_auth=None,provider_geometry=None,provider_id=None,provider_location=None,replication_driver_data=None,replication_extended_status=None,replication_status=None,scheduled_at=None,service_uuid=None,shared_targets=True,size=1,snapshot_id=None,snapshots=,source_volid=None,status='creating',terminated_at=None,updated_at=None,use_quota=True,user_id='5c5d9c0485ce4ed786c5800e6a126cca',volume_attachment=VolumeAttachmentList,volume_type=VolumeType(2de2b37d-1914-42a5-b4b8-551a7e4e9c93),volume_type_id=2de2b37d-1914-42a5-b4b8-551a7e4e9c93)}' {{(pid=110431) _task_receiver /usr/local/lib/python3.8/dist-packages/taskflow/listeners/logging.py:178}}
Mar 08 08:34:12.577203 dv-cinder-832499-1-iscsi devstack@c-api.service[110431]: DEBUG cinder.volume.api [None req-84b63cda-aa05-41e8-977c-03142661463a tempest-VolumeQuotasNegativeTestJSON-1300711121 tempest-VolumeQuotasNegativeTestJSON-1300711121-project] Task 'cinder.volume.flows.api.create_volume.QuotaCommitTask;volume:create' (2f6fbbab-edba-4fee-a9ac-86eb703c0aa8) transitioned into state 'RUNNING' from state 'PENDING' {{(pid=110431) _task_receiver /usr/local/lib/python3.8/dist-packages/taskflow/listeners/logging.py:190}}
Mar 08 08:34:12.661885 dv-cinder-832499-1-iscsi devstack@c-api.service[110432]: DEBUG cinder.volume.api [None req-7b576997-afb3-4303-95d9-5956cc4404d6 tempest-VolumeTypesTest-1772808627 tempest-VolumeTypesTest-1772808627-project] Task 'cinder.volume.flows.api.create_volume.QuotaCommitTask;volume:create' (b757636b-0864-47f5-8bf9-68e300686b75) transitioned into state 'SUCCESS' from state 'RUNNING' with result '{'volume_properties': VolumeProperties(attach_status='detached',availability_zone='nova',cgsnapshot_id=None,consistencygroup_id=None,display_description=None,display_name='tempest-VolumeTypesTest-volume-1767952423',encryption_key_id=None,group_id=None,group_type_id=,metadata={},multiattach=False,project_id='7131a8484ac34a13b43fe04de59d08b5',qos_specs=None,replication_status=,reservations=['d2b41b96-22f9-4cc1-8682-6c6822d41968','5c49b082-d3a0-41e7-a03a-48d905af9777','e1d2b285-66b3-4152-b458-cad3db20eb4e','63c99f46-8365-496d-9f4c-7dc35f5584fc'],size=1,snapshot_id=None,source_replicaid=,source_volid=None,status='creating',user_id='e559e93e80f543b3bfc816f1c863b0f2',volume_type_id=245d7db3-ad55-4b0f-88ed-111e5cfac037)}' {{(pid=110432) _task_receiver /usr/local/lib/python3.8/dist-packages/taskflow/listeners/logging.py:178}}
Mar 08 08:34:12.665624 dv-cinder-832499-1-iscsi devstack@c-api.service[110432]: DEBUG cinder.volume.api [None req-7b576997-afb3-4303-95d9-5956cc4404d6 tempest-VolumeTypesTest-1772808627 tempest-VolumeTypesTest-1772808627-project] Task 'cinder.volume.flows.api.create_volume.VolumeCastTask;volume:create' (edb400ce-0547-4f94-83f5-fc1962b9221c) transitioned into state 'RUNNING' from state 'PENDING' {{(pid=110432) _task_receiver /usr/local/lib/python3.8/dist-packages/taskflow/listeners/logging.py:190}}
Mar 08 08:34:12.741816 dv-cinder-832499-1-iscsi devstack@c-api.service[110431]: DEBUG cinder.volume.api [None req-84b63cda-aa05-41e8-977c-03142661463a tempest-VolumeQuotasNegativeTestJSON-1300711121 tempest-VolumeQuotasNegativeTestJSON-1300711121-project] Task 'cinder.volume.flows.api.create_volume.QuotaCommitTask;volume:create' (2f6fbbab-edba-4fee-a9ac-86eb703c0aa8) transitioned into state 'SUCCESS' from state 'RUNNING' with result '{'volume_properties': VolumeProperties(attach_status='detached',availability_zone='nova',cgsnapshot_id=None,consistencygroup_id=None,display_description=None,display_name='tempest-VolumeQuotasNegativeTestJSON-Volume-2012213532',encryption_key_id=None,group_id=None,group_type_id=,metadata={},multiattach=False,project_id='4a803622451c43a198c131fe93eac716',qos_specs=None,replication_status=,reservations=['57ea5b80-94f9-4a56-8799-d72bcf222b95','d37d1bb7-63b8-451a-b154-cb5d182dbc11','011a33b6-b792-4788-a283-63dacae84264','7e4f6793-524d-4e57-bc22-6008cd2afcbc'],size=1,snapshot_id=None,source_replicaid=,source_volid=None,status='creating',user_id='5c5d9c0485ce4ed786c5800e6a126cca',volume_type_id=2de2b37d-1914-42a5-b4b8-551a7e4e9c93)}' {{(pid=110431) _task_receiver /usr/local/lib/python3.8/dist-packages/taskflow/listeners/logging.py:178}}
Mar 08 08:34:12.743413 dv-cinder-832499-1-iscsi devstack@c-api.service[110431]: DEBUG cinder.volume.api [None req-84b63cda-aa05-41e8-977c-03142661463a tempest-VolumeQuotasNegativeTestJSON-1300711121 tempest-VolumeQuotasNegativeTestJSON-1300711121-project] Task 'cinder.volume.flows.api.create_volume.VolumeCastTask;volume:create' (5cf7be53-e20c-484f-b47f-c5bba7246306) transitioned into state 'RUNNING' from state 'PENDING' {{(pid=110431) _task_receiver /usr/local/lib/python3.8/dist-packages/taskflow/listeners/logging.py:190}}
Mar 08 08:34:12.770732 dv-cinder-832499-1-iscsi devstack@c-api.service[110432]: DEBUG cinder.volume.api [None req-7b576997-afb3-4303-95d9-5956cc4404d6 tempest-VolumeTypesTest-1772808627 tempest-VolumeTypesTest-1772808627-project] Task 'cinder.volume.flows.api.create_volume.VolumeCastTask;volume:create' (edb400ce-0547-4f94-83f5-fc1962b9221c) transitioned into state 'SUCCESS' from state 'RUNNING' with result 'None' {{(pid=110432) _task_receiver /usr/local/lib/python3.8/dist-packages/taskflow/listeners/logging.py:178}}
Mar 08 08:34:12.773422 dv-cinder-832499-1-iscsi devstack@c-api.service[110432]: DEBUG cinder.volume.api [None req-7b576997-afb3-4303-95d9-5956cc4404d6 tempest-VolumeTypesTest-1772808627 tempest-VolumeTypesTest-1772808627-project] Flow 'volume_create_api' (7bbd5146-f041-4c30-974a-f2bae1f0445b) transitioned into state 'SUCCESS' from state 'RUNNING' {{(pid=110432) _flow_receiver /usr/local/lib/python3.8/dist-packages/taskflow/listeners/logging.py:141}}
Mar 08 08:34:12.774155 dv-cinder-832499-1-iscsi devstack@c-api.service[110432]: INFO cinder.volume.api [None req-7b576997-afb3-4303-95d9-5956cc4404d6 tempest-VolumeTypesTest-1772808627 tempest-VolumeTypesTest-1772808627-project] Create volume request issued successfully.
Mar 08 08:34:12.775997 dv-cinder-832499-1-iscsi devstack@c-api.service[110432]: INFO cinder.api.openstack.wsgi [None req-7b576997-afb3-4303-95d9-5956cc4404d6 tempest-VolumeTypesTest-1772808627 tempest-VolumeTypesTest-1772808627-project] http://10.222.0.21/volume/v3/7131a8484ac34a13b43fe04de59d08b5/volumes returned with HTTP 202
Mar 08 08:34:12.777474 dv-cinder-832499-1-iscsi devstack@c-api.service[110432]: [pid: 110432|app: 0|req: 94/178] 10.222.0.21 () {60 vars in 1235 bytes} [Tue Mar 8 08:34:11 2022] POST /volume/v3/7131a8484ac34a13b43fe04de59d08b5/volumes => generated 850 bytes in 983 msecs (HTTP/1.1 202) 7 headers in 291 bytes (1 switches on core 0)
Mar 08 08:34:12.779455 dv-cinder-832499-1-iscsi devstack@c-api.service[110432]: DEBUG cinder.api.middleware.request_id [None req-adc61558-848c-4ffa-bb99-dcce2d4ccebb None None] RequestId filter calling following filter/app {{(pid=110432) _context_setter /opt/stack/cinder/cinder/api/middleware/request_id.py:62}}
Mar 08 08:34:12.783701 dv-cinder-832499-1-iscsi devstack@c-api.service[110432]: INFO cinder.api.openstack.wsgi [None req-adc61558-848c-4ffa-bb99-dcce2d4ccebb tempest-GroupsV320Test-1530146980 tempest-GroupsV320Test-1530146980-project-admin] POST http://10.222.0.21/volume/v3/3363b1109d6a455faa402e3ab60a647e/groups/0cffdf3a-5213-494b-a1a7-4ad57a6a9675/action
Mar 08 08:34:12.785246 dv-cinder-832499-1-iscsi devstack@c-api.service[110432]: DEBUG cinder.api.openstack.wsgi [None req-adc61558-848c-4ffa-bb99-dcce2d4ccebb tempest-GroupsV320Test-1530146980 tempest-GroupsV320Test-1530146980-project-admin] Action body: b'{"reset_status": {"status": "available"}}' {{(pid=110432) get_method /opt/stack/cinder/cinder/api/openstack/wsgi.py:983}}
Mar 08 08:34:12.785998 dv-cinder-832499-1-iscsi devstack@c-api.service[110432]: DEBUG cinder.api.openstack.wsgi [None req-adc61558-848c-4ffa-bb99-dcce2d4ccebb tempest-GroupsV320Test-1530146980 tempest-GroupsV320Test-1530146980-project-admin] Action: 'action', calling method: version_select, body: {"reset_status": {"status": "available"}} {{(pid=110432) _process_stack /opt/stack/cinder/cinder/api/openstack/wsgi.py:866}}
Mar 08 08:34:12.787395 dv-cinder-832499-1-iscsi devstack@c-api.service[110432]: DEBUG cinder.api.v3.groups [None req-adc61558-848c-4ffa-bb99-dcce2d4ccebb tempest-GroupsV320Test-1530146980 tempest-GroupsV320Test-1530146980-project-admin] Updating group '0cffdf3a-5213-494b-a1a7-4ad57a6a9675' with 'available' {{(pid=110432) _reset_status /opt/stack/cinder/cinder/api/v3/groups.py:82}}
Mar 08 08:34:12.807376 dv-cinder-832499-1-iscsi devstack@c-api.service[110432]: /usr/local/lib/python3.8/dist-packages/oslo_context/context.py:100: DeprecationWarning: Policy enforcement is depending on the value of is_admin. This key is deprecated. Please update your policy file to use the standard policy values.
Mar 08 08:34:12.807376 dv-cinder-832499-1-iscsi devstack@c-api.service[110432]: warnings.warn('Policy enforcement is depending on the value of '
Mar 08 08:34:12.863720 dv-cinder-832499-1-iscsi devstack@c-api.service[110431]: DEBUG cinder.volume.api [None req-84b63cda-aa05-41e8-977c-03142661463a tempest-VolumeQuotasNegativeTestJSON-1300711121 tempest-VolumeQuotasNegativeTestJSON-1300711121-project] Task 'cinder.volume.flows.api.create_volume.VolumeCastTask;volume:create' (5cf7be53-e20c-484f-b47f-c5bba7246306) transitioned into state 'SUCCESS' from state 'RUNNING' with result 'None' {{(pid=110431) _task_receiver /usr/local/lib/python3.8/dist-packages/taskflow/listeners/logging.py:178}}
Mar 08 08:34:12.866597 dv-cinder-832499-1-iscsi devstack@c-api.service[110431]: DEBUG cinder.volume.api [None req-84b63cda-aa05-41e8-977c-03142661463a tempest-VolumeQuotasNegativeTestJSON-1300711121 tempest-VolumeQuotasNegativeTestJSON-1300711121-project] Flow 'volume_create_api' (6c92d401-ebef-42ea-87a1-7aa8bc83f4e1) transitioned into state 'SUCCESS' from state 'RUNNING' {{(pid=110431) _flow_receiver /usr/local/lib/python3.8/dist-packages/taskflow/listeners/logging.py:141}}
Mar 08 08:34:12.867688 dv-cinder-832499-1-iscsi devstack@c-api.service[110431]: INFO cinder.volume.api [None req-84b63cda-aa05-41e8-977c-03142661463a tempest-VolumeQuotasNegativeTestJSON-1300711121 tempest-VolumeQuotasNegativeTestJSON-1300711121-project] Create volume request issued successfully.
Mar 08 08:34:12.870854 dv-cinder-832499-1-iscsi devstack@c-api.service[110431]: INFO cinder.api.openstack.wsgi [None req-84b63cda-aa05-41e8-977c-03142661463a tempest-VolumeQuotasNegativeTestJSON-1300711121 tempest-VolumeQuotasNegativeTestJSON-1300711121-project] http://10.222.0.21/volume/v3/4a803622451c43a198c131fe93eac716/volumes returned with HTTP 202
Mar 08 08:34:12.872085 dv-cinder-832499-1-iscsi devstack@c-api.service[110431]: [pid: 110431|app: 0|req: 85/179] 10.222.0.21 () {60 vars in 1234 bytes} [Tue Mar 8 08:34:11 2022] POST /volume/v3/4a803622451c43a198c131fe93eac716/volumes => generated 828 bytes in 877 msecs (HTTP/1.1 202) 7 headers in 291 bytes (1 switches on core 0)
Mar 08 08:34:12.877898 dv-cinder-832499-1-iscsi devstack@c-api.service[110432]: INFO cinder.api.openstack.wsgi [None req-adc61558-848c-4ffa-bb99-dcce2d4ccebb tempest-GroupsV320Test-1530146980 tempest-GroupsV320Test-1530146980-project-admin] http://10.222.0.21/volume/v3/3363b1109d6a455faa402e3ab60a647e/groups/0cffdf3a-5213-494b-a1a7-4ad57a6a9675/action returned with HTTP 202
Mar 08 08:34:12.879202 dv-cinder-832499-1-iscsi devstack@c-api.service[110432]: [pid: 110432|app: 0|req: 95/180] 10.222.0.21 () {62 vars in 1404 bytes} [Tue Mar 8 08:34:12 2022] POST /volume/v3/3363b1109d6a455faa402e3ab60a647e/groups/0cffdf3a-5213-494b-a1a7-4ad57a6a9675/action => generated 0 bytes in 101 msecs (HTTP/1.1 202) 6 headers in 234 bytes (1 switches on core 0)
Mar 08 08:34:12.880724 dv-cinder-832499-1-iscsi devstack@c-api.service[110432]: DEBUG cinder.api.middleware.request_id [None req-62c2ff90-20e0-45d4-8ba3-bc1b8190a478 None None] RequestId filter calling following filter/app {{(pid=110432) _context_setter /opt/stack/cinder/cinder/api/middleware/request_id.py:62}}
Mar 08 08:34:12.885816 dv-cinder-832499-1-iscsi devstack@c-api.service[110432]: INFO cinder.api.openstack.wsgi [None req-62c2ff90-20e0-45d4-8ba3-bc1b8190a478 tempest-DeleteServersTestJSON-84048956 tempest-DeleteServersTestJSON-84048956-project] GET http://10.222.0.21/volume/v3/05c4d85d320149aeb3fee40fc536eb90/volumes/ba5224f9-fd3e-4545-8812-c9f68f20af72
Mar 08 08:34:12.886299 dv-cinder-832499-1-iscsi devstack@c-api.service[110432]: DEBUG cinder.api.openstack.wsgi [None req-62c2ff90-20e0-45d4-8ba3-bc1b8190a478 tempest-DeleteServersTestJSON-84048956 tempest-DeleteServersTestJSON-84048956-project] Empty body provided in request {{(pid=110432) get_body /opt/stack/cinder/cinder/api/openstack/wsgi.py:715}}
Mar 08 08:34:12.886914 dv-cinder-832499-1-iscsi devstack@c-api.service[110432]: DEBUG cinder.api.openstack.wsgi [None req-62c2ff90-20e0-45d4-8ba3-bc1b8190a478 tempest-DeleteServersTestJSON-84048956 tempest-DeleteServersTestJSON-84048956-project] Calling method 'show' {{(pid=110432) _process_stack /opt/stack/cinder/cinder/api/openstack/wsgi.py:868}}
Mar 08 08:34:12.887817 dv-cinder-832499-1-iscsi devstack@c-api.service[110431]: DEBUG cinder.api.middleware.request_id [None req-639261a3-067b-4155-aaf3-6c0f9dbdeba3 None None] RequestId filter calling following filter/app {{(pid=110431) _context_setter /opt/stack/cinder/cinder/api/middleware/request_id.py:62}}
Mar 08 08:34:12.894613 dv-cinder-832499-1-iscsi devstack@c-api.service[110431]: INFO cinder.api.openstack.wsgi [None req-639261a3-067b-4155-aaf3-6c0f9dbdeba3 tempest-VolumeTypesTest-1772808627 tempest-VolumeTypesTest-1772808627-project] GET http://10.222.0.21/volume/v3/7131a8484ac34a13b43fe04de59d08b5/volumes/4da26219-f064-4898-a95c-4fd0dff13c8f
Mar 08 08:34:12.894613 dv-cinder-832499-1-iscsi devstack@c-api.service[110431]: DEBUG cinder.api.openstack.wsgi [None req-639261a3-067b-4155-aaf3-6c0f9dbdeba3 tempest-VolumeTypesTest-1772808627 tempest-VolumeTypesTest-1772808627-project] Empty body provided in request {{(pid=110431) get_body /opt/stack/cinder/cinder/api/openstack/wsgi.py:715}}
Mar 08 08:34:12.894613 dv-cinder-832499-1-iscsi devstack@c-api.service[110431]: DEBUG cinder.api.openstack.wsgi [None req-639261a3-067b-4155-aaf3-6c0f9dbdeba3 tempest-VolumeTypesTest-1772808627 tempest-VolumeTypesTest-1772808627-project] Calling method 'show' {{(pid=110431) _process_stack /opt/stack/cinder/cinder/api/openstack/wsgi.py:868}}
Mar 08 08:34:12.910580 dv-cinder-832499-1-iscsi devstack@c-api.service[110431]: /usr/local/lib/python3.8/dist-packages/oslo_context/context.py:100: DeprecationWarning: Policy enforcement is depending on the value of is_admin. This key is deprecated. Please update your policy file to use the standard policy values.
Mar 08 08:34:12.910580 dv-cinder-832499-1-iscsi devstack@c-api.service[110431]: warnings.warn('Policy enforcement is depending on the value of '
Mar 08 08:34:12.915137 dv-cinder-832499-1-iscsi devstack@c-api.service[110432]: /usr/local/lib/python3.8/dist-packages/oslo_context/context.py:100: DeprecationWarning: Policy enforcement is depending on the value of is_admin. This key is deprecated. Please update your policy file to use the standard policy values.
Mar 08 08:34:12.915137 dv-cinder-832499-1-iscsi devstack@c-api.service[110432]: warnings.warn('Policy enforcement is depending on the value of '
Mar 08 08:34:12.920389 dv-cinder-832499-1-iscsi devstack@c-api.service[110431]: INFO cinder.volume.api [None req-639261a3-067b-4155-aaf3-6c0f9dbdeba3 tempest-VolumeTypesTest-1772808627 tempest-VolumeTypesTest-1772808627-project] Volume info retrieved successfully.
Mar 08 08:34:12.933647 dv-cinder-832499-1-iscsi devstack@c-api.service[110431]: INFO cinder.api.openstack.wsgi [None req-639261a3-067b-4155-aaf3-6c0f9dbdeba3 tempest-VolumeTypesTest-1772808627 tempest-VolumeTypesTest-1772808627-project] http://10.222.0.21/volume/v3/7131a8484ac34a13b43fe04de59d08b5/volumes/4da26219-f064-4898-a95c-4fd0dff13c8f returned with HTTP 200
Mar 08 08:34:12.934072 dv-cinder-832499-1-iscsi devstack@c-api.service[110432]: INFO cinder.volume.api [None req-62c2ff90-20e0-45d4-8ba3-bc1b8190a478 tempest-DeleteServersTestJSON-84048956 tempest-DeleteServersTestJSON-84048956-project] Volume info retrieved successfully.
Mar 08 08:34:12.935152 dv-cinder-832499-1-iscsi devstack@c-api.service[110431]: [pid: 110431|app: 0|req: 86/181] 10.222.0.21 () {58 vars in 1324 bytes} [Tue Mar 8 08:34:12 2022] GET /volume/v3/7131a8484ac34a13b43fe04de59d08b5/volumes/4da26219-f064-4898-a95c-4fd0dff13c8f => generated 918 bytes in 62 msecs (HTTP/1.1 200) 7 headers in 285 bytes (1 switches on core 0)
Mar 08 08:34:12.936847 dv-cinder-832499-1-iscsi devstack@c-api.service[110431]: DEBUG cinder.api.middleware.request_id [None req-b3fac1c6-6eb8-480c-afce-9e7849a9ad6e None None] RequestId filter calling following filter/app {{(pid=110431) _context_setter /opt/stack/cinder/cinder/api/middleware/request_id.py:62}}
Mar 08 08:34:12.948523 dv-cinder-832499-1-iscsi devstack@c-api.service[110432]: INFO cinder.api.openstack.wsgi [None req-62c2ff90-20e0-45d4-8ba3-bc1b8190a478 tempest-DeleteServersTestJSON-84048956 tempest-DeleteServersTestJSON-84048956-project] http://10.222.0.21/volume/v3/05c4d85d320149aeb3fee40fc536eb90/volumes/ba5224f9-fd3e-4545-8812-c9f68f20af72 returned with HTTP 200
Mar 08 08:34:12.949816 dv-cinder-832499-1-iscsi devstack@c-api.service[110431]: INFO cinder.api.openstack.wsgi [None req-b3fac1c6-6eb8-480c-afce-9e7849a9ad6e tempest-GroupsV320Test-484382718 tempest-GroupsV320Test-484382718-project] GET http://10.222.0.21/volume/v3/26e8d2f954b0468e90eb656ec4450d90/groups/0cffdf3a-5213-494b-a1a7-4ad57a6a9675
Mar 08 08:34:12.950367 dv-cinder-832499-1-iscsi devstack@c-api.service[110431]: DEBUG cinder.api.openstack.wsgi [None req-b3fac1c6-6eb8-480c-afce-9e7849a9ad6e tempest-GroupsV320Test-484382718 tempest-GroupsV320Test-484382718-project] Empty body provided in request {{(pid=110431) get_body /opt/stack/cinder/cinder/api/openstack/wsgi.py:715}}
Mar 08 08:34:12.950965 dv-cinder-832499-1-iscsi devstack@c-api.service[110431]: DEBUG cinder.api.openstack.wsgi [None req-b3fac1c6-6eb8-480c-afce-9e7849a9ad6e tempest-GroupsV320Test-484382718 tempest-GroupsV320Test-484382718-project] Calling method 'version_select' {{(pid=110431) _process_stack /opt/stack/cinder/cinder/api/openstack/wsgi.py:868}}
Mar 08 08:34:12.951315 dv-cinder-832499-1-iscsi devstack@c-api.service[110431]: DEBUG cinder.api.v3.groups [None req-b3fac1c6-6eb8-480c-afce-9e7849a9ad6e tempest-GroupsV320Test-484382718 tempest-GroupsV320Test-484382718-project] show called for member 0cffdf3a-5213-494b-a1a7-4ad57a6a9675 {{(pid=110431) show /opt/stack/cinder/cinder/api/v3/groups.py:58}}
Mar 08 08:34:12.957714 dv-cinder-832499-1-iscsi devstack@c-api.service[110432]: [pid: 110432|app: 0|req: 96/182] 10.222.0.21 () {58 vars in 1324 bytes} [Tue Mar 8 08:34:12 2022] GET /volume/v3/05c4d85d320149aeb3fee40fc536eb90/volumes/ba5224f9-fd3e-4545-8812-c9f68f20af72 => generated 913 bytes in 72 msecs (HTTP/1.1 200) 7 headers in 285 bytes (1 switches on core 0)
Mar 08 08:34:12.958509 dv-cinder-832499-1-iscsi devstack@c-api.service[110431]: /usr/local/lib/python3.8/dist-packages/oslo_context/context.py:100: DeprecationWarning: Policy enforcement is depending on the value of is_admin. This key is deprecated. Please update your policy file to use the standard policy values.
Mar 08 08:34:12.958509 dv-cinder-832499-1-iscsi devstack@c-api.service[110431]: warnings.warn('Policy enforcement is depending on the value of '
Mar 08 08:34:12.963659 dv-cinder-832499-1-iscsi devstack@c-api.service[110432]: DEBUG cinder.api.middleware.request_id [None req-63712b18-9955-42db-b787-55a27384e23b None None] RequestId filter calling following filter/app {{(pid=110432) _context_setter /opt/stack/cinder/cinder/api/middleware/request_id.py:62}}
Mar 08 08:34:12.973778 dv-cinder-832499-1-iscsi devstack@c-api.service[110431]: INFO cinder.api.openstack.wsgi [None req-b3fac1c6-6eb8-480c-afce-9e7849a9ad6e tempest-GroupsV320Test-484382718 tempest-GroupsV320Test-484382718-project] http://10.222.0.21/volume/v3/26e8d2f954b0468e90eb656ec4450d90/groups/0cffdf3a-5213-494b-a1a7-4ad57a6a9675 returned with HTTP 200
Mar 08 08:34:12.976122 dv-cinder-832499-1-iscsi devstack@c-api.service[110432]: INFO cinder.api.openstack.wsgi [None req-63712b18-9955-42db-b787-55a27384e23b tempest-VolumeQuotasNegativeTestJSON-1300711121 tempest-VolumeQuotasNegativeTestJSON-1300711121-project] GET http://10.222.0.21/volume/v3/4a803622451c43a198c131fe93eac716/volumes/8edc379c-8483-4f7f-b870-8cb422f27f67
Mar 08 08:34:12.977659 dv-cinder-832499-1-iscsi devstack@c-api.service[110432]: DEBUG cinder.api.openstack.wsgi [None req-63712b18-9955-42db-b787-55a27384e23b tempest-VolumeQuotasNegativeTestJSON-1300711121 tempest-VolumeQuotasNegativeTestJSON-1300711121-project] Empty body provided in request {{(pid=110432) get_body /opt/stack/cinder/cinder/api/openstack/wsgi.py:715}}
Mar 08 08:34:12.978234 dv-cinder-832499-1-iscsi devstack@c-api.service[110432]: DEBUG cinder.api.openstack.wsgi [None req-63712b18-9955-42db-b787-55a27384e23b tempest-VolumeQuotasNegativeTestJSON-1300711121 tempest-VolumeQuotasNegativeTestJSON-1300711121-project] Calling method 'show' {{(pid=110432) _process_stack /opt/stack/cinder/cinder/api/openstack/wsgi.py:868}}
Mar 08 08:34:12.981457 dv-cinder-832499-1-iscsi devstack@c-api.service[110431]: [pid: 110431|app: 0|req: 87/183] 10.222.0.21 () {60 vars in 1362 bytes} [Tue Mar 8 08:34:12 2022] GET /volume/v3/26e8d2f954b0468e90eb656ec4450d90/groups/0cffdf3a-5213-494b-a1a7-4ad57a6a9675 => generated 389 bytes in 45 msecs (HTTP/1.1 200) 7 headers in 286 bytes (1 switches on core 0)
Mar 08 08:34:12.982920 dv-cinder-832499-1-iscsi devstack@c-api.service[110431]: DEBUG cinder.api.middleware.request_id [None req-a01dc6c0-9dcd-4be1-b3f6-228eee26f8b9 None None] RequestId filter calling following filter/app {{(pid=110431) _context_setter /opt/stack/cinder/cinder/api/middleware/request_id.py:62}}
Mar 08 08:34:12.992018 dv-cinder-832499-1-iscsi devstack@c-api.service[110431]: INFO cinder.api.openstack.wsgi [None req-a01dc6c0-9dcd-4be1-b3f6-228eee26f8b9 tempest-GroupsV320Test-1530146980 tempest-GroupsV320Test-1530146980-project-admin] POST http://10.222.0.21/volume/v3/3363b1109d6a455faa402e3ab60a647e/groups/0cffdf3a-5213-494b-a1a7-4ad57a6a9675/action
Mar 08 08:34:12.992018 dv-cinder-832499-1-iscsi devstack@c-api.service[110431]: DEBUG cinder.api.openstack.wsgi [None req-a01dc6c0-9dcd-4be1-b3f6-228eee26f8b9 tempest-GroupsV320Test-1530146980 tempest-GroupsV320Test-1530146980-project-admin] Action body: b'{"reset_status": {"status": "error"}}' {{(pid=110431) get_method /opt/stack/cinder/cinder/api/openstack/wsgi.py:983}}
Mar 08 08:34:12.992018 dv-cinder-832499-1-iscsi devstack@c-api.service[110431]: DEBUG cinder.api.openstack.wsgi [None req-a01dc6c0-9dcd-4be1-b3f6-228eee26f8b9 tempest-GroupsV320Test-1530146980 tempest-GroupsV320Test-1530146980-project-admin] Action: 'action', calling method: reset_status, body: {"reset_status": {"status": "error"}} {{(pid=110431) _process_stack /opt/stack/cinder/cinder/api/openstack/wsgi.py:866}}
Mar 08 08:34:12.992018 dv-cinder-832499-1-iscsi devstack@c-api.service[110431]: DEBUG cinder.api.v3.groups [None req-a01dc6c0-9dcd-4be1-b3f6-228eee26f8b9 tempest-GroupsV320Test-1530146980 tempest-GroupsV320Test-1530146980-project-admin] Updating group '0cffdf3a-5213-494b-a1a7-4ad57a6a9675' with 'error' {{(pid=110431) _reset_status /opt/stack/cinder/cinder/api/v3/groups.py:82}}
