May 13 15:27:44.299603 dv-cinder-832130-2-smb neutron-server[103990]: DEBUG neutron.plugins.ml2.plugin [None req-0c87f2b3-8ad7-4e6f-9452-855390c7eec0 None None] Current status of the port d754a36e-eb62-4780-b0bf-1fef60101a86 is: ACTIVE; New status is: ACTIVE {{(pid=103990) _update_individual_port_db_status /opt/stack/neutron/neutron/plugins/ml2/plugin.py:2296}}
May 13 15:27:44.437079 dv-cinder-832130-2-smb neutron-server[103990]: DEBUG neutron.db.l3_hamode_db [None req-d910a894-0366-414e-b4b9-82d768454dec None None] neutron.services.l3_router.l3_router_plugin.L3RouterPlugin method _process_sync_ha_data called with arguments (, [{'id': '29ba01fc-dfdd-4275-9741-1142a40a7e86', 'name': 'tempest-AttachVolumeShelveTestJSON-1993251356-router', 'tenant_id': '3a0137cb24d24ea3b00991ea244cf224', 'admin_state_up': True, 'status': 'ACTIVE', 'external_gateway_info': {'network_id': '7ca04a8e-7171-4648-8df5-dd15d7f60665', 'external_fixed_ips': [{'subnet_id': 'fad675c8-25b0-4931-b903-a6c4c4b2836f', 'ip_address': '172.28.1.88'}], 'enable_snat': True}, 'gw_port_id': '6089771a-4174-481a-bb95-c898258ea219', 'description': '', 'availability_zones': ['nova'], 'distributed': False, 'ha': False, 'ha_vr_id': 0, 'availability_zone_hints': [], 'routes': [], 'flavor_id': None, 'tags': [], 'created_at': '2022-05-13T15:27:13Z', 'updated_at': '2022-05-13T15:27:25Z', 'revision_number': 4, 'project_id': '3a0137cb24d24ea3b00991ea244cf224', 'gw_port': {'id': '6089771a-4174-481a-bb95-c898258ea219', 'name': '', 'network_id': '7ca04a8e-7171-4648-8df5-dd15d7f60665', 'tenant_id': '', 'mac_address': 'fa:16:3e:cd:b4:29', 'admin_state_up': True, 'status': 'ACTIVE', 'device_id': '29ba01fc-dfdd-4275-9741-1142a40a7e86', 'device_owner': 'network:router_gateway', 'standard_attr_id': 65, 'fixed_ips': [{'subnet_id': 'fad675c8-25b0-4931-b903-a6c4c4b2836f', 'ip_address': '172.28.1.88', 'prefixlen': 24}], 'allowed_address_pairs': [], 'extra_dhcp_opts': [], 'security_groups': [], 'description': '', 'binding:vnic_type': 'normal', 'binding:profile': {}, 'binding:host_id': 'dv-cinder-832130-2-smb', 'binding:vif_type': 'ovs', 'binding:vif_details': {'connectivity': 'l2', 'port_filter': True, 'ovs_hybrid_plug': False, 'datapath_type': 'system', 'bridge_name': 'br-int', 'bound_drivers': {'0': 'openvswitch'}}, 'port_security_enabled': False, 'tags': [], 'created_at': '2022-05-13T15:27:15Z', 'updated_at': '2022-05-13T15:27:27Z', 'revision_number': 4, 'project_id': '', 'subnets': [{'id': 'fad675c8-25b0-4931-b903-a6c4c4b2836f', 'cidr': '172.28.1.0/24', 'gateway_ip': '172.28.1.1', 'dns_nameservers': [], 'ipv6_ra_mode': None, 'subnetpool_id': None}], 'extra_subnets': [], 'address_scopes': {4: None, 6: None}, 'mtu': 1500}, 'enable_snat': True, 'gw_port_host': 'dv-cinder-832130-2-smb', '_interfaces': [{'id': 'db69913a-9ff4-4e28-bd2f-5b5598487dcd', 'name': '', 'network_id': '1af43d66-bedf-4a68-b944-656bde6a9543', 'tenant_id': '3a0137cb24d24ea3b00991ea244cf224', 'mac_address': 'fa:16:3e:6d:df:b9', 'admin_state_up': True, 'status': 'DOWN', 'device_id': '29ba01fc-dfdd-4275-9741-1142a40a7e86', 'device_owner': 'network:router_interface', 'standard_attr_id': 87, 'fixed_ips': [{'subnet_id': 'ae6b3744-17b6-4f64-b7ec-ca929892b812', 'ip_address': '172.20.0.1', 'prefixlen': 28}], 'allowed_address_pairs': [], 'extra_dhcp_opts': [], 'security_groups': [], 'description': '', 'binding:vnic_type': 'normal', 'binding:profile': {}, 'binding:host_id': 'dv-cinder-832130-2-smb', 'binding:vif_type': 'ovs', 'binding:vif_details': {'connectivity': 'l2', 'port_filter': True, 'ovs_hybrid_plug': False, 'datapath_type': 'system', 'bridge_name': 'br-int', 'bound_drivers': {'0': 'openvswitch'}}, 'port_security_enabled': False, 'tags': [], 'created_at': '2022-05-13T15:27:22Z', 'updated_at': '2022-05-13T15:27:38Z', 'revision_number': 4, 'project_id': '3a0137cb24d24ea3b00991ea244cf224', 'subnets': [{'id': 'ae6b3744-17b6-4f64-b7ec-ca929892b812', 'cidr': '172.20.0.0/28', 'gateway_ip': '172.20.0.1', 'dns_nameservers': [], 'ipv6_ra_mode': None, 'subnetpool_id': None}], 'extra_subnets': [], 'address_scopes': {4: None, 6: None}, 'mtu': 1500}]}], 'dv-cinder-832130-2-smb', False) {} {{(pid=103990) wrapper /usr/local/lib/python3.8/dist-packages/oslo_log/helpers.py:65}}
May 13 15:27:44.468506 dv-cinder-832130-2-smb neutron-server[103988]: DEBUG neutron_lib.callbacks.manager [None req-3bafab3e-e131-427a-9974-bbd069cb32be tempest-AttachVolumeShelveTestJSON-1061568993 tempest-AttachVolumeShelveTestJSON-1061568993-project] Publish callbacks [] for floatingip (None), before_create {{(pid=103988) _notify_loop /usr/local/lib/python3.8/dist-packages/neutron_lib/callbacks/manager.py:176}}
May 13 15:27:44.525648 dv-cinder-832130-2-smb neutron-server[103990]: DEBUG neutron.db.provisioning_blocks [None req-9a3daff2-344b-4a13-a63d-e32550aa9634 None None] Provisioning complete for port e1953208-cf8b-4daa-b162-410945541092 triggered by entity DHCP. {{(pid=103990) provisioning_complete /opt/stack/neutron/neutron/db/provisioning_blocks.py:145}}
May 13 15:27:44.526452 dv-cinder-832130-2-smb neutron-server[103990]: DEBUG neutron_lib.callbacks.manager [None req-9a3daff2-344b-4a13-a63d-e32550aa9634 None None] Publish callbacks ['neutron.plugins.ml2.plugin.Ml2Plugin._port_provisioned-8241652'] for port (e1953208-cf8b-4daa-b162-410945541092), provisioning_complete {{(pid=103990) _notify_loop /usr/local/lib/python3.8/dist-packages/neutron_lib/callbacks/manager.py:176}}
May 13 15:27:44.529703 dv-cinder-832130-2-smb neutron-server[103990]: DEBUG neutron.api.rpc.handlers.l3_rpc [None req-d910a894-0366-414e-b4b9-82d768454dec None None] The sync data for ids ['29ba01fc-dfdd-4275-9741-1142a40a7e86'] in dv-cinder-832130-2-smb is: [{'id': '29ba01fc-dfdd-4275-9741-1142a40a7e86', 'name': 'tempest-AttachVolumeShelveTestJSON-1993251356-router', 'tenant_id': '3a0137cb24d24ea3b00991ea244cf224', 'admin_state_up': True, 'status': 'ACTIVE', 'external_gateway_info': {'network_id': '7ca04a8e-7171-4648-8df5-dd15d7f60665', 'external_fixed_ips': [{'subnet_id': 'fad675c8-25b0-4931-b903-a6c4c4b2836f', 'ip_address': '172.28.1.88'}], 'enable_snat': True}, 'gw_port_id': '6089771a-4174-481a-bb95-c898258ea219', 'description': '', 'availability_zones': ['nova'], 'distributed': False, 'ha': False, 'ha_vr_id': 0, 'availability_zone_hints': [], 'routes': [], 'flavor_id': None, 'tags': [], 'created_at': '2022-05-13T15:27:13Z', 'updated_at': '2022-05-13T15:27:25Z', 'revision_number': 4, 'project_id': '3a0137cb24d24ea3b00991ea244cf224', 'gw_port': {'id': '6089771a-4174-481a-bb95-c898258ea219', 'name': '', 'network_id': '7ca04a8e-7171-4648-8df5-dd15d7f60665', 'tenant_id': '', 'mac_address': 'fa:16:3e:cd:b4:29', 'admin_state_up': True, 'status': 'ACTIVE', 'device_id': '29ba01fc-dfdd-4275-9741-1142a40a7e86', 'device_owner': 'network:router_gateway', 'standard_attr_id': 65, 'fixed_ips': [{'subnet_id': 'fad675c8-25b0-4931-b903-a6c4c4b2836f', 'ip_address': '172.28.1.88', 'prefixlen': 24}], 'allowed_address_pairs': [], 'extra_dhcp_opts': [], 'security_groups': [], 'description': '', 'binding:vnic_type': 'normal', 'binding:profile': {}, 'binding:host_id': 'dv-cinder-832130-2-smb', 'binding:vif_type': 'ovs', 'binding:vif_details': {'connectivity': 'l2', 'port_filter': True, 'ovs_hybrid_plug': False, 'datapath_type': 'system', 'bridge_name': 'br-int', 'bound_drivers': {'0': 'openvswitch'}}, 'port_security_enabled': False, 'tags': [], 'created_at': '2022-05-13T15:27:15Z', 'updated_at': '2022-05-13T15:27:27Z', 'revision_number': 4, 'project_id': '', 'subnets': [{'id': 'fad675c8-25b0-4931-b903-a6c4c4b2836f', 'cidr': '172.28.1.0/24', 'gateway_ip': '172.28.1.1', 'dns_nameservers': [], 'ipv6_ra_mode': None, 'subnetpool_id': None}], 'extra_subnets': [], 'address_scopes': {4: None, 6: None}, 'mtu': 1500}, 'enable_snat': True, 'gw_port_host': 'dv-cinder-832130-2-smb', '_interfaces': [{'id': 'db69913a-9ff4-4e28-bd2f-5b5598487dcd', 'name': '', 'network_id': '1af43d66-bedf-4a68-b944-656bde6a9543', 'tenant_id': '3a0137cb24d24ea3b00991ea244cf224', 'mac_address': 'fa:16:3e:6d:df:b9', 'admin_state_up': True, 'status': 'DOWN', 'device_id': '29ba01fc-dfdd-4275-9741-1142a40a7e86', 'device_owner': 'network:router_interface', 'standard_attr_id': 87, 'fixed_ips': [{'subnet_id': 'ae6b3744-17b6-4f64-b7ec-ca929892b812', 'ip_address': '172.20.0.1', 'prefixlen': 28}], 'allowed_address_pairs': [], 'extra_dhcp_opts': [], 'security_groups': [], 'description': '', 'binding:vnic_type': 'normal', 'binding:profile': {}, 'binding:host_id': 'dv-cinder-832130-2-smb', 'binding:vif_type': 'ovs', 'binding:vif_details': {'connectivity': 'l2', 'port_filter': True, 'ovs_hybrid_plug': False, 'datapath_type': 'system', 'bridge_name': 'br-int', 'bound_drivers': {'0': 'openvswitch'}}, 'port_security_enabled': False, 'tags': [], 'created_at': '2022-05-13T15:27:22Z', 'updated_at': '2022-05-13T15:27:38Z', 'revision_number': 4, 'project_id': '3a0137cb24d24ea3b00991ea244cf224', 'subnets': [{'id': 'ae6b3744-17b6-4f64-b7ec-ca929892b812', 'cidr': '172.20.0.0/28', 'gateway_ip': '172.20.0.1', 'dns_nameservers': [], 'ipv6_ra_mode': None, 'subnetpool_id': None}], 'extra_subnets': [], 'address_scopes': {4: None, 6: None}, 'mtu': 1500}]}] {{(pid=103990) sync_routers /opt/stack/neutron/neutron/api/rpc/handlers/l3_rpc.py:137}}
May 13 15:27:44.709971 dv-cinder-832130-2-smb neutron-server[103989]: INFO neutron.wsgi [req-ea454ad1-58ce-44f1-affc-96fda4670b8d req-c4bc29f4-fe7f-4b4f-b24d-5568ca2bbc4e service neutron] 10.222.0.85 "GET /v2.0/ports?network_id=ed01dab4-8d0e-4b78-a6d4-bdcd9489da35&device_owner=network%3Adhcp HTTP/1.1" status: 200 len: 210 time: 0.4234447
May 13 15:27:44.770032 dv-cinder-832130-2-smb neutron-server[103990]: DEBUG neutron.plugins.ml2.plugin [None req-9a3daff2-344b-4a13-a63d-e32550aa9634 None None] Current status of the port e1953208-cf8b-4daa-b162-410945541092 is: DOWN; New status is: ACTIVE {{(pid=103990) _update_individual_port_db_status /opt/stack/neutron/neutron/plugins/ml2/plugin.py:2296}}
May 13 15:27:44.783079 dv-cinder-832130-2-smb neutron-server[103990]: DEBUG neutron_lib.callbacks.manager [None req-9a3daff2-344b-4a13-a63d-e32550aa9634 None None] Publish callbacks ['neutron.plugins.ml2.plugin.SecurityGroupDbMixin._ensure_default_security_group_handler-8207671'] for port (e1953208-cf8b-4daa-b162-410945541092), before_update {{(pid=103990) _notify_loop /usr/local/lib/python3.8/dist-packages/neutron_lib/callbacks/manager.py:176}}
May 13 15:27:44.947382 dv-cinder-832130-2-smb neutron-server[103990]: DEBUG neutron.plugins.ml2.db [None req-9a3daff2-344b-4a13-a63d-e32550aa9634 None None] For port e1953208-cf8b-4daa-b162-410945541092, host dv-cinder-832130-2-smb, got binding levels [PortBindingLevel(driver='openvswitch',host='dv-cinder-832130-2-smb',level=0,port_id=e1953208-cf8b-4daa-b162-410945541092,segment=NetworkSegment(48c6eeae-3364-45ae-8f84-dc733993e6a7),segment_id=48c6eeae-3364-45ae-8f84-dc733993e6a7)] {{(pid=103990) get_binding_level_objs /opt/stack/neutron/neutron/plugins/ml2/db.py:74}}
May 13 15:27:45.026033 dv-cinder-832130-2-smb neutron-server[103990]: DEBUG neutron_lib.callbacks.manager [None req-9a3daff2-344b-4a13-a63d-e32550aa9634 None None] Publish callbacks ['neutron.plugins.ml2.plugin.SecurityGroupServerNotifierRpcMixin._notify_sg_on_port_change-8207771', 'neutron.plugins.ml2.ovo_rpc._ObjectChangeHandler.handle_event-43796', 'neutron.api.rpc.agentnotifiers.dhcp_rpc_agent_api.DhcpAgentNotifyAPI._native_event_send_dhcp_notification-745795', 'neutron.db.l3_db.L3RpcNotifierMixin._notify_gateway_port_ip_changed-8737771048358', 'neutron.db.l3_dvrscheduler_db._notify_l3_agent_port_update-8737770539138', 'neutron.db.l3_hascheduler_db._notify_l3_agent_ha_port_update-8737770539156'] for port (e1953208-cf8b-4daa-b162-410945541092), after_update {{(pid=103990) _notify_loop /usr/local/lib/python3.8/dist-packages/neutron_lib/callbacks/manager.py:176}}
May 13 15:27:45.036756 dv-cinder-832130-2-smb neutron-server[103989]: INFO neutron.wsgi [req-ea454ad1-58ce-44f1-affc-96fda4670b8d req-474f8f61-39d7-4fc3-b4c4-ae0a3be9bef6 service neutron] 10.222.0.85 "GET /v2.0/networks/ed01dab4-8d0e-4b78-a6d4-bdcd9489da35?fields=segments HTTP/1.1" status: 200 len: 212 time: 0.2937434
May 13 15:27:45.247631 dv-cinder-832130-2-smb neutron-server[103990]: DEBUG neutron.db.provisioning_blocks [None req-9a3daff2-344b-4a13-a63d-e32550aa9634 None None] Provisioning complete for port db69913a-9ff4-4e28-bd2f-5b5598487dcd triggered by entity DHCP. {{(pid=103990) provisioning_complete /opt/stack/neutron/neutron/db/provisioning_blocks.py:145}}
May 13 15:27:45.248333 dv-cinder-832130-2-smb neutron-server[103990]: DEBUG neutron_lib.callbacks.manager [None req-9a3daff2-344b-4a13-a63d-e32550aa9634 None None] Publish callbacks ['neutron.plugins.ml2.plugin.Ml2Plugin._port_provisioned-8241652'] for port (db69913a-9ff4-4e28-bd2f-5b5598487dcd), provisioning_complete {{(pid=103990) _notify_loop /usr/local/lib/python3.8/dist-packages/neutron_lib/callbacks/manager.py:176}}
May 13 15:27:45.375330 dv-cinder-832130-2-smb neutron-server[103988]: INFO neutron.wsgi [req-20e0c598-e474-4d64-8798-ddfdb926da5d req-c12b501c-3a8c-44a5-a727-87a5f87ac2b3 tempest-DeleteServersTestJSON-2145683337 tempest-DeleteServersTestJSON-2145683337-project] 10.222.0.87 "GET /v2.0/security-groups?id=f4b612c1-c840-4cd1-bd4b-569bcfc2a386&fields=id&fields=name HTTP/1.1" status: 200 len: 286 time: 1.3371024
May 13 15:27:45.383006 dv-cinder-832130-2-smb neutron-server[103988]: DEBUG neutron_lib.callbacks.manager [None req-3bafab3e-e131-427a-9974-bbd069cb32be tempest-AttachVolumeShelveTestJSON-1061568993 tempest-AttachVolumeShelveTestJSON-1061568993-project] Publish callbacks ['neutron.plugins.ml2.plugin.SecurityGroupDbMixin._ensure_default_security_group_handler-8207671'] for port (None), before_create {{(pid=103988) _notify_loop /usr/local/lib/python3.8/dist-packages/neutron_lib/callbacks/manager.py:176}}
May 13 15:27:45.514315 dv-cinder-832130-2-smb neutron-server[103988]: DEBUG neutron_lib.callbacks.manager [None req-c2b1e78b-4e91-4589-8943-0ebd4900d12d tempest-AttachVolumeTestJSON-1824232242 tempest-AttachVolumeTestJSON-1824232242-project] Publish callbacks [] for port (f560df7a-e2c9-455b-9e31-0c96eb6bdaa2), precommit_update {{(pid=103988) _notify_loop /usr/local/lib/python3.8/dist-packages/neutron_lib/callbacks/manager.py:176}}
May 13 15:27:45.522146 dv-cinder-832130-2-smb neutron-server[103989]: INFO neutron.wsgi [req-d536e703-1c4e-42ca-bbc7-db4ead7a2c2a req-841aec03-009a-4b19-a1ef-0274acab1925 tempest-ServerRescueNegativeTestJSON-568062977 tempest-ServerRescueNegativeTestJSON-568062977-project] 10.222.0.87 "GET /v2.0/ports?device_id=1f999297-537a-4201-803a-a2cad59f9590 HTTP/1.1" status: 200 len: 210 time: 0.1616728
May 13 15:27:45.582546 dv-cinder-832130-2-smb neutron-server[103988]: DEBUG neutron.wsgi [-] (103988) accepted ('10.222.0.85', 65453) {{(pid=103988) server /usr/local/lib/python3.8/dist-packages/eventlet/wsgi.py:1004}}
May 13 15:27:45.619343 dv-cinder-832130-2-smb neutron-server[103990]: DEBUG neutron.api.rpc.handlers.resources_rpc [None req-9a3daff2-344b-4a13-a63d-e32550aa9634 None None] Pushing event updated for resources: {'Port': ['ID=e1953208-cf8b-4daa-b162-410945541092,revision_number=5']} {{(pid=103990) push /opt/stack/neutron/neutron/api/rpc/handlers/resources_rpc.py:237}}
May 13 15:27:45.655159 dv-cinder-832130-2-smb neutron-server[103989]: INFO neutron.wsgi [req-ea454ad1-58ce-44f1-affc-96fda4670b8d req-9d676304-f3bf-4083-87bb-3ce5077e6650 service neutron] 10.222.0.85 "GET /v2.0/networks/ed01dab4-8d0e-4b78-a6d4-bdcd9489da35?fields=provider%3Aphysical_network&fields=provider%3Anetwork_type HTTP/1.1" status: 200 len: 281 time: 0.6109109
May 13 15:27:45.761076 dv-cinder-832130-2-smb neutron-server[103990]: DEBUG neutron.plugins.ml2.rpc [None req-ee40d9e5-30f1-4f48-80e3-d6f2be834c3e None None] Device db69913a-9ff4-4e28-bd2f-5b5598487dcd up at agent ovs-agent-dv-cinder-832130-2-smb {{(pid=103990) update_device_up /opt/stack/neutron/neutron/plugins/ml2/rpc.py:296}}
May 13 15:27:45.812445 dv-cinder-832130-2-smb neutron-server[103988]: DEBUG neutron_lib.callbacks.manager [None req-c2b1e78b-4e91-4589-8943-0ebd4900d12d tempest-AttachVolumeTestJSON-1824232242 tempest-AttachVolumeTestJSON-1824232242-project] Publish callbacks ['neutron.plugins.ml2.plugin.SecurityGroupServerNotifierRpcMixin._notify_sg_on_port_change-8207771', 'neutron.plugins.ml2.ovo_rpc._ObjectChangeHandler.handle_event-43796', 'neutron.api.rpc.agentnotifiers.dhcp_rpc_agent_api.DhcpAgentNotifyAPI._native_event_send_dhcp_notification-745795', 'neutron.db.l3_db.L3RpcNotifierMixin._notify_gateway_port_ip_changed-8737771048358', 'neutron.db.l3_dvrscheduler_db._notify_l3_agent_port_update-8737770539138', 'neutron.db.l3_hascheduler_db._notify_l3_agent_ha_port_update-8737770539156'] for port (f560df7a-e2c9-455b-9e31-0c96eb6bdaa2), after_update {{(pid=103988) _notify_loop /usr/local/lib/python3.8/dist-packages/neutron_lib/callbacks/manager.py:176}}
May 13 15:27:45.868785 dv-cinder-832130-2-smb neutron-server[103990]: DEBUG neutron.plugins.ml2.plugin [None req-9a3daff2-344b-4a13-a63d-e32550aa9634 None None] Current status of the port db69913a-9ff4-4e28-bd2f-5b5598487dcd is: ACTIVE; New status is: ACTIVE {{(pid=103990) _update_individual_port_db_status /opt/stack/neutron/neutron/plugins/ml2/plugin.py:2296}}
May 13 15:27:45.955966 dv-cinder-832130-2-smb neutron-server[103990]: DEBUG neutron.db.provisioning_blocks [None req-ee40d9e5-30f1-4f48-80e3-d6f2be834c3e None None] Provisioning complete for port db69913a-9ff4-4e28-bd2f-5b5598487dcd triggered by entity L2. {{(pid=103990) provisioning_complete /opt/stack/neutron/neutron/db/provisioning_blocks.py:145}}
May 13 15:27:45.958747 dv-cinder-832130-2-smb neutron-server[103990]: DEBUG neutron_lib.callbacks.manager [None req-ee40d9e5-30f1-4f48-80e3-d6f2be834c3e None None] Publish callbacks ['neutron.plugins.ml2.plugin.Ml2Plugin._port_provisioned-8241652'] for port (db69913a-9ff4-4e28-bd2f-5b5598487dcd), provisioning_complete {{(pid=103990) _notify_loop /usr/local/lib/python3.8/dist-packages/neutron_lib/callbacks/manager.py:176}}
May 13 15:27:46.107368 dv-cinder-832130-2-smb neutron-server[103988]: DEBUG neutron_lib.callbacks.manager [None req-c2b1e78b-4e91-4589-8943-0ebd4900d12d tempest-AttachVolumeTestJSON-1824232242 tempest-AttachVolumeTestJSON-1824232242-project] Publish callbacks ['neutron.services.l3_router.l3_router_plugin.DVRResourceOperationHandler._create_dvr_floating_gw_port-740892'] for floatingip (cff726de-eb1b-4d63-8779-6e0298cf116a), after_create {{(pid=103988) _notify_loop /usr/local/lib/python3.8/dist-packages/neutron_lib/callbacks/manager.py:176}}
May 13 15:27:46.563028 dv-cinder-832130-2-smb neutron-server[103988]: DEBUG neutron.api.rpc.handlers.resources_rpc [None req-c2b1e78b-4e91-4589-8943-0ebd4900d12d tempest-AttachVolumeTestJSON-1824232242 tempest-AttachVolumeTestJSON-1824232242-project] Pushing event updated for resources: {'Port': ['ID=f560df7a-e2c9-455b-9e31-0c96eb6bdaa2,revision_number=2']} {{(pid=103988) push /opt/stack/neutron/neutron/api/rpc/handlers/resources_rpc.py:237}}
May 13 15:27:46.566904 dv-cinder-832130-2-smb neutron-server[103990]: DEBUG neutron.plugins.ml2.plugin [None req-ee40d9e5-30f1-4f48-80e3-d6f2be834c3e None None] Current status of the port db69913a-9ff4-4e28-bd2f-5b5598487dcd is: ACTIVE; New status is: ACTIVE {{(pid=103990) _update_individual_port_db_status /opt/stack/neutron/neutron/plugins/ml2/plugin.py:2296}}
May 13 15:27:46.577278 dv-cinder-832130-2-smb neutron-server[103990]: DEBUG neutron.plugins.ml2.rpc [None req-ee40d9e5-30f1-4f48-80e3-d6f2be834c3e None None] Device e1953208-cf8b-4daa-b162-410945541092 up at agent ovs-agent-dv-cinder-832130-2-smb {{(pid=103990) update_device_up /opt/stack/neutron/neutron/plugins/ml2/rpc.py:296}}
May 13 15:27:46.685516 dv-cinder-832130-2-smb neutron-server[103989]: INFO neutron.wsgi [req-9fd4a2a7-a0c6-438c-8536-689c839ae3fa req-fb14ae6d-775a-404c-99c8-ca6dd0273223 tempest-ServerRescueNegativeTestJSON-568062977 tempest-ServerRescueNegativeTestJSON-568062977-project] 10.222.0.87 "GET /v2.0/ports?device_id=1f999297-537a-4201-803a-a2cad59f9590 HTTP/1.1" status: 200 len: 210 time: 0.0497596
May 13 15:27:46.774185 dv-cinder-832130-2-smb neutron-server[103988]: DEBUG neutron.db.db_base_plugin_common [None req-3bafab3e-e131-427a-9974-bbd069cb32be tempest-AttachVolumeShelveTestJSON-1061568993 tempest-AttachVolumeShelveTestJSON-1061568993-project] Allocated IP 172.28.1.217 (7ca04a8e-7171-4648-8df5-dd15d7f60665/fad675c8-25b0-4931-b903-a6c4c4b2836f/cff41d4b-857e-408b-be6e-d7c541f7cfdb) {{(pid=103988) _store_ip_allocation /opt/stack/neutron/neutron/db/db_base_plugin_common.py:131}}
May 13 15:27:46.806992 dv-cinder-832130-2-smb neutron-server[103990]: DEBUG neutron.db.provisioning_blocks [None req-ee40d9e5-30f1-4f48-80e3-d6f2be834c3e None None] Provisioning complete for port e1953208-cf8b-4daa-b162-410945541092 triggered by entity L2. {{(pid=103990) provisioning_complete /opt/stack/neutron/neutron/db/provisioning_blocks.py:145}}
May 13 15:27:46.807906 dv-cinder-832130-2-smb neutron-server[103990]: DEBUG neutron_lib.callbacks.manager [None req-ee40d9e5-30f1-4f48-80e3-d6f2be834c3e None None] Publish callbacks ['neutron.plugins.ml2.plugin.Ml2Plugin._port_provisioned-8241652'] for port (e1953208-cf8b-4daa-b162-410945541092), provisioning_complete {{(pid=103990) _notify_loop /usr/local/lib/python3.8/dist-packages/neutron_lib/callbacks/manager.py:176}}
May 13 15:27:46.927309 dv-cinder-832130-2-smb neutron-server[103988]: DEBUG neutron_lib.callbacks.manager [None req-c2b1e78b-4e91-4589-8943-0ebd4900d12d tempest-AttachVolumeTestJSON-1824232242 tempest-AttachVolumeTestJSON-1824232242-project] Publish callbacks ['neutron.notifiers.nova.Notifier._send_nova_notification-4807'] for floatingip (None), before_response {{(pid=103988) _notify_loop /usr/local/lib/python3.8/dist-packages/neutron_lib/callbacks/manager.py:176}}
May 13 15:27:46.937083 dv-cinder-832130-2-smb neutron-server[103988]: INFO neutron.wsgi [None req-c2b1e78b-4e91-4589-8943-0ebd4900d12d tempest-AttachVolumeTestJSON-1824232242 tempest-AttachVolumeTestJSON-1824232242-project] 10.222.0.87 "POST /v2.0/floatingips HTTP/1.1" status: 201 len: 692 time: 9.2388794
May 13 15:27:46.995394 dv-cinder-832130-2-smb neutron-server[103988]: DEBUG neutron.pecan_wsgi.hooks.policy_enforcement [req-849b8c2e-28ba-4774-bad1-88d65268be19 req-aa9166f5-0ded-4e01-8193-39c50f64fc62 tempest-ServerRescueNegativeTestJSON-568062977 tempest-ServerRescueNegativeTestJSON-568062977-project] Attributes excluded by policy engine: ['standard_attr_id', 'vlan_transparent', 'provider:network_type', 'provider:physical_network', 'provider:segmentation_id'] {{(pid=103988) _exclude_attributes_by_policy /opt/stack/neutron/neutron/pecan_wsgi/hooks/policy_enforcement.py:259}}
May 13 15:27:46.997181 dv-cinder-832130-2-smb neutron-server[103988]: INFO neutron.wsgi [req-849b8c2e-28ba-4774-bad1-88d65268be19 req-aa9166f5-0ded-4e01-8193-39c50f64fc62 tempest-ServerRescueNegativeTestJSON-568062977 tempest-ServerRescueNegativeTestJSON-568062977-project] 10.222.0.85 "GET /v2.0/networks?id=66ef77c6-90b3-4549-9f46-7945c64047e3 HTTP/1.1" status: 200 len: 818 time: 1.4133527
May 13 15:27:47.112431 dv-cinder-832130-2-smb neutron-server[103988]: DEBUG neutron.pecan_wsgi.hooks.policy_enforcement [req-4d27e07a-0f65-4dda-86b7-dd24a884da8f req-dedb15e9-24f6-465a-87b4-5fe90367726a tempest-DeleteServersTestJSON-2145683337 tempest-DeleteServersTestJSON-2145683337-project] Attributes excluded by policy engine: ['standard_attr_id', 'binding:profile', 'binding:host_id', 'binding:vif_type', 'binding:vif_details'] {{(pid=103988) _exclude_attributes_by_policy /opt/stack/neutron/neutron/pecan_wsgi/hooks/policy_enforcement.py:259}}
May 13 15:27:47.118007 dv-cinder-832130-2-smb neutron-server[103988]: INFO neutron.wsgi [req-4d27e07a-0f65-4dda-86b7-dd24a884da8f req-dedb15e9-24f6-465a-87b4-5fe90367726a tempest-DeleteServersTestJSON-2145683337 tempest-DeleteServersTestJSON-2145683337-project] 10.222.0.87 "GET /v2.0/ports?device_id=b1e4a81a-6b21-4e14-82a6-0ea68a38ce4e HTTP/1.1" status: 200 len: 943 time: 0.4089377
May 13 15:27:47.205135 dv-cinder-832130-2-smb neutron-server[103990]: DEBUG neutron.plugins.ml2.plugin [None req-ee40d9e5-30f1-4f48-80e3-d6f2be834c3e None None] Current status of the port e1953208-cf8b-4daa-b162-410945541092 is: ACTIVE; New status is: ACTIVE {{(pid=103990) _update_individual_port_db_status /opt/stack/neutron/neutron/plugins/ml2/plugin.py:2296}}
May 13 15:27:47.243854 dv-cinder-832130-2-smb neutron-server[103988]: DEBUG neutron.api.v2.base [req-849b8c2e-28ba-4774-bad1-88d65268be19 req-b3ae37e8-9210-4ed2-bd81-3b2bf116242d tempest-ServerRescueNegativeTestJSON-568062977 tempest-ServerRescueNegativeTestJSON-568062977-project] Request body: {'port': {'device_id': 'bec2ff19-847e-44c7-b8d7-9cc53f4dc727', 'network_id': '66ef77c6-90b3-4549-9f46-7945c64047e3', 'admin_state_up': True, 'tenant_id': '4227548103d4406896ddb94bbf73fe0d'}} {{(pid=103988) prepare_request_body /opt/stack/neutron/neutron/api/v2/base.py:730}}
May 13 15:27:47.432678 dv-cinder-832130-2-smb neutron-server[103989]: INFO neutron.wsgi [req-d595c6f2-b7fc-4a5b-b3e3-af117a34a741 req-61b9b9f3-4db5-470d-8502-0f42f7823171 tempest-AttachVolumeTestJSON-1824232242 tempest-AttachVolumeTestJSON-1824232242-project] 10.222.0.87 "GET /v2.0/security-groups?name=tempest-securitygroup--909203766&fields=id&tenant_id=099376b6da964dfaad0e386a2549073e HTTP/1.1" status: 200 len: 267 time: 0.1085439
May 13 15:27:47.545764 dv-cinder-832130-2-smb neutron-server[103990]: DEBUG neutron.plugins.ml2.rpc [None req-ee40d9e5-30f1-4f48-80e3-d6f2be834c3e None None] Device e1953208-cf8b-4daa-b162-410945541092 up at agent ovs-agent-dv-cinder-832130-2-smb {{(pid=103990) update_device_up /opt/stack/neutron/neutron/plugins/ml2/rpc.py:296}}
May 13 15:27:47.662595 dv-cinder-832130-2-smb neutron-server[103988]: INFO neutron.wsgi [req-4d27e07a-0f65-4dda-86b7-dd24a884da8f req-6d830d61-49c4-43ae-8477-9a9be29ce1d0 tempest-DeleteServersTestJSON-2145683337 tempest-DeleteServersTestJSON-2145683337-project] 10.222.0.87 "GET /v2.0/security-groups?id=f4b612c1-c840-4cd1-bd4b-569bcfc2a386&fields=id&fields=name HTTP/1.1" status: 200 len: 286 time: 0.3956120
May 13 15:27:47.736412 dv-cinder-832130-2-smb neutron-server[103988]: DEBUG neutron_lib.callbacks.manager [None req-3bafab3e-e131-427a-9974-bbd069cb32be tempest-AttachVolumeShelveTestJSON-1061568993 tempest-AttachVolumeShelveTestJSON-1061568993-project] Publish callbacks [] for port (cff41d4b-857e-408b-be6e-d7c541f7cfdb), precommit_create {{(pid=103988) _notify_loop /usr/local/lib/python3.8/dist-packages/neutron_lib/callbacks/manager.py:176}}
May 13 15:27:47.811951 dv-cinder-832130-2-smb neutron-server[103990]: DEBUG neutron.db.provisioning_blocks [None req-ee40d9e5-30f1-4f48-80e3-d6f2be834c3e None None] Provisioning complete for port e1953208-cf8b-4daa-b162-410945541092 triggered by entity L2. {{(pid=103990) provisioning_complete /opt/stack/neutron/neutron/db/provisioning_blocks.py:145}}
May 13 15:27:47.814713 dv-cinder-832130-2-smb neutron-server[103990]: DEBUG neutron_lib.callbacks.manager [None req-ee40d9e5-30f1-4f48-80e3-d6f2be834c3e None None] Publish callbacks ['neutron.plugins.ml2.plugin.Ml2Plugin._port_provisioned-8241652'] for port (e1953208-cf8b-4daa-b162-410945541092), provisioning_complete {{(pid=103990) _notify_loop /usr/local/lib/python3.8/dist-packages/neutron_lib/callbacks/manager.py:176}}
May 13 15:27:47.871917 dv-cinder-832130-2-smb neutron-server[103988]: DEBUG neutron.pecan_wsgi.hooks.quota_enforcement [req-849b8c2e-28ba-4774-bad1-88d65268be19 req-b3ae37e8-9210-4ed2-bd81-3b2bf116242d tempest-ServerRescueNegativeTestJSON-568062977 tempest-ServerRescueNegativeTestJSON-568062977-project] Made reservation on behalf of 4227548103d4406896ddb94bbf73fe0d for: {'port': 1} {{(pid=103988) before /opt/stack/neutron/neutron/pecan_wsgi/hooks/quota_enforcement.py:53}}
May 13 15:27:47.876753 dv-cinder-832130-2-smb neutron-server[103988]: DEBUG neutron_lib.callbacks.manager [req-849b8c2e-28ba-4774-bad1-88d65268be19 req-b3ae37e8-9210-4ed2-bd81-3b2bf116242d tempest-ServerRescueNegativeTestJSON-568062977 tempest-ServerRescueNegativeTestJSON-568062977-project] Publish callbacks ['neutron.plugins.ml2.plugin.SecurityGroupDbMixin._ensure_default_security_group_handler-8207671'] for port (None), before_create {{(pid=103988) _notify_loop /usr/local/lib/python3.8/dist-packages/neutron_lib/callbacks/manager.py:176}}
May 13 15:27:47.924537 dv-cinder-832130-2-smb neutron-server[103989]: DEBUG neutron.pecan_wsgi.hooks.policy_enforcement [req-d595c6f2-b7fc-4a5b-b3e3-af117a34a741 req-c848df63-2103-4105-87f6-f5818afd4bfd tempest-AttachVolumeTestJSON-1824232242 tempest-AttachVolumeTestJSON-1824232242-project] Attributes excluded by policy engine: ['standard_attr_id', 'vlan_transparent', 'provider:network_type', 'provider:physical_network', 'provider:segmentation_id'] {{(pid=103989) _exclude_attributes_by_policy /opt/stack/neutron/neutron/pecan_wsgi/hooks/policy_enforcement.py:259}}
May 13 15:27:47.944236 dv-cinder-832130-2-smb neutron-server[103989]: INFO neutron.wsgi [req-d595c6f2-b7fc-4a5b-b3e3-af117a34a741 req-c848df63-2103-4105-87f6-f5818afd4bfd tempest-AttachVolumeTestJSON-1824232242 tempest-AttachVolumeTestJSON-1824232242-project] 10.222.0.87 "GET /v2.0/networks?id=24fa6f41-8518-4275-9fc7-da29b61a2ece HTTP/1.1" status: 200 len: 810 time: 0.4990494
May 13 15:27:47.957706 dv-cinder-832130-2-smb neutron-server[103988]: DEBUG neutron_lib.callbacks.manager [None req-3bafab3e-e131-427a-9974-bbd069cb32be tempest-AttachVolumeShelveTestJSON-1061568993 tempest-AttachVolumeShelveTestJSON-1061568993-project] Publish callbacks ['neutron.plugins.ml2.plugin.SecurityGroupServerNotifierRpcMixin._notify_sg_on_port_change-8207771', 'neutron.plugins.ml2.ovo_rpc._ObjectChangeHandler.handle_event-43796', 'neutron.api.rpc.agentnotifiers.dhcp_rpc_agent_api.DhcpAgentNotifyAPI._native_event_send_dhcp_notification-745795', 'neutron.db.l3_dvrscheduler_db._notify_l3_agent_new_port-8737770539120'] for port (cff41d4b-857e-408b-be6e-d7c541f7cfdb), after_create {{(pid=103988) _notify_loop /usr/local/lib/python3.8/dist-packages/neutron_lib/callbacks/manager.py:176}}
May 13 15:27:48.011134 dv-cinder-832130-2-smb neutron-server[103989]: INFO neutron.wsgi [req-d595c6f2-b7fc-4a5b-b3e3-af117a34a741 req-c9c71749-d746-436b-ac38-5b64e5bc84d4 tempest-AttachVolumeTestJSON-1824232242 tempest-AttachVolumeTestJSON-1824232242-project] 10.222.0.87 "GET /v2.0/quotas/099376b6da964dfaad0e386a2549073e HTTP/1.1" status: 200 len: 375 time: 0.0654068
May 13 15:27:48.166444 dv-cinder-832130-2-smb neutron-server[103989]: INFO neutron.wsgi [req-d595c6f2-b7fc-4a5b-b3e3-af117a34a741 req-73b4975b-b6ef-41d3-87cf-2196bc167946 tempest-AttachVolumeTestJSON-1824232242 tempest-AttachVolumeTestJSON-1824232242-project] 10.222.0.87 "GET /v2.0/ports?tenant_id=099376b6da964dfaad0e386a2549073e&fields=id HTTP/1.1" status: 200 len: 302 time: 0.1448824
May 13 15:27:48.182274 dv-cinder-832130-2-smb neutron-server[103990]: DEBUG neutron.plugins.ml2.plugin [None req-ee40d9e5-30f1-4f48-80e3-d6f2be834c3e None None] Current status of the port e1953208-cf8b-4daa-b162-410945541092 is: ACTIVE; New status is: ACTIVE {{(pid=103990) _update_individual_port_db_status /opt/stack/neutron/neutron/plugins/ml2/plugin.py:2296}}
May 13 15:27:48.426417 dv-cinder-832130-2-smb neutron-server[103988]: INFO neutron.wsgi [req-51e0ed10-3c13-48db-a8eb-efe70da0b78a req-f0619383-dd67-413a-b68e-ea82e6680820 tempest-ServerRescueNegativeTestJSON-568062977 tempest-ServerRescueNegativeTestJSON-568062977-project] 10.222.0.87 "GET /v2.0/ports?device_id=1f999297-537a-4201-803a-a2cad59f9590 HTTP/1.1" status: 200 len: 210 time: 0.4978244
May 13 15:27:48.452372 dv-cinder-832130-2-smb neutron-server[103989]: INFO neutron.wsgi [req-d595c6f2-b7fc-4a5b-b3e3-af117a34a741 req-e157d15f-abb8-487b-93ec-643781a8b446 service neutron] 10.222.0.87 "GET /v2.0/networks/24fa6f41-8518-4275-9fc7-da29b61a2ece?fields=segments HTTP/1.1" status: 200 len: 212 time: 0.1603453
May 13 15:27:48.535414 dv-cinder-832130-2-smb neutron-server[103988]: DEBUG neutron.scheduler.dhcp_agent_scheduler [None req-3bafab3e-e131-427a-9974-bbd069cb32be tempest-AttachVolumeShelveTestJSON-1061568993 tempest-AttachVolumeShelveTestJSON-1061568993-project] Network 7ca04a8e-7171-4648-8df5-dd15d7f60665 is already hosted by enough agents. {{(pid=103988) _get_dhcp_agents_hosting_network /opt/stack/neutron/neutron/scheduler/dhcp_agent_scheduler.py:275}}
May 13 15:27:48.547328 dv-cinder-832130-2-smb neutron-server[103988]: DEBUG neutron.scheduler.base_scheduler [None req-3bafab3e-e131-427a-9974-bbd069cb32be tempest-AttachVolumeShelveTestJSON-1061568993 tempest-AttachVolumeShelveTestJSON-1061568993-project] Resources bound (agent type, host, resource id): {{(pid=103988) schedule /opt/stack/neutron/neutron/scheduler/base_scheduler.py:57}}
May 13 15:27:48.550407 dv-cinder-832130-2-smb neutron-server[103988]: DEBUG neutron.db.l3_dvrscheduler_db [None req-3bafab3e-e131-427a-9974-bbd069cb32be tempest-AttachVolumeShelveTestJSON-1061568993 tempest-AttachVolumeShelveTestJSON-1061568993-project] Received port after_create {{(pid=103988) _notify_l3_agent_new_port /opt/stack/neutron/neutron/db/l3_dvrscheduler_db.py:536}}
May 13 15:27:48.564508 dv-cinder-832130-2-smb neutron-server[103988]: DEBUG neutron.api.rpc.handlers.resources_rpc [None req-3bafab3e-e131-427a-9974-bbd069cb32be tempest-AttachVolumeShelveTestJSON-1061568993 tempest-AttachVolumeShelveTestJSON-1061568993-project] Pushing event updated for resources: {'Port': ['ID=cff41d4b-857e-408b-be6e-d7c541f7cfdb,revision_number=1']} {{(pid=103988) push /opt/stack/neutron/neutron/api/rpc/handlers/resources_rpc.py:237}}
May 13 15:27:48.698449 dv-cinder-832130-2-smb neutron-server[103988]: DEBUG neutron_lib.callbacks.manager [None req-3bafab3e-e131-427a-9974-bbd069cb32be tempest-AttachVolumeShelveTestJSON-1061568993 tempest-AttachVolumeShelveTestJSON-1061568993-project] Publish callbacks [] for floatingip (49cbd28b-1d95-49f2-ba8b-121ca780f17c), precommit_create {{(pid=103988) _notify_loop /usr/local/lib/python3.8/dist-packages/neutron_lib/callbacks/manager.py:176}}
May 13 15:27:48.705805 dv-cinder-832130-2-smb neutron-server[103989]: INFO neutron.wsgi [req-d595c6f2-b7fc-4a5b-b3e3-af117a34a741 req-9a4b72ec-ce22-4893-a232-b16e25d68996 service neutron] 10.222.0.87 "GET /v2.0/networks/24fa6f41-8518-4275-9fc7-da29b61a2ece?fields=provider%3Aphysical_network&fields=provider%3Anetwork_type HTTP/1.1" status: 200 len: 281 time: 0.2213736
May 13 15:27:48.926912 dv-cinder-832130-2-smb neutron-server[103988]: DEBUG neutron.db.db_base_plugin_common [req-849b8c2e-28ba-4774-bad1-88d65268be19 req-b3ae37e8-9210-4ed2-bd81-3b2bf116242d tempest-ServerRescueNegativeTestJSON-568062977 tempest-ServerRescueNegativeTestJSON-568062977-project] Allocated IP 172.20.0.5 (66ef77c6-90b3-4549-9f46-7945c64047e3/4f7bd0f2-87f2-4225-a150-0f84cee72ce3/23dd71c6-f69c-407e-a440-a5d580188d0e) {{(pid=103988) _store_ip_allocation /opt/stack/neutron/neutron/db/db_base_plugin_common.py:131}}
May 13 15:27:48.928944 dv-cinder-832130-2-smb neutron-server[103988]: DEBUG neutron_lib.callbacks.manager [None req-3bafab3e-e131-427a-9974-bbd069cb32be tempest-AttachVolumeShelveTestJSON-1061568993 tempest-AttachVolumeShelveTestJSON-1061568993-project] Publish callbacks ['neutron.plugins.ml2.plugin.SecurityGroupDbMixin._ensure_default_security_group_handler-8207671'] for port (cff41d4b-857e-408b-be6e-d7c541f7cfdb), before_update {{(pid=103988) _notify_loop /usr/local/lib/python3.8/dist-packages/neutron_lib/callbacks/manager.py:176}}
May 13 15:27:48.982005 dv-cinder-832130-2-smb neutron-server[103988]: DEBUG neutron.pecan_wsgi.hooks.policy_enforcement [req-8a81b450-dd9e-4db6-ad02-a3c2ea0cd99d req-e1edf3e3-29a7-40c1-8403-a50ee7f6367d tempest-DeleteServersTestJSON-2145683337 tempest-DeleteServersTestJSON-2145683337-project] Attributes excluded by policy engine: ['standard_attr_id', 'binding:profile', 'binding:host_id', 'binding:vif_type', 'binding:vif_details'] {{(pid=103988) _exclude_attributes_by_policy /opt/stack/neutron/neutron/pecan_wsgi/hooks/policy_enforcement.py:259}}
May 13 15:27:48.983661 dv-cinder-832130-2-smb neutron-server[103988]: INFO neutron.wsgi [req-8a81b450-dd9e-4db6-ad02-a3c2ea0cd99d req-e1edf3e3-29a7-40c1-8403-a50ee7f6367d tempest-DeleteServersTestJSON-2145683337 tempest-DeleteServersTestJSON-2145683337-project] 10.222.0.87 "GET /v2.0/ports?device_id=b1e4a81a-6b21-4e14-82a6-0ea68a38ce4e HTTP/1.1" status: 200 len: 943 time: 0.1128619
May 13 15:27:49.080620 dv-cinder-832130-2-smb neutron-server[103989]: INFO neutron.wsgi [req-e751c71a-4b44-49ae-9094-716c4b6e167d req-c8f8acc3-6ecb-4bf6-aa79-9130ba104118 tempest-AttachVolumeTestJSON-1824232242 tempest-AttachVolumeTestJSON-1824232242-project] 10.222.0.87 "GET /v2.0/ports?device_id=637869f9-fad6-49e3-802e-2752b67366f9 HTTP/1.1" status: 200 len: 210 time: 0.0400076
May 13 15:27:49.244180 dv-cinder-832130-2-smb neutron-server[103988]: INFO neutron.wsgi [req-8a81b450-dd9e-4db6-ad02-a3c2ea0cd99d req-af39ec1c-91cf-49bc-bb0d-7823b30b8be0 tempest-DeleteServersTestJSON-2145683337 tempest-DeleteServersTestJSON-2145683337-project] 10.222.0.87 "GET /v2.0/security-groups?id=f4b612c1-c840-4cd1-bd4b-569bcfc2a386&fields=id&fields=name HTTP/1.1" status: 200 len: 286 time: 0.2304676
May 13 15:27:49.361239 dv-cinder-832130-2-smb neutron-server[103988]: DEBUG neutron_lib.callbacks.manager [None req-3bafab3e-e131-427a-9974-bbd069cb32be tempest-AttachVolumeShelveTestJSON-1061568993 tempest-AttachVolumeShelveTestJSON-1061568993-project] Publish callbacks [] for port (cff41d4b-857e-408b-be6e-d7c541f7cfdb), precommit_update {{(pid=103988) _notify_loop /usr/local/lib/python3.8/dist-packages/neutron_lib/callbacks/manager.py:176}}
May 13 15:27:49.364753 dv-cinder-832130-2-smb neutron-server[103988]: DEBUG neutron_lib.callbacks.manager [req-849b8c2e-28ba-4774-bad1-88d65268be19 req-b3ae37e8-9210-4ed2-bd81-3b2bf116242d tempest-ServerRescueNegativeTestJSON-568062977 tempest-ServerRescueNegativeTestJSON-568062977-project] Publish callbacks [] for port (23dd71c6-f69c-407e-a440-a5d580188d0e), precommit_create {{(pid=103988) _notify_loop /usr/local/lib/python3.8/dist-packages/neutron_lib/callbacks/manager.py:176}}
May 13 15:27:49.436909 dv-cinder-832130-2-smb neutron-server[103988]: DEBUG neutron_lib.callbacks.manager [None req-3bafab3e-e131-427a-9974-bbd069cb32be tempest-AttachVolumeShelveTestJSON-1061568993 tempest-AttachVolumeShelveTestJSON-1061568993-project] Publish callbacks ['neutron.plugins.ml2.plugin.SecurityGroupServerNotifierRpcMixin._notify_sg_on_port_change-8207771', 'neutron.plugins.ml2.ovo_rpc._ObjectChangeHandler.handle_event-43796', 'neutron.api.rpc.agentnotifiers.dhcp_rpc_agent_api.DhcpAgentNotifyAPI._native_event_send_dhcp_notification-745795', 'neutron.db.l3_db.L3RpcNotifierMixin._notify_gateway_port_ip_changed-8737771048358', 'neutron.db.l3_dvrscheduler_db._notify_l3_agent_port_update-8737770539138', 'neutron.db.l3_hascheduler_db._notify_l3_agent_ha_port_update-8737770539156'] for port (cff41d4b-857e-408b-be6e-d7c541f7cfdb), after_update {{(pid=103988) _notify_loop /usr/local/lib/python3.8/dist-packages/neutron_lib/callbacks/manager.py:176}}
May 13 15:27:49.465549 dv-cinder-832130-2-smb neutron-server[103988]: DEBUG neutron_lib.callbacks.manager [None req-3bafab3e-e131-427a-9974-bbd069cb32be tempest-AttachVolumeShelveTestJSON-1061568993 tempest-AttachVolumeShelveTestJSON-1061568993-project] Publish callbacks ['neutron.services.l3_router.l3_router_plugin.DVRResourceOperationHandler._create_dvr_floating_gw_port-740892'] for floatingip (49cbd28b-1d95-49f2-ba8b-121ca780f17c), after_create {{(pid=103988) _notify_loop /usr/local/lib/python3.8/dist-packages/neutron_lib/callbacks/manager.py:176}}
May 13 15:27:49.497324 dv-cinder-832130-2-smb neutron-server[103988]: DEBUG neutron_lib.callbacks.manager [req-849b8c2e-28ba-4774-bad1-88d65268be19 req-b3ae37e8-9210-4ed2-bd81-3b2bf116242d tempest-ServerRescueNegativeTestJSON-568062977 tempest-ServerRescueNegativeTestJSON-568062977-project] Publish callbacks ['neutron.plugins.ml2.plugin.SecurityGroupServerNotifierRpcMixin._notify_sg_on_port_change-8207771', 'neutron.plugins.ml2.ovo_rpc._ObjectChangeHandler.handle_event-43796', 'neutron.api.rpc.agentnotifiers.dhcp_rpc_agent_api.DhcpAgentNotifyAPI._native_event_send_dhcp_notification-745795', 'neutron.db.l3_dvrscheduler_db._notify_l3_agent_new_port-8737770539120'] for port (23dd71c6-f69c-407e-a440-a5d580188d0e), after_create {{(pid=103988) _notify_loop /usr/local/lib/python3.8/dist-packages/neutron_lib/callbacks/manager.py:176}}
May 13 15:27:49.540793 dv-cinder-832130-2-smb neutron-server[103988]: DEBUG neutron.api.rpc.handlers.resources_rpc [None req-3bafab3e-e131-427a-9974-bbd069cb32be tempest-AttachVolumeShelveTestJSON-1061568993 tempest-AttachVolumeShelveTestJSON-1061568993-project] Pushing event updated for resources: {'Port': ['ID=cff41d4b-857e-408b-be6e-d7c541f7cfdb,revision_number=2']} {{(pid=103988) push /opt/stack/neutron/neutron/api/rpc/handlers/resources_rpc.py:237}}
May 13 15:27:49.572114 dv-cinder-832130-2-smb neutron-server[103988]: DEBUG neutron.scheduler.dhcp_agent_scheduler [req-849b8c2e-28ba-4774-bad1-88d65268be19 req-b3ae37e8-9210-4ed2-bd81-3b2bf116242d tempest-ServerRescueNegativeTestJSON-568062977 tempest-ServerRescueNegativeTestJSON-568062977-project] Network 66ef77c6-90b3-4549-9f46-7945c64047e3 is already hosted by enough agents. {{(pid=103988) _get_dhcp_agents_hosting_network /opt/stack/neutron/neutron/scheduler/dhcp_agent_scheduler.py:275}}
May 13 15:27:49.575099 dv-cinder-832130-2-smb neutron-server[103988]: DEBUG neutron.scheduler.base_scheduler [req-849b8c2e-28ba-4774-bad1-88d65268be19 req-b3ae37e8-9210-4ed2-bd81-3b2bf116242d tempest-ServerRescueNegativeTestJSON-568062977 tempest-ServerRescueNegativeTestJSON-568062977-project] Resources bound (agent type, host, resource id): {{(pid=103988) schedule /opt/stack/neutron/neutron/scheduler/base_scheduler.py:57}}
May 13 15:27:49.581463 dv-cinder-832130-2-smb neutron-server[103988]: DEBUG neutron.db.l3_dvrscheduler_db [req-849b8c2e-28ba-4774-bad1-88d65268be19 req-b3ae37e8-9210-4ed2-bd81-3b2bf116242d tempest-ServerRescueNegativeTestJSON-568062977 tempest-ServerRescueNegativeTestJSON-568062977-project] Received port after_create {{(pid=103988) _notify_l3_agent_new_port /opt/stack/neutron/neutron/db/l3_dvrscheduler_db.py:536}}
May 13 15:27:49.598874 dv-cinder-832130-2-smb neutron-server[103988]: DEBUG neutron.pecan_wsgi.hooks.policy_enforcement [req-849b8c2e-28ba-4774-bad1-88d65268be19 req-b3ae37e8-9210-4ed2-bd81-3b2bf116242d tempest-ServerRescueNegativeTestJSON-568062977 tempest-ServerRescueNegativeTestJSON-568062977-project] Attributes excluded by policy engine: ['standard_attr_id', 'binding:profile', 'binding:host_id', 'binding:vif_type', 'binding:vif_details', 'network'] {{(pid=103988) _exclude_attributes_by_policy /opt/stack/neutron/neutron/pecan_wsgi/hooks/policy_enforcement.py:259}}
May 13 15:27:49.598874 dv-cinder-832130-2-smb neutron-server[103988]: DEBUG neutron_lib.callbacks.manager [req-849b8c2e-28ba-4774-bad1-88d65268be19 req-b3ae37e8-9210-4ed2-bd81-3b2bf116242d tempest-ServerRescueNegativeTestJSON-568062977 tempest-ServerRescueNegativeTestJSON-568062977-project] Publish callbacks ['neutron.notifiers.nova.Notifier._send_nova_notification-4807', 'neutron.api.rpc.agentnotifiers.dhcp_rpc_agent_api.DhcpAgentNotifyAPI._send_dhcp_notification-745781'] for port (None), before_response {{(pid=103988) _notify_loop /usr/local/lib/python3.8/dist-packages/neutron_lib/callbacks/manager.py:176}}
May 13 15:27:49.639385 dv-cinder-832130-2-smb neutron-server[103989]: INFO neutron.wsgi [req-2bc1a706-7bc1-41c9-b1ba-3990f6b85fe4 req-fac2f075-bc2f-422e-9e48-56b88d228d7d tempest-ServerRescueNegativeTestJSON-568062977 tempest-ServerRescueNegativeTestJSON-568062977-project] 10.222.0.87 "GET /v2.0/ports?device_id=1f999297-537a-4201-803a-a2cad59f9590 HTTP/1.1" status: 200 len: 210 time: 0.0616341
May 13 15:27:49.685297 dv-cinder-832130-2-smb neutron-server[103988]: DEBUG neutron_lib.callbacks.manager [None req-3bafab3e-e131-427a-9974-bbd069cb32be tempest-AttachVolumeShelveTestJSON-1061568993 tempest-AttachVolumeShelveTestJSON-1061568993-project] Publish callbacks ['neutron.notifiers.nova.Notifier._send_nova_notification-4807'] for floatingip (None), before_response {{(pid=103988) _notify_loop /usr/local/lib/python3.8/dist-packages/neutron_lib/callbacks/manager.py:176}}
May 13 15:27:49.686642 dv-cinder-832130-2-smb neutron-server[103988]: INFO neutron.wsgi [None req-3bafab3e-e131-427a-9974-bbd069cb32be tempest-AttachVolumeShelveTestJSON-1061568993 tempest-AttachVolumeShelveTestJSON-1061568993-project] 10.222.0.87 "POST /v2.0/floatingips HTTP/1.1" status: 201 len: 693 time: 5.6220696
May 13 15:27:49.735210 dv-cinder-832130-2-smb neutron-server[103988]: DEBUG neutron.api.rpc.handlers.resources_rpc [None req-b3ae37e8-9210-4ed2-bd81-3b2bf116242d tempest-ServerRescueNegativeTestJSON-568062977 tempest-ServerRescueNegativeTestJSON-568062977-project] Pushing event updated for resources: {'Port': ['ID=23dd71c6-f69c-407e-a440-a5d580188d0e,revision_number=1']} {{(pid=103988) push /opt/stack/neutron/neutron/api/rpc/handlers/resources_rpc.py:237}}
May 13 15:27:49.815816 dv-cinder-832130-2-smb neutron-server[103988]: INFO neutron.wsgi [req-849b8c2e-28ba-4774-bad1-88d65268be19 req-b3ae37e8-9210-4ed2-bd81-3b2bf116242d tempest-ServerRescueNegativeTestJSON-568062977 tempest-ServerRescueNegativeTestJSON-568062977-project] 10.222.0.85 "POST /v2.0/ports HTTP/1.1" status: 201 len: 933 time: 2.7430341
May 13 15:27:49.927802 dv-cinder-832130-2-smb neutron-server[103990]: DEBUG neutron.db.provisioning_blocks [None req-749e8cf5-8978-4d36-a77c-baf799437319 None None] Provisioning complete for port 23dd71c6-f69c-407e-a440-a5d580188d0e triggered by entity DHCP. {{(pid=103990) provisioning_complete /opt/stack/neutron/neutron/db/provisioning_blocks.py:145}}
May 13 15:27:49.928388 dv-cinder-832130-2-smb neutron-server[103990]: DEBUG neutron_lib.callbacks.manager [None req-749e8cf5-8978-4d36-a77c-baf799437319 None None] Publish callbacks ['neutron.plugins.ml2.plugin.Ml2Plugin._port_provisioned-8241652'] for port (23dd71c6-f69c-407e-a440-a5d580188d0e), provisioning_complete {{(pid=103990) _notify_loop /usr/local/lib/python3.8/dist-packages/neutron_lib/callbacks/manager.py:176}}
May 13 15:27:49.972431 dv-cinder-832130-2-smb neutron-server[103990]: DEBUG neutron.plugins.ml2.plugin [None req-749e8cf5-8978-4d36-a77c-baf799437319 None None] Port 23dd71c6-f69c-407e-a440-a5d580188d0e cannot update to ACTIVE because it is not bound. {{(pid=103990) _port_provisioned /opt/stack/neutron/neutron/plugins/ml2/plugin.py:352}}
May 13 15:27:49.987878 dv-cinder-832130-2-smb neutron-server[103991]: DEBUG neutron.db.agents_db [None req-c8935643-4061-42c2-8a93-a38c1938dd2d None None] Agent healthcheck: found 6 active agents {{(pid=103991) agent_health_check /opt/stack/neutron/neutron/db/agents_db.py:317}}
May 13 15:27:49.998980 dv-cinder-832130-2-smb neutron-server[103988]: INFO neutron.wsgi [req-599d3dfa-a34c-4665-a31b-45e92e29126f req-279b2c5a-bb91-4156-8c63-75da2cb885a3 tempest-AttachVolumeShelveTestJSON-1061568993 tempest-AttachVolumeShelveTestJSON-1061568993-project] 10.222.0.87 "GET /v2.0/security-groups?name=tempest-securitygroup--213069892&fields=id&tenant_id=3a0137cb24d24ea3b00991ea244cf224 HTTP/1.1" status: 200 len: 267 time: 0.0857618
May 13 15:27:50.137412 dv-cinder-832130-2-smb neutron-server[103988]: DEBUG neutron.pecan_wsgi.hooks.policy_enforcement [req-599d3dfa-a34c-4665-a31b-45e92e29126f req-4df9c698-6584-4b20-95b7-63953f30654a tempest-AttachVolumeShelveTestJSON-1061568993 tempest-AttachVolumeShelveTestJSON-1061568993-project] Attributes excluded by policy engine: ['standard_attr_id', 'vlan_transparent', 'provider:network_type', 'provider:physical_network', 'provider:segmentation_id'] {{(pid=103988) _exclude_attributes_by_policy /opt/stack/neutron/neutron/pecan_wsgi/hooks/policy_enforcement.py:259}}
May 13 15:27:50.140949 dv-cinder-832130-2-smb neutron-server[103988]: INFO neutron.wsgi [req-599d3dfa-a34c-4665-a31b-45e92e29126f req-4df9c698-6584-4b20-95b7-63953f30654a tempest-AttachVolumeShelveTestJSON-1061568993 tempest-AttachVolumeShelveTestJSON-1061568993-project] 10.222.0.87 "GET /v2.0/networks?id=1af43d66-bedf-4a68-b944-656bde6a9543 HTTP/1.1" status: 200 len: 817 time: 0.1341174
May 13 15:27:50.164804 dv-cinder-832130-2-smb neutron-server[103988]: INFO neutron.wsgi [req-599d3dfa-a34c-4665-a31b-45e92e29126f req-d6211673-c60a-477e-a676-3a57c5d6d998 tempest-AttachVolumeShelveTestJSON-1061568993 tempest-AttachVolumeShelveTestJSON-1061568993-project] 10.222.0.87 "GET /v2.0/quotas/3a0137cb24d24ea3b00991ea244cf224 HTTP/1.1" status: 200 len: 375 time: 0.0142295
May 13 15:27:50.235144 dv-cinder-832130-2-smb neutron-server[103989]: INFO neutron.wsgi [req-2fcc25dc-04dd-4fab-aff1-1c7f5fa48dd9 req-e7df6e5e-287e-4ff4-83d0-6d476e1846fa tempest-AttachVolumeTestJSON-1824232242 tempest-AttachVolumeTestJSON-1824232242-project] 10.222.0.87 "GET /v2.0/ports?device_id=637869f9-fad6-49e3-802e-2752b67366f9 HTTP/1.1" status: 200 len: 210 time: 0.0420997
May 13 15:27:50.309204 dv-cinder-832130-2-smb neutron-server[103988]: INFO neutron.wsgi [req-599d3dfa-a34c-4665-a31b-45e92e29126f req-3e3daa57-68c0-44ea-8f57-65831a3d3249 tempest-AttachVolumeShelveTestJSON-1061568993 tempest-AttachVolumeShelveTestJSON-1061568993-project] 10.222.0.87 "GET /v2.0/ports?tenant_id=3a0137cb24d24ea3b00991ea244cf224&fields=id HTTP/1.1" status: 200 len: 302 time: 0.1376545
